--
-- Host: dev9.petka-delta.si    Database: dev9
-- ------------------------------------------------------


--
-- Table structure for table `admin_analytics_usage_version_log`
--

CREATE TABLE `admin_analytics_usage_version_log` (
  `id` int(10) unsigned NOT NULL AUTO_INCREMENT COMMENT 'Log ID',
  `last_viewed_in_version` varchar(50) NOT NULL COMMENT 'Viewer last viewed on product version',
  PRIMARY KEY (`id`),
  UNIQUE KEY `ADMIN_ANALYTICS_USAGE_VERSION_LOG_LAST_VIEWED_IN_VERSION` (`last_viewed_in_version`)
) ENGINE=InnoDB AUTO_INCREMENT=2 DEFAULT CHARSET=utf8 COMMENT='Admin Notification Viewer Log Table';

--
-- Dumping data for table `admin_analytics_usage_version_log`
--

INSERT INTO `admin_analytics_usage_version_log` VALUES (1,'2.4.3-p1');

--
-- Table structure for table `admin_passwords`
--

CREATE TABLE `admin_passwords` (
  `password_id` int(10) unsigned NOT NULL AUTO_INCREMENT COMMENT 'Password ID',
  `user_id` int(10) unsigned NOT NULL DEFAULT '0' COMMENT 'User ID',
  `password_hash` varchar(255) DEFAULT NULL COMMENT 'Password Hash',
  `expires` int(10) unsigned NOT NULL DEFAULT '0' COMMENT 'Deprecated',
  `last_updated` int(10) unsigned NOT NULL DEFAULT '0' COMMENT 'Last Updated',
  PRIMARY KEY (`password_id`),
  KEY `ADMIN_PASSWORDS_USER_ID` (`user_id`),
  CONSTRAINT `ADMIN_PASSWORDS_USER_ID_ADMIN_USER_USER_ID` FOREIGN KEY (`user_id`) REFERENCES `admin_user` (`user_id`) ON DELETE CASCADE
) ENGINE=InnoDB AUTO_INCREMENT=3 DEFAULT CHARSET=utf8 COMMENT='Admin Passwords';

--
-- Dumping data for table `admin_passwords`
--

INSERT INTO `admin_passwords` VALUES (1,1,'684892505384687f468b6c22672dfa33d2c507da758b315d1d63bff9a4ea2e85:pKP8V7OOuIxyDZZXBUHHLrcGUqVc7uha:3_32_2_67108864',0,1645031129),(2,2,'cb0e254c2c585293dd3f0de52634a27d8c6340724e807d133ba3d66cd88de16d:Qkm1wAHOImJH1EeFsubJLlK91M6Ui3WL:3_32_2_67108864',0,1645171555);

--
-- Table structure for table `admin_system_messages`
--

CREATE TABLE `admin_system_messages` (
  `identity` varchar(100) NOT NULL COMMENT 'Message ID',
  `severity` smallint(5) unsigned NOT NULL DEFAULT '0' COMMENT 'Problem type',
  `created_at` timestamp NOT NULL DEFAULT CURRENT_TIMESTAMP COMMENT 'Create date',
  PRIMARY KEY (`identity`)
) ENGINE=InnoDB DEFAULT CHARSET=utf8 COMMENT='Admin System Messages';

--
-- Dumping data for table `admin_system_messages`
--

INSERT INTO `admin_system_messages` VALUES ('48020c8a4512db709593af61d3b577a84b656d7785d9319e146c128646167e2d',2,'2022-02-18 08:02:27'),('7c5954236edabc5914c82fdddb8d479e',2,'2022-02-16 17:36:44');

--
-- Table structure for table `admin_user`
--

CREATE TABLE `admin_user` (
  `user_id` int(10) unsigned NOT NULL AUTO_INCREMENT COMMENT 'User ID',
  `firstname` varchar(32) DEFAULT NULL COMMENT 'User First Name',
  `lastname` varchar(32) DEFAULT NULL COMMENT 'User Last Name',
  `email` varchar(128) DEFAULT NULL COMMENT 'User Email',
  `username` varchar(40) DEFAULT NULL COMMENT 'User Login',
  `password` varchar(255) NOT NULL COMMENT 'User Password',
  `created` timestamp NOT NULL DEFAULT CURRENT_TIMESTAMP COMMENT 'User Created Time',
  `modified` timestamp NOT NULL DEFAULT CURRENT_TIMESTAMP ON UPDATE CURRENT_TIMESTAMP COMMENT 'User Modified Time',
  `logdate` timestamp NULL DEFAULT NULL COMMENT 'User Last Login Time',
  `lognum` smallint(5) unsigned NOT NULL DEFAULT '0' COMMENT 'User Login Number',
  `reload_acl_flag` smallint(6) NOT NULL DEFAULT '0' COMMENT 'Reload ACL',
  `is_active` smallint(6) NOT NULL DEFAULT '1' COMMENT 'User Is Active',
  `extra` text COMMENT 'User Extra Data',
  `rp_token` text COMMENT 'Reset Password Link Token',
  `rp_token_created_at` timestamp NULL DEFAULT NULL COMMENT 'Reset Password Link Token Creation Date',
  `interface_locale` varchar(16) NOT NULL DEFAULT 'en_US' COMMENT 'Backend interface locale',
  `failures_num` smallint(6) DEFAULT '0' COMMENT 'Failure Number',
  `first_failure` timestamp NULL DEFAULT NULL COMMENT 'First Failure',
  `lock_expires` timestamp NULL DEFAULT NULL COMMENT 'Expiration Lock Dates',
  `refresh_token` text COMMENT 'Email connector refresh token',
  PRIMARY KEY (`user_id`),
  UNIQUE KEY `ADMIN_USER_USERNAME` (`username`)
) ENGINE=InnoDB AUTO_INCREMENT=3 DEFAULT CHARSET=utf8 COMMENT='Admin User Table';

--
-- Dumping data for table `admin_user`
--

INSERT INTO `admin_user` VALUES (1,'Aljosa','Motore','info@5ka.eu','aljosa','684892505384687f468b6c22672dfa33d2c507da758b315d1d63bff9a4ea2e85:pKP8V7OOuIxyDZZXBUHHLrcGUqVc7uha:3_32_2_67108864','2022-02-16 17:05:29','2022-03-02 20:38:31','2022-03-02 20:37:35',11,0,1,'{\"configState\":{\"slidingcart_general\":\"1\",\"web_default\":\"1\",\"general_country\":\"1\",\"general_region\":\"1\",\"general_locale\":\"1\",\"general_store_information\":\"1\",\"general_single_store_mode\":\"0\",\"cms_wysiwyg\":\"1\",\"cms_pagebuilder\":\"1\",\"veslicense_general\":\"1\",\"testimonial_general\":\"1\",\"testimonial_testimonial_productpage\":\"1\",\"testimonial_testimonial_form\":\"1\",\"web_default_layouts\":\"1\",\"web_url\":\"0\",\"web_seo\":\"0\",\"web_unsecure\":\"0\",\"web_secure\":\"0\",\"web_cookie\":\"0\",\"web_session\":\"0\",\"web_browser_capabilities\":\"0\",\"catalog_frontend\":\"1\",\"catalog_fields_masks\":\"1\",\"catalog_review\":\"1\",\"catalog_recently_products\":\"0\",\"catalog_price\":\"0\",\"catalog_layered_navigation\":\"0\",\"catalog_productalert\":\"0\",\"catalog_productalert_cron\":\"0\",\"catalog_placeholder\":\"0\",\"catalog_product_video\":\"0\",\"catalog_search\":\"0\",\"catalog_seo\":\"0\",\"catalog_navigation\":\"0\",\"catalog_downloadable\":\"0\",\"catalog_custom_options\":\"0\",\"login_as_customer_general\":\"1\",\"newsletter_general\":\"1\",\"newsletter_subscription\":\"0\",\"wishlist_general\":\"1\",\"wishlist_email\":\"0\",\"wishlist_wishlist_link\":\"0\",\"smtp_general\":\"1\",\"smtp_configuration_option\":\"1\",\"admin_usage\":\"1\",\"admin_emails\":\"1\",\"admin_startup\":\"1\",\"admin_url\":\"1\",\"admin_security\":\"1\",\"admin_dashboard\":\"0\",\"admin_captcha\":\"0\",\"firecheckout_general\":\"1\",\"firecheckout_seomodules\":\"0\",\"firecheckout_design\":\"0\",\"firecheckout_additional_content\":\"0\",\"firecheckout_analytics\":\"0\",\"firecheckout_shipping\":\"0\",\"firecheckout_payment\":\"0\",\"firecheckout_agreements\":\"0\",\"firecheckout_order_summary\":\"0\",\"firecheckout_custom_css_js\":\"0\",\"firecheckout_performance\":\"0\"}}',NULL,NULL,'en_US',0,NULL,NULL,NULL),(2,'Nastja','Germovšek','nastja@petka.eu','nastja','cb0e254c2c585293dd3f0de52634a27d8c6340724e807d133ba3d66cd88de16d:Qkm1wAHOImJH1EeFsubJLlK91M6Ui3WL:3_32_2_67108864','2022-02-18 08:05:55','2022-03-11 14:25:43','2022-03-11 14:25:43',30,0,1,'{\"configState\":{\"testimonial_general\":\"1\",\"testimonial_testimonial_productpage\":\"1\",\"testimonial_testimonial_form\":\"1\",\"blog_appearance\":\"1\",\"blog_seo\":\"1\",\"blog_display\":\"1\",\"blog_comments\":\"1\",\"blog_sharing\":\"1\",\"slidingcart_general\":\"1\",\"firecheckout_general\":\"1\",\"firecheckout_design\":\"1\",\"firecheckout_additional_content\":\"1\",\"firecheckout_shipping\":\"1\",\"firecheckout_payment\":\"1\",\"firecheckout_agreements\":\"1\",\"firecheckout_order_summary\":\"1\",\"firecheckout_performance\":\"1\",\"firecheckout_seomodules\":\"0\",\"firecheckout_analytics\":\"0\",\"firecheckout_custom_css_js\":\"0\",\"checkout_cart_general\":\"1\",\"checkout_cart_seomodules\":\"0\",\"checkout_registration_general\":\"1\",\"success_page_general\":\"1\",\"general_locale\":\"0\",\"general_store_information\":\"0\",\"checkout_options\":\"1\",\"checkout_cart\":\"1\",\"checkout_cart_link\":\"1\",\"checkout_sidebar\":\"0\",\"checkout_payment_failed\":\"0\",\"dev_translate_inline\":\"1\",\"dev_front_end_development_workflow\":\"0\",\"dev_restrict\":\"0\",\"dev_debug\":\"0\",\"dev_template\":\"0\",\"dev_js\":\"0\",\"dev_css\":\"0\",\"dev_image\":\"0\",\"dev_caching\":\"0\",\"dev_static\":\"0\",\"dev_grid\":\"0\"}}',NULL,NULL,'en_US',0,NULL,NULL,NULL);

--
-- Table structure for table `admin_user_expiration`
--

CREATE TABLE `admin_user_expiration` (
  `user_id` int(10) unsigned NOT NULL COMMENT 'User ID',
  `expires_at` timestamp NOT NULL DEFAULT '0000-00-00 00:00:00' COMMENT 'User Expiration Date',
  PRIMARY KEY (`user_id`),
  CONSTRAINT `ADMIN_USER_EXPIRATION_USER_ID_ADMIN_USER_USER_ID` FOREIGN KEY (`user_id`) REFERENCES `admin_user` (`user_id`) ON DELETE CASCADE
) ENGINE=InnoDB DEFAULT CHARSET=utf8 COMMENT='Admin User expiration dates table';

--
-- Dumping data for table `admin_user_expiration`
--


--
-- Table structure for table `admin_user_session`
--

CREATE TABLE `admin_user_session` (
  `id` int(10) unsigned NOT NULL AUTO_INCREMENT COMMENT 'Entity ID',
  `session_id` varchar(1) DEFAULT NULL COMMENT 'Deprecated: Session ID value no longer used',
  `user_id` int(10) unsigned DEFAULT NULL COMMENT 'Admin User ID',
  `status` smallint(5) unsigned NOT NULL DEFAULT '1' COMMENT 'Current Session status',
  `created_at` timestamp NOT NULL DEFAULT CURRENT_TIMESTAMP COMMENT 'Created Time',
  `updated_at` timestamp NOT NULL DEFAULT CURRENT_TIMESTAMP ON UPDATE CURRENT_TIMESTAMP COMMENT 'Update Time',
  `ip` varchar(15) NOT NULL COMMENT 'Remote user IP',
  PRIMARY KEY (`id`),
  KEY `ADMIN_USER_SESSION_SESSION_ID` (`session_id`),
  KEY `ADMIN_USER_SESSION_USER_ID` (`user_id`),
  CONSTRAINT `ADMIN_USER_SESSION_USER_ID_ADMIN_USER_USER_ID` FOREIGN KEY (`user_id`) REFERENCES `admin_user` (`user_id`) ON DELETE CASCADE
) ENGINE=InnoDB AUTO_INCREMENT=43 DEFAULT CHARSET=utf8 COMMENT='Admin User sessions table';

--
-- Dumping data for table `admin_user_session`
--

INSERT INTO `admin_user_session` VALUES (40,NULL,2,1,'2022-03-11 11:23:14','2022-03-11 11:27:53','193.77.225.176'),(41,NULL,2,1,'2022-03-11 12:30:52','2022-03-11 13:04:33','193.77.225.176'),(42,NULL,2,1,'2022-03-11 14:25:43','2022-03-11 15:06:23','193.77.225.176');

--
-- Table structure for table `adminnotification_inbox`
--

CREATE TABLE `adminnotification_inbox` (
  `notification_id` int(10) unsigned NOT NULL AUTO_INCREMENT COMMENT 'Notification ID',
  `severity` smallint(5) unsigned NOT NULL DEFAULT '0' COMMENT 'Problem type',
  `date_added` timestamp NOT NULL DEFAULT CURRENT_TIMESTAMP COMMENT 'Create date',
  `title` varchar(255) NOT NULL COMMENT 'Title',
  `description` text COMMENT 'Description',
  `url` varchar(255) DEFAULT NULL COMMENT 'Url',
  `is_read` smallint(5) unsigned NOT NULL DEFAULT '0' COMMENT 'Flag if notification read',
  `is_remove` smallint(5) unsigned NOT NULL DEFAULT '0' COMMENT 'Flag if notification might be removed',
  PRIMARY KEY (`notification_id`),
  KEY `ADMINNOTIFICATION_INBOX_SEVERITY` (`severity`),
  KEY `ADMINNOTIFICATION_INBOX_IS_READ` (`is_read`),
  KEY `ADMINNOTIFICATION_INBOX_IS_REMOVE` (`is_remove`)
) ENGINE=InnoDB AUTO_INCREMENT=6 DEFAULT CHARSET=utf8 COMMENT='Adminnotification Inbox';

--
-- Dumping data for table `adminnotification_inbox`
--

INSERT INTO `adminnotification_inbox` VALUES (1,4,'2022-02-16 17:05:28','Disable Notice','To improve performance, collecting statistics for the Magento Report module is disabled by default. \nYou can enable it in System Config.','',0,0),(2,2,'2022-02-17 16:49:28','Security update available for Adobe Commerce | APSB22-12','Adobe has released security updates for Adobe Commerce and Magento Open Source. These updates resolve vulnerabilities rated critical. Full details included in security bulletin.','https://helpx.adobe.com/security/products/magento/apsb22-12.html',0,0),(3,2,'2022-02-19 17:57:08','See how to install the new security patch for Adobe vulnerability CVE-2022-24086 https://bit.ly/3JBtIFK','','https://bit.ly/3JBtIFK',0,0),(4,2,'2022-03-01 23:33:53','Magento Open Source 2.4.4 Coming April 12','To help ensure this release delivers the highest standards of security and quality, general availability of Magento Open Source is now planned for April 12. For more information, visit our DevBlog. ','https://community.magento.com/t5/Magento-DevBlog/Adobe-Commerce-2-4-4-Now-Coming-April-12/ba-p/492935',0,0),(5,4,'2022-03-11 11:03:20','Improve Magento 2 checkout performance by upgrading Firecheckout to 1.28.9 release https://bit.ly/3vU6APf','','https://bit.ly/3vU6APf',0,0);

--
-- Table structure for table `adobe_stock_asset`
--

CREATE TABLE `adobe_stock_asset` (
  `id` int(10) unsigned NOT NULL AUTO_INCREMENT COMMENT 'Entity ID',
  `media_gallery_id` int(10) unsigned DEFAULT NULL COMMENT 'Media gallery ID',
  `category_id` int(10) unsigned DEFAULT NULL COMMENT 'Category ID',
  `creator_id` int(10) unsigned DEFAULT NULL COMMENT 'Creator ID',
  `is_licensed` int(10) unsigned NOT NULL DEFAULT '0' COMMENT 'Is Licensed',
  `creation_date` varchar(255) DEFAULT NULL COMMENT 'Creation Date',
  PRIMARY KEY (`id`),
  KEY `ADOBE_STOCK_ASSET_MEDIA_GALLERY_ID_MEDIA_GALLERY_ASSET_ID` (`media_gallery_id`),
  KEY `ADOBE_STOCK_ASSET_ID` (`id`),
  KEY `ADOBE_STOCK_ASSET_CATEGORY_ID` (`category_id`),
  KEY `ADOBE_STOCK_ASSET_CREATOR_ID` (`creator_id`),
  CONSTRAINT `ADOBE_STOCK_ASSET_CATEGORY_ID_ADOBE_STOCK_CATEGORY_ID` FOREIGN KEY (`category_id`) REFERENCES `adobe_stock_category` (`id`) ON DELETE SET NULL,
  CONSTRAINT `ADOBE_STOCK_ASSET_CREATOR_ID_ADOBE_STOCK_CREATOR_ID` FOREIGN KEY (`creator_id`) REFERENCES `adobe_stock_creator` (`id`) ON DELETE SET NULL,
  CONSTRAINT `ADOBE_STOCK_ASSET_MEDIA_GALLERY_ID_MEDIA_GALLERY_ASSET_ID` FOREIGN KEY (`media_gallery_id`) REFERENCES `media_gallery_asset` (`id`) ON DELETE CASCADE
) ENGINE=InnoDB DEFAULT CHARSET=utf8 COMMENT='Adobe Stock Asset';

--
-- Dumping data for table `adobe_stock_asset`
--


--
-- Table structure for table `adobe_stock_category`
--

CREATE TABLE `adobe_stock_category` (
  `id` int(10) unsigned NOT NULL AUTO_INCREMENT COMMENT 'Entity ID',
  `name` varchar(255) DEFAULT NULL COMMENT 'Name',
  PRIMARY KEY (`id`),
  KEY `ADOBE_STOCK_CATEGORY_ID` (`id`)
) ENGINE=InnoDB DEFAULT CHARSET=utf8 COMMENT='Adobe Stock Category';

--
-- Dumping data for table `adobe_stock_category`
--


--
-- Table structure for table `adobe_stock_creator`
--

CREATE TABLE `adobe_stock_creator` (
  `id` int(10) unsigned NOT NULL AUTO_INCREMENT COMMENT 'ID',
  `name` varchar(255) DEFAULT NULL COMMENT 'Asset creator''s name',
  PRIMARY KEY (`id`),
  KEY `ADOBE_STOCK_CREATOR_ID` (`id`)
) ENGINE=InnoDB DEFAULT CHARSET=utf8 COMMENT='Adobe Stock Creator';

--
-- Dumping data for table `adobe_stock_creator`
--


--
-- Table structure for table `adobe_user_profile`
--

CREATE TABLE `adobe_user_profile` (
  `id` int(10) unsigned NOT NULL AUTO_INCREMENT COMMENT 'Entity ID',
  `admin_user_id` int(10) unsigned NOT NULL DEFAULT '0' COMMENT 'Admin User Id',
  `name` varchar(255) NOT NULL COMMENT 'Display Name',
  `email` varchar(255) NOT NULL COMMENT 'user profile email',
  `image` varchar(255) NOT NULL COMMENT 'user profile avatar',
  `account_type` varchar(255) DEFAULT NULL COMMENT 'Account Type',
  `access_token` text COMMENT 'Access Token',
  `refresh_token` text COMMENT 'Refresh Token',
  `created_at` timestamp NOT NULL DEFAULT CURRENT_TIMESTAMP COMMENT 'Created At',
  `updated_at` timestamp NOT NULL DEFAULT CURRENT_TIMESTAMP ON UPDATE CURRENT_TIMESTAMP COMMENT 'Updated At',
  `access_token_expires_at` timestamp NOT NULL DEFAULT '0000-00-00 00:00:00' COMMENT 'Access Token Expires At',
  PRIMARY KEY (`id`),
  KEY `ADOBE_USER_PROFILE_ADMIN_USER_ID_ADMIN_USER_USER_ID` (`admin_user_id`),
  KEY `ADOBE_USER_PROFILE_ID` (`id`),
  CONSTRAINT `ADOBE_USER_PROFILE_ADMIN_USER_ID_ADMIN_USER_USER_ID` FOREIGN KEY (`admin_user_id`) REFERENCES `admin_user` (`user_id`) ON DELETE CASCADE
) ENGINE=InnoDB DEFAULT CHARSET=utf8 COMMENT='Adobe IMS User Profile';

--
-- Dumping data for table `adobe_user_profile`
--


--
-- Table structure for table `amazon_customer`
--

CREATE TABLE `amazon_customer` (
  `entity_id` int(10) unsigned NOT NULL AUTO_INCREMENT COMMENT 'Entity_id',
  `customer_id` int(10) unsigned NOT NULL COMMENT 'Customer_id',
  `amazon_id` varchar(255) NOT NULL COMMENT 'Amazon_id',
  PRIMARY KEY (`entity_id`),
  UNIQUE KEY `AMAZON_CUSTOMER_CUSTOMER_ID_AMAZON_ID` (`customer_id`,`amazon_id`),
  UNIQUE KEY `AMAZON_CUSTOMER_CUSTOMER_ID` (`customer_id`),
  CONSTRAINT `AMAZON_CUSTOMER_CUSTOMER_ID_CUSTOMER_ENTITY_ENTITY_ID` FOREIGN KEY (`customer_id`) REFERENCES `customer_entity` (`entity_id`) ON DELETE CASCADE
) ENGINE=InnoDB DEFAULT CHARSET=utf8 COMMENT='amazon_customer';

--
-- Dumping data for table `amazon_customer`
--


--
-- Table structure for table `amazon_pending_authorization`
--

CREATE TABLE `amazon_pending_authorization` (
  `entity_id` int(10) unsigned NOT NULL AUTO_INCREMENT COMMENT 'Entity_id',
  `order_id` int(10) unsigned NOT NULL COMMENT 'Order_id',
  `payment_id` int(10) unsigned NOT NULL COMMENT 'Payment_id',
  `authorization_id` varchar(255) DEFAULT NULL COMMENT 'Authorization_id',
  `created_at` datetime NOT NULL COMMENT 'Created_at',
  `updated_at` datetime DEFAULT NULL COMMENT 'Updated_at',
  `processed` smallint(5) unsigned DEFAULT '0' COMMENT 'Initial authorization processed',
  `capture` smallint(5) unsigned DEFAULT '0' COMMENT 'Initial authorization has capture',
  `capture_id` varchar(255) DEFAULT NULL COMMENT 'Initial authorization capture id',
  PRIMARY KEY (`entity_id`),
  UNIQUE KEY `UNQ_E6CCA08713FB32BB136A56837009C371` (`order_id`,`payment_id`,`authorization_id`)
) ENGINE=InnoDB DEFAULT CHARSET=utf8 COMMENT='amazon_pending_authorization';

--
-- Dumping data for table `amazon_pending_authorization`
--


--
-- Table structure for table `amazon_pending_capture`
--

CREATE TABLE `amazon_pending_capture` (
  `entity_id` int(10) unsigned NOT NULL AUTO_INCREMENT COMMENT 'Entity_id',
  `capture_id` varchar(255) NOT NULL COMMENT 'Capture_id',
  `created_at` datetime NOT NULL COMMENT 'Created_at',
  `order_id` int(10) unsigned NOT NULL COMMENT 'order id',
  `payment_id` int(10) unsigned NOT NULL COMMENT 'payment id',
  PRIMARY KEY (`entity_id`),
  UNIQUE KEY `AMAZON_PENDING_CAPTURE_ORDER_ID_PAYMENT_ID_CAPTURE_ID` (`order_id`,`payment_id`,`capture_id`)
) ENGINE=InnoDB DEFAULT CHARSET=utf8 COMMENT='amazon_pending_capture';

--
-- Dumping data for table `amazon_pending_capture`
--


--
-- Table structure for table `amazon_pending_refund`
--

CREATE TABLE `amazon_pending_refund` (
  `entity_id` int(10) unsigned NOT NULL AUTO_INCREMENT COMMENT 'Entity_id',
  `refund_id` varchar(255) NOT NULL COMMENT 'Refund_id',
  `created_at` datetime NOT NULL COMMENT 'Created_at',
  `order_id` int(10) unsigned NOT NULL COMMENT 'Order_id',
  `payment_id` int(10) unsigned NOT NULL COMMENT 'Payment_id',
  PRIMARY KEY (`entity_id`),
  UNIQUE KEY `AMAZON_PENDING_REFUND_ORDER_ID_PAYMENT_ID_REFUND_ID` (`order_id`,`payment_id`,`refund_id`)
) ENGINE=InnoDB DEFAULT CHARSET=utf8 COMMENT='amazon_pending_refund';

--
-- Dumping data for table `amazon_pending_refund`
--


--
-- Table structure for table `amazon_quote`
--

CREATE TABLE `amazon_quote` (
  `entity_id` int(10) unsigned NOT NULL AUTO_INCREMENT COMMENT 'Entity ID',
  `quote_id` int(10) unsigned NOT NULL COMMENT 'Quote ID',
  `amazon_order_reference_id` varchar(255) NOT NULL COMMENT 'Amazon Order Reference ID',
  `sandbox_simulation_reference` varchar(255) DEFAULT NULL COMMENT 'Sandbox simulation reference',
  `confirmed` smallint(5) unsigned NOT NULL DEFAULT '0' COMMENT 'Quote confirmed with Amazon',
  PRIMARY KEY (`entity_id`),
  UNIQUE KEY `AMAZON_QUOTE_QUOTE_ID` (`quote_id`),
  CONSTRAINT `AMAZON_QUOTE_QUOTE_ID_QUOTE_ENTITY_ID` FOREIGN KEY (`quote_id`) REFERENCES `quote` (`entity_id`) ON DELETE CASCADE
) ENGINE=InnoDB DEFAULT CHARSET=utf8 COMMENT='amazon_quote';

--
-- Dumping data for table `amazon_quote`
--


--
-- Table structure for table `amazon_sales_order`
--

CREATE TABLE `amazon_sales_order` (
  `entity_id` int(10) unsigned NOT NULL AUTO_INCREMENT COMMENT 'Entity ID',
  `order_id` int(10) unsigned NOT NULL COMMENT 'Order ID',
  `amazon_order_reference_id` varchar(255) NOT NULL COMMENT 'Amazon Order Reference ID',
  PRIMARY KEY (`entity_id`),
  UNIQUE KEY `AMAZON_SALES_ORDER_ORDER_ID` (`order_id`),
  CONSTRAINT `AMAZON_SALES_ORDER_ORDER_ID_SALES_ORDER_ENTITY_ID` FOREIGN KEY (`order_id`) REFERENCES `sales_order` (`entity_id`) ON DELETE CASCADE
) ENGINE=InnoDB DEFAULT CHARSET=utf8 COMMENT='amazon_sales_order';

--
-- Dumping data for table `amazon_sales_order`
--


--
-- Table structure for table `authorization_role`
--

CREATE TABLE `authorization_role` (
  `role_id` int(10) unsigned NOT NULL AUTO_INCREMENT COMMENT 'Role ID',
  `parent_id` int(10) unsigned NOT NULL DEFAULT '0' COMMENT 'Parent Role ID',
  `tree_level` smallint(5) unsigned NOT NULL DEFAULT '0' COMMENT 'Role Tree Level',
  `sort_order` smallint(5) unsigned NOT NULL DEFAULT '0' COMMENT 'Role Sort Order',
  `role_type` varchar(1) NOT NULL DEFAULT '0' COMMENT 'Role Type',
  `user_id` int(10) unsigned NOT NULL DEFAULT '0' COMMENT 'User ID',
  `user_type` varchar(16) DEFAULT NULL COMMENT 'User Type',
  `role_name` varchar(50) DEFAULT NULL COMMENT 'Role Name',
  PRIMARY KEY (`role_id`),
  KEY `AUTHORIZATION_ROLE_PARENT_ID_SORT_ORDER` (`parent_id`,`sort_order`),
  KEY `AUTHORIZATION_ROLE_TREE_LEVEL` (`tree_level`)
) ENGINE=InnoDB AUTO_INCREMENT=5 DEFAULT CHARSET=utf8 COMMENT='Admin Role Table';

--
-- Dumping data for table `authorization_role`
--

INSERT INTO `authorization_role` VALUES (1,0,1,1,'G',0,'2','Administrators'),(2,1,2,0,'U',1,'2','aljosa'),(3,0,1,0,'U',1,'1','11'),(4,1,2,0,'U',2,'2','Nastja');

--
-- Table structure for table `authorization_rule`
--

CREATE TABLE `authorization_rule` (
  `rule_id` int(10) unsigned NOT NULL AUTO_INCREMENT COMMENT 'Rule ID',
  `role_id` int(10) unsigned NOT NULL DEFAULT '0' COMMENT 'Role ID',
  `resource_id` varchar(255) DEFAULT NULL COMMENT 'Resource ID',
  `privileges` varchar(20) DEFAULT NULL COMMENT 'Privileges',
  `permission` varchar(10) DEFAULT NULL COMMENT 'Permission',
  PRIMARY KEY (`rule_id`),
  KEY `AUTHORIZATION_RULE_RESOURCE_ID_ROLE_ID` (`resource_id`,`role_id`),
  KEY `AUTHORIZATION_RULE_ROLE_ID_RESOURCE_ID` (`role_id`,`resource_id`),
  CONSTRAINT `AUTHORIZATION_RULE_ROLE_ID_AUTHORIZATION_ROLE_ROLE_ID` FOREIGN KEY (`role_id`) REFERENCES `authorization_role` (`role_id`) ON DELETE CASCADE
) ENGINE=InnoDB AUTO_INCREMENT=9151 DEFAULT CHARSET=utf8 COMMENT='Admin Rule Table';

--
-- Dumping data for table `authorization_rule`
--

INSERT INTO `authorization_rule` VALUES (1,1,'Magento_Backend::all',NULL,'allow'),(8784,3,'Magento_Backend::all',NULL,'deny'),(8785,3,'Magento_Backend::admin',NULL,'allow'),(8786,3,'Magento_Backend::testimonial_elements',NULL,'deny'),(8787,3,'Ves_Testimonial::testimonial',NULL,'deny'),(8788,3,'Ves_Testimonial::testimonial_edit',NULL,'deny'),(8789,3,'Ves_Testimonial::testimonial_save',NULL,'deny'),(8790,3,'Ves_Testimonial::testimonial_delete',NULL,'deny'),(8791,3,'Ves_Testimonial::category',NULL,'deny'),(8792,3,'Ves_Testimonial::category_edit',NULL,'deny'),(8793,3,'Ves_Testimonial::category_save',NULL,'deny'),(8794,3,'Ves_Testimonial::category_delete',NULL,'deny'),(8795,3,'Magento_Backend::ves_all_elements',NULL,'deny'),(8796,3,'Ves_All::ves_all',NULL,'deny'),(8797,3,'Magento_Backend::dashboard',NULL,'deny'),(8798,3,'Swissup_Core::swissup',NULL,'deny'),(8799,3,'Swissup_Core::services',NULL,'deny'),(8800,3,'Swissup_Core::installer_index',NULL,'deny'),(8801,3,'Swissup_Checkout::checkout',NULL,'deny'),(8802,3,'Swissup_DeliveryDate::deliverydate',NULL,'deny'),(8803,3,'Swissup_DeliveryDate::save',NULL,'deny'),(8804,3,'Swissup_Geoip::geoip',NULL,'deny'),(8805,3,'Swissup_Geoip::download_database',NULL,'deny'),(8806,3,'Swissup_Orderattachment::orderattachment_attachment',NULL,'deny'),(8807,3,'Swissup_Orderattachment::save',NULL,'deny'),(8808,3,'Swissup_Orderattachment::delete',NULL,'deny'),(8809,3,'Swissup_Orderattachment::update',NULL,'deny'),(8810,3,'Swissup_Orderattachment::upload',NULL,'deny'),(8811,3,'Swissup_FieldManager::fieldmanager',NULL,'deny'),(8812,3,'Swissup_AddressFieldManager::index',NULL,'deny'),(8813,3,'Swissup_AddressFieldManager::save',NULL,'deny'),(8814,3,'Swissup_AddressFieldManager::delete',NULL,'deny'),(8815,3,'Swissup_CustomerFieldManager::index',NULL,'deny'),(8816,3,'Swissup_CustomerFieldManager::save',NULL,'deny'),(8817,3,'Swissup_CustomerFieldManager::delete',NULL,'deny'),(8818,3,'Swissup_Core::general',NULL,'deny'),(8819,3,'Magento_Analytics::analytics',NULL,'allow'),(8820,3,'Magento_Analytics::analytics_api',NULL,'allow'),(8821,3,'Magento_Sales::sales',NULL,'deny'),(8822,3,'Magento_Sales::sales_operation',NULL,'deny'),(8823,3,'Magento_Sales::sales_order',NULL,'deny'),(8824,3,'Magento_Sales::actions',NULL,'deny'),(8825,3,'Magento_Sales::create',NULL,'deny'),(8826,3,'Magento_Sales::actions_view',NULL,'deny'),(8827,3,'Magento_Sales::email',NULL,'deny'),(8828,3,'Magento_Sales::reorder',NULL,'deny'),(8829,3,'Magento_Sales::actions_edit',NULL,'deny'),(8830,3,'Magento_Sales::cancel',NULL,'deny'),(8831,3,'Magento_Sales::review_payment',NULL,'deny'),(8832,3,'Magento_Sales::capture',NULL,'deny'),(8833,3,'Magento_Sales::invoice',NULL,'deny'),(8834,3,'Magento_Sales::creditmemo',NULL,'deny'),(8835,3,'Magento_Sales::hold',NULL,'deny'),(8836,3,'Magento_Sales::unhold',NULL,'deny'),(8837,3,'Magento_Sales::ship',NULL,'deny'),(8838,3,'Magento_Sales::comment',NULL,'deny'),(8839,3,'Magento_Sales::emails',NULL,'deny'),(8840,3,'Magento_Paypal::authorization',NULL,'deny'),(8841,3,'Magento_Sales::sales_invoice',NULL,'deny'),(8842,3,'Magento_Sales::shipment',NULL,'deny'),(8843,3,'Magento_Sales::sales_creditmemo',NULL,'deny'),(8844,3,'Magento_Paypal::billing_agreement',NULL,'deny'),(8845,3,'Magento_Paypal::billing_agreement_actions',NULL,'deny'),(8846,3,'Magento_Paypal::billing_agreement_actions_view',NULL,'deny'),(8847,3,'Magento_Paypal::actions_manage',NULL,'deny'),(8848,3,'Magento_Paypal::use',NULL,'deny'),(8849,3,'Magento_Sales::transactions',NULL,'deny'),(8850,3,'Magento_Sales::transactions_fetch',NULL,'deny'),(8851,3,'Magento_Catalog::catalog',NULL,'deny'),(8852,3,'Magento_Catalog::catalog_inventory',NULL,'deny'),(8853,3,'Magento_Catalog::products',NULL,'deny'),(8854,3,'Magento_Catalog::update_attributes',NULL,'deny'),(8855,3,'Magento_Catalog::edit_product_design',NULL,'deny'),(8856,3,'Magento_Catalog::categories',NULL,'deny'),(8857,3,'Magento_Catalog::edit_category_design',NULL,'deny'),(8858,3,'Magento_Customer::customer',NULL,'deny'),(8859,3,'Magento_Customer::manage',NULL,'deny'),(8860,3,'Magento_Customer::actions',NULL,'deny'),(8861,3,'Magento_Customer::delete',NULL,'deny'),(8862,3,'Magento_Customer::reset_password',NULL,'deny'),(8863,3,'Magento_Customer::invalidate_tokens',NULL,'deny'),(8864,3,'Magento_LoginAsCustomer::allow_shopping_assistance',NULL,'deny'),(8865,3,'Magento_Customer::online',NULL,'deny'),(8866,3,'Magento_Customer::group',NULL,'deny'),(8867,3,'Magento_LoginAsCustomer::login',NULL,'deny'),(8868,3,'Magento_LoginAsCustomerLog::login_log',NULL,'deny'),(8869,3,'Magento_Cart::cart',NULL,'deny'),(8870,3,'Magento_Cart::manage',NULL,'deny'),(8871,3,'Magento_Backend::marketing',NULL,'deny'),(8872,3,'Magento_CatalogRule::promo',NULL,'deny'),(8873,3,'Magento_CatalogRule::promo_catalog',NULL,'deny'),(8874,3,'Magento_SalesRule::quote',NULL,'deny'),(8875,3,'Dotdigitalgroup_Email::automation',NULL,'deny'),(8876,3,'Dotdigitalgroup_Email::automation_studio',NULL,'deny'),(8877,3,'Dotdigitalgroup_Chat::config',NULL,'deny'),(8878,3,'Dotdigitalgroup_Sms::config',NULL,'deny'),(8879,3,'Dotdigitalgroup_Email::exclusion_rules',NULL,'deny'),(8880,3,'Mageplaza_Smtp::email_marketing_menu',NULL,'deny'),(8881,3,'Magento_Backend::marketing_communications',NULL,'deny'),(8882,3,'Magento_Email::template',NULL,'deny'),(8883,3,'Magento_Newsletter::template',NULL,'deny'),(8884,3,'Magento_Newsletter::queue',NULL,'deny'),(8885,3,'Magento_Newsletter::subscriber',NULL,'deny'),(8886,3,'Magento_Backend::marketing_seo',NULL,'deny'),(8887,3,'Magento_Search::search',NULL,'deny'),(8888,3,'Magento_Search::synonyms',NULL,'deny'),(8889,3,'Magento_UrlRewrite::urlrewrite',NULL,'deny'),(8890,3,'Magento_Sitemap::sitemap',NULL,'deny'),(8891,3,'Magento_Backend::marketing_user_content',NULL,'deny'),(8892,3,'Magento_Review::reviews_all',NULL,'deny'),(8893,3,'Magento_Review::pending',NULL,'deny'),(8894,3,'Yotpo_Yotpo::yotpo_report_reviews',NULL,'deny'),(8895,3,'Bss_Popup::main',NULL,'deny'),(8896,3,'Bss_Popup::popup',NULL,'deny'),(8897,3,'Bss_Popup::save',NULL,'deny'),(8898,3,'Bss_Popup::delete',NULL,'deny'),(8899,3,'Magento_Backend::myaccount',NULL,'deny'),(8900,3,'Mageplaza_Core::menu',NULL,'deny'),(8901,3,'Mageplaza_Smtp::smtp',NULL,'deny'),(8902,3,'Mageplaza_Smtp::log',NULL,'deny'),(8903,3,'Mageplaza_Smtp::abandoned_cart',NULL,'deny'),(8904,3,'Mageplaza_Core::documentation',NULL,'deny'),(8905,3,'Mageplaza_Core::userguide',NULL,'deny'),(8906,3,'Mageplaza_Core::activate',NULL,'deny'),(8907,3,'Magento_Backend::content',NULL,'deny'),(8908,3,'Mirasvit_Blog::blog',NULL,'deny'),(8909,3,'Mirasvit_Blog::blog_post',NULL,'deny'),(8910,3,'Mirasvit_Blog::blog_category',NULL,'deny'),(8911,3,'Magento_Backend::content_elements',NULL,'deny'),(8912,3,'Magento_Cms::page',NULL,'deny'),(8913,3,'Magento_Cms::save',NULL,'deny'),(8914,3,'Magento_Cms::save_design',NULL,'deny'),(8915,3,'Magento_Cms::page_delete',NULL,'deny'),(8916,3,'Magento_Cms::block',NULL,'deny'),(8917,3,'Magento_Widget::widget_instance',NULL,'deny'),(8918,3,'Magento_Cms::media_gallery',NULL,'deny'),(8919,3,'Magento_MediaGalleryUiApi::insert_assets',NULL,'deny'),(8920,3,'Magento_MediaGalleryUiApi::upload_assets',NULL,'deny'),(8921,3,'Magento_MediaGalleryUiApi::edit_assets',NULL,'deny'),(8922,3,'Magento_AdobeStockImageAdminUi::media_gallery',NULL,'deny'),(8923,3,'Magento_AdobeStockImageAdminUi::save_preview_images',NULL,'deny'),(8924,3,'Magento_AdobeStockImageAdminUi::license_images',NULL,'deny'),(8925,3,'Magento_MediaGalleryUiApi::delete_assets',NULL,'deny'),(8926,3,'Magento_MediaGalleryUiApi::create_folder',NULL,'deny'),(8927,3,'Magento_MediaGalleryUiApi::delete_folder',NULL,'deny'),(8928,3,'Magento_PageBuilder::templates',NULL,'deny'),(8929,3,'Magento_PageBuilder::template_save',NULL,'deny'),(8930,3,'Magento_PageBuilder::template_apply',NULL,'deny'),(8931,3,'Magento_PageBuilder::template_delete',NULL,'deny'),(8932,3,'Magento_Backend::design',NULL,'deny'),(8933,3,'Magento_Theme::theme',NULL,'deny'),(8934,3,'Magento_Backend::schedule',NULL,'deny'),(8935,3,'Magento_Backend::content_translation',NULL,'deny'),(8936,3,'SolideWebservices_Flexslider::flexslider',NULL,'deny'),(8937,3,'SolideWebservices_Flexslider::group',NULL,'deny'),(8938,3,'SolideWebservices_Flexslider::slide',NULL,'deny'),(8939,3,'SolideWebservices_Flexslider::settings',NULL,'deny'),(8940,3,'Magento_Reports::report',NULL,'deny'),(8941,3,'Dotdigitalgroup_Sms::reports',NULL,'deny'),(8942,3,'Dotdigitalgroup_Sms::report',NULL,'deny'),(8943,3,'Dotdigitalgroup_Email::reports',NULL,'deny'),(8944,3,'Dotdigitalgroup_Email::contact',NULL,'deny'),(8945,3,'Dotdigitalgroup_Email::order',NULL,'deny'),(8946,3,'Dotdigitalgroup_Email::review',NULL,'deny'),(8947,3,'Dotdigitalgroup_Email::wishlist',NULL,'deny'),(8948,3,'Dotdigitalgroup_Email::catalog',NULL,'deny'),(8949,3,'Dotdigitalgroup_Email::importer',NULL,'deny'),(8950,3,'Dotdigitalgroup_Email::campaign',NULL,'deny'),(8951,3,'Dotdigitalgroup_Email::cron',NULL,'deny'),(8952,3,'Dotdigitalgroup_Email::dashboard',NULL,'deny'),(8953,3,'Dotdigitalgroup_Email::automation_enrollment',NULL,'deny'),(8954,3,'Dotdigitalgroup_Email::logviewer',NULL,'deny'),(8955,3,'Dotdigitalgroup_Email::abandoned',NULL,'deny'),(8956,3,'Magento_Reports::report_marketing',NULL,'deny'),(8957,3,'Magento_Reports::shopcart',NULL,'deny'),(8958,3,'Magento_Reports::product',NULL,'deny'),(8959,3,'Magento_Reports::abandoned',NULL,'deny'),(8960,3,'Magento_Reports::report_search',NULL,'deny'),(8961,3,'Magento_Newsletter::problem',NULL,'deny'),(8962,3,'Magento_Reports::review',NULL,'deny'),(8963,3,'Magento_Reports::review_customer',NULL,'deny'),(8964,3,'Magento_Reports::review_product',NULL,'deny'),(8965,3,'Yotpo_Yotpo::yotpo_reviews_external',NULL,'deny'),(8966,3,'Magento_Reports::salesroot',NULL,'deny'),(8967,3,'Magento_Reports::salesroot_sales',NULL,'deny'),(8968,3,'Magento_Reports::tax',NULL,'deny'),(8969,3,'Magento_Reports::invoiced',NULL,'deny'),(8970,3,'Magento_Reports::shipping',NULL,'deny'),(8971,3,'Magento_Reports::refunded',NULL,'deny'),(8972,3,'Magento_Reports::coupons',NULL,'deny'),(8973,3,'Magento_Paypal::paypal_settlement_reports',NULL,'deny'),(8974,3,'Magento_Paypal::paypal_settlement_reports_view',NULL,'deny'),(8975,3,'Magento_Paypal::fetch',NULL,'deny'),(8976,3,'PayPal_Braintree::settlement_report',NULL,'deny'),(8977,3,'Magento_Reports::customers',NULL,'deny'),(8978,3,'Magento_Reports::totals',NULL,'deny'),(8979,3,'Magento_Reports::customers_orders',NULL,'deny'),(8980,3,'Magento_Reports::accounts',NULL,'deny'),(8981,3,'Magento_Reports::report_products',NULL,'deny'),(8982,3,'Magento_Reports::viewed',NULL,'deny'),(8983,3,'Magento_Reports::bestsellers',NULL,'deny'),(8984,3,'Magento_Reports::lowstock',NULL,'deny'),(8985,3,'Magento_Reports::sold',NULL,'deny'),(8986,3,'Magento_Reports::downloads',NULL,'deny'),(8987,3,'Magento_Reports::statistics',NULL,'deny'),(8988,3,'Magento_Reports::statistics_refresh',NULL,'deny'),(8989,3,'Magento_Analytics::business_intelligence',NULL,'deny'),(8990,3,'Magento_Analytics::advanced_reporting',NULL,'deny'),(8991,3,'Magento_Analytics::bi_essentials',NULL,'deny'),(8992,3,'Yotpo_Yotpo::yotpo_analytics_external',NULL,'deny'),(8993,3,'Magento_Backend::stores',NULL,'deny'),(8994,3,'Magento_Backend::stores_settings',NULL,'deny'),(8995,3,'Magento_Backend::store',NULL,'deny'),(8996,3,'Magento_Config::config',NULL,'deny'),(8997,3,'Magento_Payment::payment',NULL,'deny'),(8998,3,'Magento_Cms::config_cms',NULL,'deny'),(8999,3,'Magento_Newsletter::newsletter',NULL,'deny'),(9000,3,'Magento_Downloadable::downloadable',NULL,'deny'),(9001,3,'Magento_GoogleAnalytics::google',NULL,'deny'),(9002,3,'Magento_Payment::payment_services',NULL,'deny'),(9003,3,'Mageplaza_Smtp::configuration',NULL,'deny'),(9004,3,'Magento_CatalogInventory::cataloginventory',NULL,'deny'),(9005,3,'Magento_Catalog::config_catalog',NULL,'deny'),(9006,3,'Magento_CatalogSearch::config_catalog_search',NULL,'deny'),(9007,3,'Magento_LoginAsCustomer::config_section',NULL,'deny'),(9008,3,'Magento_Contact::contact',NULL,'deny'),(9009,3,'Mageplaza_Smtp::email_marketing',NULL,'deny'),(9010,3,'Mageplaza_GoogleAnalytics::googleanalytics_config',NULL,'deny'),(9011,3,'Dotdigitalgroup_Email::config',NULL,'deny'),(9012,3,'Ves_All::config',NULL,'deny'),(9013,3,'Ves_Testimonial::config_testimonial',NULL,'deny'),(9014,3,'MagePal_GoogleTagManager::googletagmanager',NULL,'deny'),(9015,3,'Apptrian_FacebookPixel::config_system',NULL,'deny'),(9016,3,'Magento_Shipping::shipping_policy',NULL,'deny'),(9017,3,'Magento_Shipping::config_shipping',NULL,'deny'),(9018,3,'Magento_Shipping::carriers',NULL,'deny'),(9019,3,'Magento_Multishipping::config_multishipping',NULL,'deny'),(9020,3,'Magento_ReCaptchaUi::config',NULL,'deny'),(9021,3,'Magento_Securitytxt::config',NULL,'deny'),(9022,3,'Bss_Popup::config_popup',NULL,'deny'),(9023,3,'Mageplaza_Core::configuration',NULL,'deny'),(9024,3,'Mageplaza_Core::marketplace',NULL,'deny'),(9025,3,'Magento_Config::config_general',NULL,'deny'),(9026,3,'Magento_Config::web',NULL,'deny'),(9027,3,'Magento_Config::config_design',NULL,'deny'),(9028,3,'Mageplaza_GoogleRecaptcha::configuration',NULL,'deny'),(9029,3,'Bss_LayerNavigation::layered_navigation',NULL,'deny'),(9030,3,'Magento_Paypal::paypal',NULL,'deny'),(9031,3,'SolideWebservices_Flexslider::config_flexslider',NULL,'deny'),(9032,3,'Magento_Customer::config_customer',NULL,'deny'),(9033,3,'Magento_Tax::config_tax',NULL,'deny'),(9034,3,'Magento_Checkout::checkout',NULL,'deny'),(9035,3,'Magento_Sales::config_sales',NULL,'deny'),(9036,3,'Magento_Persistent::persistent',NULL,'deny'),(9037,3,'Magento_Sales::sales_email',NULL,'deny'),(9038,3,'Magento_Sales::sales_pdf',NULL,'deny'),(9039,3,'Magento_Reports::reports',NULL,'deny'),(9040,3,'Magento_Sitemap::config_sitemap',NULL,'deny'),(9041,3,'Magento_Wishlist::config_wishlist',NULL,'deny'),(9042,3,'Magento_Config::config_system',NULL,'deny'),(9043,3,'Yotpo_Core::config',NULL,'deny'),(9044,3,'Yotpo_Yotpo::config',NULL,'deny'),(9045,3,'Magento_SalesRule::config_promo',NULL,'deny'),(9046,3,'Magento_Config::config_admin',NULL,'deny'),(9047,3,'Magento_Config::trans_email',NULL,'deny'),(9048,3,'Magento_Config::dev',NULL,'deny'),(9049,3,'Magento_Config::currency',NULL,'deny'),(9050,3,'Magento_Rss::rss',NULL,'deny'),(9051,3,'Magento_Config::sendfriend',NULL,'deny'),(9052,3,'Magento_Analytics::analytics_settings',NULL,'deny'),(9053,3,'Swissup_Checkout::config',NULL,'deny'),(9054,3,'Swissup_AddressAutocomplete::config',NULL,'deny'),(9055,3,'Swissup_CheckoutCart::config',NULL,'deny'),(9056,3,'Swissup_CheckoutRegistration::config',NULL,'deny'),(9057,3,'Swissup_DeliveryDate::config',NULL,'deny'),(9058,3,'Swissup_Firecheckout::config_firecheckout',NULL,'deny'),(9059,3,'Swissup_Geoip::config',NULL,'deny'),(9060,3,'Swissup_Orderattachments::config',NULL,'deny'),(9061,3,'Swissup_CheckoutSuccess::config',NULL,'deny'),(9062,3,'Swissup_Taxvat::config',NULL,'deny'),(9063,3,'Swissup_Core::swissup_config',NULL,'deny'),(9064,3,'Swissup_Core::core_config',NULL,'deny'),(9065,3,'Swissup_CustomerFieldManager::config',NULL,'deny'),(9066,3,'Mirasvit_Blog::blog_settings',NULL,'deny'),(9067,3,'Magento_NewRelicReporting::config_newrelicreporting',NULL,'deny'),(9068,3,'Magento_CheckoutAgreements::checkoutagreement',NULL,'deny'),(9069,3,'Magento_Sales::order_statuses',NULL,'deny'),(9070,3,'Magento_InventoryApi::inventory',NULL,'deny'),(9071,3,'Magento_InventoryApi::source',NULL,'deny'),(9072,3,'Magento_InventoryApi::source_edit',NULL,'deny'),(9073,3,'Magento_InventoryApi::stock',NULL,'deny'),(9074,3,'Magento_InventoryApi::stock_edit',NULL,'deny'),(9075,3,'Magento_InventoryApi::stock_delete',NULL,'deny'),(9076,3,'Magento_InventoryApi::stock_source_link',NULL,'deny'),(9077,3,'Magento_InventoryInStorePickupApi::inStorePickup',NULL,'deny'),(9078,3,'Magento_InventoryInStorePickupApi::notify_orders_are_ready_for_pickup',NULL,'deny'),(9079,3,'Magento_InventorySalesApi::stock',NULL,'deny'),(9080,3,'Magento_Tax::manage_tax',NULL,'deny'),(9081,3,'Magento_CurrencySymbol::system_currency',NULL,'deny'),(9082,3,'Magento_CurrencySymbol::currency_rates',NULL,'deny'),(9083,3,'Magento_CurrencySymbol::symbols',NULL,'deny'),(9084,3,'Magento_Backend::stores_attributes',NULL,'deny'),(9085,3,'Magento_Catalog::attributes_attributes',NULL,'deny'),(9086,3,'Magento_Catalog::sets',NULL,'deny'),(9087,3,'Magento_Review::ratings',NULL,'deny'),(9088,3,'Magento_Swatches::iframe',NULL,'deny'),(9089,3,'Magento_Backend::stores_other_settings',NULL,'deny'),(9090,3,'Magento_Backend::system',NULL,'deny'),(9091,3,'Magento_AdobeIms::adobe_ims',NULL,'deny'),(9092,3,'Magento_AdobeIms::actions',NULL,'deny'),(9093,3,'Magento_AdobeIms::login',NULL,'deny'),(9094,3,'Magento_AdobeIms::logout',NULL,'deny'),(9095,3,'Magento_AdobeStockAsset::adobe_stock_asset',NULL,'deny'),(9096,3,'Magento_AdobeStockAsset::actions',NULL,'deny'),(9097,3,'Magento_AdobeStockAsset::actions_delete',NULL,'deny'),(9098,3,'Magento_AdobeStockAsset::actions_save',NULL,'deny'),(9099,3,'Magento_AdobeStockAsset::actions_view',NULL,'deny'),(9100,3,'Magento_AdobeStockAsset::actions_get',NULL,'deny'),(9101,3,'Magento_Backend::convert',NULL,'deny'),(9102,3,'Magento_ImportExport::import',NULL,'deny'),(9103,3,'Magento_ImportExport::export',NULL,'deny'),(9104,3,'Magento_TaxImportExport::import_export',NULL,'deny'),(9105,3,'Magento_ImportExport::history',NULL,'deny'),(9106,3,'Klarna_Core::system_support_form',NULL,'deny'),(9107,3,'Magento_Backend::extensions',NULL,'deny'),(9108,3,'Magento_Backend::local',NULL,'deny'),(9109,3,'Magento_Backend::custom',NULL,'deny'),(9110,3,'Klarna_Core::system_logging',NULL,'deny'),(9111,3,'Magento_Integration::extensions',NULL,'deny'),(9112,3,'Magento_Integration::integrations',NULL,'deny'),(9113,3,'Magento_Backend::tools',NULL,'deny'),(9114,3,'Magento_Backend::cache',NULL,'deny'),(9115,3,'Magento_Backend::main_actions',NULL,'deny'),(9116,3,'Magento_Backend::flush_cache_storage',NULL,'deny'),(9117,3,'Magento_Backend::flush_magento_cache',NULL,'deny'),(9118,3,'Magento_Backend::mass_actions',NULL,'deny'),(9119,3,'Magento_Backend::toggling_cache_type',NULL,'deny'),(9120,3,'Magento_Backend::refresh_cache_type',NULL,'deny'),(9121,3,'Magento_Backend::additional_cache_management',NULL,'deny'),(9122,3,'Magento_Backend::flush_catalog_images',NULL,'deny'),(9123,3,'Magento_Backend::flush_js_css',NULL,'deny'),(9124,3,'Magento_Backend::flush_static_files',NULL,'deny'),(9125,3,'Swissup_Marketplace::index',NULL,'deny'),(9126,3,'Swissup_Marketplace::settings_save',NULL,'deny'),(9127,3,'Swissup_Marketplace::package_index',NULL,'deny'),(9128,3,'Swissup_Marketplace::package_manage',NULL,'deny'),(9129,3,'Magento_Backup::backup',NULL,'deny'),(9130,3,'Magento_Backup::rollback',NULL,'deny'),(9131,3,'Magento_Indexer::index',NULL,'deny'),(9132,3,'Mageplaza_BackendReindex::reindex',NULL,'deny'),(9133,3,'Magento_Indexer::changeMode',NULL,'deny'),(9134,3,'Magento_Indexer::invalidate',NULL,'deny'),(9135,3,'Magento_User::acl',NULL,'deny'),(9136,3,'Magento_User::acl_users',NULL,'deny'),(9137,3,'Magento_User::locks',NULL,'deny'),(9138,3,'Magento_User::acl_roles',NULL,'deny'),(9139,3,'Magento_Logging::magento_logging',NULL,'deny'),(9140,3,'Magento_Logging::magento_logging_events',NULL,'deny'),(9141,3,'Magento_Logging::system_magento_logging_bulk_operations',NULL,'deny'),(9142,3,'Magento_Backend::system_other_settings',NULL,'deny'),(9143,3,'Magento_AdminNotification::adminnotification',NULL,'deny'),(9144,3,'Magento_AdminNotification::show_toolbar',NULL,'deny'),(9145,3,'Magento_AdminNotification::show_list',NULL,'deny'),(9146,3,'Magento_AdminNotification::mark_as_read',NULL,'deny'),(9147,3,'Magento_AdminNotification::adminnotification_remove',NULL,'deny'),(9148,3,'Magento_Variable::variable',NULL,'deny'),(9149,3,'Magento_EncryptionKey::crypt_key',NULL,'deny'),(9150,3,'Magento_Backend::global_search',NULL,'deny');

--
-- Table structure for table `braintree_credit_prices`
--

CREATE TABLE `braintree_credit_prices` (
  `id` int(10) unsigned NOT NULL AUTO_INCREMENT COMMENT 'Row ID',
  `product_id` int(10) unsigned NOT NULL COMMENT 'Product Id',
  `term` int(11) NOT NULL COMMENT 'Credit Term',
  `monthly_payment` decimal(12,2) NOT NULL COMMENT 'Monthly Payment',
  `instalment_rate` decimal(12,2) NOT NULL COMMENT 'Instalment Rate',
  `cost_of_purchase` decimal(12,2) NOT NULL COMMENT 'Cost of purchase',
  `total_inc_interest` decimal(12,2) NOT NULL COMMENT 'Total Inc Interest',
  PRIMARY KEY (`id`),
  UNIQUE KEY `BRAINTREE_CREDIT_PRICES_PRODUCT_ID_TERM` (`product_id`,`term`),
  KEY `BRAINTREE_CREDIT_PRICES_PRODUCT_ID` (`product_id`)
) ENGINE=InnoDB DEFAULT CHARSET=utf8 COMMENT='Braintree credit rates';

--
-- Dumping data for table `braintree_credit_prices`
--


--
-- Table structure for table `braintree_transaction_details`
--

CREATE TABLE `braintree_transaction_details` (
  `entity_id` int(10) unsigned NOT NULL AUTO_INCREMENT COMMENT 'Entity ID',
  `order_id` int(10) unsigned NOT NULL COMMENT 'Order Id',
  `transaction_source` varchar(12) DEFAULT NULL COMMENT 'Transaction Source',
  PRIMARY KEY (`entity_id`),
  KEY `BRAINTREE_TRANSACTION_DETAILS_ORDER_ID` (`order_id`),
  CONSTRAINT `BRAINTREE_TRANSACTION_DETAILS_ORDER_ID_SALES_ORDER_ENTITY_ID` FOREIGN KEY (`order_id`) REFERENCES `sales_order` (`entity_id`) ON DELETE CASCADE
) ENGINE=InnoDB DEFAULT CHARSET=utf8 COMMENT='Braintree transaction details table';

--
-- Dumping data for table `braintree_transaction_details`
--


--
-- Table structure for table `bss_popup_layout`
--

CREATE TABLE `bss_popup_layout` (
  `layout_id` int(10) unsigned NOT NULL AUTO_INCREMENT COMMENT 'Entity ID',
  `popup_id` int(11) DEFAULT NULL COMMENT 'popup_id',
  `page_group` text COMMENT 'page_group',
  `layout_handle` text COMMENT 'layout_handle',
  `page_for` text COMMENT 'page_for',
  `entities` text COMMENT 'entities',
  PRIMARY KEY (`layout_id`),
  KEY `BSS_POPUP_LAYOUT_LAYOUT_ID` (`layout_id`)
) ENGINE=InnoDB DEFAULT CHARSET=utf8 COMMENT='bss_popup_layout';

--
-- Dumping data for table `bss_popup_layout`
--


--
-- Table structure for table `bss_popup_layout_update`
--

CREATE TABLE `bss_popup_layout_update` (
  `layout_update_id` int(10) unsigned NOT NULL AUTO_INCREMENT COMMENT 'Entity ID',
  `layout_id` int(11) DEFAULT NULL COMMENT 'layout_id',
  `popup_id` int(11) DEFAULT NULL COMMENT 'popup_id',
  `handle` text COMMENT 'handle',
  PRIMARY KEY (`layout_update_id`),
  KEY `BSS_POPUP_LAYOUT_UPDATE_LAYOUT_UPDATE_ID` (`layout_update_id`)
) ENGINE=InnoDB DEFAULT CHARSET=utf8 COMMENT='bss_popup_layout_update';

--
-- Dumping data for table `bss_popup_layout_update`
--


--
-- Table structure for table `bss_popup_popup`
--

CREATE TABLE `bss_popup_popup` (
  `popup_id` int(10) unsigned NOT NULL AUTO_INCREMENT COMMENT 'ID',
  `popup_name` text NOT NULL COMMENT 'Title',
  `status` smallint(6) NOT NULL COMMENT 'Status',
  `storeview` text NOT NULL COMMENT 'Store View',
  `customer_group` text NOT NULL COMMENT 'Customer Group',
  `display_from` datetime DEFAULT NULL COMMENT 'Display From',
  `display_to` datetime DEFAULT NULL COMMENT 'Display To',
  `priority` int(11) NOT NULL COMMENT 'Priority',
  `event_display` smallint(6) NOT NULL COMMENT 'Event Display',
  `after_load` int(11) NOT NULL COMMENT 'After Load',
  `after_scroll` int(11) NOT NULL COMMENT 'After Load',
  `page_view` int(11) NOT NULL COMMENT 'Page View',
  `effect_display` int(11) NOT NULL COMMENT 'Effect Display',
  `page_display` text NOT NULL COMMENT 'Page Display',
  `exclude_category` text NOT NULL COMMENT 'Exclude Categories',
  `exclude_product` text NOT NULL COMMENT 'Exclude Product',
  `position` smallint(6) NOT NULL COMMENT 'Position',
  `hide_after` int(11) NOT NULL COMMENT 'Hide After',
  `close_outside` smallint(6) NOT NULL COMMENT 'Close Click Outside',
  `frequently` smallint(6) NOT NULL COMMENT 'Display Frequently',
  `cookie_expires` int(11) NOT NULL COMMENT 'Cookie Expires',
  `popup_content` text NOT NULL COMMENT 'Exclude Product',
  `popup_css` text NOT NULL COMMENT 'Popup Css',
  `type_template` int(11) DEFAULT NULL COMMENT 'Type template',
  PRIMARY KEY (`popup_id`),
  FULLTEXT KEY `BSS_POPUP_POPUP_POPUP_NAME` (`popup_name`)
) ENGINE=InnoDB DEFAULT CHARSET=utf8 COMMENT='bss_popup_popup';

--
-- Dumping data for table `bss_popup_popup`
--


--
-- Table structure for table `cache`
--

CREATE TABLE `cache` (
  `id` varchar(200) NOT NULL COMMENT 'Cache Id',
  `data` mediumblob COMMENT 'Cache Data',
  `create_time` int(11) DEFAULT NULL COMMENT 'Cache Creation Time',
  `update_time` int(11) DEFAULT NULL COMMENT 'Time of Cache Updating',
  `expire_time` int(11) DEFAULT NULL COMMENT 'Cache Expiration Time',
  PRIMARY KEY (`id`),
  KEY `CACHE_EXPIRE_TIME` (`expire_time`)
) ENGINE=InnoDB DEFAULT CHARSET=utf8 COMMENT='Caches';

--
-- Dumping data for table `cache`
--


--
-- Table structure for table `cache_tag`
--

CREATE TABLE `cache_tag` (
  `tag` varchar(100) NOT NULL COMMENT 'Tag',
  `cache_id` varchar(200) NOT NULL COMMENT 'Cache Id',
  PRIMARY KEY (`tag`,`cache_id`),
  KEY `CACHE_TAG_CACHE_ID` (`cache_id`)
) ENGINE=InnoDB DEFAULT CHARSET=utf8 COMMENT='Tag Caches';

--
-- Dumping data for table `cache_tag`
--


--
-- Table structure for table `captcha_log`
--

CREATE TABLE `captcha_log` (
  `type` varchar(32) NOT NULL COMMENT 'Type',
  `value` varchar(255) NOT NULL COMMENT 'Value',
  `count` int(10) unsigned NOT NULL DEFAULT '0' COMMENT 'Count',
  `updated_at` timestamp NULL DEFAULT NULL COMMENT 'Update Time',
  PRIMARY KEY (`type`,`value`)
) ENGINE=InnoDB DEFAULT CHARSET=utf8 COMMENT='Count Login Attempts';

--
-- Dumping data for table `captcha_log`
--


--
-- Table structure for table `catalog_category_entity`
--

CREATE TABLE `catalog_category_entity` (
  `entity_id` int(10) unsigned NOT NULL AUTO_INCREMENT COMMENT 'Entity ID',
  `attribute_set_id` smallint(5) unsigned NOT NULL DEFAULT '0' COMMENT 'Attribute Set ID',
  `parent_id` int(10) unsigned NOT NULL DEFAULT '0' COMMENT 'Parent Category ID',
  `created_at` timestamp NOT NULL DEFAULT CURRENT_TIMESTAMP COMMENT 'Creation Time',
  `updated_at` timestamp NOT NULL DEFAULT CURRENT_TIMESTAMP ON UPDATE CURRENT_TIMESTAMP COMMENT 'Update Time',
  `path` varchar(255) NOT NULL COMMENT 'Tree Path',
  `position` int(11) NOT NULL COMMENT 'Position',
  `level` int(11) NOT NULL DEFAULT '0' COMMENT 'Tree Level',
  `children_count` int(11) NOT NULL COMMENT 'Child Count',
  PRIMARY KEY (`entity_id`),
  KEY `CATALOG_CATEGORY_ENTITY_LEVEL` (`level`),
  KEY `CATALOG_CATEGORY_ENTITY_PATH` (`path`)
) ENGINE=InnoDB AUTO_INCREMENT=14 DEFAULT CHARSET=utf8 COMMENT='Catalog Category Table';

--
-- Dumping data for table `catalog_category_entity`
--

INSERT INTO `catalog_category_entity` VALUES (1,3,0,'2022-02-16 17:05:26','2022-03-10 13:18:19','1',0,0,6),(2,3,1,'2022-02-16 17:05:27','2022-03-10 13:18:19','1/2',1,1,5),(3,3,2,'2022-02-16 18:36:59','2022-02-16 18:36:59','1/2/3',1,2,0),(4,3,2,'2022-02-16 18:37:14','2022-03-10 13:19:51','1/2/4',2,2,0),(7,3,2,'2022-02-16 18:38:01','2022-03-10 07:53:47','1/2/7',3,2,0),(8,3,2,'2022-02-16 18:38:23','2022-03-10 10:26:56','1/2/8',4,2,0),(9,3,2,'2022-02-16 18:38:37','2022-03-10 12:52:21','1/2/9',5,2,0);

--
-- Table structure for table `catalog_category_entity_datetime`
--

CREATE TABLE `catalog_category_entity_datetime` (
  `value_id` int(11) NOT NULL AUTO_INCREMENT COMMENT 'Value ID',
  `attribute_id` smallint(5) unsigned NOT NULL DEFAULT '0' COMMENT 'Attribute ID',
  `store_id` smallint(5) unsigned NOT NULL DEFAULT '0' COMMENT 'Store ID',
  `entity_id` int(10) unsigned NOT NULL DEFAULT '0' COMMENT 'Entity ID',
  `value` datetime DEFAULT NULL COMMENT 'Value',
  PRIMARY KEY (`value_id`),
  UNIQUE KEY `CATALOG_CATEGORY_ENTITY_DATETIME_ENTITY_ID_ATTRIBUTE_ID_STORE_ID` (`entity_id`,`attribute_id`,`store_id`),
  KEY `CATALOG_CATEGORY_ENTITY_DATETIME_ENTITY_ID` (`entity_id`),
  KEY `CATALOG_CATEGORY_ENTITY_DATETIME_ATTRIBUTE_ID` (`attribute_id`),
  KEY `CATALOG_CATEGORY_ENTITY_DATETIME_STORE_ID` (`store_id`),
  CONSTRAINT `CATALOG_CATEGORY_ENTITY_DATETIME_STORE_ID_STORE_STORE_ID` FOREIGN KEY (`store_id`) REFERENCES `store` (`store_id`) ON DELETE CASCADE,
  CONSTRAINT `CAT_CTGR_ENTT_DTIME_ATTR_ID_EAV_ATTR_ATTR_ID` FOREIGN KEY (`attribute_id`) REFERENCES `eav_attribute` (`attribute_id`) ON DELETE CASCADE,
  CONSTRAINT `CAT_CTGR_ENTT_DTIME_ENTT_ID_CAT_CTGR_ENTT_ENTT_ID` FOREIGN KEY (`entity_id`) REFERENCES `catalog_category_entity` (`entity_id`) ON DELETE CASCADE
) ENGINE=InnoDB AUTO_INCREMENT=9 DEFAULT CHARSET=utf8 COMMENT='Catalog Category Datetime Attribute Backend Table';

--
-- Dumping data for table `catalog_category_entity_datetime`
--

INSERT INTO `catalog_category_entity_datetime` VALUES (1,61,0,4,NULL),(2,62,0,4,NULL),(3,61,0,7,NULL),(4,62,0,7,NULL),(5,61,0,9,NULL),(6,62,0,9,NULL),(7,61,0,8,NULL),(8,62,0,8,NULL);

--
-- Table structure for table `catalog_category_entity_decimal`
--

CREATE TABLE `catalog_category_entity_decimal` (
  `value_id` int(11) NOT NULL AUTO_INCREMENT COMMENT 'Value ID',
  `attribute_id` smallint(5) unsigned NOT NULL DEFAULT '0' COMMENT 'Attribute ID',
  `store_id` smallint(5) unsigned NOT NULL DEFAULT '0' COMMENT 'Store ID',
  `entity_id` int(10) unsigned NOT NULL DEFAULT '0' COMMENT 'Entity ID',
  `value` decimal(20,6) DEFAULT NULL COMMENT 'Value',
  PRIMARY KEY (`value_id`),
  UNIQUE KEY `CATALOG_CATEGORY_ENTITY_DECIMAL_ENTITY_ID_ATTRIBUTE_ID_STORE_ID` (`entity_id`,`attribute_id`,`store_id`),
  KEY `CATALOG_CATEGORY_ENTITY_DECIMAL_ENTITY_ID` (`entity_id`),
  KEY `CATALOG_CATEGORY_ENTITY_DECIMAL_ATTRIBUTE_ID` (`attribute_id`),
  KEY `CATALOG_CATEGORY_ENTITY_DECIMAL_STORE_ID` (`store_id`),
  CONSTRAINT `CATALOG_CATEGORY_ENTITY_DECIMAL_STORE_ID_STORE_STORE_ID` FOREIGN KEY (`store_id`) REFERENCES `store` (`store_id`) ON DELETE CASCADE,
  CONSTRAINT `CAT_CTGR_ENTT_DEC_ATTR_ID_EAV_ATTR_ATTR_ID` FOREIGN KEY (`attribute_id`) REFERENCES `eav_attribute` (`attribute_id`) ON DELETE CASCADE,
  CONSTRAINT `CAT_CTGR_ENTT_DEC_ENTT_ID_CAT_CTGR_ENTT_ENTT_ID` FOREIGN KEY (`entity_id`) REFERENCES `catalog_category_entity` (`entity_id`) ON DELETE CASCADE
) ENGINE=InnoDB DEFAULT CHARSET=utf8 COMMENT='Catalog Category Decimal Attribute Backend Table';

--
-- Dumping data for table `catalog_category_entity_decimal`
--


--
-- Table structure for table `catalog_category_entity_int`
--

CREATE TABLE `catalog_category_entity_int` (
  `value_id` int(11) NOT NULL AUTO_INCREMENT COMMENT 'Value ID',
  `attribute_id` smallint(5) unsigned NOT NULL DEFAULT '0' COMMENT 'Attribute ID',
  `store_id` smallint(5) unsigned NOT NULL DEFAULT '0' COMMENT 'Store ID',
  `entity_id` int(10) unsigned NOT NULL DEFAULT '0' COMMENT 'Entity ID',
  `value` int(11) DEFAULT NULL COMMENT 'Value',
  PRIMARY KEY (`value_id`),
  UNIQUE KEY `CATALOG_CATEGORY_ENTITY_INT_ENTITY_ID_ATTRIBUTE_ID_STORE_ID` (`entity_id`,`attribute_id`,`store_id`),
  KEY `CATALOG_CATEGORY_ENTITY_INT_ENTITY_ID` (`entity_id`),
  KEY `CATALOG_CATEGORY_ENTITY_INT_ATTRIBUTE_ID` (`attribute_id`),
  KEY `CATALOG_CATEGORY_ENTITY_INT_STORE_ID` (`store_id`),
  CONSTRAINT `CATALOG_CATEGORY_ENTITY_INT_STORE_ID_STORE_STORE_ID` FOREIGN KEY (`store_id`) REFERENCES `store` (`store_id`) ON DELETE CASCADE,
  CONSTRAINT `CAT_CTGR_ENTT_INT_ATTR_ID_EAV_ATTR_ATTR_ID` FOREIGN KEY (`attribute_id`) REFERENCES `eav_attribute` (`attribute_id`) ON DELETE CASCADE,
  CONSTRAINT `CAT_CTGR_ENTT_INT_ENTT_ID_CAT_CTGR_ENTT_ENTT_ID` FOREIGN KEY (`entity_id`) REFERENCES `catalog_category_entity` (`entity_id`) ON DELETE CASCADE
) ENGINE=InnoDB AUTO_INCREMENT=63 DEFAULT CHARSET=utf8 COMMENT='Catalog Category Integer Attribute Backend Table';

--
-- Dumping data for table `catalog_category_entity_int`
--

INSERT INTO `catalog_category_entity_int` VALUES (1,69,0,1,1),(2,46,0,2,1),(3,69,0,2,1),(4,46,0,3,1),(5,54,0,3,1),(6,69,0,3,1),(7,70,0,3,0),(8,71,0,3,0),(9,46,0,4,1),(10,54,0,4,1),(11,69,0,4,1),(12,70,0,4,0),(13,71,0,4,0),(24,46,0,7,1),(25,54,0,7,1),(26,69,0,7,1),(27,70,0,7,0),(28,71,0,7,0),(29,46,0,8,1),(30,54,0,8,1),(31,69,0,8,1),(32,70,0,8,0),(33,71,0,8,0),(34,46,0,9,0),(35,54,0,9,1),(36,69,0,9,1),(37,70,0,9,0),(38,71,0,9,0),(39,53,0,4,2),(40,53,0,7,NULL),(41,53,0,9,NULL),(42,53,0,8,NULL);

--
-- Table structure for table `catalog_category_entity_text`
--

CREATE TABLE `catalog_category_entity_text` (
  `value_id` int(11) NOT NULL AUTO_INCREMENT COMMENT 'Value ID',
  `attribute_id` smallint(5) unsigned NOT NULL DEFAULT '0' COMMENT 'Attribute ID',
  `store_id` smallint(5) unsigned NOT NULL DEFAULT '0' COMMENT 'Store ID',
  `entity_id` int(10) unsigned NOT NULL DEFAULT '0' COMMENT 'Entity ID',
  `value` mediumtext COMMENT 'Value',
  PRIMARY KEY (`value_id`),
  UNIQUE KEY `CATALOG_CATEGORY_ENTITY_TEXT_ENTITY_ID_ATTRIBUTE_ID_STORE_ID` (`entity_id`,`attribute_id`,`store_id`),
  KEY `CATALOG_CATEGORY_ENTITY_TEXT_ENTITY_ID` (`entity_id`),
  KEY `CATALOG_CATEGORY_ENTITY_TEXT_ATTRIBUTE_ID` (`attribute_id`),
  KEY `CATALOG_CATEGORY_ENTITY_TEXT_STORE_ID` (`store_id`),
  CONSTRAINT `CATALOG_CATEGORY_ENTITY_TEXT_STORE_ID_STORE_STORE_ID` FOREIGN KEY (`store_id`) REFERENCES `store` (`store_id`) ON DELETE CASCADE,
  CONSTRAINT `CAT_CTGR_ENTT_TEXT_ATTR_ID_EAV_ATTR_ATTR_ID` FOREIGN KEY (`attribute_id`) REFERENCES `eav_attribute` (`attribute_id`) ON DELETE CASCADE,
  CONSTRAINT `CAT_CTGR_ENTT_TEXT_ENTT_ID_CAT_CTGR_ENTT_ENTT_ID` FOREIGN KEY (`entity_id`) REFERENCES `catalog_category_entity` (`entity_id`) ON DELETE CASCADE
) ENGINE=InnoDB AUTO_INCREMENT=13 DEFAULT CHARSET=utf8 COMMENT='Catalog Category Text Attribute Backend Table';

--
-- Dumping data for table `catalog_category_entity_text`
--

INSERT INTO `catalog_category_entity_text` VALUES (1,47,0,4,NULL),(2,50,0,4,NULL),(3,51,0,4,NULL),(4,47,0,7,NULL),(5,50,0,7,NULL),(6,51,0,7,NULL),(7,47,0,9,NULL),(8,50,0,9,NULL),(9,51,0,9,NULL),(10,47,0,8,NULL),(11,50,0,8,NULL),(12,51,0,8,NULL);

--
-- Table structure for table `catalog_category_entity_varchar`
--

CREATE TABLE `catalog_category_entity_varchar` (
  `value_id` int(11) NOT NULL AUTO_INCREMENT COMMENT 'Value ID',
  `attribute_id` smallint(5) unsigned NOT NULL DEFAULT '0' COMMENT 'Attribute ID',
  `store_id` smallint(5) unsigned NOT NULL DEFAULT '0' COMMENT 'Store ID',
  `entity_id` int(10) unsigned NOT NULL DEFAULT '0' COMMENT 'Entity ID',
  `value` varchar(255) DEFAULT NULL COMMENT 'Value',
  PRIMARY KEY (`value_id`),
  UNIQUE KEY `CATALOG_CATEGORY_ENTITY_VARCHAR_ENTITY_ID_ATTRIBUTE_ID_STORE_ID` (`entity_id`,`attribute_id`,`store_id`),
  KEY `CATALOG_CATEGORY_ENTITY_VARCHAR_ENTITY_ID` (`entity_id`),
  KEY `CATALOG_CATEGORY_ENTITY_VARCHAR_ATTRIBUTE_ID` (`attribute_id`),
  KEY `CATALOG_CATEGORY_ENTITY_VARCHAR_STORE_ID` (`store_id`),
  CONSTRAINT `CATALOG_CATEGORY_ENTITY_VARCHAR_STORE_ID_STORE_STORE_ID` FOREIGN KEY (`store_id`) REFERENCES `store` (`store_id`) ON DELETE CASCADE,
  CONSTRAINT `CAT_CTGR_ENTT_VCHR_ATTR_ID_EAV_ATTR_ATTR_ID` FOREIGN KEY (`attribute_id`) REFERENCES `eav_attribute` (`attribute_id`) ON DELETE CASCADE,
  CONSTRAINT `CAT_CTGR_ENTT_VCHR_ENTT_ID_CAT_CTGR_ENTT_ENTT_ID` FOREIGN KEY (`entity_id`) REFERENCES `catalog_category_entity` (`entity_id`) ON DELETE CASCADE
) ENGINE=InnoDB AUTO_INCREMENT=99 DEFAULT CHARSET=utf8 COMMENT='Catalog Category Varchar Attribute Backend Table';

--
-- Dumping data for table `catalog_category_entity_varchar`
--

INSERT INTO `catalog_category_entity_varchar` VALUES (1,45,0,1,'Root Catalog'),(2,45,0,2,'Default Category'),(3,52,0,2,'PRODUCTS'),(4,45,0,3,'Domov'),(5,52,0,3,'PRODUCTS'),(6,63,0,3,'category-full-width'),(7,121,0,3,'domov'),(8,122,0,3,'domov'),(9,139,0,3,'/home'),(10,45,0,4,'Terapije'),(11,52,0,4,'PAGE'),(12,63,0,4,'1column'),(13,121,0,4,'terapije'),(14,122,0,4,'terapije'),(25,45,0,7,'O nas'),(26,52,0,7,'PRODUCTS'),(27,63,0,7,'category-full-width'),(28,121,0,7,'o-nas'),(29,122,0,7,'o-nas'),(30,139,0,7,'o-nas'),(31,45,0,8,'Kontakt'),(32,52,0,8,'PRODUCTS'),(33,63,0,8,'category-full-width'),(34,121,0,8,'kontakt'),(35,122,0,8,'kontakt'),(36,139,0,8,'contact'),(37,45,0,9,'Trgovina'),(38,52,0,9,'PRODUCTS'),(39,63,0,9,'1column'),(40,121,0,9,'trgovina'),(41,122,0,9,'trgovina'),(43,48,0,4,NULL),(44,49,0,4,NULL),(45,60,0,4,NULL),(46,139,0,4,NULL),(50,48,0,7,NULL),(51,49,0,7,NULL),(52,60,0,7,NULL),(54,48,0,9,NULL),(55,49,0,9,NULL),(56,60,0,9,NULL),(57,139,0,9,NULL),(61,48,0,8,NULL),(62,49,0,8,NULL),(63,60,0,8,NULL);

--
-- Table structure for table `catalog_category_product`
--

CREATE TABLE `catalog_category_product` (
  `entity_id` int(11) NOT NULL AUTO_INCREMENT COMMENT 'Entity ID',
  `category_id` int(10) unsigned NOT NULL DEFAULT '0' COMMENT 'Category ID',
  `product_id` int(10) unsigned NOT NULL DEFAULT '0' COMMENT 'Product ID',
  `position` int(11) NOT NULL DEFAULT '0' COMMENT 'Position',
  PRIMARY KEY (`entity_id`,`category_id`,`product_id`),
  UNIQUE KEY `CATALOG_CATEGORY_PRODUCT_CATEGORY_ID_PRODUCT_ID` (`category_id`,`product_id`),
  KEY `CATALOG_CATEGORY_PRODUCT_PRODUCT_ID` (`product_id`),
  CONSTRAINT `CAT_CTGR_PRD_CTGR_ID_CAT_CTGR_ENTT_ENTT_ID` FOREIGN KEY (`category_id`) REFERENCES `catalog_category_entity` (`entity_id`) ON DELETE CASCADE,
  CONSTRAINT `CAT_CTGR_PRD_PRD_ID_CAT_PRD_ENTT_ENTT_ID` FOREIGN KEY (`product_id`) REFERENCES `catalog_product_entity` (`entity_id`) ON DELETE CASCADE
) ENGINE=InnoDB AUTO_INCREMENT=8 DEFAULT CHARSET=utf8 COMMENT='Catalog Product To Category Linkage Table';

--
-- Dumping data for table `catalog_category_product`
--

INSERT INTO `catalog_category_product` VALUES (2,9,2,0),(5,9,5,0),(6,9,6,0),(7,9,7,0);

--
-- Table structure for table `catalog_category_product_index`
--

CREATE TABLE `catalog_category_product_index` (
  `category_id` int(10) unsigned NOT NULL DEFAULT '0' COMMENT 'Category ID',
  `product_id` int(10) unsigned NOT NULL DEFAULT '0' COMMENT 'Product ID',
  `position` int(11) DEFAULT NULL COMMENT 'Position',
  `is_parent` smallint(5) unsigned NOT NULL DEFAULT '0' COMMENT 'Is Parent',
  `store_id` smallint(5) unsigned NOT NULL DEFAULT '0' COMMENT 'Store ID',
  `visibility` smallint(5) unsigned NOT NULL COMMENT 'Visibility',
  PRIMARY KEY (`category_id`,`product_id`,`store_id`),
  KEY `CAT_CTGR_PRD_IDX_PRD_ID_STORE_ID_CTGR_ID_VISIBILITY` (`product_id`,`store_id`,`category_id`,`visibility`),
  KEY `CAT_CTGR_PRD_IDX_STORE_ID_CTGR_ID_VISIBILITY_IS_PARENT_POSITION` (`store_id`,`category_id`,`visibility`,`is_parent`,`position`)
) ENGINE=InnoDB DEFAULT CHARSET=utf8 COMMENT='Catalog Category Product Index';

--
-- Dumping data for table `catalog_category_product_index`
--


--
-- Table structure for table `catalog_category_product_index_replica`
--

CREATE TABLE `catalog_category_product_index_replica` (
  `category_id` int(10) unsigned NOT NULL DEFAULT '0' COMMENT 'Category ID',
  `product_id` int(10) unsigned NOT NULL DEFAULT '0' COMMENT 'Product ID',
  `position` int(11) DEFAULT NULL COMMENT 'Position',
  `is_parent` smallint(5) unsigned NOT NULL DEFAULT '0' COMMENT 'Is Parent',
  `store_id` smallint(5) unsigned NOT NULL DEFAULT '0' COMMENT 'Store ID',
  `visibility` smallint(5) unsigned NOT NULL COMMENT 'Visibility',
  PRIMARY KEY (`category_id`,`product_id`,`store_id`),
  KEY `CAT_CTGR_PRD_IDX_PRD_ID_STORE_ID_CTGR_ID_VISIBILITY` (`product_id`,`store_id`,`category_id`,`visibility`),
  KEY `CAT_CTGR_PRD_IDX_STORE_ID_CTGR_ID_VISIBILITY_IS_PARENT_POSITION` (`store_id`,`category_id`,`visibility`,`is_parent`,`position`)
) ENGINE=InnoDB DEFAULT CHARSET=utf8 COMMENT='Catalog Category Product Index';

--
-- Dumping data for table `catalog_category_product_index_replica`
--


--
-- Table structure for table `catalog_category_product_index_store1`
--

CREATE TABLE `catalog_category_product_index_store1` (
  `category_id` int(10) unsigned NOT NULL DEFAULT '0' COMMENT 'Category Id',
  `product_id` int(10) unsigned NOT NULL DEFAULT '0' COMMENT 'Product Id',
  `position` int(11) DEFAULT NULL COMMENT 'Position',
  `is_parent` smallint(5) unsigned NOT NULL DEFAULT '0' COMMENT 'Is Parent',
  `store_id` smallint(5) unsigned NOT NULL DEFAULT '0' COMMENT 'Store Id',
  `visibility` smallint(5) unsigned NOT NULL COMMENT 'Visibility',
  PRIMARY KEY (`category_id`,`product_id`,`store_id`),
  KEY `IDX_4B965DC45C352D6E4C9DC0FF50B1FCF5` (`product_id`,`store_id`,`category_id`,`visibility`),
  KEY `IDX_47AB760CD6A893ACEA69A9C2E0112C60` (`store_id`,`category_id`,`visibility`,`is_parent`,`position`)
) ENGINE=InnoDB DEFAULT CHARSET=utf8 COMMENT='Catalog Category Product Index Store1';

--
-- Dumping data for table `catalog_category_product_index_store1`
--

INSERT INTO `catalog_category_product_index_store1` VALUES (2,7,0,1,1,4),(9,7,0,1,1,4);

--
-- Table structure for table `catalog_category_product_index_store1_replica`
--

CREATE TABLE `catalog_category_product_index_store1_replica` (
  `category_id` int(10) unsigned NOT NULL DEFAULT '0' COMMENT 'Category Id',
  `product_id` int(10) unsigned NOT NULL DEFAULT '0' COMMENT 'Product Id',
  `position` int(11) DEFAULT NULL COMMENT 'Position',
  `is_parent` smallint(5) unsigned NOT NULL DEFAULT '0' COMMENT 'Is Parent',
  `store_id` smallint(5) unsigned NOT NULL DEFAULT '0' COMMENT 'Store Id',
  `visibility` smallint(5) unsigned NOT NULL COMMENT 'Visibility',
  PRIMARY KEY (`category_id`,`product_id`,`store_id`),
  KEY `CAT_CTGR_PRD_IDX_STORE1_PRD_ID_STORE_ID_CTGR_ID_VISIBILITY` (`product_id`,`store_id`,`category_id`,`visibility`),
  KEY `IDX_216E521C8AD125E066D2B0BAB4A08412` (`store_id`,`category_id`,`visibility`,`is_parent`,`position`)
) ENGINE=InnoDB DEFAULT CHARSET=utf8 COMMENT='Catalog Category Product Index Store1 Replica';

--
-- Dumping data for table `catalog_category_product_index_store1_replica`
--

INSERT INTO `catalog_category_product_index_store1_replica` VALUES (2,7,0,1,1,4),(9,7,0,1,1,4);

--
-- Table structure for table `catalog_category_product_index_store2`
--

CREATE TABLE `catalog_category_product_index_store2` (
  `category_id` int(10) unsigned NOT NULL DEFAULT '0' COMMENT 'Category Id',
  `product_id` int(10) unsigned NOT NULL DEFAULT '0' COMMENT 'Product Id',
  `position` int(11) DEFAULT NULL COMMENT 'Position',
  `is_parent` smallint(5) unsigned NOT NULL DEFAULT '0' COMMENT 'Is Parent',
  `store_id` smallint(5) unsigned NOT NULL DEFAULT '0' COMMENT 'Store Id',
  `visibility` smallint(5) unsigned NOT NULL COMMENT 'Visibility',
  PRIMARY KEY (`category_id`,`product_id`,`store_id`),
  KEY `CAT_CTGR_PRD_IDX_STORE2_PRD_ID_STORE_ID_CTGR_ID_VISIBILITY` (`product_id`,`store_id`,`category_id`,`visibility`),
  KEY `IDX_2AB6FE58F086547FA7E4590837296849` (`store_id`,`category_id`,`visibility`,`is_parent`,`position`)
) ENGINE=InnoDB DEFAULT CHARSET=utf8 COMMENT='Catalog Category Product Index Store2';

--
-- Dumping data for table `catalog_category_product_index_store2`
--

INSERT INTO `catalog_category_product_index_store2` VALUES (2,7,0,1,2,4),(9,7,0,1,2,4);

--
-- Table structure for table `catalog_category_product_index_store2_replica`
--

CREATE TABLE `catalog_category_product_index_store2_replica` (
  `category_id` int(10) unsigned NOT NULL DEFAULT '0' COMMENT 'Category Id',
  `product_id` int(10) unsigned NOT NULL DEFAULT '0' COMMENT 'Product Id',
  `position` int(11) DEFAULT NULL COMMENT 'Position',
  `is_parent` smallint(5) unsigned NOT NULL DEFAULT '0' COMMENT 'Is Parent',
  `store_id` smallint(5) unsigned NOT NULL DEFAULT '0' COMMENT 'Store Id',
  `visibility` smallint(5) unsigned NOT NULL COMMENT 'Visibility',
  PRIMARY KEY (`category_id`,`product_id`,`store_id`),
  KEY `IDX_87FCED52F67C72BB6992C79EB4DCFA8A` (`product_id`,`store_id`,`category_id`,`visibility`),
  KEY `IDX_15B841C92B67D986A980051DF109F9D1` (`store_id`,`category_id`,`visibility`,`is_parent`,`position`)
) ENGINE=InnoDB DEFAULT CHARSET=utf8 COMMENT='Catalog Category Product Index Store2 Replica';

--
-- Dumping data for table `catalog_category_product_index_store2_replica`
--

INSERT INTO `catalog_category_product_index_store2_replica` VALUES (2,7,0,1,2,4),(9,7,0,1,2,4);

--
-- Table structure for table `catalog_category_product_index_store3`
--

CREATE TABLE `catalog_category_product_index_store3` (
  `category_id` int(10) unsigned NOT NULL DEFAULT '0' COMMENT 'Category Id',
  `product_id` int(10) unsigned NOT NULL DEFAULT '0' COMMENT 'Product Id',
  `position` int(11) DEFAULT NULL COMMENT 'Position',
  `is_parent` smallint(5) unsigned NOT NULL DEFAULT '0' COMMENT 'Is Parent',
  `store_id` smallint(5) unsigned NOT NULL DEFAULT '0' COMMENT 'Store Id',
  `visibility` smallint(5) unsigned NOT NULL COMMENT 'Visibility',
  PRIMARY KEY (`category_id`,`product_id`,`store_id`),
  KEY `CAT_CTGR_PRD_IDX_STORE3_PRD_ID_STORE_ID_CTGR_ID_VISIBILITY` (`product_id`,`store_id`,`category_id`,`visibility`),
  KEY `IDX_E9342558FA31C65508E1FE75E6242607` (`store_id`,`category_id`,`visibility`,`is_parent`,`position`)
) ENGINE=InnoDB DEFAULT CHARSET=utf8 COMMENT='Catalog Category Product Index Store3';

--
-- Dumping data for table `catalog_category_product_index_store3`
--

INSERT INTO `catalog_category_product_index_store3` VALUES (2,7,0,1,3,4),(9,7,0,1,3,4);

--
-- Table structure for table `catalog_category_product_index_store3_replica`
--

CREATE TABLE `catalog_category_product_index_store3_replica` (
  `category_id` int(10) unsigned NOT NULL DEFAULT '0' COMMENT 'Category Id',
  `product_id` int(10) unsigned NOT NULL DEFAULT '0' COMMENT 'Product Id',
  `position` int(11) DEFAULT NULL COMMENT 'Position',
  `is_parent` smallint(5) unsigned NOT NULL DEFAULT '0' COMMENT 'Is Parent',
  `store_id` smallint(5) unsigned NOT NULL DEFAULT '0' COMMENT 'Store Id',
  `visibility` smallint(5) unsigned NOT NULL COMMENT 'Visibility',
  PRIMARY KEY (`category_id`,`product_id`,`store_id`),
  KEY `IDX_43726D149468373EB56B59700A89860C` (`product_id`,`store_id`,`category_id`,`visibility`),
  KEY `IDX_3A62575144A54728FACD3A0D6309E61D` (`store_id`,`category_id`,`visibility`,`is_parent`,`position`)
) ENGINE=InnoDB DEFAULT CHARSET=utf8 COMMENT='Catalog Category Product Index Store3 Replica';

--
-- Dumping data for table `catalog_category_product_index_store3_replica`
--

INSERT INTO `catalog_category_product_index_store3_replica` VALUES (2,7,0,1,3,4),(9,7,0,1,3,4);

--
-- Table structure for table `catalog_category_product_index_tmp`
--

CREATE TABLE `catalog_category_product_index_tmp` (
  `category_id` int(10) unsigned NOT NULL DEFAULT '0' COMMENT 'Category ID',
  `product_id` int(10) unsigned NOT NULL DEFAULT '0' COMMENT 'Product ID',
  `position` int(11) NOT NULL DEFAULT '0' COMMENT 'Position',
  `is_parent` smallint(5) unsigned NOT NULL DEFAULT '0' COMMENT 'Is Parent',
  `store_id` smallint(5) unsigned NOT NULL DEFAULT '0' COMMENT 'Store ID',
  `visibility` smallint(5) unsigned NOT NULL COMMENT 'Visibility',
  PRIMARY KEY (`category_id`,`product_id`,`store_id`),
  KEY `CAT_CTGR_PRD_IDX_TMP_PRD_ID_CTGR_ID_STORE_ID` (`product_id`,`category_id`,`store_id`)
) ENGINE=InnoDB DEFAULT CHARSET=utf8 COMMENT='Catalog Category Product Indexer temporary table';

--
-- Dumping data for table `catalog_category_product_index_tmp`
--


--
-- Table structure for table `catalog_compare_item`
--

CREATE TABLE `catalog_compare_item` (
  `catalog_compare_item_id` int(10) unsigned NOT NULL AUTO_INCREMENT COMMENT 'Compare Item ID',
  `visitor_id` int(10) unsigned NOT NULL DEFAULT '0' COMMENT 'Visitor ID',
  `customer_id` int(10) unsigned DEFAULT NULL COMMENT 'Customer ID',
  `product_id` int(10) unsigned NOT NULL DEFAULT '0' COMMENT 'Product ID',
  `store_id` smallint(5) unsigned DEFAULT NULL COMMENT 'Store ID',
  `list_id` int(10) unsigned DEFAULT NULL COMMENT 'List ID',
  PRIMARY KEY (`catalog_compare_item_id`),
  KEY `CATALOG_COMPARE_ITEM_LIST_ID_CATALOG_COMPARE_LIST_LIST_ID` (`list_id`),
  KEY `CATALOG_COMPARE_ITEM_PRODUCT_ID` (`product_id`),
  KEY `CATALOG_COMPARE_ITEM_VISITOR_ID_PRODUCT_ID` (`visitor_id`,`product_id`),
  KEY `CATALOG_COMPARE_ITEM_CUSTOMER_ID_PRODUCT_ID` (`customer_id`,`product_id`),
  KEY `CATALOG_COMPARE_ITEM_STORE_ID` (`store_id`),
  CONSTRAINT `CATALOG_COMPARE_ITEM_CUSTOMER_ID_CUSTOMER_ENTITY_ENTITY_ID` FOREIGN KEY (`customer_id`) REFERENCES `customer_entity` (`entity_id`) ON DELETE CASCADE,
  CONSTRAINT `CATALOG_COMPARE_ITEM_LIST_ID_CATALOG_COMPARE_LIST_LIST_ID` FOREIGN KEY (`list_id`) REFERENCES `catalog_compare_list` (`list_id`) ON DELETE CASCADE,
  CONSTRAINT `CATALOG_COMPARE_ITEM_PRODUCT_ID_CATALOG_PRODUCT_ENTITY_ENTITY_ID` FOREIGN KEY (`product_id`) REFERENCES `catalog_product_entity` (`entity_id`) ON DELETE CASCADE,
  CONSTRAINT `CATALOG_COMPARE_ITEM_STORE_ID_STORE_STORE_ID` FOREIGN KEY (`store_id`) REFERENCES `store` (`store_id`) ON DELETE SET NULL
) ENGINE=InnoDB DEFAULT CHARSET=utf8 COMMENT='Catalog Compare Table';

--
-- Dumping data for table `catalog_compare_item`
--


--
-- Table structure for table `catalog_compare_list`
--

CREATE TABLE `catalog_compare_list` (
  `list_id` int(10) unsigned NOT NULL AUTO_INCREMENT COMMENT 'Compare List ID',
  `list_id_mask` varchar(32) DEFAULT NULL COMMENT 'Masked ID',
  `customer_id` int(10) unsigned DEFAULT NULL COMMENT 'Customer ID',
  PRIMARY KEY (`list_id`),
  UNIQUE KEY `CATALOG_COMPARE_LIST_CUSTOMER_ID` (`customer_id`),
  KEY `CATALOG_COMPARE_LIST_LIST_ID_MASK` (`list_id_mask`),
  CONSTRAINT `CATALOG_COMPARE_LIST_CUSTOMER_ID_CUSTOMER_ENTITY_ENTITY_ID` FOREIGN KEY (`customer_id`) REFERENCES `customer_entity` (`entity_id`) ON DELETE CASCADE
) ENGINE=InnoDB DEFAULT CHARSET=utf8 COMMENT='Catalog Compare List with hash Table';

--
-- Dumping data for table `catalog_compare_list`
--


--
-- Table structure for table `catalog_eav_attribute`
--

CREATE TABLE `catalog_eav_attribute` (
  `attribute_id` smallint(5) unsigned NOT NULL COMMENT 'Attribute ID',
  `frontend_input_renderer` varchar(255) DEFAULT NULL COMMENT 'Frontend Input Renderer',
  `is_global` smallint(5) unsigned NOT NULL DEFAULT '1' COMMENT 'Is Global',
  `is_visible` smallint(5) unsigned NOT NULL DEFAULT '1' COMMENT 'Is Visible',
  `is_searchable` smallint(5) unsigned NOT NULL DEFAULT '0' COMMENT 'Is Searchable',
  `is_filterable` smallint(5) unsigned NOT NULL DEFAULT '0' COMMENT 'Is Filterable',
  `is_comparable` smallint(5) unsigned NOT NULL DEFAULT '0' COMMENT 'Is Comparable',
  `is_visible_on_front` smallint(5) unsigned NOT NULL DEFAULT '0' COMMENT 'Is Visible On Front',
  `is_html_allowed_on_front` smallint(5) unsigned NOT NULL DEFAULT '0' COMMENT 'Is HTML Allowed On Front',
  `is_used_for_price_rules` smallint(5) unsigned NOT NULL DEFAULT '0' COMMENT 'Is Used For Price Rules',
  `is_filterable_in_search` smallint(5) unsigned NOT NULL DEFAULT '0' COMMENT 'Is Filterable In Search',
  `used_in_product_listing` smallint(5) unsigned NOT NULL DEFAULT '0' COMMENT 'Is Used In Product Listing',
  `used_for_sort_by` smallint(5) unsigned NOT NULL DEFAULT '0' COMMENT 'Is Used For Sorting',
  `apply_to` varchar(255) DEFAULT NULL COMMENT 'Apply To',
  `is_visible_in_advanced_search` smallint(5) unsigned NOT NULL DEFAULT '0' COMMENT 'Is Visible In Advanced Search',
  `position` int(11) NOT NULL DEFAULT '0' COMMENT 'Position',
  `is_wysiwyg_enabled` smallint(5) unsigned NOT NULL DEFAULT '0' COMMENT 'Is WYSIWYG Enabled',
  `is_used_for_promo_rules` smallint(5) unsigned NOT NULL DEFAULT '0' COMMENT 'Is Used For Promo Rules',
  `is_required_in_admin_store` smallint(5) unsigned NOT NULL DEFAULT '0' COMMENT 'Is Required In Admin Store',
  `is_used_in_grid` smallint(5) unsigned NOT NULL DEFAULT '0' COMMENT 'Is Used in Grid',
  `is_visible_in_grid` smallint(5) unsigned NOT NULL DEFAULT '0' COMMENT 'Is Visible in Grid',
  `is_filterable_in_grid` smallint(5) unsigned NOT NULL DEFAULT '0' COMMENT 'Is Filterable in Grid',
  `search_weight` float NOT NULL DEFAULT '1' COMMENT 'Search Weight',
  `is_pagebuilder_enabled` tinyint(1) NOT NULL DEFAULT '0' COMMENT 'Is PageBuilder Enabled',
  `additional_data` text COMMENT 'Additional swatch attributes data',
  PRIMARY KEY (`attribute_id`),
  KEY `CATALOG_EAV_ATTRIBUTE_USED_FOR_SORT_BY` (`used_for_sort_by`),
  KEY `CATALOG_EAV_ATTRIBUTE_USED_IN_PRODUCT_LISTING` (`used_in_product_listing`),
  CONSTRAINT `CATALOG_EAV_ATTRIBUTE_ATTRIBUTE_ID_EAV_ATTRIBUTE_ATTRIBUTE_ID` FOREIGN KEY (`attribute_id`) REFERENCES `eav_attribute` (`attribute_id`) ON DELETE CASCADE
) ENGINE=InnoDB DEFAULT CHARSET=utf8 COMMENT='Catalog EAV Attribute Table';

--
-- Dumping data for table `catalog_eav_attribute`
--

INSERT INTO `catalog_eav_attribute` VALUES (45,NULL,0,1,0,0,0,0,0,0,0,0,0,NULL,0,0,0,0,0,0,0,0,1,0,NULL),(46,NULL,0,1,0,0,0,0,0,0,0,0,0,NULL,0,0,0,0,0,0,0,0,1,0,NULL),(47,NULL,0,1,0,0,0,0,1,0,0,0,0,NULL,0,0,1,0,0,0,0,0,1,0,NULL),(48,NULL,0,1,0,0,0,0,0,0,0,0,0,NULL,0,0,0,0,0,0,0,0,1,0,NULL),(49,NULL,0,1,0,0,0,0,0,0,0,0,0,NULL,0,0,0,0,0,0,0,0,1,0,NULL),(50,NULL,0,1,0,0,0,0,0,0,0,0,0,NULL,0,0,0,0,0,0,0,0,1,0,NULL),(51,NULL,0,1,0,0,0,0,0,0,0,0,0,NULL,0,0,0,0,0,0,0,0,1,0,NULL),(52,NULL,0,1,0,0,0,0,0,0,0,0,0,NULL,0,0,0,0,0,0,0,0,1,0,NULL),(53,NULL,0,1,0,0,0,0,0,0,0,0,0,NULL,0,0,0,0,0,0,0,0,1,0,NULL),(54,NULL,1,1,0,0,0,0,0,0,0,0,0,NULL,0,0,0,0,0,0,0,0,1,0,NULL),(55,NULL,1,0,0,0,0,0,0,0,0,0,0,NULL,0,0,0,0,0,0,0,0,1,0,NULL),(56,NULL,1,0,0,0,0,0,0,0,0,0,0,NULL,0,0,0,0,0,0,0,0,1,0,NULL),(57,NULL,1,0,0,0,0,0,0,0,0,0,0,NULL,0,0,0,0,0,0,0,0,1,0,NULL),(58,NULL,1,0,0,0,0,0,0,0,0,0,0,NULL,0,0,0,0,0,0,0,0,1,0,NULL),(59,NULL,1,0,0,0,0,0,0,0,0,0,0,NULL,0,0,0,0,0,0,0,0,1,0,NULL),(60,NULL,0,1,0,0,0,0,0,0,0,0,0,NULL,0,0,0,0,0,0,0,0,1,0,NULL),(61,NULL,0,1,0,0,0,0,0,0,0,0,0,NULL,0,0,0,0,0,0,0,0,1,0,NULL),(62,NULL,0,1,0,0,0,0,0,0,0,0,0,NULL,0,0,0,0,0,0,0,0,1,0,NULL),(63,NULL,0,1,0,0,0,0,0,0,0,0,0,NULL,0,0,0,0,0,0,0,0,1,0,NULL),(64,NULL,0,0,0,0,0,0,0,0,0,0,0,NULL,0,0,0,0,0,0,0,0,1,0,NULL),(65,NULL,1,0,0,0,0,0,0,0,0,0,0,NULL,0,0,0,0,0,0,0,0,1,0,NULL),(66,NULL,1,0,0,0,0,0,0,0,0,0,0,NULL,0,0,0,0,0,0,0,0,1,0,NULL),(67,'Magento\\Catalog\\Block\\Adminhtml\\Category\\Helper\\Sortby\\Available',0,1,0,0,0,0,0,0,0,0,0,NULL,0,0,0,0,0,0,0,0,1,0,NULL),(68,'Magento\\Catalog\\Block\\Adminhtml\\Category\\Helper\\Sortby\\DefaultSortby',0,1,0,0,0,0,0,0,0,0,0,NULL,0,0,0,0,0,0,0,0,1,0,NULL),(69,NULL,0,1,0,0,0,0,0,0,0,0,0,NULL,0,0,0,0,0,0,0,0,1,0,NULL),(70,NULL,0,1,0,0,0,0,0,0,0,0,0,NULL,0,0,0,0,0,0,0,0,1,0,NULL),(71,NULL,0,1,0,0,0,0,0,0,0,0,0,NULL,0,0,0,0,0,0,0,0,1,0,NULL),(72,'Magento\\Catalog\\Block\\Adminhtml\\Category\\Helper\\Pricestep',0,1,0,0,0,0,0,0,0,0,0,NULL,0,0,0,0,0,0,0,0,1,0,NULL),(73,NULL,0,1,1,0,0,0,0,0,0,1,1,NULL,1,0,0,0,0,0,0,0,5,0,NULL),(74,NULL,1,1,1,0,1,0,0,0,0,0,0,NULL,1,0,0,0,0,0,0,0,6,0,NULL),(75,NULL,0,1,1,0,1,0,1,0,0,0,0,NULL,1,0,1,0,0,0,0,0,1,1,NULL),(76,NULL,0,1,1,0,1,0,1,0,0,1,0,NULL,1,0,1,0,0,1,0,0,1,0,NULL),(77,NULL,1,1,1,1,0,0,0,0,0,1,1,'simple,virtual,downloadable,bundle,configurable',1,0,0,0,0,0,0,0,1,0,NULL),(78,NULL,1,1,0,0,0,0,0,0,0,1,0,'simple,virtual,downloadable,bundle,configurable',0,0,0,0,0,1,0,1,1,0,NULL),(79,NULL,2,1,0,0,0,0,0,0,0,1,0,'simple,virtual,downloadable,bundle,configurable',0,0,0,0,0,1,0,0,1,0,NULL),(80,NULL,2,1,0,0,0,0,0,0,0,1,0,'simple,virtual,downloadable,bundle,configurable',0,0,0,0,0,1,0,0,1,0,NULL),(81,NULL,1,1,0,0,0,0,0,0,0,0,0,'simple,virtual,downloadable',0,0,0,0,0,1,0,1,1,0,NULL),(82,'Magento\\Catalog\\Block\\Adminhtml\\Product\\Helper\\Form\\Weight',1,1,0,0,0,0,0,0,0,0,0,'simple,virtual,downloadable,bundle,configurable',0,0,0,0,0,1,0,1,1,0,NULL),(83,NULL,1,1,1,1,1,0,0,0,0,0,0,'simple,configurable',1,0,0,0,0,1,0,1,1,0,NULL),(84,NULL,0,1,0,0,0,0,0,0,0,0,0,NULL,0,0,0,0,0,1,0,1,1,0,NULL),(85,NULL,0,1,0,0,0,0,0,0,0,0,0,NULL,0,0,0,0,0,1,0,1,1,0,NULL),(86,NULL,0,1,0,0,0,0,0,0,0,0,0,NULL,0,0,0,0,0,1,0,1,1,0,NULL),(87,NULL,0,1,0,0,0,0,0,0,0,1,0,NULL,0,0,0,0,0,0,0,0,1,0,NULL),(88,NULL,0,1,0,0,0,0,0,0,0,1,0,NULL,0,0,0,0,0,0,0,0,1,0,NULL),(89,NULL,0,1,0,0,0,0,0,0,0,1,0,NULL,0,0,0,0,0,0,0,0,1,0,NULL),(90,NULL,1,1,0,0,0,0,0,0,0,0,0,NULL,0,0,0,0,0,0,0,0,1,0,NULL),(91,NULL,1,0,0,0,0,0,0,0,0,0,0,NULL,0,0,0,0,0,0,0,0,1,0,NULL),(92,NULL,2,1,0,0,0,0,0,0,0,0,0,'simple,virtual,downloadable,bundle',0,0,0,0,0,0,0,0,1,0,NULL),(93,NULL,1,1,1,1,1,0,0,0,0,0,0,'simple,virtual,configurable',1,0,0,0,0,1,0,1,1,0,NULL),(94,NULL,2,1,0,0,0,0,0,0,0,1,0,NULL,0,0,0,0,0,1,0,0,1,0,NULL),(95,NULL,2,1,0,0,0,0,0,0,0,1,0,NULL,0,0,0,0,0,1,0,0,1,0,NULL),(96,NULL,1,1,0,0,0,0,0,0,0,0,0,NULL,0,0,0,0,0,0,0,0,1,0,NULL),(97,'Magento\\Framework\\Data\\Form\\Element\\Hidden',2,1,1,0,0,0,0,0,0,1,0,NULL,0,0,0,0,1,0,0,0,1,0,NULL),(98,NULL,1,0,0,0,0,0,0,0,0,0,0,'simple,virtual,downloadable,bundle,configurable',0,0,0,0,0,0,0,0,1,0,NULL),(99,NULL,0,1,0,0,0,0,0,0,0,0,0,NULL,0,0,0,0,1,0,0,0,1,0,NULL),(100,NULL,0,1,0,0,0,0,0,0,0,0,0,NULL,0,0,0,0,0,1,0,1,1,0,NULL),(101,NULL,0,1,0,0,0,0,0,0,0,0,0,NULL,0,0,0,0,0,1,0,0,1,0,NULL),(102,NULL,0,1,0,0,0,0,0,0,0,0,0,NULL,0,0,0,0,0,1,0,0,1,0,NULL),(103,NULL,0,0,0,0,0,0,0,0,0,0,0,NULL,0,0,0,0,0,0,0,0,1,0,NULL),(104,NULL,0,1,0,0,0,0,0,0,0,0,0,NULL,0,0,0,0,0,1,0,0,1,0,NULL),(105,'Magento\\Catalog\\Block\\Adminhtml\\Product\\Helper\\Form\\Category',1,1,0,0,0,0,0,0,0,0,0,NULL,0,0,0,0,0,0,0,0,1,0,NULL),(106,NULL,0,1,0,0,0,0,0,0,0,0,0,NULL,0,0,0,0,0,0,0,0,1,0,NULL),(107,NULL,1,0,0,0,0,0,0,0,0,1,0,NULL,0,0,0,0,0,0,0,0,1,0,NULL),(108,NULL,1,0,0,0,0,0,0,0,0,0,0,NULL,0,0,0,0,0,0,0,0,1,0,NULL),(109,NULL,0,0,0,0,0,0,0,0,0,1,0,NULL,0,0,0,0,0,0,0,0,1,0,NULL),(110,NULL,0,0,0,0,0,0,0,0,0,1,0,NULL,0,0,0,0,0,0,0,0,1,0,NULL),(111,NULL,0,0,0,0,0,0,0,0,0,1,0,NULL,0,0,0,0,0,0,0,0,1,0,NULL),(112,NULL,1,0,0,0,0,0,0,0,0,0,0,NULL,0,0,0,0,0,0,0,0,1,0,NULL),(113,NULL,1,0,0,0,0,0,0,0,0,0,0,NULL,0,0,0,0,0,0,0,0,1,0,NULL),(114,NULL,2,1,0,0,0,0,0,0,0,0,0,'simple,bundle,grouped,configurable',0,0,0,0,0,1,0,1,1,0,NULL),(115,'Magento\\CatalogInventory\\Block\\Adminhtml\\Form\\Field\\Stock',1,1,0,0,0,0,0,0,0,0,0,NULL,0,0,0,0,0,0,0,0,1,0,NULL),(116,NULL,0,1,0,0,0,0,0,0,0,0,0,NULL,0,0,0,0,0,1,0,0,1,0,NULL),(117,NULL,0,1,0,0,0,0,0,0,0,0,0,NULL,0,0,0,0,0,0,0,0,1,0,NULL),(118,NULL,0,1,0,0,0,0,0,0,0,0,0,NULL,0,0,0,0,0,0,0,0,1,0,NULL),(119,'Magento\\Msrp\\Block\\Adminhtml\\Product\\Helper\\Form\\Type',1,1,0,0,0,0,0,0,0,1,0,'simple,virtual,downloadable,bundle,configurable',0,0,0,0,0,1,0,1,1,0,NULL),(120,'Magento\\Msrp\\Block\\Adminhtml\\Product\\Helper\\Form\\Type\\Price',2,1,0,0,0,0,0,0,0,1,0,'simple,virtual,downloadable,bundle,configurable',0,0,0,0,0,0,0,0,1,0,NULL),(121,NULL,0,1,1,0,0,0,0,0,0,0,0,NULL,0,0,0,0,0,0,0,0,1,0,NULL),(122,NULL,0,0,0,0,0,0,0,0,0,0,0,NULL,0,0,0,0,0,0,0,0,1,0,NULL),(123,NULL,0,1,1,0,0,0,0,0,0,1,0,NULL,0,0,0,0,0,1,0,1,1,0,NULL),(124,NULL,0,0,0,0,0,0,0,0,0,0,0,NULL,0,0,0,0,0,0,0,0,1,0,NULL),(125,NULL,1,0,0,0,0,0,0,0,0,1,0,'downloadable',0,0,0,0,0,0,0,0,1,0,NULL),(126,NULL,0,0,0,0,0,0,0,0,0,0,0,'downloadable',0,0,0,0,0,0,0,0,1,0,NULL),(127,NULL,0,0,0,0,0,0,0,0,0,0,0,'downloadable',0,0,0,0,0,0,0,0,1,0,NULL),(128,NULL,1,0,0,0,0,0,0,0,0,1,0,'downloadable',0,0,0,0,0,0,0,0,1,0,NULL),(129,NULL,1,1,0,0,0,0,0,0,0,1,0,'bundle',0,0,0,0,0,0,0,0,1,0,NULL),(130,NULL,1,1,0,0,0,0,0,0,0,0,0,'bundle',0,0,0,0,0,0,0,0,1,0,NULL),(131,NULL,1,1,0,0,0,0,0,0,0,1,0,'bundle',0,0,0,0,0,0,0,0,1,0,NULL),(132,NULL,1,1,0,0,0,0,0,0,0,1,0,'bundle',0,0,0,0,0,0,0,0,1,0,NULL),(133,NULL,1,1,0,0,0,0,0,0,0,1,0,'bundle',0,0,0,0,0,0,0,0,1,0,NULL),(134,'Magento\\GiftMessage\\Block\\Adminhtml\\Product\\Helper\\Form\\Config',1,1,0,0,0,0,0,0,0,0,0,NULL,0,0,0,0,0,1,0,0,1,0,NULL),(135,NULL,0,1,0,0,0,0,0,0,0,1,0,NULL,0,0,0,0,0,0,0,0,1,0,NULL),(136,NULL,2,1,1,0,0,0,0,0,0,1,0,'simple,virtual,downloadable,bundle,configurable',0,0,0,0,0,1,0,1,1,0,NULL),(137,NULL,0,1,0,1,0,0,0,0,1,1,0,NULL,0,9999999,0,0,0,0,0,0,1,0,NULL),(139,NULL,0,1,0,0,0,1,0,0,0,0,0,NULL,0,0,0,0,0,1,0,1,1,0,NULL),(161,NULL,0,1,0,0,0,1,1,0,0,0,0,NULL,0,0,0,0,0,1,1,1,1,0,'[]'),(162,NULL,1,1,0,0,1,1,1,0,0,0,0,NULL,0,0,0,1,0,1,1,1,1,0,'{\"filter_type\":\"list\",\"is_expand\":\"2\",\"show_more\":\"1\",\"swatch_input_type\":\"visual\",\"update_product_preview_image\":\"0\",\"use_product_image_for_swatch\":\"0\"}');

--
-- Table structure for table `catalog_product_bundle_option`
--

CREATE TABLE `catalog_product_bundle_option` (
  `option_id` int(10) unsigned NOT NULL AUTO_INCREMENT COMMENT 'Option ID',
  `parent_id` int(10) unsigned NOT NULL COMMENT 'Parent ID',
  `required` smallint(5) unsigned NOT NULL DEFAULT '0' COMMENT 'Required',
  `position` int(10) unsigned NOT NULL DEFAULT '0' COMMENT 'Position',
  `type` varchar(255) DEFAULT NULL COMMENT 'Type',
  PRIMARY KEY (`option_id`),
  KEY `CATALOG_PRODUCT_BUNDLE_OPTION_PARENT_ID` (`parent_id`),
  CONSTRAINT `CAT_PRD_BNDL_OPT_PARENT_ID_CAT_PRD_ENTT_ENTT_ID` FOREIGN KEY (`parent_id`) REFERENCES `catalog_product_entity` (`entity_id`) ON DELETE CASCADE
) ENGINE=InnoDB DEFAULT CHARSET=utf8 COMMENT='Catalog Product Bundle Option';

--
-- Dumping data for table `catalog_product_bundle_option`
--


--
-- Table structure for table `catalog_product_bundle_option_value`
--

CREATE TABLE `catalog_product_bundle_option_value` (
  `value_id` int(10) unsigned NOT NULL AUTO_INCREMENT COMMENT 'Value ID',
  `option_id` int(10) unsigned NOT NULL COMMENT 'Option ID',
  `store_id` smallint(5) unsigned NOT NULL COMMENT 'Store ID',
  `title` varchar(255) DEFAULT NULL COMMENT 'Title',
  `parent_product_id` int(10) unsigned NOT NULL COMMENT 'Parent Product ID',
  PRIMARY KEY (`value_id`),
  UNIQUE KEY `CAT_PRD_BNDL_OPT_VAL_OPT_ID_PARENT_PRD_ID_STORE_ID` (`option_id`,`parent_product_id`,`store_id`),
  CONSTRAINT `CAT_PRD_BNDL_OPT_VAL_OPT_ID_CAT_PRD_BNDL_OPT_OPT_ID` FOREIGN KEY (`option_id`) REFERENCES `catalog_product_bundle_option` (`option_id`) ON DELETE CASCADE
) ENGINE=InnoDB DEFAULT CHARSET=utf8 COMMENT='Catalog Product Bundle Option Value';

--
-- Dumping data for table `catalog_product_bundle_option_value`
--


--
-- Table structure for table `catalog_product_bundle_price_index`
--

CREATE TABLE `catalog_product_bundle_price_index` (
  `entity_id` int(10) unsigned NOT NULL COMMENT 'Entity ID',
  `website_id` smallint(5) unsigned NOT NULL COMMENT 'Website ID',
  `customer_group_id` int(10) unsigned NOT NULL COMMENT 'Customer Group ID',
  `min_price` decimal(20,6) NOT NULL COMMENT 'Min Price',
  `max_price` decimal(20,6) NOT NULL COMMENT 'Max Price',
  PRIMARY KEY (`entity_id`,`website_id`,`customer_group_id`),
  KEY `CATALOG_PRODUCT_BUNDLE_PRICE_INDEX_WEBSITE_ID` (`website_id`),
  KEY `CATALOG_PRODUCT_BUNDLE_PRICE_INDEX_CUSTOMER_GROUP_ID` (`customer_group_id`),
  CONSTRAINT `CAT_PRD_BNDL_PRICE_IDX_CSTR_GROUP_ID_CSTR_GROUP_CSTR_GROUP_ID` FOREIGN KEY (`customer_group_id`) REFERENCES `customer_group` (`customer_group_id`) ON DELETE CASCADE,
  CONSTRAINT `CAT_PRD_BNDL_PRICE_IDX_ENTT_ID_CAT_PRD_ENTT_ENTT_ID` FOREIGN KEY (`entity_id`) REFERENCES `catalog_product_entity` (`entity_id`) ON DELETE CASCADE,
  CONSTRAINT `CAT_PRD_BNDL_PRICE_IDX_WS_ID_STORE_WS_WS_ID` FOREIGN KEY (`website_id`) REFERENCES `store_website` (`website_id`) ON DELETE CASCADE
) ENGINE=InnoDB DEFAULT CHARSET=utf8 COMMENT='Catalog Product Bundle Price Index';

--
-- Dumping data for table `catalog_product_bundle_price_index`
--


--
-- Table structure for table `catalog_product_bundle_selection`
--

CREATE TABLE `catalog_product_bundle_selection` (
  `selection_id` int(10) unsigned NOT NULL AUTO_INCREMENT COMMENT 'Selection ID',
  `option_id` int(10) unsigned NOT NULL COMMENT 'Option ID',
  `parent_product_id` int(10) unsigned NOT NULL COMMENT 'Parent Product ID',
  `product_id` int(10) unsigned NOT NULL COMMENT 'Product ID',
  `position` int(10) unsigned NOT NULL DEFAULT '0' COMMENT 'Position',
  `is_default` smallint(5) unsigned NOT NULL DEFAULT '0' COMMENT 'Is Default',
  `selection_price_type` smallint(5) unsigned NOT NULL DEFAULT '0' COMMENT 'Selection Price Type',
  `selection_price_value` decimal(12,4) NOT NULL DEFAULT '0.0000' COMMENT 'Selection Price Value',
  `selection_qty` decimal(12,4) DEFAULT NULL COMMENT 'Selection Qty',
  `selection_can_change_qty` smallint(6) NOT NULL DEFAULT '0' COMMENT 'Selection Can Change Qty',
  PRIMARY KEY (`selection_id`),
  KEY `CATALOG_PRODUCT_BUNDLE_SELECTION_OPTION_ID` (`option_id`),
  KEY `CATALOG_PRODUCT_BUNDLE_SELECTION_PRODUCT_ID` (`product_id`),
  CONSTRAINT `CAT_PRD_BNDL_SELECTION_OPT_ID_CAT_PRD_BNDL_OPT_OPT_ID` FOREIGN KEY (`option_id`) REFERENCES `catalog_product_bundle_option` (`option_id`) ON DELETE CASCADE,
  CONSTRAINT `CAT_PRD_BNDL_SELECTION_PRD_ID_CAT_PRD_ENTT_ENTT_ID` FOREIGN KEY (`product_id`) REFERENCES `catalog_product_entity` (`entity_id`) ON DELETE CASCADE
) ENGINE=InnoDB DEFAULT CHARSET=utf8 COMMENT='Catalog Product Bundle Selection';

--
-- Dumping data for table `catalog_product_bundle_selection`
--


--
-- Table structure for table `catalog_product_bundle_selection_price`
--

CREATE TABLE `catalog_product_bundle_selection_price` (
  `selection_id` int(10) unsigned NOT NULL COMMENT 'Selection ID',
  `website_id` smallint(5) unsigned NOT NULL COMMENT 'Website ID',
  `selection_price_type` smallint(5) unsigned NOT NULL DEFAULT '0' COMMENT 'Selection Price Type',
  `selection_price_value` decimal(20,6) NOT NULL DEFAULT '0.000000' COMMENT 'Selection Price Value',
  `parent_product_id` int(10) unsigned NOT NULL COMMENT 'Parent Product ID',
  PRIMARY KEY (`selection_id`,`parent_product_id`,`website_id`),
  KEY `CATALOG_PRODUCT_BUNDLE_SELECTION_PRICE_WEBSITE_ID` (`website_id`),
  CONSTRAINT `CAT_PRD_BNDL_SELECTION_PRICE_WS_ID_STORE_WS_WS_ID` FOREIGN KEY (`website_id`) REFERENCES `store_website` (`website_id`) ON DELETE CASCADE,
  CONSTRAINT `FK_DCF37523AA05D770A70AA4ED7C2616E4` FOREIGN KEY (`selection_id`) REFERENCES `catalog_product_bundle_selection` (`selection_id`) ON DELETE CASCADE
) ENGINE=InnoDB DEFAULT CHARSET=utf8 COMMENT='Catalog Product Bundle Selection Price';

--
-- Dumping data for table `catalog_product_bundle_selection_price`
--


--
-- Table structure for table `catalog_product_bundle_stock_index`
--

CREATE TABLE `catalog_product_bundle_stock_index` (
  `entity_id` int(10) unsigned NOT NULL COMMENT 'Entity ID',
  `website_id` smallint(5) unsigned NOT NULL COMMENT 'Website ID',
  `stock_id` smallint(5) unsigned NOT NULL COMMENT 'Stock ID',
  `option_id` int(10) unsigned NOT NULL DEFAULT '0' COMMENT 'Option ID',
  `stock_status` smallint(6) DEFAULT '0' COMMENT 'Stock Status',
  PRIMARY KEY (`entity_id`,`website_id`,`stock_id`,`option_id`)
) ENGINE=InnoDB DEFAULT CHARSET=utf8 COMMENT='Catalog Product Bundle Stock Index';

--
-- Dumping data for table `catalog_product_bundle_stock_index`
--


--
-- Table structure for table `catalog_product_entity`
--

CREATE TABLE `catalog_product_entity` (
  `entity_id` int(10) unsigned NOT NULL AUTO_INCREMENT COMMENT 'Entity ID',
  `attribute_set_id` smallint(5) unsigned NOT NULL DEFAULT '0' COMMENT 'Attribute Set ID',
  `type_id` varchar(32) NOT NULL DEFAULT 'simple' COMMENT 'Type ID',
  `sku` varchar(64) NOT NULL COMMENT 'SKU',
  `has_options` smallint(6) NOT NULL DEFAULT '0' COMMENT 'Has Options',
  `required_options` smallint(5) unsigned NOT NULL DEFAULT '0' COMMENT 'Required Options',
  `created_at` timestamp NOT NULL DEFAULT CURRENT_TIMESTAMP COMMENT 'Creation Time',
  `updated_at` timestamp NOT NULL DEFAULT CURRENT_TIMESTAMP ON UPDATE CURRENT_TIMESTAMP COMMENT 'Update Time',
  PRIMARY KEY (`entity_id`),
  KEY `CATALOG_PRODUCT_ENTITY_ATTRIBUTE_SET_ID` (`attribute_set_id`),
  KEY `CATALOG_PRODUCT_ENTITY_SKU` (`sku`)
) ENGINE=InnoDB AUTO_INCREMENT=8 DEFAULT CHARSET=utf8 COMMENT='Catalog Product Table';

--
-- Dumping data for table `catalog_product_entity`
--

INSERT INTO `catalog_product_entity` VALUES (2,4,'simple','4326456',0,0,'2022-02-19 09:27:31','2022-02-28 13:13:53'),(5,4,'simple','4326456-2',0,0,'2022-02-28 13:13:56','2022-02-28 13:14:21'),(6,4,'simple','4326456-c',0,0,'2022-02-28 13:14:23','2022-02-28 13:14:42'),(7,4,'configurable','Produkt',1,1,'2022-02-28 13:16:36','2022-02-28 13:19:05');

--
-- Table structure for table `catalog_product_entity_datetime`
--

CREATE TABLE `catalog_product_entity_datetime` (
  `value_id` int(11) NOT NULL AUTO_INCREMENT COMMENT 'Value ID',
  `attribute_id` smallint(5) unsigned NOT NULL DEFAULT '0' COMMENT 'Attribute ID',
  `store_id` smallint(5) unsigned NOT NULL DEFAULT '0' COMMENT 'Store ID',
  `entity_id` int(10) unsigned NOT NULL DEFAULT '0' COMMENT 'Entity ID',
  `value` datetime DEFAULT NULL COMMENT 'Value',
  PRIMARY KEY (`value_id`),
  UNIQUE KEY `CATALOG_PRODUCT_ENTITY_DATETIME_ENTITY_ID_ATTRIBUTE_ID_STORE_ID` (`entity_id`,`attribute_id`,`store_id`),
  KEY `CATALOG_PRODUCT_ENTITY_DATETIME_ATTRIBUTE_ID` (`attribute_id`),
  KEY `CATALOG_PRODUCT_ENTITY_DATETIME_STORE_ID` (`store_id`),
  CONSTRAINT `CATALOG_PRODUCT_ENTITY_DATETIME_STORE_ID_STORE_STORE_ID` FOREIGN KEY (`store_id`) REFERENCES `store` (`store_id`) ON DELETE CASCADE,
  CONSTRAINT `CAT_PRD_ENTT_DTIME_ATTR_ID_EAV_ATTR_ATTR_ID` FOREIGN KEY (`attribute_id`) REFERENCES `eav_attribute` (`attribute_id`) ON DELETE CASCADE,
  CONSTRAINT `CAT_PRD_ENTT_DTIME_ENTT_ID_CAT_PRD_ENTT_ENTT_ID` FOREIGN KEY (`entity_id`) REFERENCES `catalog_product_entity` (`entity_id`) ON DELETE CASCADE
) ENGINE=InnoDB AUTO_INCREMENT=8 DEFAULT CHARSET=utf8 COMMENT='Catalog Product Datetime Attribute Backend Table';

--
-- Dumping data for table `catalog_product_entity_datetime`
--

INSERT INTO `catalog_product_entity_datetime` VALUES (1,79,0,2,'2022-02-19 00:00:00'),(6,79,0,5,'2022-02-19 00:00:00'),(7,79,0,6,'2022-02-19 00:00:00');

--
-- Table structure for table `catalog_product_entity_decimal`
--

CREATE TABLE `catalog_product_entity_decimal` (
  `value_id` int(11) NOT NULL AUTO_INCREMENT COMMENT 'Value ID',
  `attribute_id` smallint(5) unsigned NOT NULL DEFAULT '0' COMMENT 'Attribute ID',
  `store_id` smallint(5) unsigned NOT NULL DEFAULT '0' COMMENT 'Store ID',
  `entity_id` int(10) unsigned NOT NULL DEFAULT '0' COMMENT 'Entity ID',
  `value` decimal(20,6) DEFAULT NULL COMMENT 'Value',
  PRIMARY KEY (`value_id`),
  UNIQUE KEY `CATALOG_PRODUCT_ENTITY_DECIMAL_ENTITY_ID_ATTRIBUTE_ID_STORE_ID` (`entity_id`,`attribute_id`,`store_id`),
  KEY `CATALOG_PRODUCT_ENTITY_DECIMAL_STORE_ID` (`store_id`),
  KEY `CATALOG_PRODUCT_ENTITY_DECIMAL_ATTRIBUTE_ID` (`attribute_id`),
  CONSTRAINT `CATALOG_PRODUCT_ENTITY_DECIMAL_STORE_ID_STORE_STORE_ID` FOREIGN KEY (`store_id`) REFERENCES `store` (`store_id`) ON DELETE CASCADE,
  CONSTRAINT `CAT_PRD_ENTT_DEC_ATTR_ID_EAV_ATTR_ATTR_ID` FOREIGN KEY (`attribute_id`) REFERENCES `eav_attribute` (`attribute_id`) ON DELETE CASCADE,
  CONSTRAINT `CAT_PRD_ENTT_DEC_ENTT_ID_CAT_PRD_ENTT_ENTT_ID` FOREIGN KEY (`entity_id`) REFERENCES `catalog_product_entity` (`entity_id`) ON DELETE CASCADE
) ENGINE=InnoDB AUTO_INCREMENT=20 DEFAULT CHARSET=utf8 COMMENT='Catalog Product Decimal Attribute Backend Table';

--
-- Dumping data for table `catalog_product_entity_decimal`
--

INSERT INTO `catalog_product_entity_decimal` VALUES (3,77,0,2,555.000000),(4,82,0,2,1.000000),(5,78,0,2,30.000000),(12,77,0,5,555.000000),(13,78,0,5,30.000000),(14,82,0,5,1.000000),(15,77,0,6,555.000000),(16,78,0,6,30.000000),(17,82,0,6,1.000000),(18,77,0,7,NULL),(19,82,0,7,1.000000);

--
-- Table structure for table `catalog_product_entity_gallery`
--

CREATE TABLE `catalog_product_entity_gallery` (
  `value_id` int(11) NOT NULL AUTO_INCREMENT COMMENT 'Value ID',
  `attribute_id` smallint(5) unsigned NOT NULL DEFAULT '0' COMMENT 'Attribute ID',
  `store_id` smallint(5) unsigned NOT NULL DEFAULT '0' COMMENT 'Store ID',
  `entity_id` int(10) unsigned NOT NULL DEFAULT '0' COMMENT 'Entity ID',
  `position` int(11) NOT NULL DEFAULT '0' COMMENT 'Position',
  `value` varchar(255) DEFAULT NULL COMMENT 'Value',
  PRIMARY KEY (`value_id`),
  UNIQUE KEY `CATALOG_PRODUCT_ENTITY_GALLERY_ENTITY_ID_ATTRIBUTE_ID_STORE_ID` (`entity_id`,`attribute_id`,`store_id`),
  KEY `CATALOG_PRODUCT_ENTITY_GALLERY_ENTITY_ID` (`entity_id`),
  KEY `CATALOG_PRODUCT_ENTITY_GALLERY_ATTRIBUTE_ID` (`attribute_id`),
  KEY `CATALOG_PRODUCT_ENTITY_GALLERY_STORE_ID` (`store_id`),
  CONSTRAINT `CATALOG_PRODUCT_ENTITY_GALLERY_STORE_ID_STORE_STORE_ID` FOREIGN KEY (`store_id`) REFERENCES `store` (`store_id`) ON DELETE CASCADE,
  CONSTRAINT `CAT_PRD_ENTT_GLR_ATTR_ID_EAV_ATTR_ATTR_ID` FOREIGN KEY (`attribute_id`) REFERENCES `eav_attribute` (`attribute_id`) ON DELETE CASCADE,
  CONSTRAINT `CAT_PRD_ENTT_GLR_ENTT_ID_CAT_PRD_ENTT_ENTT_ID` FOREIGN KEY (`entity_id`) REFERENCES `catalog_product_entity` (`entity_id`) ON DELETE CASCADE
) ENGINE=InnoDB DEFAULT CHARSET=utf8 COMMENT='Catalog Product Gallery Attribute Backend Table';

--
-- Dumping data for table `catalog_product_entity_gallery`
--


--
-- Table structure for table `catalog_product_entity_int`
--

CREATE TABLE `catalog_product_entity_int` (
  `value_id` int(11) NOT NULL AUTO_INCREMENT COMMENT 'Value ID',
  `attribute_id` smallint(5) unsigned NOT NULL DEFAULT '0' COMMENT 'Attribute ID',
  `store_id` smallint(5) unsigned NOT NULL DEFAULT '0' COMMENT 'Store ID',
  `entity_id` int(10) unsigned NOT NULL DEFAULT '0' COMMENT 'Entity ID',
  `value` int(11) DEFAULT NULL COMMENT 'Value',
  PRIMARY KEY (`value_id`),
  UNIQUE KEY `CATALOG_PRODUCT_ENTITY_INT_ENTITY_ID_ATTRIBUTE_ID_STORE_ID` (`entity_id`,`attribute_id`,`store_id`),
  KEY `CATALOG_PRODUCT_ENTITY_INT_ATTRIBUTE_ID` (`attribute_id`),
  KEY `CATALOG_PRODUCT_ENTITY_INT_STORE_ID` (`store_id`),
  KEY `CATALOG_PRODUCT_ENTITY_INT_ATTRIBUTE_ID_STORE_ID_VALUE` (`attribute_id`,`store_id`,`value`),
  CONSTRAINT `CATALOG_PRODUCT_ENTITY_INT_STORE_ID_STORE_STORE_ID` FOREIGN KEY (`store_id`) REFERENCES `store` (`store_id`) ON DELETE CASCADE,
  CONSTRAINT `CAT_PRD_ENTT_INT_ATTR_ID_EAV_ATTR_ATTR_ID` FOREIGN KEY (`attribute_id`) REFERENCES `eav_attribute` (`attribute_id`) ON DELETE CASCADE,
  CONSTRAINT `CAT_PRD_ENTT_INT_ENTT_ID_CAT_PRD_ENTT_ENTT_ID` FOREIGN KEY (`entity_id`) REFERENCES `catalog_product_entity` (`entity_id`) ON DELETE CASCADE
) ENGINE=InnoDB AUTO_INCREMENT=30 DEFAULT CHARSET=utf8 COMMENT='Catalog Product Integer Attribute Backend Table';

--
-- Dumping data for table `catalog_product_entity_int`
--

INSERT INTO `catalog_product_entity_int` VALUES (4,97,0,2,1),(5,99,0,2,1),(6,115,0,2,1),(7,136,0,2,2),(16,162,0,2,4),(17,97,0,5,1),(18,99,0,5,1),(19,115,0,5,1),(20,136,0,5,2),(21,162,0,5,5),(22,97,0,6,1),(23,99,0,6,1),(24,115,0,6,1),(25,136,0,6,2),(26,162,0,6,7),(27,97,0,7,1),(28,99,0,7,4),(29,136,0,7,2);

--
-- Table structure for table `catalog_product_entity_media_gallery`
--

CREATE TABLE `catalog_product_entity_media_gallery` (
  `value_id` int(10) unsigned NOT NULL AUTO_INCREMENT COMMENT 'Value ID',
  `attribute_id` smallint(5) unsigned NOT NULL DEFAULT '0' COMMENT 'Attribute ID',
  `value` varchar(255) DEFAULT NULL COMMENT 'Value',
  `media_type` varchar(32) NOT NULL DEFAULT 'image' COMMENT 'Media entry type',
  `disabled` smallint(5) unsigned NOT NULL DEFAULT '0' COMMENT 'Visibility status',
  PRIMARY KEY (`value_id`),
  KEY `CATALOG_PRODUCT_ENTITY_MEDIA_GALLERY_ATTRIBUTE_ID` (`attribute_id`),
  CONSTRAINT `CAT_PRD_ENTT_MDA_GLR_ATTR_ID_EAV_ATTR_ATTR_ID` FOREIGN KEY (`attribute_id`) REFERENCES `eav_attribute` (`attribute_id`) ON DELETE CASCADE
) ENGINE=InnoDB AUTO_INCREMENT=22 DEFAULT CHARSET=utf8 COMMENT='Catalog Product Media Gallery Attribute Backend Table';

--
-- Dumping data for table `catalog_product_entity_media_gallery`
--

INSERT INTO `catalog_product_entity_media_gallery` VALUES (9,90,'/r/o/rok_drzanic004.jpg','image',0),(10,90,'/r/o/rok_drzanic005.jpg','image',0),(16,90,'/r/o/rok_drzanic004_1.jpg','image',0),(17,90,'/r/o/rok_drzanic005_1.jpg','image',0),(18,90,'/r/o/rok_drzanic004_1_1.jpg','image',0),(19,90,'/r/o/rok_drzanic005_1_1.jpg','image',0),(20,90,'/r/o/rok_drzanic_1.jpg','image',0),(21,90,'/r/o/rok_drzanic001.jpg','image',0);

--
-- Table structure for table `catalog_product_entity_media_gallery_value`
--

CREATE TABLE `catalog_product_entity_media_gallery_value` (
  `value_id` int(10) unsigned NOT NULL DEFAULT '0' COMMENT 'Value ID',
  `store_id` smallint(5) unsigned NOT NULL DEFAULT '0' COMMENT 'Store ID',
  `entity_id` int(10) unsigned NOT NULL DEFAULT '0' COMMENT 'Entity ID',
  `label` varchar(255) DEFAULT NULL COMMENT 'Label',
  `position` int(10) unsigned DEFAULT NULL COMMENT 'Position',
  `disabled` smallint(5) unsigned NOT NULL DEFAULT '0' COMMENT 'Is Disabled',
  `record_id` int(10) unsigned NOT NULL AUTO_INCREMENT COMMENT 'Record ID',
  PRIMARY KEY (`record_id`),
  KEY `CATALOG_PRODUCT_ENTITY_MEDIA_GALLERY_VALUE_STORE_ID` (`store_id`),
  KEY `CATALOG_PRODUCT_ENTITY_MEDIA_GALLERY_VALUE_ENTITY_ID` (`entity_id`),
  KEY `CATALOG_PRODUCT_ENTITY_MEDIA_GALLERY_VALUE_VALUE_ID` (`value_id`),
  KEY `CAT_PRD_ENTT_MDA_GLR_VAL_ENTT_ID_VAL_ID_STORE_ID` (`entity_id`,`value_id`,`store_id`),
  CONSTRAINT `CAT_PRD_ENTT_MDA_GLR_VAL_ENTT_ID_CAT_PRD_ENTT_ENTT_ID` FOREIGN KEY (`entity_id`) REFERENCES `catalog_product_entity` (`entity_id`) ON DELETE CASCADE,
  CONSTRAINT `CAT_PRD_ENTT_MDA_GLR_VAL_STORE_ID_STORE_STORE_ID` FOREIGN KEY (`store_id`) REFERENCES `store` (`store_id`) ON DELETE CASCADE,
  CONSTRAINT `CAT_PRD_ENTT_MDA_GLR_VAL_VAL_ID_CAT_PRD_ENTT_MDA_GLR_VAL_ID` FOREIGN KEY (`value_id`) REFERENCES `catalog_product_entity_media_gallery` (`value_id`) ON DELETE CASCADE
) ENGINE=InnoDB AUTO_INCREMENT=41 DEFAULT CHARSET=utf8 COMMENT='Catalog Product Media Gallery Attribute Value Table';

--
-- Dumping data for table `catalog_product_entity_media_gallery_value`
--

INSERT INTO `catalog_product_entity_media_gallery_value` VALUES (9,0,2,NULL,3,0,29),(10,0,2,NULL,4,0,30),(16,0,5,NULL,3,0,33),(17,0,5,NULL,4,0,34),(18,0,6,NULL,3,0,37),(19,0,6,NULL,4,0,38),(20,0,7,NULL,1,0,39),(21,0,7,NULL,2,0,40);

--
-- Table structure for table `catalog_product_entity_media_gallery_value_to_entity`
--

CREATE TABLE `catalog_product_entity_media_gallery_value_to_entity` (
  `value_id` int(10) unsigned NOT NULL COMMENT 'Value media Entry ID',
  `entity_id` int(10) unsigned NOT NULL COMMENT 'Product Entity ID',
  PRIMARY KEY (`value_id`,`entity_id`),
  KEY `CAT_PRD_ENTT_MDA_GLR_VAL_TO_ENTT_ENTT_ID_CAT_PRD_ENTT_ENTT_ID` (`entity_id`),
  CONSTRAINT `CAT_PRD_ENTT_MDA_GLR_VAL_TO_ENTT_ENTT_ID_CAT_PRD_ENTT_ENTT_ID` FOREIGN KEY (`entity_id`) REFERENCES `catalog_product_entity` (`entity_id`) ON DELETE CASCADE,
  CONSTRAINT `FK_A6C6C8FAA386736921D3A7C4B50B1185` FOREIGN KEY (`value_id`) REFERENCES `catalog_product_entity_media_gallery` (`value_id`) ON DELETE CASCADE
) ENGINE=InnoDB DEFAULT CHARSET=utf8 COMMENT='Link Media value to Product entity table';

--
-- Dumping data for table `catalog_product_entity_media_gallery_value_to_entity`
--

INSERT INTO `catalog_product_entity_media_gallery_value_to_entity` VALUES (9,2),(10,2),(16,5),(17,5),(18,6),(19,6),(20,7),(21,7);

--
-- Table structure for table `catalog_product_entity_media_gallery_value_video`
--

CREATE TABLE `catalog_product_entity_media_gallery_value_video` (
  `value_id` int(10) unsigned NOT NULL COMMENT 'Media Entity ID',
  `store_id` smallint(5) unsigned NOT NULL DEFAULT '0' COMMENT 'Store ID',
  `provider` varchar(32) DEFAULT NULL COMMENT 'Video provider ID',
  `url` text COMMENT 'Video URL',
  `title` varchar(255) DEFAULT NULL COMMENT 'Title',
  `description` text COMMENT 'Page Meta Description',
  `metadata` text COMMENT 'Video meta data',
  PRIMARY KEY (`value_id`,`store_id`),
  KEY `CAT_PRD_ENTT_MDA_GLR_VAL_VIDEO_STORE_ID_STORE_STORE_ID` (`store_id`),
  CONSTRAINT `CAT_PRD_ENTT_MDA_GLR_VAL_VIDEO_STORE_ID_STORE_STORE_ID` FOREIGN KEY (`store_id`) REFERENCES `store` (`store_id`) ON DELETE CASCADE,
  CONSTRAINT `FK_6FDF205946906B0E653E60AA769899F8` FOREIGN KEY (`value_id`) REFERENCES `catalog_product_entity_media_gallery` (`value_id`) ON DELETE CASCADE
) ENGINE=InnoDB DEFAULT CHARSET=utf8 COMMENT='Catalog Product Video Table';

--
-- Dumping data for table `catalog_product_entity_media_gallery_value_video`
--


--
-- Table structure for table `catalog_product_entity_text`
--

CREATE TABLE `catalog_product_entity_text` (
  `value_id` int(11) NOT NULL AUTO_INCREMENT COMMENT 'Value ID',
  `attribute_id` smallint(5) unsigned NOT NULL DEFAULT '0' COMMENT 'Attribute ID',
  `store_id` smallint(5) unsigned NOT NULL DEFAULT '0' COMMENT 'Store ID',
  `entity_id` int(10) unsigned NOT NULL DEFAULT '0' COMMENT 'Entity ID',
  `value` mediumtext COMMENT 'Value',
  PRIMARY KEY (`value_id`),
  UNIQUE KEY `CATALOG_PRODUCT_ENTITY_TEXT_ENTITY_ID_ATTRIBUTE_ID_STORE_ID` (`entity_id`,`attribute_id`,`store_id`),
  KEY `CATALOG_PRODUCT_ENTITY_TEXT_ATTRIBUTE_ID` (`attribute_id`),
  KEY `CATALOG_PRODUCT_ENTITY_TEXT_STORE_ID` (`store_id`),
  CONSTRAINT `CATALOG_PRODUCT_ENTITY_TEXT_STORE_ID_STORE_STORE_ID` FOREIGN KEY (`store_id`) REFERENCES `store` (`store_id`) ON DELETE CASCADE,
  CONSTRAINT `CAT_PRD_ENTT_TEXT_ATTR_ID_EAV_ATTR_ATTR_ID` FOREIGN KEY (`attribute_id`) REFERENCES `eav_attribute` (`attribute_id`) ON DELETE CASCADE,
  CONSTRAINT `CAT_PRD_ENTT_TEXT_ENTT_ID_CAT_PRD_ENTT_ENTT_ID` FOREIGN KEY (`entity_id`) REFERENCES `catalog_product_entity` (`entity_id`) ON DELETE CASCADE
) ENGINE=InnoDB AUTO_INCREMENT=19 DEFAULT CHARSET=utf8 COMMENT='Catalog Product Text Attribute Backend Table';

--
-- Dumping data for table `catalog_product_entity_text`
--

INSERT INTO `catalog_product_entity_text` VALUES (3,76,0,2,'<p>Lorem ipsum dolor sit amet, consectetur adipiscing elit. Quisque sit amet odio et risus interdum porttitor ac nec leo.</p>'),(9,75,0,2,'Lorem ipsum dolor sit amet, consectetur adipiscing elit. Duis faucibus justo ultrices orci imperdiet interdum. Phasellus a mollis libero, at consequat ligula. Morbi pharetra porttitor porttitor. Nullam commodo dolor nec massa vehicula vulputate. Integer vulputate ac lacus vitae maximus. Duis non elementum tortor, eget tempus arcu. Donec eget feugiat ante, in pellentesque enim. Etiam condimentum ligula consequat, dignissim justo eu, sodales lacus.\r\n\r\nMauris ac risus sem. Nam consequat magna et dui eleifend lacinia. Praesent ac turpis dictum, bibendum odio ac, venenatis ante. Donec consequat nunc in arcu ornare mattis. Pellentesque consectetur lacus sed est pulvinar efficitur. Vivamus ac ornare ex. Sed bibendum fringilla eros, at egestas velit sodales vitae.'),(12,75,0,5,'Lorem ipsum dolor sit amet, consectetur adipiscing elit. Duis faucibus justo ultrices orci imperdiet interdum. Phasellus a mollis libero, at consequat ligula. Morbi pharetra porttitor porttitor. Nullam commodo dolor nec massa vehicula vulputate. Integer vulputate ac lacus vitae maximus. Duis non elementum tortor, eget tempus arcu. Donec eget feugiat ante, in pellentesque enim. Etiam condimentum ligula consequat, dignissim justo eu, sodales lacus.\r\n\r\nMauris ac risus sem. Nam consequat magna et dui eleifend lacinia. Praesent ac turpis dictum, bibendum odio ac, venenatis ante. Donec consequat nunc in arcu ornare mattis. Pellentesque consectetur lacus sed est pulvinar efficitur. Vivamus ac ornare ex. Sed bibendum fringilla eros, at egestas velit sodales vitae.'),(13,76,0,5,'<p>Lorem ipsum dolor sit amet, consectetur adipiscing elit. Quisque sit amet odio et risus interdum porttitor ac nec leo.</p>'),(14,75,0,6,'Lorem ipsum dolor sit amet, consectetur adipiscing elit. Duis faucibus justo ultrices orci imperdiet interdum. Phasellus a mollis libero, at consequat ligula. Morbi pharetra porttitor porttitor. Nullam commodo dolor nec massa vehicula vulputate. Integer vulputate ac lacus vitae maximus. Duis non elementum tortor, eget tempus arcu. Donec eget feugiat ante, in pellentesque enim. Etiam condimentum ligula consequat, dignissim justo eu, sodales lacus.\r\n\r\nMauris ac risus sem. Nam consequat magna et dui eleifend lacinia. Praesent ac turpis dictum, bibendum odio ac, venenatis ante. Donec consequat nunc in arcu ornare mattis. Pellentesque consectetur lacus sed est pulvinar efficitur. Vivamus ac ornare ex. Sed bibendum fringilla eros, at egestas velit sodales vitae.'),(15,76,0,6,'<p>Lorem ipsum dolor sit amet, consectetur adipiscing elit. Quisque sit amet odio et risus interdum porttitor ac nec leo.</p>'),(16,75,0,7,' Lorem ipsum dolor sit amet, consectetur adipiscing elit. Pellentesque pharetra augue enim, non consequat ipsum gravida lacinia. Donec posuere diam a accumsan blandit. Nam finibus, augue sit amet iaculis fringilla, diam augue lobortis libero, vitae pharetra magna nulla eu sapien. Aliquam placerat condimentum enim, vel efficitur dui scelerisque a. Maecenas non nunc sit amet lacus pellentesque auctor. Aenean posuere dolor enim, eu egestas orci eleifend at. Vestibulum finibus libero sapien, sit amet blandit lectus tempus sed.\r\n\r\nNulla sagittis ac mauris et pulvinar. Mauris libero tellus, accumsan ut viverra nec, sodales nec nisi. Donec vitae mi volutpat, rutrum erat et, dapibus dui. In vitae mauris vel nisi scelerisque mattis. Maecenas sit amet neque quis odio blandit pellentesque. Vestibulum est urna, interdum sit amet nulla non, pretium aliquet neque. Suspendisse cursus in elit et egestas. Proin consectetur, metus sed efficitur facilisis, velit sapien pharetra justo, non ultricies enim erat sit amet ligula. '),(17,76,0,7,'Lorem ipsum dolor sit amet, consectetur adipiscing elit. Pellentesque pharetra augue enim, non consequat ipsum gravida lacinia. Donec posuere diam a accumsan blandit.'),(18,85,0,7,'Produkt');

--
-- Table structure for table `catalog_product_entity_tier_price`
--

CREATE TABLE `catalog_product_entity_tier_price` (
  `value_id` int(11) NOT NULL AUTO_INCREMENT COMMENT 'Value ID',
  `entity_id` int(10) unsigned NOT NULL DEFAULT '0' COMMENT 'Entity ID',
  `all_groups` smallint(5) unsigned NOT NULL DEFAULT '1' COMMENT 'Is Applicable To All Customer Groups',
  `customer_group_id` int(10) unsigned NOT NULL DEFAULT '0' COMMENT 'Customer Group ID',
  `qty` decimal(12,4) NOT NULL DEFAULT '1.0000' COMMENT 'QTY',
  `value` decimal(20,6) NOT NULL DEFAULT '0.000000' COMMENT 'Value',
  `website_id` smallint(5) unsigned NOT NULL COMMENT 'Website ID',
  `percentage_value` decimal(5,2) DEFAULT NULL COMMENT 'Percentage value',
  PRIMARY KEY (`value_id`),
  UNIQUE KEY `UNQ_E8AB433B9ACB00343ABB312AD2FAB087` (`entity_id`,`all_groups`,`customer_group_id`,`qty`,`website_id`),
  KEY `CATALOG_PRODUCT_ENTITY_TIER_PRICE_CUSTOMER_GROUP_ID` (`customer_group_id`),
  KEY `CATALOG_PRODUCT_ENTITY_TIER_PRICE_WEBSITE_ID` (`website_id`),
  CONSTRAINT `CAT_PRD_ENTT_TIER_PRICE_CSTR_GROUP_ID_CSTR_GROUP_CSTR_GROUP_ID` FOREIGN KEY (`customer_group_id`) REFERENCES `customer_group` (`customer_group_id`) ON DELETE CASCADE,
  CONSTRAINT `CAT_PRD_ENTT_TIER_PRICE_ENTT_ID_CAT_PRD_ENTT_ENTT_ID` FOREIGN KEY (`entity_id`) REFERENCES `catalog_product_entity` (`entity_id`) ON DELETE CASCADE,
  CONSTRAINT `CAT_PRD_ENTT_TIER_PRICE_WS_ID_STORE_WS_WS_ID` FOREIGN KEY (`website_id`) REFERENCES `store_website` (`website_id`) ON DELETE CASCADE
) ENGINE=InnoDB DEFAULT CHARSET=utf8 COMMENT='Catalog Product Tier Price Attribute Backend Table';

--
-- Dumping data for table `catalog_product_entity_tier_price`
--


--
-- Table structure for table `catalog_product_entity_varchar`
--

CREATE TABLE `catalog_product_entity_varchar` (
  `value_id` int(11) NOT NULL AUTO_INCREMENT COMMENT 'Value ID',
  `attribute_id` smallint(5) unsigned NOT NULL DEFAULT '0' COMMENT 'Attribute ID',
  `store_id` smallint(5) unsigned NOT NULL DEFAULT '0' COMMENT 'Store ID',
  `entity_id` int(10) unsigned NOT NULL DEFAULT '0' COMMENT 'Entity ID',
  `value` varchar(255) DEFAULT NULL COMMENT 'Value',
  PRIMARY KEY (`value_id`),
  UNIQUE KEY `CATALOG_PRODUCT_ENTITY_VARCHAR_ENTITY_ID_ATTRIBUTE_ID_STORE_ID` (`entity_id`,`attribute_id`,`store_id`),
  KEY `CATALOG_PRODUCT_ENTITY_VARCHAR_ATTRIBUTE_ID` (`attribute_id`),
  KEY `CATALOG_PRODUCT_ENTITY_VARCHAR_STORE_ID` (`store_id`),
  CONSTRAINT `CATALOG_PRODUCT_ENTITY_VARCHAR_STORE_ID_STORE_STORE_ID` FOREIGN KEY (`store_id`) REFERENCES `store` (`store_id`) ON DELETE CASCADE,
  CONSTRAINT `CAT_PRD_ENTT_VCHR_ATTR_ID_EAV_ATTR_ATTR_ID` FOREIGN KEY (`attribute_id`) REFERENCES `eav_attribute` (`attribute_id`) ON DELETE CASCADE,
  CONSTRAINT `CAT_PRD_ENTT_VCHR_ENTT_ID_CAT_PRD_ENTT_ENTT_ID` FOREIGN KEY (`entity_id`) REFERENCES `catalog_product_entity` (`entity_id`) ON DELETE CASCADE
) ENGINE=InnoDB AUTO_INCREMENT=171 DEFAULT CHARSET=utf8 COMMENT='Catalog Product Varchar Attribute Backend Table';

--
-- Dumping data for table `catalog_product_entity_varchar`
--

INSERT INTO `catalog_product_entity_varchar` VALUES (17,73,0,2,'Produkt 2'),(18,87,0,2,'/r/o/rok_drzanic004.jpg'),(19,88,0,2,'/r/o/rok_drzanic004.jpg'),(20,89,0,2,'/r/o/rok_drzanic004.jpg'),(22,106,0,2,'container2'),(23,120,0,2,'0'),(24,123,0,2,'produkt-2'),(25,134,0,2,'2'),(26,135,0,2,'/r/o/rok_drzanic004.jpg'),(112,161,0,2,'Dožina x višina x širina'),(123,73,0,5,'Produkt 2-b'),(124,87,0,5,'/r/o/rok_drzanic004_1.jpg'),(125,88,0,5,'/r/o/rok_drzanic004_1.jpg'),(126,89,0,5,'/r/o/rok_drzanic004_1.jpg'),(127,106,0,5,'container2'),(128,120,0,5,'0'),(129,123,0,5,'produkt-5'),(130,134,0,5,'2'),(131,135,0,5,'/r/o/rok_drzanic004_1.jpg'),(132,161,0,5,'Dožina x višina x širina'),(141,73,0,6,'Produkt 2-c'),(142,87,0,6,'/r/o/rok_drzanic004_1_1.jpg'),(143,88,0,6,'/r/o/rok_drzanic004_1_1.jpg'),(144,89,0,6,'/r/o/rok_drzanic004_1_1.jpg'),(145,106,0,6,'container2'),(146,120,0,6,'0'),(147,123,0,6,'produkt-6'),(148,134,0,6,'2'),(149,135,0,6,'/r/o/rok_drzanic004_1_1.jpg'),(150,161,0,6,'Dožina x višina x širina'),(159,73,0,7,'Produkt'),(160,84,0,7,'Produkt'),(161,86,0,7,'Produkt  Lorem ipsum dolor sit amet, consectetur adipiscing elit. Pellentesque pharetra augue enim, non consequat ipsum gravida lacinia. Donec posuere diam a accumsan blandit. Nam finibus, augue sit amet iaculis fringilla, diam augue lobortis libero, vita'),(162,106,0,7,'container2'),(163,120,0,7,'0'),(164,123,0,7,'produkt'),(165,134,0,7,'2'),(166,161,0,7,'dolžina - širina - višina'),(167,87,0,7,'/r/o/rok_drzanic_1.jpg'),(168,88,0,7,'/r/o/rok_drzanic_1.jpg'),(169,89,0,7,'/r/o/rok_drzanic_1.jpg'),(170,135,0,7,'/r/o/rok_drzanic_1.jpg');

--
-- Table structure for table `catalog_product_frontend_action`
--

CREATE TABLE `catalog_product_frontend_action` (
  `action_id` bigint(20) unsigned NOT NULL AUTO_INCREMENT COMMENT 'Product Action ID',
  `type_id` varchar(64) NOT NULL COMMENT 'Type of product action',
  `visitor_id` int(10) unsigned DEFAULT NULL COMMENT 'Visitor ID',
  `customer_id` int(10) unsigned DEFAULT NULL COMMENT 'Customer ID',
  `product_id` int(10) unsigned NOT NULL COMMENT 'Product ID',
  `added_at` bigint(20) NOT NULL COMMENT 'Added At',
  PRIMARY KEY (`action_id`),
  UNIQUE KEY `CATALOG_PRODUCT_FRONTEND_ACTION_VISITOR_ID_PRODUCT_ID_TYPE_ID` (`visitor_id`,`product_id`,`type_id`),
  UNIQUE KEY `CATALOG_PRODUCT_FRONTEND_ACTION_CUSTOMER_ID_PRODUCT_ID_TYPE_ID` (`customer_id`,`product_id`,`type_id`),
  KEY `CAT_PRD_FRONTEND_ACTION_PRD_ID_CAT_PRD_ENTT_ENTT_ID` (`product_id`),
  CONSTRAINT `CAT_PRD_FRONTEND_ACTION_CSTR_ID_CSTR_ENTT_ENTT_ID` FOREIGN KEY (`customer_id`) REFERENCES `customer_entity` (`entity_id`) ON DELETE CASCADE,
  CONSTRAINT `CAT_PRD_FRONTEND_ACTION_PRD_ID_CAT_PRD_ENTT_ENTT_ID` FOREIGN KEY (`product_id`) REFERENCES `catalog_product_entity` (`entity_id`) ON DELETE CASCADE
) ENGINE=InnoDB DEFAULT CHARSET=utf8 COMMENT='Catalog Product Frontend Action Table';

--
-- Dumping data for table `catalog_product_frontend_action`
--


--
-- Table structure for table `catalog_product_index_eav`
--

CREATE TABLE `catalog_product_index_eav` (
  `entity_id` int(10) unsigned NOT NULL COMMENT 'Entity ID',
  `attribute_id` smallint(5) unsigned NOT NULL COMMENT 'Attribute ID',
  `store_id` smallint(5) unsigned NOT NULL COMMENT 'Store ID',
  `value` int(10) unsigned NOT NULL COMMENT 'Value',
  `source_id` int(10) unsigned NOT NULL DEFAULT '0' COMMENT 'Original entity ID for attribute value',
  PRIMARY KEY (`entity_id`,`attribute_id`,`store_id`,`value`,`source_id`),
  KEY `CATALOG_PRODUCT_INDEX_EAV_ATTRIBUTE_ID` (`attribute_id`),
  KEY `CATALOG_PRODUCT_INDEX_EAV_STORE_ID` (`store_id`),
  KEY `CATALOG_PRODUCT_INDEX_EAV_VALUE` (`value`)
) ENGINE=InnoDB DEFAULT CHARSET=utf8 COMMENT='Catalog Product EAV Index Table';

--
-- Dumping data for table `catalog_product_index_eav`
--

INSERT INTO `catalog_product_index_eav` VALUES (1,99,1,4,1),(1,99,2,4,1),(1,99,3,4,1),(3,99,1,4,3),(3,99,2,4,3),(3,99,3,4,3),(4,99,1,4,4),(4,99,2,4,4),(4,99,3,4,4),(7,99,1,1,2),(7,99,1,1,5),(7,99,1,1,6),(7,99,1,4,7),(7,99,2,1,2),(7,99,2,1,5),(7,99,2,1,6),(7,99,2,4,7),(7,99,3,1,2),(7,99,3,1,5),(7,99,3,1,6),(7,99,3,4,7);

--
-- Table structure for table `catalog_product_index_eav_decimal`
--

CREATE TABLE `catalog_product_index_eav_decimal` (
  `entity_id` int(10) unsigned NOT NULL COMMENT 'Entity ID',
  `attribute_id` smallint(5) unsigned NOT NULL COMMENT 'Attribute ID',
  `store_id` smallint(5) unsigned NOT NULL COMMENT 'Store ID',
  `value` decimal(12,4) NOT NULL COMMENT 'Value',
  `source_id` int(10) unsigned NOT NULL DEFAULT '0' COMMENT 'Original entity ID for attribute value',
  PRIMARY KEY (`entity_id`,`attribute_id`,`store_id`,`value`,`source_id`),
  KEY `CATALOG_PRODUCT_INDEX_EAV_DECIMAL_ATTRIBUTE_ID` (`attribute_id`),
  KEY `CATALOG_PRODUCT_INDEX_EAV_DECIMAL_STORE_ID` (`store_id`),
  KEY `CATALOG_PRODUCT_INDEX_EAV_DECIMAL_VALUE` (`value`)
) ENGINE=InnoDB DEFAULT CHARSET=utf8 COMMENT='Catalog Product EAV Decimal Index Table';

--
-- Dumping data for table `catalog_product_index_eav_decimal`
--


--
-- Table structure for table `catalog_product_index_eav_decimal_idx`
--

CREATE TABLE `catalog_product_index_eav_decimal_idx` (
  `entity_id` int(10) unsigned NOT NULL COMMENT 'Entity ID',
  `attribute_id` smallint(5) unsigned NOT NULL COMMENT 'Attribute ID',
  `store_id` smallint(5) unsigned NOT NULL COMMENT 'Store ID',
  `value` decimal(12,4) NOT NULL COMMENT 'Value',
  `source_id` int(10) unsigned NOT NULL DEFAULT '0' COMMENT 'Original entity ID for attribute value',
  PRIMARY KEY (`entity_id`,`attribute_id`,`store_id`,`value`,`source_id`),
  KEY `CATALOG_PRODUCT_INDEX_EAV_DECIMAL_IDX_ATTRIBUTE_ID` (`attribute_id`),
  KEY `CATALOG_PRODUCT_INDEX_EAV_DECIMAL_IDX_STORE_ID` (`store_id`),
  KEY `CATALOG_PRODUCT_INDEX_EAV_DECIMAL_IDX_VALUE` (`value`)
) ENGINE=InnoDB DEFAULT CHARSET=utf8 COMMENT='Catalog Product EAV Decimal Indexer Index Table';

--
-- Dumping data for table `catalog_product_index_eav_decimal_idx`
--


--
-- Table structure for table `catalog_product_index_eav_decimal_replica`
--

CREATE TABLE `catalog_product_index_eav_decimal_replica` (
  `entity_id` int(10) unsigned NOT NULL COMMENT 'Entity ID',
  `attribute_id` smallint(5) unsigned NOT NULL COMMENT 'Attribute ID',
  `store_id` smallint(5) unsigned NOT NULL COMMENT 'Store ID',
  `value` decimal(12,4) NOT NULL COMMENT 'Value',
  `source_id` int(10) unsigned NOT NULL DEFAULT '0' COMMENT 'Original entity ID for attribute value',
  PRIMARY KEY (`entity_id`,`attribute_id`,`store_id`,`value`,`source_id`),
  KEY `CATALOG_PRODUCT_INDEX_EAV_DECIMAL_ATTRIBUTE_ID` (`attribute_id`),
  KEY `CATALOG_PRODUCT_INDEX_EAV_DECIMAL_STORE_ID` (`store_id`),
  KEY `CATALOG_PRODUCT_INDEX_EAV_DECIMAL_VALUE` (`value`)
) ENGINE=InnoDB DEFAULT CHARSET=utf8 COMMENT='Catalog Product EAV Decimal Index Table';

--
-- Dumping data for table `catalog_product_index_eav_decimal_replica`
--


--
-- Table structure for table `catalog_product_index_eav_decimal_tmp`
--

CREATE TABLE `catalog_product_index_eav_decimal_tmp` (
  `entity_id` int(10) unsigned NOT NULL COMMENT 'Entity ID',
  `attribute_id` smallint(5) unsigned NOT NULL COMMENT 'Attribute ID',
  `store_id` smallint(5) unsigned NOT NULL COMMENT 'Store ID',
  `value` decimal(12,4) NOT NULL COMMENT 'Value',
  `source_id` int(10) unsigned NOT NULL DEFAULT '0' COMMENT 'Original entity ID for attribute value',
  PRIMARY KEY (`entity_id`,`attribute_id`,`store_id`,`value`,`source_id`),
  KEY `CATALOG_PRODUCT_INDEX_EAV_DECIMAL_TMP_ATTRIBUTE_ID` (`attribute_id`),
  KEY `CATALOG_PRODUCT_INDEX_EAV_DECIMAL_TMP_STORE_ID` (`store_id`),
  KEY `CATALOG_PRODUCT_INDEX_EAV_DECIMAL_TMP_VALUE` (`value`)
) ENGINE=InnoDB DEFAULT CHARSET=utf8 COMMENT='Catalog Product EAV Decimal Indexer Temp Table';

--
-- Dumping data for table `catalog_product_index_eav_decimal_tmp`
--


--
-- Table structure for table `catalog_product_index_eav_idx`
--

CREATE TABLE `catalog_product_index_eav_idx` (
  `entity_id` int(10) unsigned NOT NULL COMMENT 'Entity ID',
  `attribute_id` smallint(5) unsigned NOT NULL COMMENT 'Attribute ID',
  `store_id` smallint(5) unsigned NOT NULL COMMENT 'Store ID',
  `value` int(10) unsigned NOT NULL COMMENT 'Value',
  `source_id` int(10) unsigned NOT NULL DEFAULT '0' COMMENT 'Original entity ID for attribute value',
  PRIMARY KEY (`entity_id`,`attribute_id`,`store_id`,`value`,`source_id`),
  KEY `CATALOG_PRODUCT_INDEX_EAV_IDX_ATTRIBUTE_ID` (`attribute_id`),
  KEY `CATALOG_PRODUCT_INDEX_EAV_IDX_STORE_ID` (`store_id`),
  KEY `CATALOG_PRODUCT_INDEX_EAV_IDX_VALUE` (`value`)
) ENGINE=InnoDB DEFAULT CHARSET=utf8 COMMENT='Catalog Product EAV Indexer Index Table';

--
-- Dumping data for table `catalog_product_index_eav_idx`
--


--
-- Table structure for table `catalog_product_index_eav_replica`
--

CREATE TABLE `catalog_product_index_eav_replica` (
  `entity_id` int(10) unsigned NOT NULL COMMENT 'Entity ID',
  `attribute_id` smallint(5) unsigned NOT NULL COMMENT 'Attribute ID',
  `store_id` smallint(5) unsigned NOT NULL COMMENT 'Store ID',
  `value` int(10) unsigned NOT NULL COMMENT 'Value',
  `source_id` int(10) unsigned NOT NULL DEFAULT '0' COMMENT 'Original entity ID for attribute value',
  PRIMARY KEY (`entity_id`,`attribute_id`,`store_id`,`value`,`source_id`),
  KEY `CATALOG_PRODUCT_INDEX_EAV_ATTRIBUTE_ID` (`attribute_id`),
  KEY `CATALOG_PRODUCT_INDEX_EAV_STORE_ID` (`store_id`),
  KEY `CATALOG_PRODUCT_INDEX_EAV_VALUE` (`value`)
) ENGINE=InnoDB DEFAULT CHARSET=utf8 COMMENT='Catalog Product EAV Index Table';

--
-- Dumping data for table `catalog_product_index_eav_replica`
--


--
-- Table structure for table `catalog_product_index_eav_tmp`
--

CREATE TABLE `catalog_product_index_eav_tmp` (
  `entity_id` int(10) unsigned NOT NULL COMMENT 'Entity ID',
  `attribute_id` smallint(5) unsigned NOT NULL COMMENT 'Attribute ID',
  `store_id` smallint(5) unsigned NOT NULL COMMENT 'Store ID',
  `value` int(10) unsigned NOT NULL COMMENT 'Value',
  `source_id` int(10) unsigned NOT NULL DEFAULT '0' COMMENT 'Original entity ID for attribute value',
  PRIMARY KEY (`entity_id`,`attribute_id`,`store_id`,`value`,`source_id`),
  KEY `CATALOG_PRODUCT_INDEX_EAV_TMP_ATTRIBUTE_ID` (`attribute_id`),
  KEY `CATALOG_PRODUCT_INDEX_EAV_TMP_STORE_ID` (`store_id`),
  KEY `CATALOG_PRODUCT_INDEX_EAV_TMP_VALUE` (`value`)
) ENGINE=InnoDB DEFAULT CHARSET=utf8 COMMENT='Catalog Product EAV Indexer Temp Table';

--
-- Dumping data for table `catalog_product_index_eav_tmp`
--


--
-- Table structure for table `catalog_product_index_price`
--

CREATE TABLE `catalog_product_index_price` (
  `entity_id` int(10) unsigned NOT NULL COMMENT 'Entity ID',
  `customer_group_id` int(10) unsigned NOT NULL COMMENT 'Customer Group ID',
  `website_id` smallint(5) unsigned NOT NULL COMMENT 'Website ID',
  `tax_class_id` smallint(5) unsigned DEFAULT '0' COMMENT 'Tax Class ID',
  `price` decimal(20,6) DEFAULT NULL COMMENT 'Price',
  `final_price` decimal(20,6) DEFAULT NULL COMMENT 'Final Price',
  `min_price` decimal(20,6) DEFAULT NULL COMMENT 'Min Price',
  `max_price` decimal(20,6) DEFAULT NULL COMMENT 'Max Price',
  `tier_price` decimal(20,6) DEFAULT NULL COMMENT 'Tier Price',
  PRIMARY KEY (`entity_id`,`customer_group_id`,`website_id`),
  KEY `CATALOG_PRODUCT_INDEX_PRICE_CUSTOMER_GROUP_ID` (`customer_group_id`),
  KEY `CATALOG_PRODUCT_INDEX_PRICE_MIN_PRICE` (`min_price`),
  KEY `CAT_PRD_IDX_PRICE_WS_ID_CSTR_GROUP_ID_MIN_PRICE` (`website_id`,`customer_group_id`,`min_price`)
) ENGINE=InnoDB DEFAULT CHARSET=utf8 COMMENT='Catalog Product Price Index Table';

--
-- Dumping data for table `catalog_product_index_price`
--

INSERT INTO `catalog_product_index_price` VALUES (2,0,1,2,555.000000,30.000000,30.000000,30.000000,NULL),(2,1,1,2,555.000000,30.000000,30.000000,30.000000,NULL),(2,2,1,2,555.000000,30.000000,30.000000,30.000000,NULL),(2,3,1,2,555.000000,30.000000,30.000000,30.000000,NULL),(5,0,1,2,555.000000,30.000000,30.000000,30.000000,NULL),(5,1,1,2,555.000000,30.000000,30.000000,30.000000,NULL),(5,2,1,2,555.000000,30.000000,30.000000,30.000000,NULL),(5,3,1,2,555.000000,30.000000,30.000000,30.000000,NULL),(6,0,1,2,555.000000,30.000000,30.000000,30.000000,NULL),(6,1,1,2,555.000000,30.000000,30.000000,30.000000,NULL),(6,2,1,2,555.000000,30.000000,30.000000,30.000000,NULL),(6,3,1,2,555.000000,30.000000,30.000000,30.000000,NULL),(7,0,1,2,0.000000,0.000000,30.000000,30.000000,NULL),(7,1,1,2,0.000000,0.000000,30.000000,30.000000,NULL),(7,2,1,2,0.000000,0.000000,30.000000,30.000000,NULL),(7,3,1,2,0.000000,0.000000,30.000000,30.000000,NULL);

--
-- Table structure for table `catalog_product_index_price_bundle_idx`
--

CREATE TABLE `catalog_product_index_price_bundle_idx` (
  `entity_id` int(10) unsigned NOT NULL COMMENT 'Entity ID',
  `customer_group_id` int(11) NOT NULL,
  `website_id` smallint(5) unsigned NOT NULL COMMENT 'Website ID',
  `tax_class_id` smallint(5) unsigned DEFAULT '0' COMMENT 'Tax Class ID',
  `price_type` smallint(5) unsigned NOT NULL COMMENT 'Price Type',
  `special_price` decimal(20,6) DEFAULT NULL COMMENT 'Special Price',
  `tier_percent` decimal(20,6) DEFAULT NULL COMMENT 'Tier Percent',
  `orig_price` decimal(20,6) DEFAULT NULL COMMENT 'Orig Price',
  `price` decimal(20,6) DEFAULT NULL COMMENT 'Price',
  `min_price` decimal(20,6) DEFAULT NULL COMMENT 'Min Price',
  `max_price` decimal(20,6) DEFAULT NULL COMMENT 'Max Price',
  `tier_price` decimal(20,6) DEFAULT NULL COMMENT 'Tier Price',
  `base_tier` decimal(20,6) DEFAULT NULL COMMENT 'Base Tier',
  PRIMARY KEY (`entity_id`,`customer_group_id`,`website_id`)
) ENGINE=InnoDB DEFAULT CHARSET=utf8 COMMENT='Catalog Product Index Price Bundle Idx';

--
-- Dumping data for table `catalog_product_index_price_bundle_idx`
--


--
-- Table structure for table `catalog_product_index_price_bundle_opt_idx`
--

CREATE TABLE `catalog_product_index_price_bundle_opt_idx` (
  `entity_id` int(10) unsigned NOT NULL COMMENT 'Entity ID',
  `customer_group_id` int(11) NOT NULL,
  `website_id` smallint(5) unsigned NOT NULL COMMENT 'Website ID',
  `option_id` int(10) unsigned NOT NULL DEFAULT '0' COMMENT 'Option ID',
  `min_price` decimal(20,6) DEFAULT NULL COMMENT 'Min Price',
  `alt_price` decimal(20,6) DEFAULT NULL COMMENT 'Alt Price',
  `max_price` decimal(20,6) DEFAULT NULL COMMENT 'Max Price',
  `tier_price` decimal(20,6) DEFAULT NULL COMMENT 'Tier Price',
  `alt_tier_price` decimal(20,6) DEFAULT NULL COMMENT 'Alt Tier Price',
  PRIMARY KEY (`entity_id`,`customer_group_id`,`website_id`,`option_id`)
) ENGINE=InnoDB DEFAULT CHARSET=utf8 COMMENT='Catalog Product Index Price Bundle Opt Idx';

--
-- Dumping data for table `catalog_product_index_price_bundle_opt_idx`
--


--
-- Table structure for table `catalog_product_index_price_bundle_opt_tmp`
--

CREATE TABLE `catalog_product_index_price_bundle_opt_tmp` (
  `entity_id` int(10) unsigned NOT NULL COMMENT 'Entity ID',
  `customer_group_id` int(11) NOT NULL,
  `website_id` smallint(5) unsigned NOT NULL COMMENT 'Website ID',
  `option_id` int(10) unsigned NOT NULL DEFAULT '0' COMMENT 'Option ID',
  `min_price` decimal(20,6) DEFAULT NULL COMMENT 'Min Price',
  `alt_price` decimal(20,6) DEFAULT NULL COMMENT 'Alt Price',
  `max_price` decimal(20,6) DEFAULT NULL COMMENT 'Max Price',
  `tier_price` decimal(20,6) DEFAULT NULL COMMENT 'Tier Price',
  `alt_tier_price` decimal(20,6) DEFAULT NULL COMMENT 'Alt Tier Price',
  PRIMARY KEY (`entity_id`,`customer_group_id`,`website_id`,`option_id`)
) ENGINE=InnoDB DEFAULT CHARSET=utf8 COMMENT='Catalog Product Index Price Bundle Opt Tmp';

--
-- Dumping data for table `catalog_product_index_price_bundle_opt_tmp`
--


--
-- Table structure for table `catalog_product_index_price_bundle_sel_idx`
--

CREATE TABLE `catalog_product_index_price_bundle_sel_idx` (
  `entity_id` int(10) unsigned NOT NULL COMMENT 'Entity ID',
  `customer_group_id` int(11) NOT NULL,
  `website_id` smallint(5) unsigned NOT NULL COMMENT 'Website ID',
  `option_id` int(10) unsigned NOT NULL DEFAULT '0' COMMENT 'Option ID',
  `selection_id` int(10) unsigned NOT NULL DEFAULT '0' COMMENT 'Selection ID',
  `group_type` smallint(5) unsigned DEFAULT '0' COMMENT 'Group Type',
  `is_required` smallint(5) unsigned DEFAULT '0' COMMENT 'Is Required',
  `price` decimal(20,6) DEFAULT NULL COMMENT 'Price',
  `tier_price` decimal(20,6) DEFAULT NULL COMMENT 'Tier Price',
  PRIMARY KEY (`entity_id`,`customer_group_id`,`website_id`,`option_id`,`selection_id`)
) ENGINE=InnoDB DEFAULT CHARSET=utf8 COMMENT='Catalog Product Index Price Bundle Sel Idx';

--
-- Dumping data for table `catalog_product_index_price_bundle_sel_idx`
--


--
-- Table structure for table `catalog_product_index_price_bundle_sel_tmp`
--

CREATE TABLE `catalog_product_index_price_bundle_sel_tmp` (
  `entity_id` int(10) unsigned NOT NULL COMMENT 'Entity ID',
  `customer_group_id` int(11) NOT NULL,
  `website_id` smallint(5) unsigned NOT NULL COMMENT 'Website ID',
  `option_id` int(10) unsigned NOT NULL DEFAULT '0' COMMENT 'Option ID',
  `selection_id` int(10) unsigned NOT NULL DEFAULT '0' COMMENT 'Selection ID',
  `group_type` smallint(5) unsigned DEFAULT '0' COMMENT 'Group Type',
  `is_required` smallint(5) unsigned DEFAULT '0' COMMENT 'Is Required',
  `price` decimal(20,6) DEFAULT NULL COMMENT 'Price',
  `tier_price` decimal(20,6) DEFAULT NULL COMMENT 'Tier Price',
  PRIMARY KEY (`entity_id`,`customer_group_id`,`website_id`,`option_id`,`selection_id`)
) ENGINE=InnoDB DEFAULT CHARSET=utf8 COMMENT='Catalog Product Index Price Bundle Sel Tmp';

--
-- Dumping data for table `catalog_product_index_price_bundle_sel_tmp`
--


--
-- Table structure for table `catalog_product_index_price_bundle_tmp`
--

CREATE TABLE `catalog_product_index_price_bundle_tmp` (
  `entity_id` int(10) unsigned NOT NULL COMMENT 'Entity ID',
  `customer_group_id` int(11) NOT NULL,
  `website_id` smallint(5) unsigned NOT NULL COMMENT 'Website ID',
  `tax_class_id` smallint(5) unsigned DEFAULT '0' COMMENT 'Tax Class ID',
  `price_type` smallint(5) unsigned NOT NULL COMMENT 'Price Type',
  `special_price` decimal(20,6) DEFAULT NULL COMMENT 'Special Price',
  `tier_percent` decimal(20,6) DEFAULT NULL COMMENT 'Tier Percent',
  `orig_price` decimal(20,6) DEFAULT NULL COMMENT 'Orig Price',
  `price` decimal(20,6) DEFAULT NULL COMMENT 'Price',
  `min_price` decimal(20,6) DEFAULT NULL COMMENT 'Min Price',
  `max_price` decimal(20,6) DEFAULT NULL COMMENT 'Max Price',
  `tier_price` decimal(20,6) DEFAULT NULL COMMENT 'Tier Price',
  `base_tier` decimal(20,6) DEFAULT NULL COMMENT 'Base Tier',
  PRIMARY KEY (`entity_id`,`customer_group_id`,`website_id`)
) ENGINE=InnoDB DEFAULT CHARSET=utf8 COMMENT='Catalog Product Index Price Bundle Tmp';

--
-- Dumping data for table `catalog_product_index_price_bundle_tmp`
--


--
-- Table structure for table `catalog_product_index_price_cfg_opt_agr_idx`
--

CREATE TABLE `catalog_product_index_price_cfg_opt_agr_idx` (
  `parent_id` int(10) unsigned NOT NULL COMMENT 'Parent ID',
  `child_id` int(10) unsigned NOT NULL COMMENT 'Child ID',
  `customer_group_id` int(10) unsigned NOT NULL DEFAULT '0' COMMENT 'Customer Group ID',
  `website_id` smallint(5) unsigned NOT NULL COMMENT 'Website ID',
  `price` decimal(20,6) DEFAULT NULL COMMENT 'Price',
  `tier_price` decimal(20,6) DEFAULT NULL COMMENT 'Tier Price',
  PRIMARY KEY (`parent_id`,`child_id`,`customer_group_id`,`website_id`)
) ENGINE=InnoDB DEFAULT CHARSET=utf8 COMMENT='Catalog Product Price Indexer Config Option Aggregate Index Table';

--
-- Dumping data for table `catalog_product_index_price_cfg_opt_agr_idx`
--


--
-- Table structure for table `catalog_product_index_price_cfg_opt_agr_tmp`
--

CREATE TABLE `catalog_product_index_price_cfg_opt_agr_tmp` (
  `parent_id` int(10) unsigned NOT NULL COMMENT 'Parent ID',
  `child_id` int(10) unsigned NOT NULL COMMENT 'Child ID',
  `customer_group_id` int(10) unsigned NOT NULL DEFAULT '0' COMMENT 'Customer Group ID',
  `website_id` smallint(5) unsigned NOT NULL COMMENT 'Website ID',
  `price` decimal(20,6) DEFAULT NULL COMMENT 'Price',
  `tier_price` decimal(20,6) DEFAULT NULL COMMENT 'Tier Price',
  PRIMARY KEY (`parent_id`,`child_id`,`customer_group_id`,`website_id`)
) ENGINE=InnoDB DEFAULT CHARSET=utf8 COMMENT='Catalog Product Price Indexer Config Option Aggregate Temp Table';

--
-- Dumping data for table `catalog_product_index_price_cfg_opt_agr_tmp`
--


--
-- Table structure for table `catalog_product_index_price_cfg_opt_idx`
--

CREATE TABLE `catalog_product_index_price_cfg_opt_idx` (
  `entity_id` int(10) unsigned NOT NULL COMMENT 'Entity ID',
  `customer_group_id` int(10) unsigned NOT NULL DEFAULT '0' COMMENT 'Customer Group ID',
  `website_id` smallint(5) unsigned NOT NULL COMMENT 'Website ID',
  `min_price` decimal(20,6) DEFAULT NULL COMMENT 'Min Price',
  `max_price` decimal(20,6) DEFAULT NULL COMMENT 'Max Price',
  `tier_price` decimal(20,6) DEFAULT NULL COMMENT 'Tier Price',
  PRIMARY KEY (`entity_id`,`customer_group_id`,`website_id`)
) ENGINE=InnoDB DEFAULT CHARSET=utf8 COMMENT='Catalog Product Price Indexer Config Option Index Table';

--
-- Dumping data for table `catalog_product_index_price_cfg_opt_idx`
--


--
-- Table structure for table `catalog_product_index_price_cfg_opt_tmp`
--

CREATE TABLE `catalog_product_index_price_cfg_opt_tmp` (
  `entity_id` int(10) unsigned NOT NULL COMMENT 'Entity ID',
  `customer_group_id` int(10) unsigned NOT NULL DEFAULT '0' COMMENT 'Customer Group ID',
  `website_id` smallint(5) unsigned NOT NULL COMMENT 'Website ID',
  `min_price` decimal(20,6) DEFAULT NULL COMMENT 'Min Price',
  `max_price` decimal(20,6) DEFAULT NULL COMMENT 'Max Price',
  `tier_price` decimal(20,6) DEFAULT NULL COMMENT 'Tier Price',
  PRIMARY KEY (`entity_id`,`customer_group_id`,`website_id`)
) ENGINE=InnoDB DEFAULT CHARSET=utf8 COMMENT='Catalog Product Price Indexer Config Option Temp Table';

--
-- Dumping data for table `catalog_product_index_price_cfg_opt_tmp`
--


--
-- Table structure for table `catalog_product_index_price_downlod_idx`
--

CREATE TABLE `catalog_product_index_price_downlod_idx` (
  `entity_id` int(10) unsigned NOT NULL COMMENT 'Entity ID',
  `customer_group_id` int(11) NOT NULL,
  `website_id` smallint(5) unsigned NOT NULL COMMENT 'Website ID',
  `min_price` decimal(20,6) NOT NULL DEFAULT '0.000000' COMMENT 'Minimum price',
  `max_price` decimal(20,6) NOT NULL DEFAULT '0.000000' COMMENT 'Maximum price',
  PRIMARY KEY (`entity_id`,`customer_group_id`,`website_id`)
) ENGINE=InnoDB DEFAULT CHARSET=utf8 COMMENT='Indexer Table for price of downloadable products';

--
-- Dumping data for table `catalog_product_index_price_downlod_idx`
--


--
-- Table structure for table `catalog_product_index_price_downlod_tmp`
--

CREATE TABLE `catalog_product_index_price_downlod_tmp` (
  `entity_id` int(10) unsigned NOT NULL COMMENT 'Entity ID',
  `customer_group_id` int(11) NOT NULL,
  `website_id` smallint(5) unsigned NOT NULL COMMENT 'Website ID',
  `min_price` decimal(20,6) NOT NULL DEFAULT '0.000000' COMMENT 'Minimum price',
  `max_price` decimal(20,6) NOT NULL DEFAULT '0.000000' COMMENT 'Maximum price',
  PRIMARY KEY (`entity_id`,`customer_group_id`,`website_id`)
) ENGINE=InnoDB DEFAULT CHARSET=utf8 COMMENT='Temporary Indexer Table for price of downloadable products';

--
-- Dumping data for table `catalog_product_index_price_downlod_tmp`
--


--
-- Table structure for table `catalog_product_index_price_final_idx`
--

CREATE TABLE `catalog_product_index_price_final_idx` (
  `entity_id` int(10) unsigned NOT NULL COMMENT 'Entity ID',
  `customer_group_id` int(10) unsigned NOT NULL DEFAULT '0' COMMENT 'Customer Group ID',
  `website_id` smallint(5) unsigned NOT NULL COMMENT 'Website ID',
  `tax_class_id` smallint(5) unsigned DEFAULT '0' COMMENT 'Tax Class ID',
  `orig_price` decimal(20,6) DEFAULT NULL COMMENT 'Original Price',
  `price` decimal(20,6) DEFAULT NULL COMMENT 'Price',
  `min_price` decimal(20,6) DEFAULT NULL COMMENT 'Min Price',
  `max_price` decimal(20,6) DEFAULT NULL COMMENT 'Max Price',
  `tier_price` decimal(20,6) DEFAULT NULL COMMENT 'Tier Price',
  `base_tier` decimal(20,6) DEFAULT NULL COMMENT 'Base Tier',
  PRIMARY KEY (`entity_id`,`customer_group_id`,`website_id`)
) ENGINE=InnoDB DEFAULT CHARSET=utf8 COMMENT='Catalog Product Price Indexer Final Index Table';

--
-- Dumping data for table `catalog_product_index_price_final_idx`
--


--
-- Table structure for table `catalog_product_index_price_final_tmp`
--

CREATE TABLE `catalog_product_index_price_final_tmp` (
  `entity_id` int(10) unsigned NOT NULL COMMENT 'Entity ID',
  `customer_group_id` int(10) unsigned NOT NULL DEFAULT '0' COMMENT 'Customer Group ID',
  `website_id` smallint(5) unsigned NOT NULL COMMENT 'Website ID',
  `tax_class_id` smallint(5) unsigned DEFAULT '0' COMMENT 'Tax Class ID',
  `orig_price` decimal(20,6) DEFAULT NULL COMMENT 'Original Price',
  `price` decimal(20,6) DEFAULT NULL COMMENT 'Price',
  `min_price` decimal(20,6) DEFAULT NULL COMMENT 'Min Price',
  `max_price` decimal(20,6) DEFAULT NULL COMMENT 'Max Price',
  `tier_price` decimal(20,6) DEFAULT NULL COMMENT 'Tier Price',
  `base_tier` decimal(20,6) DEFAULT NULL COMMENT 'Base Tier',
  PRIMARY KEY (`entity_id`,`customer_group_id`,`website_id`)
) ENGINE=InnoDB DEFAULT CHARSET=utf8 COMMENT='Catalog Product Price Indexer Final Temp Table';

--
-- Dumping data for table `catalog_product_index_price_final_tmp`
--


--
-- Table structure for table `catalog_product_index_price_idx`
--

CREATE TABLE `catalog_product_index_price_idx` (
  `entity_id` int(10) unsigned NOT NULL COMMENT 'Entity ID',
  `customer_group_id` int(10) unsigned NOT NULL DEFAULT '0' COMMENT 'Customer Group ID',
  `website_id` smallint(5) unsigned NOT NULL COMMENT 'Website ID',
  `tax_class_id` smallint(5) unsigned DEFAULT '0' COMMENT 'Tax Class ID',
  `price` decimal(20,6) DEFAULT NULL COMMENT 'Price',
  `final_price` decimal(20,6) DEFAULT NULL COMMENT 'Final Price',
  `min_price` decimal(20,6) DEFAULT NULL COMMENT 'Min Price',
  `max_price` decimal(20,6) DEFAULT NULL COMMENT 'Max Price',
  `tier_price` decimal(20,6) DEFAULT NULL COMMENT 'Tier Price',
  PRIMARY KEY (`entity_id`,`customer_group_id`,`website_id`),
  KEY `CATALOG_PRODUCT_INDEX_PRICE_IDX_CUSTOMER_GROUP_ID` (`customer_group_id`),
  KEY `CATALOG_PRODUCT_INDEX_PRICE_IDX_WEBSITE_ID` (`website_id`),
  KEY `CATALOG_PRODUCT_INDEX_PRICE_IDX_MIN_PRICE` (`min_price`)
) ENGINE=InnoDB DEFAULT CHARSET=utf8 COMMENT='Catalog Product Price Indexer Index Table';

--
-- Dumping data for table `catalog_product_index_price_idx`
--


--
-- Table structure for table `catalog_product_index_price_opt_agr_idx`
--

CREATE TABLE `catalog_product_index_price_opt_agr_idx` (
  `entity_id` int(10) unsigned NOT NULL COMMENT 'Entity ID',
  `customer_group_id` int(10) unsigned NOT NULL DEFAULT '0' COMMENT 'Customer Group ID',
  `website_id` smallint(5) unsigned NOT NULL COMMENT 'Website ID',
  `option_id` int(10) unsigned NOT NULL DEFAULT '0' COMMENT 'Option ID',
  `min_price` decimal(20,6) DEFAULT NULL COMMENT 'Min Price',
  `max_price` decimal(20,6) DEFAULT NULL COMMENT 'Max Price',
  `tier_price` decimal(20,6) DEFAULT NULL COMMENT 'Tier Price',
  PRIMARY KEY (`entity_id`,`customer_group_id`,`website_id`,`option_id`)
) ENGINE=InnoDB DEFAULT CHARSET=utf8 COMMENT='Catalog Product Price Indexer Option Aggregate Index Table';

--
-- Dumping data for table `catalog_product_index_price_opt_agr_idx`
--


--
-- Table structure for table `catalog_product_index_price_opt_agr_tmp`
--

CREATE TABLE `catalog_product_index_price_opt_agr_tmp` (
  `entity_id` int(10) unsigned NOT NULL COMMENT 'Entity ID',
  `customer_group_id` int(10) unsigned NOT NULL DEFAULT '0' COMMENT 'Customer Group ID',
  `website_id` smallint(5) unsigned NOT NULL COMMENT 'Website ID',
  `option_id` int(10) unsigned NOT NULL DEFAULT '0' COMMENT 'Option ID',
  `min_price` decimal(20,6) DEFAULT NULL COMMENT 'Min Price',
  `max_price` decimal(20,6) DEFAULT NULL COMMENT 'Max Price',
  `tier_price` decimal(20,6) DEFAULT NULL COMMENT 'Tier Price',
  PRIMARY KEY (`entity_id`,`customer_group_id`,`website_id`,`option_id`)
) ENGINE=InnoDB DEFAULT CHARSET=utf8 COMMENT='Catalog Product Price Indexer Option Aggregate Temp Table';

--
-- Dumping data for table `catalog_product_index_price_opt_agr_tmp`
--


--
-- Table structure for table `catalog_product_index_price_opt_idx`
--

CREATE TABLE `catalog_product_index_price_opt_idx` (
  `entity_id` int(10) unsigned NOT NULL COMMENT 'Entity ID',
  `customer_group_id` int(10) unsigned NOT NULL DEFAULT '0' COMMENT 'Customer Group ID',
  `website_id` smallint(5) unsigned NOT NULL COMMENT 'Website ID',
  `min_price` decimal(20,6) DEFAULT NULL COMMENT 'Min Price',
  `max_price` decimal(20,6) DEFAULT NULL COMMENT 'Max Price',
  `tier_price` decimal(20,6) DEFAULT NULL COMMENT 'Tier Price',
  PRIMARY KEY (`entity_id`,`customer_group_id`,`website_id`)
) ENGINE=InnoDB DEFAULT CHARSET=utf8 COMMENT='Catalog Product Price Indexer Option Index Table';

--
-- Dumping data for table `catalog_product_index_price_opt_idx`
--


--
-- Table structure for table `catalog_product_index_price_opt_tmp`
--

CREATE TABLE `catalog_product_index_price_opt_tmp` (
  `entity_id` int(10) unsigned NOT NULL COMMENT 'Entity ID',
  `customer_group_id` int(10) unsigned NOT NULL DEFAULT '0' COMMENT 'Customer Group ID',
  `website_id` smallint(5) unsigned NOT NULL COMMENT 'Website ID',
  `min_price` decimal(20,6) DEFAULT NULL COMMENT 'Min Price',
  `max_price` decimal(20,6) DEFAULT NULL COMMENT 'Max Price',
  `tier_price` decimal(20,6) DEFAULT NULL COMMENT 'Tier Price',
  PRIMARY KEY (`entity_id`,`customer_group_id`,`website_id`)
) ENGINE=InnoDB DEFAULT CHARSET=utf8 COMMENT='Catalog Product Price Indexer Option Temp Table';

--
-- Dumping data for table `catalog_product_index_price_opt_tmp`
--


--
-- Table structure for table `catalog_product_index_price_replica`
--

CREATE TABLE `catalog_product_index_price_replica` (
  `entity_id` int(10) unsigned NOT NULL COMMENT 'Entity ID',
  `customer_group_id` int(10) unsigned NOT NULL COMMENT 'Customer Group ID',
  `website_id` smallint(5) unsigned NOT NULL COMMENT 'Website ID',
  `tax_class_id` smallint(5) unsigned DEFAULT '0' COMMENT 'Tax Class ID',
  `price` decimal(20,6) DEFAULT NULL COMMENT 'Price',
  `final_price` decimal(20,6) DEFAULT NULL COMMENT 'Final Price',
  `min_price` decimal(20,6) DEFAULT NULL COMMENT 'Min Price',
  `max_price` decimal(20,6) DEFAULT NULL COMMENT 'Max Price',
  `tier_price` decimal(20,6) DEFAULT NULL COMMENT 'Tier Price',
  PRIMARY KEY (`entity_id`,`customer_group_id`,`website_id`),
  KEY `CATALOG_PRODUCT_INDEX_PRICE_CUSTOMER_GROUP_ID` (`customer_group_id`),
  KEY `CATALOG_PRODUCT_INDEX_PRICE_MIN_PRICE` (`min_price`),
  KEY `CAT_PRD_IDX_PRICE_WS_ID_CSTR_GROUP_ID_MIN_PRICE` (`website_id`,`customer_group_id`,`min_price`)
) ENGINE=InnoDB DEFAULT CHARSET=utf8 COMMENT='Catalog Product Price Index Table';

--
-- Dumping data for table `catalog_product_index_price_replica`
--

INSERT INTO `catalog_product_index_price_replica` VALUES (2,0,1,2,555.000000,30.000000,30.000000,30.000000,NULL),(2,1,1,2,555.000000,30.000000,30.000000,30.000000,NULL),(2,2,1,2,555.000000,30.000000,30.000000,30.000000,NULL),(2,3,1,2,555.000000,30.000000,30.000000,30.000000,NULL),(5,0,1,2,555.000000,30.000000,30.000000,30.000000,NULL),(5,1,1,2,555.000000,30.000000,30.000000,30.000000,NULL),(5,2,1,2,555.000000,30.000000,30.000000,30.000000,NULL),(5,3,1,2,555.000000,30.000000,30.000000,30.000000,NULL),(6,0,1,2,555.000000,30.000000,30.000000,30.000000,NULL),(6,1,1,2,555.000000,30.000000,30.000000,30.000000,NULL),(6,2,1,2,555.000000,30.000000,30.000000,30.000000,NULL),(6,3,1,2,555.000000,30.000000,30.000000,30.000000,NULL),(7,0,1,2,0.000000,0.000000,30.000000,30.000000,NULL),(7,1,1,2,0.000000,0.000000,30.000000,30.000000,NULL),(7,2,1,2,0.000000,0.000000,30.000000,30.000000,NULL),(7,3,1,2,0.000000,0.000000,30.000000,30.000000,NULL);

--
-- Table structure for table `catalog_product_index_price_tmp`
--

CREATE TABLE `catalog_product_index_price_tmp` (
  `entity_id` int(10) unsigned NOT NULL COMMENT 'Entity ID',
  `customer_group_id` int(10) unsigned NOT NULL DEFAULT '0' COMMENT 'Customer Group ID',
  `website_id` smallint(5) unsigned NOT NULL COMMENT 'Website ID',
  `tax_class_id` smallint(5) unsigned DEFAULT '0' COMMENT 'Tax Class ID',
  `price` decimal(20,6) DEFAULT NULL COMMENT 'Price',
  `final_price` decimal(20,6) DEFAULT NULL COMMENT 'Final Price',
  `min_price` decimal(20,6) DEFAULT NULL COMMENT 'Min Price',
  `max_price` decimal(20,6) DEFAULT NULL COMMENT 'Max Price',
  `tier_price` decimal(20,6) DEFAULT NULL COMMENT 'Tier Price',
  PRIMARY KEY (`entity_id`,`customer_group_id`,`website_id`),
  KEY `CATALOG_PRODUCT_INDEX_PRICE_TMP_CUSTOMER_GROUP_ID` (`customer_group_id`),
  KEY `CATALOG_PRODUCT_INDEX_PRICE_TMP_WEBSITE_ID` (`website_id`),
  KEY `CATALOG_PRODUCT_INDEX_PRICE_TMP_MIN_PRICE` (`min_price`)
) ENGINE=InnoDB DEFAULT CHARSET=utf8 COMMENT='Catalog Product Price Indexer Temp Table';

--
-- Dumping data for table `catalog_product_index_price_tmp`
--


--
-- Table structure for table `catalog_product_index_tier_price`
--

CREATE TABLE `catalog_product_index_tier_price` (
  `entity_id` int(10) unsigned NOT NULL COMMENT 'Entity ID',
  `customer_group_id` int(10) unsigned NOT NULL COMMENT 'Customer Group ID',
  `website_id` smallint(5) unsigned NOT NULL COMMENT 'Website ID',
  `min_price` decimal(20,6) DEFAULT NULL COMMENT 'Min Price',
  PRIMARY KEY (`entity_id`,`customer_group_id`,`website_id`),
  KEY `CATALOG_PRODUCT_INDEX_TIER_PRICE_CUSTOMER_GROUP_ID` (`customer_group_id`),
  KEY `CATALOG_PRODUCT_INDEX_TIER_PRICE_WEBSITE_ID` (`website_id`),
  CONSTRAINT `CAT_PRD_IDX_TIER_PRICE_CSTR_GROUP_ID_CSTR_GROUP_CSTR_GROUP_ID` FOREIGN KEY (`customer_group_id`) REFERENCES `customer_group` (`customer_group_id`) ON DELETE CASCADE,
  CONSTRAINT `CAT_PRD_IDX_TIER_PRICE_ENTT_ID_CAT_PRD_ENTT_ENTT_ID` FOREIGN KEY (`entity_id`) REFERENCES `catalog_product_entity` (`entity_id`) ON DELETE CASCADE,
  CONSTRAINT `CAT_PRD_IDX_TIER_PRICE_WS_ID_STORE_WS_WS_ID` FOREIGN KEY (`website_id`) REFERENCES `store_website` (`website_id`) ON DELETE CASCADE
) ENGINE=InnoDB DEFAULT CHARSET=utf8 COMMENT='Catalog Product Tier Price Index Table';

--
-- Dumping data for table `catalog_product_index_tier_price`
--


--
-- Table structure for table `catalog_product_index_website`
--

CREATE TABLE `catalog_product_index_website` (
  `website_id` smallint(5) unsigned NOT NULL COMMENT 'Website ID',
  `default_store_id` smallint(5) unsigned NOT NULL COMMENT 'Default store ID for website',
  `website_date` date DEFAULT NULL COMMENT 'Website Date',
  `rate` float DEFAULT '1' COMMENT 'Rate',
  PRIMARY KEY (`website_id`),
  KEY `CATALOG_PRODUCT_INDEX_WEBSITE_WEBSITE_DATE` (`website_date`),
  CONSTRAINT `CAT_PRD_IDX_WS_WS_ID_STORE_WS_WS_ID` FOREIGN KEY (`website_id`) REFERENCES `store_website` (`website_id`) ON DELETE CASCADE
) ENGINE=InnoDB DEFAULT CHARSET=utf8 COMMENT='Catalog Product Website Index Table';

--
-- Dumping data for table `catalog_product_index_website`
--

INSERT INTO `catalog_product_index_website` VALUES (1,1,'2022-03-12',1);

--
-- Table structure for table `catalog_product_link`
--

CREATE TABLE `catalog_product_link` (
  `link_id` int(10) unsigned NOT NULL AUTO_INCREMENT COMMENT 'Link ID',
  `product_id` int(10) unsigned NOT NULL DEFAULT '0' COMMENT 'Product ID',
  `linked_product_id` int(10) unsigned NOT NULL DEFAULT '0' COMMENT 'Linked Product ID',
  `link_type_id` smallint(5) unsigned NOT NULL DEFAULT '0' COMMENT 'Link Type ID',
  PRIMARY KEY (`link_id`),
  UNIQUE KEY `CATALOG_PRODUCT_LINK_LINK_TYPE_ID_PRODUCT_ID_LINKED_PRODUCT_ID` (`link_type_id`,`product_id`,`linked_product_id`),
  KEY `CATALOG_PRODUCT_LINK_PRODUCT_ID` (`product_id`),
  KEY `CATALOG_PRODUCT_LINK_LINKED_PRODUCT_ID` (`linked_product_id`),
  CONSTRAINT `CATALOG_PRODUCT_LINK_PRODUCT_ID_CATALOG_PRODUCT_ENTITY_ENTITY_ID` FOREIGN KEY (`product_id`) REFERENCES `catalog_product_entity` (`entity_id`) ON DELETE CASCADE,
  CONSTRAINT `CAT_PRD_LNK_LNKED_PRD_ID_CAT_PRD_ENTT_ENTT_ID` FOREIGN KEY (`linked_product_id`) REFERENCES `catalog_product_entity` (`entity_id`) ON DELETE CASCADE,
  CONSTRAINT `CAT_PRD_LNK_LNK_TYPE_ID_CAT_PRD_LNK_TYPE_LNK_TYPE_ID` FOREIGN KEY (`link_type_id`) REFERENCES `catalog_product_link_type` (`link_type_id`) ON DELETE CASCADE
) ENGINE=InnoDB DEFAULT CHARSET=utf8 COMMENT='Catalog Product To Product Linkage Table';

--
-- Dumping data for table `catalog_product_link`
--


--
-- Table structure for table `catalog_product_link_attribute`
--

CREATE TABLE `catalog_product_link_attribute` (
  `product_link_attribute_id` smallint(5) unsigned NOT NULL AUTO_INCREMENT COMMENT 'Product Link Attribute ID',
  `link_type_id` smallint(5) unsigned NOT NULL DEFAULT '0' COMMENT 'Link Type ID',
  `product_link_attribute_code` varchar(32) DEFAULT NULL COMMENT 'Product Link Attribute Code',
  `data_type` varchar(32) DEFAULT NULL COMMENT 'Data Type',
  PRIMARY KEY (`product_link_attribute_id`),
  KEY `CATALOG_PRODUCT_LINK_ATTRIBUTE_LINK_TYPE_ID` (`link_type_id`),
  CONSTRAINT `CAT_PRD_LNK_ATTR_LNK_TYPE_ID_CAT_PRD_LNK_TYPE_LNK_TYPE_ID` FOREIGN KEY (`link_type_id`) REFERENCES `catalog_product_link_type` (`link_type_id`) ON DELETE CASCADE
) ENGINE=InnoDB AUTO_INCREMENT=6 DEFAULT CHARSET=utf8 COMMENT='Catalog Product Link Attribute Table';

--
-- Dumping data for table `catalog_product_link_attribute`
--

INSERT INTO `catalog_product_link_attribute` VALUES (1,1,'position','int'),(2,4,'position','int'),(3,5,'position','int'),(4,3,'position','int'),(5,3,'qty','decimal');

--
-- Table structure for table `catalog_product_link_attribute_decimal`
--

CREATE TABLE `catalog_product_link_attribute_decimal` (
  `value_id` int(10) unsigned NOT NULL AUTO_INCREMENT COMMENT 'Value ID',
  `product_link_attribute_id` smallint(5) unsigned DEFAULT NULL COMMENT 'Product Link Attribute ID',
  `link_id` int(10) unsigned NOT NULL COMMENT 'Link ID',
  `value` decimal(20,6) NOT NULL DEFAULT '0.000000' COMMENT 'Value',
  PRIMARY KEY (`value_id`),
  UNIQUE KEY `CAT_PRD_LNK_ATTR_DEC_PRD_LNK_ATTR_ID_LNK_ID` (`product_link_attribute_id`,`link_id`),
  KEY `CATALOG_PRODUCT_LINK_ATTRIBUTE_DECIMAL_LINK_ID` (`link_id`),
  CONSTRAINT `CAT_PRD_LNK_ATTR_DEC_LNK_ID_CAT_PRD_LNK_LNK_ID` FOREIGN KEY (`link_id`) REFERENCES `catalog_product_link` (`link_id`) ON DELETE CASCADE,
  CONSTRAINT `FK_AB2EFA9A14F7BCF1D5400056203D14B6` FOREIGN KEY (`product_link_attribute_id`) REFERENCES `catalog_product_link_attribute` (`product_link_attribute_id`) ON DELETE CASCADE
) ENGINE=InnoDB DEFAULT CHARSET=utf8 COMMENT='Catalog Product Link Decimal Attribute Table';

--
-- Dumping data for table `catalog_product_link_attribute_decimal`
--


--
-- Table structure for table `catalog_product_link_attribute_int`
--

CREATE TABLE `catalog_product_link_attribute_int` (
  `value_id` int(10) unsigned NOT NULL AUTO_INCREMENT COMMENT 'Value ID',
  `product_link_attribute_id` smallint(5) unsigned DEFAULT NULL COMMENT 'Product Link Attribute ID',
  `link_id` int(10) unsigned NOT NULL COMMENT 'Link ID',
  `value` int(11) NOT NULL DEFAULT '0' COMMENT 'Value',
  PRIMARY KEY (`value_id`),
  UNIQUE KEY `CAT_PRD_LNK_ATTR_INT_PRD_LNK_ATTR_ID_LNK_ID` (`product_link_attribute_id`,`link_id`),
  KEY `CATALOG_PRODUCT_LINK_ATTRIBUTE_INT_LINK_ID` (`link_id`),
  CONSTRAINT `CAT_PRD_LNK_ATTR_INT_LNK_ID_CAT_PRD_LNK_LNK_ID` FOREIGN KEY (`link_id`) REFERENCES `catalog_product_link` (`link_id`) ON DELETE CASCADE,
  CONSTRAINT `FK_D6D878F8BA2A4282F8DDED7E6E3DE35C` FOREIGN KEY (`product_link_attribute_id`) REFERENCES `catalog_product_link_attribute` (`product_link_attribute_id`) ON DELETE CASCADE
) ENGINE=InnoDB DEFAULT CHARSET=utf8 COMMENT='Catalog Product Link Integer Attribute Table';

--
-- Dumping data for table `catalog_product_link_attribute_int`
--


--
-- Table structure for table `catalog_product_link_attribute_varchar`
--

CREATE TABLE `catalog_product_link_attribute_varchar` (
  `value_id` int(10) unsigned NOT NULL AUTO_INCREMENT COMMENT 'Value ID',
  `product_link_attribute_id` smallint(5) unsigned NOT NULL DEFAULT '0' COMMENT 'Product Link Attribute ID',
  `link_id` int(10) unsigned NOT NULL COMMENT 'Link ID',
  `value` varchar(255) DEFAULT NULL COMMENT 'Value',
  PRIMARY KEY (`value_id`),
  UNIQUE KEY `CAT_PRD_LNK_ATTR_VCHR_PRD_LNK_ATTR_ID_LNK_ID` (`product_link_attribute_id`,`link_id`),
  KEY `CATALOG_PRODUCT_LINK_ATTRIBUTE_VARCHAR_LINK_ID` (`link_id`),
  CONSTRAINT `CAT_PRD_LNK_ATTR_VCHR_LNK_ID_CAT_PRD_LNK_LNK_ID` FOREIGN KEY (`link_id`) REFERENCES `catalog_product_link` (`link_id`) ON DELETE CASCADE,
  CONSTRAINT `FK_DEE9C4DA61CFCC01DFCF50F0D79CEA51` FOREIGN KEY (`product_link_attribute_id`) REFERENCES `catalog_product_link_attribute` (`product_link_attribute_id`) ON DELETE CASCADE
) ENGINE=InnoDB DEFAULT CHARSET=utf8 COMMENT='Catalog Product Link Varchar Attribute Table';

--
-- Dumping data for table `catalog_product_link_attribute_varchar`
--


--
-- Table structure for table `catalog_product_link_type`
--

CREATE TABLE `catalog_product_link_type` (
  `link_type_id` smallint(5) unsigned NOT NULL AUTO_INCREMENT COMMENT 'Link Type ID',
  `code` varchar(32) DEFAULT NULL COMMENT 'Code',
  PRIMARY KEY (`link_type_id`)
) ENGINE=InnoDB AUTO_INCREMENT=6 DEFAULT CHARSET=utf8 COMMENT='Catalog Product Link Type Table';

--
-- Dumping data for table `catalog_product_link_type`
--

INSERT INTO `catalog_product_link_type` VALUES (1,'relation'),(3,'super'),(4,'up_sell'),(5,'cross_sell');

--
-- Table structure for table `catalog_product_option`
--

CREATE TABLE `catalog_product_option` (
  `option_id` int(10) unsigned NOT NULL AUTO_INCREMENT COMMENT 'Option ID',
  `product_id` int(10) unsigned NOT NULL DEFAULT '0' COMMENT 'Product ID',
  `type` varchar(50) DEFAULT NULL COMMENT 'Type',
  `is_require` smallint(6) NOT NULL DEFAULT '1' COMMENT 'Is Required',
  `sku` varchar(64) DEFAULT NULL COMMENT 'SKU',
  `max_characters` int(10) unsigned DEFAULT NULL COMMENT 'Max Characters',
  `file_extension` varchar(50) DEFAULT NULL COMMENT 'File Extension',
  `image_size_x` smallint(5) unsigned DEFAULT NULL COMMENT 'Image Size X',
  `image_size_y` smallint(5) unsigned DEFAULT NULL COMMENT 'Image Size Y',
  `sort_order` int(10) unsigned NOT NULL DEFAULT '0' COMMENT 'Sort Order',
  PRIMARY KEY (`option_id`),
  KEY `CATALOG_PRODUCT_OPTION_PRODUCT_ID` (`product_id`),
  CONSTRAINT `CAT_PRD_OPT_PRD_ID_CAT_PRD_ENTT_ENTT_ID` FOREIGN KEY (`product_id`) REFERENCES `catalog_product_entity` (`entity_id`) ON DELETE CASCADE
) ENGINE=InnoDB DEFAULT CHARSET=utf8 COMMENT='Catalog Product Option Table';

--
-- Dumping data for table `catalog_product_option`
--


--
-- Table structure for table `catalog_product_option_price`
--

CREATE TABLE `catalog_product_option_price` (
  `option_price_id` int(10) unsigned NOT NULL AUTO_INCREMENT COMMENT 'Option Price ID',
  `option_id` int(10) unsigned NOT NULL DEFAULT '0' COMMENT 'Option ID',
  `store_id` smallint(5) unsigned NOT NULL DEFAULT '0' COMMENT 'Store ID',
  `price` decimal(20,6) NOT NULL DEFAULT '0.000000' COMMENT 'Price',
  `price_type` varchar(7) NOT NULL DEFAULT 'fixed' COMMENT 'Price Type',
  PRIMARY KEY (`option_price_id`),
  UNIQUE KEY `CATALOG_PRODUCT_OPTION_PRICE_OPTION_ID_STORE_ID` (`option_id`,`store_id`),
  KEY `CATALOG_PRODUCT_OPTION_PRICE_STORE_ID` (`store_id`),
  CONSTRAINT `CATALOG_PRODUCT_OPTION_PRICE_STORE_ID_STORE_STORE_ID` FOREIGN KEY (`store_id`) REFERENCES `store` (`store_id`) ON DELETE CASCADE,
  CONSTRAINT `CAT_PRD_OPT_PRICE_OPT_ID_CAT_PRD_OPT_OPT_ID` FOREIGN KEY (`option_id`) REFERENCES `catalog_product_option` (`option_id`) ON DELETE CASCADE
) ENGINE=InnoDB DEFAULT CHARSET=utf8 COMMENT='Catalog Product Option Price Table';

--
-- Dumping data for table `catalog_product_option_price`
--


--
-- Table structure for table `catalog_product_option_title`
--

CREATE TABLE `catalog_product_option_title` (
  `option_title_id` int(10) unsigned NOT NULL AUTO_INCREMENT COMMENT 'Option Title ID',
  `option_id` int(10) unsigned NOT NULL DEFAULT '0' COMMENT 'Option ID',
  `store_id` smallint(5) unsigned NOT NULL DEFAULT '0' COMMENT 'Store ID',
  `title` varchar(255) DEFAULT NULL COMMENT 'Title',
  PRIMARY KEY (`option_title_id`),
  UNIQUE KEY `CATALOG_PRODUCT_OPTION_TITLE_OPTION_ID_STORE_ID` (`option_id`,`store_id`),
  KEY `CATALOG_PRODUCT_OPTION_TITLE_STORE_ID` (`store_id`),
  CONSTRAINT `CATALOG_PRODUCT_OPTION_TITLE_STORE_ID_STORE_STORE_ID` FOREIGN KEY (`store_id`) REFERENCES `store` (`store_id`) ON DELETE CASCADE,
  CONSTRAINT `CAT_PRD_OPT_TTL_OPT_ID_CAT_PRD_OPT_OPT_ID` FOREIGN KEY (`option_id`) REFERENCES `catalog_product_option` (`option_id`) ON DELETE CASCADE
) ENGINE=InnoDB DEFAULT CHARSET=utf8 COMMENT='Catalog Product Option Title Table';

--
-- Dumping data for table `catalog_product_option_title`
--


--
-- Table structure for table `catalog_product_option_type_price`
--

CREATE TABLE `catalog_product_option_type_price` (
  `option_type_price_id` int(10) unsigned NOT NULL AUTO_INCREMENT COMMENT 'Option Type Price ID',
  `option_type_id` int(10) unsigned NOT NULL DEFAULT '0' COMMENT 'Option Type ID',
  `store_id` smallint(5) unsigned NOT NULL DEFAULT '0' COMMENT 'Store ID',
  `price` decimal(20,6) NOT NULL DEFAULT '0.000000' COMMENT 'Price',
  `price_type` varchar(7) NOT NULL DEFAULT 'fixed' COMMENT 'Price Type',
  PRIMARY KEY (`option_type_price_id`),
  UNIQUE KEY `CATALOG_PRODUCT_OPTION_TYPE_PRICE_OPTION_TYPE_ID_STORE_ID` (`option_type_id`,`store_id`),
  KEY `CATALOG_PRODUCT_OPTION_TYPE_PRICE_STORE_ID` (`store_id`),
  CONSTRAINT `CATALOG_PRODUCT_OPTION_TYPE_PRICE_STORE_ID_STORE_STORE_ID` FOREIGN KEY (`store_id`) REFERENCES `store` (`store_id`) ON DELETE CASCADE,
  CONSTRAINT `FK_B523E3378E8602F376CC415825576B7F` FOREIGN KEY (`option_type_id`) REFERENCES `catalog_product_option_type_value` (`option_type_id`) ON DELETE CASCADE
) ENGINE=InnoDB DEFAULT CHARSET=utf8 COMMENT='Catalog Product Option Type Price Table';

--
-- Dumping data for table `catalog_product_option_type_price`
--


--
-- Table structure for table `catalog_product_option_type_title`
--

CREATE TABLE `catalog_product_option_type_title` (
  `option_type_title_id` int(10) unsigned NOT NULL AUTO_INCREMENT COMMENT 'Option Type Title ID',
  `option_type_id` int(10) unsigned NOT NULL DEFAULT '0' COMMENT 'Option Type ID',
  `store_id` smallint(5) unsigned NOT NULL DEFAULT '0' COMMENT 'Store ID',
  `title` varchar(255) DEFAULT NULL COMMENT 'Title',
  PRIMARY KEY (`option_type_title_id`),
  UNIQUE KEY `CATALOG_PRODUCT_OPTION_TYPE_TITLE_OPTION_TYPE_ID_STORE_ID` (`option_type_id`,`store_id`),
  KEY `CATALOG_PRODUCT_OPTION_TYPE_TITLE_STORE_ID` (`store_id`),
  CONSTRAINT `CATALOG_PRODUCT_OPTION_TYPE_TITLE_STORE_ID_STORE_STORE_ID` FOREIGN KEY (`store_id`) REFERENCES `store` (`store_id`) ON DELETE CASCADE,
  CONSTRAINT `FK_C085B9CF2C2A302E8043FDEA1937D6A2` FOREIGN KEY (`option_type_id`) REFERENCES `catalog_product_option_type_value` (`option_type_id`) ON DELETE CASCADE
) ENGINE=InnoDB DEFAULT CHARSET=utf8 COMMENT='Catalog Product Option Type Title Table';

--
-- Dumping data for table `catalog_product_option_type_title`
--


--
-- Table structure for table `catalog_product_option_type_value`
--

CREATE TABLE `catalog_product_option_type_value` (
  `option_type_id` int(10) unsigned NOT NULL AUTO_INCREMENT COMMENT 'Option Type ID',
  `option_id` int(10) unsigned NOT NULL DEFAULT '0' COMMENT 'Option ID',
  `sku` varchar(64) DEFAULT NULL COMMENT 'SKU',
  `sort_order` int(10) unsigned NOT NULL DEFAULT '0' COMMENT 'Sort Order',
  PRIMARY KEY (`option_type_id`),
  KEY `CATALOG_PRODUCT_OPTION_TYPE_VALUE_OPTION_ID` (`option_id`),
  CONSTRAINT `CAT_PRD_OPT_TYPE_VAL_OPT_ID_CAT_PRD_OPT_OPT_ID` FOREIGN KEY (`option_id`) REFERENCES `catalog_product_option` (`option_id`) ON DELETE CASCADE
) ENGINE=InnoDB DEFAULT CHARSET=utf8 COMMENT='Catalog Product Option Type Value Table';

--
-- Dumping data for table `catalog_product_option_type_value`
--


--
-- Table structure for table `catalog_product_relation`
--

CREATE TABLE `catalog_product_relation` (
  `parent_id` int(10) unsigned NOT NULL COMMENT 'Parent ID',
  `child_id` int(10) unsigned NOT NULL COMMENT 'Child ID',
  PRIMARY KEY (`parent_id`,`child_id`),
  KEY `CATALOG_PRODUCT_RELATION_CHILD_ID` (`child_id`),
  CONSTRAINT `CAT_PRD_RELATION_CHILD_ID_CAT_PRD_ENTT_ENTT_ID` FOREIGN KEY (`child_id`) REFERENCES `catalog_product_entity` (`entity_id`) ON DELETE CASCADE,
  CONSTRAINT `CAT_PRD_RELATION_PARENT_ID_CAT_PRD_ENTT_ENTT_ID` FOREIGN KEY (`parent_id`) REFERENCES `catalog_product_entity` (`entity_id`) ON DELETE CASCADE
) ENGINE=InnoDB DEFAULT CHARSET=utf8 COMMENT='Catalog Product Relation Table';

--
-- Dumping data for table `catalog_product_relation`
--

INSERT INTO `catalog_product_relation` VALUES (7,2),(7,5),(7,6);

--
-- Table structure for table `catalog_product_super_attribute`
--

CREATE TABLE `catalog_product_super_attribute` (
  `product_super_attribute_id` int(10) unsigned NOT NULL AUTO_INCREMENT COMMENT 'Product Super Attribute ID',
  `product_id` int(10) unsigned NOT NULL DEFAULT '0' COMMENT 'Product ID',
  `attribute_id` smallint(5) unsigned NOT NULL DEFAULT '0' COMMENT 'Attribute ID',
  `position` smallint(5) unsigned NOT NULL DEFAULT '0' COMMENT 'Position',
  PRIMARY KEY (`product_super_attribute_id`),
  UNIQUE KEY `CATALOG_PRODUCT_SUPER_ATTRIBUTE_PRODUCT_ID_ATTRIBUTE_ID` (`product_id`,`attribute_id`),
  CONSTRAINT `CAT_PRD_SPR_ATTR_PRD_ID_CAT_PRD_ENTT_ENTT_ID` FOREIGN KEY (`product_id`) REFERENCES `catalog_product_entity` (`entity_id`) ON DELETE CASCADE
) ENGINE=InnoDB AUTO_INCREMENT=2 DEFAULT CHARSET=utf8 COMMENT='Catalog Product Super Attribute Table';

--
-- Dumping data for table `catalog_product_super_attribute`
--

INSERT INTO `catalog_product_super_attribute` VALUES (1,7,162,0);

--
-- Table structure for table `catalog_product_super_attribute_label`
--

CREATE TABLE `catalog_product_super_attribute_label` (
  `value_id` int(10) unsigned NOT NULL AUTO_INCREMENT COMMENT 'Value ID',
  `product_super_attribute_id` int(10) unsigned NOT NULL DEFAULT '0' COMMENT 'Product Super Attribute ID',
  `store_id` smallint(5) unsigned NOT NULL DEFAULT '0' COMMENT 'Store ID',
  `use_default` smallint(5) unsigned DEFAULT '0' COMMENT 'Use Default Value',
  `value` varchar(255) DEFAULT NULL COMMENT 'Value',
  PRIMARY KEY (`value_id`),
  UNIQUE KEY `CAT_PRD_SPR_ATTR_LBL_PRD_SPR_ATTR_ID_STORE_ID` (`product_super_attribute_id`,`store_id`),
  KEY `CATALOG_PRODUCT_SUPER_ATTRIBUTE_LABEL_STORE_ID` (`store_id`),
  CONSTRAINT `CATALOG_PRODUCT_SUPER_ATTRIBUTE_LABEL_STORE_ID_STORE_STORE_ID` FOREIGN KEY (`store_id`) REFERENCES `store` (`store_id`) ON DELETE CASCADE,
  CONSTRAINT `FK_309442281DF7784210ED82B2CC51E5D5` FOREIGN KEY (`product_super_attribute_id`) REFERENCES `catalog_product_super_attribute` (`product_super_attribute_id`) ON DELETE CASCADE
) ENGINE=InnoDB AUTO_INCREMENT=2 DEFAULT CHARSET=utf8 COMMENT='Catalog Product Super Attribute Label Table';

--
-- Dumping data for table `catalog_product_super_attribute_label`
--

INSERT INTO `catalog_product_super_attribute_label` VALUES (1,1,0,0,'barva');

--
-- Table structure for table `catalog_product_super_link`
--

CREATE TABLE `catalog_product_super_link` (
  `link_id` int(10) unsigned NOT NULL AUTO_INCREMENT COMMENT 'Link ID',
  `product_id` int(10) unsigned NOT NULL DEFAULT '0' COMMENT 'Product ID',
  `parent_id` int(10) unsigned NOT NULL DEFAULT '0' COMMENT 'Parent ID',
  PRIMARY KEY (`link_id`),
  UNIQUE KEY `CATALOG_PRODUCT_SUPER_LINK_PRODUCT_ID_PARENT_ID` (`product_id`,`parent_id`),
  KEY `CATALOG_PRODUCT_SUPER_LINK_PARENT_ID` (`parent_id`),
  CONSTRAINT `CAT_PRD_SPR_LNK_PARENT_ID_CAT_PRD_ENTT_ENTT_ID` FOREIGN KEY (`parent_id`) REFERENCES `catalog_product_entity` (`entity_id`) ON DELETE CASCADE,
  CONSTRAINT `CAT_PRD_SPR_LNK_PRD_ID_CAT_PRD_ENTT_ENTT_ID` FOREIGN KEY (`product_id`) REFERENCES `catalog_product_entity` (`entity_id`) ON DELETE CASCADE
) ENGINE=InnoDB AUTO_INCREMENT=4 DEFAULT CHARSET=utf8 COMMENT='Catalog Product Super Link Table';

--
-- Dumping data for table `catalog_product_super_link`
--

INSERT INTO `catalog_product_super_link` VALUES (1,2,7),(2,5,7),(3,6,7);

--
-- Table structure for table `catalog_product_website`
--

CREATE TABLE `catalog_product_website` (
  `product_id` int(10) unsigned NOT NULL COMMENT 'Product ID',
  `website_id` smallint(5) unsigned NOT NULL COMMENT 'Website ID',
  PRIMARY KEY (`product_id`,`website_id`),
  KEY `CATALOG_PRODUCT_WEBSITE_WEBSITE_ID` (`website_id`),
  CONSTRAINT `CATALOG_PRODUCT_WEBSITE_WEBSITE_ID_STORE_WEBSITE_WEBSITE_ID` FOREIGN KEY (`website_id`) REFERENCES `store_website` (`website_id`) ON DELETE CASCADE,
  CONSTRAINT `CAT_PRD_WS_PRD_ID_CAT_PRD_ENTT_ENTT_ID` FOREIGN KEY (`product_id`) REFERENCES `catalog_product_entity` (`entity_id`) ON DELETE CASCADE
) ENGINE=InnoDB DEFAULT CHARSET=utf8 COMMENT='Catalog Product To Website Linkage Table';

--
-- Dumping data for table `catalog_product_website`
--

INSERT INTO `catalog_product_website` VALUES (2,1),(5,1),(6,1),(7,1);

--
-- Table structure for table `catalog_url_rewrite_product_category`
--

CREATE TABLE `catalog_url_rewrite_product_category` (
  `url_rewrite_id` int(10) unsigned NOT NULL COMMENT 'url_rewrite_id',
  `category_id` int(10) unsigned NOT NULL COMMENT 'category_id',
  `product_id` int(10) unsigned NOT NULL COMMENT 'product_id',
  PRIMARY KEY (`url_rewrite_id`),
  KEY `CAT_URL_REWRITE_PRD_CTGR_PRD_ID_CAT_PRD_ENTT_ENTT_ID` (`product_id`),
  KEY `CATALOG_URL_REWRITE_PRODUCT_CATEGORY_CATEGORY_ID_PRODUCT_ID` (`category_id`,`product_id`),
  CONSTRAINT `CAT_URL_REWRITE_PRD_CTGR_CTGR_ID_CAT_CTGR_ENTT_ENTT_ID` FOREIGN KEY (`category_id`) REFERENCES `catalog_category_entity` (`entity_id`) ON DELETE CASCADE,
  CONSTRAINT `CAT_URL_REWRITE_PRD_CTGR_PRD_ID_CAT_PRD_ENTT_ENTT_ID` FOREIGN KEY (`product_id`) REFERENCES `catalog_product_entity` (`entity_id`) ON DELETE CASCADE,
  CONSTRAINT `FK_BB79E64705D7F17FE181F23144528FC8` FOREIGN KEY (`url_rewrite_id`) REFERENCES `url_rewrite` (`url_rewrite_id`) ON DELETE CASCADE
) ENGINE=InnoDB DEFAULT CHARSET=utf8 COMMENT='url_rewrite_relation';

--
-- Dumping data for table `catalog_url_rewrite_product_category`
--

INSERT INTO `catalog_url_rewrite_product_category` VALUES (77,9,7),(79,9,7),(81,9,7);

--
-- Table structure for table `cataloginventory_stock`
--

CREATE TABLE `cataloginventory_stock` (
  `stock_id` smallint(5) unsigned NOT NULL AUTO_INCREMENT COMMENT 'Stock ID',
  `website_id` smallint(5) unsigned NOT NULL COMMENT 'Website ID',
  `stock_name` varchar(255) DEFAULT NULL COMMENT 'Stock Name',
  PRIMARY KEY (`stock_id`),
  KEY `CATALOGINVENTORY_STOCK_WEBSITE_ID` (`website_id`)
) ENGINE=InnoDB AUTO_INCREMENT=2 DEFAULT CHARSET=utf8 COMMENT='Cataloginventory Stock';

--
-- Dumping data for table `cataloginventory_stock`
--

INSERT INTO `cataloginventory_stock` VALUES (1,0,'Default');

--
-- Table structure for table `cataloginventory_stock_item`
--

CREATE TABLE `cataloginventory_stock_item` (
  `item_id` int(10) unsigned NOT NULL AUTO_INCREMENT COMMENT 'Item ID',
  `product_id` int(10) unsigned NOT NULL DEFAULT '0' COMMENT 'Product ID',
  `stock_id` smallint(5) unsigned NOT NULL DEFAULT '0' COMMENT 'Stock ID',
  `qty` decimal(12,4) DEFAULT NULL COMMENT 'Qty',
  `min_qty` decimal(12,4) NOT NULL DEFAULT '0.0000' COMMENT 'Min Qty',
  `use_config_min_qty` smallint(5) unsigned NOT NULL DEFAULT '1' COMMENT 'Use Config Min Qty',
  `is_qty_decimal` smallint(5) unsigned NOT NULL DEFAULT '0' COMMENT 'Is Qty Decimal',
  `backorders` smallint(5) unsigned NOT NULL DEFAULT '0' COMMENT 'Backorders',
  `use_config_backorders` smallint(5) unsigned NOT NULL DEFAULT '1' COMMENT 'Use Config Backorders',
  `min_sale_qty` decimal(12,4) NOT NULL DEFAULT '1.0000' COMMENT 'Min Sale Qty',
  `use_config_min_sale_qty` smallint(5) unsigned NOT NULL DEFAULT '1' COMMENT 'Use Config Min Sale Qty',
  `max_sale_qty` decimal(12,4) NOT NULL DEFAULT '0.0000' COMMENT 'Max Sale Qty',
  `use_config_max_sale_qty` smallint(5) unsigned NOT NULL DEFAULT '1' COMMENT 'Use Config Max Sale Qty',
  `is_in_stock` smallint(5) unsigned NOT NULL DEFAULT '0' COMMENT 'Is In Stock',
  `low_stock_date` timestamp NULL DEFAULT NULL COMMENT 'Low Stock Date',
  `notify_stock_qty` decimal(12,4) DEFAULT NULL COMMENT 'Notify Stock Qty',
  `use_config_notify_stock_qty` smallint(5) unsigned NOT NULL DEFAULT '1' COMMENT 'Use Config Notify Stock Qty',
  `manage_stock` smallint(5) unsigned NOT NULL DEFAULT '0' COMMENT 'Manage Stock',
  `use_config_manage_stock` smallint(5) unsigned NOT NULL DEFAULT '1' COMMENT 'Use Config Manage Stock',
  `stock_status_changed_auto` smallint(5) unsigned NOT NULL DEFAULT '0' COMMENT 'Stock Status Changed Automatically',
  `use_config_qty_increments` smallint(5) unsigned NOT NULL DEFAULT '1' COMMENT 'Use Config Qty Increments',
  `qty_increments` decimal(12,4) NOT NULL DEFAULT '0.0000' COMMENT 'Qty Increments',
  `use_config_enable_qty_inc` smallint(5) unsigned NOT NULL DEFAULT '1' COMMENT 'Use Config Enable Qty Increments',
  `enable_qty_increments` smallint(5) unsigned NOT NULL DEFAULT '0' COMMENT 'Enable Qty Increments',
  `is_decimal_divided` smallint(5) unsigned NOT NULL DEFAULT '0' COMMENT 'Is Divided into Multiple Boxes for Shipping',
  `website_id` smallint(5) unsigned NOT NULL DEFAULT '0' COMMENT 'Website ID',
  PRIMARY KEY (`item_id`),
  UNIQUE KEY `CATALOGINVENTORY_STOCK_ITEM_PRODUCT_ID_STOCK_ID` (`product_id`,`stock_id`),
  KEY `CATALOGINVENTORY_STOCK_ITEM_WEBSITE_ID` (`website_id`),
  KEY `CATALOGINVENTORY_STOCK_ITEM_WEBSITE_ID_PRODUCT_ID` (`website_id`,`product_id`),
  KEY `CATALOGINVENTORY_STOCK_ITEM_STOCK_ID` (`stock_id`),
  CONSTRAINT `CATINV_STOCK_ITEM_PRD_ID_CAT_PRD_ENTT_ENTT_ID` FOREIGN KEY (`product_id`) REFERENCES `catalog_product_entity` (`entity_id`) ON DELETE CASCADE,
  CONSTRAINT `CATINV_STOCK_ITEM_STOCK_ID_CATINV_STOCK_STOCK_ID` FOREIGN KEY (`stock_id`) REFERENCES `cataloginventory_stock` (`stock_id`) ON DELETE CASCADE
) ENGINE=InnoDB AUTO_INCREMENT=8 DEFAULT CHARSET=utf8 COMMENT='Cataloginventory Stock Item';

--
-- Dumping data for table `cataloginventory_stock_item`
--

INSERT INTO `cataloginventory_stock_item` VALUES (2,2,1,100.0000,0.0000,1,0,0,1,1.0000,1,10000.0000,1,1,NULL,1.0000,1,1,1,0,1,1.0000,1,0,0,0),(5,5,1,100.0000,0.0000,1,0,0,1,1.0000,1,10000.0000,1,1,NULL,1.0000,1,1,1,0,1,1.0000,1,0,0,0),(6,6,1,100.0000,0.0000,1,0,0,1,1.0000,1,10000.0000,1,1,NULL,1.0000,1,1,1,0,1,1.0000,1,0,0,0),(7,7,1,0.0000,0.0000,1,0,0,1,1.0000,1,10000.0000,1,1,NULL,1.0000,1,1,1,0,1,1.0000,1,0,0,0);

--
-- Table structure for table `cataloginventory_stock_status`
--

CREATE TABLE `cataloginventory_stock_status` (
  `product_id` int(10) unsigned NOT NULL COMMENT 'Product ID',
  `website_id` smallint(5) unsigned NOT NULL COMMENT 'Website ID',
  `stock_id` smallint(5) unsigned NOT NULL COMMENT 'Stock ID',
  `qty` decimal(12,4) NOT NULL DEFAULT '0.0000' COMMENT 'Qty',
  `stock_status` smallint(5) unsigned NOT NULL COMMENT 'Stock Status',
  PRIMARY KEY (`product_id`,`website_id`,`stock_id`),
  KEY `CATALOGINVENTORY_STOCK_STATUS_STOCK_ID` (`stock_id`),
  KEY `CATALOGINVENTORY_STOCK_STATUS_WEBSITE_ID` (`website_id`),
  KEY `CATALOGINVENTORY_STOCK_STATUS_STOCK_STATUS` (`stock_status`)
) ENGINE=InnoDB DEFAULT CHARSET=utf8 COMMENT='Cataloginventory Stock Status';

--
-- Dumping data for table `cataloginventory_stock_status`
--

INSERT INTO `cataloginventory_stock_status` VALUES (2,0,1,100.0000,1),(5,0,1,100.0000,1),(6,0,1,100.0000,1),(7,0,1,0.0000,1);

--
-- Table structure for table `cataloginventory_stock_status_idx`
--

CREATE TABLE `cataloginventory_stock_status_idx` (
  `product_id` int(10) unsigned NOT NULL COMMENT 'Product ID',
  `website_id` smallint(5) unsigned NOT NULL COMMENT 'Website ID',
  `stock_id` smallint(5) unsigned NOT NULL COMMENT 'Stock ID',
  `qty` decimal(12,4) NOT NULL DEFAULT '0.0000' COMMENT 'Qty',
  `stock_status` smallint(5) unsigned NOT NULL COMMENT 'Stock Status',
  PRIMARY KEY (`product_id`,`website_id`,`stock_id`),
  KEY `CATALOGINVENTORY_STOCK_STATUS_IDX_STOCK_ID` (`stock_id`),
  KEY `CATALOGINVENTORY_STOCK_STATUS_IDX_WEBSITE_ID` (`website_id`)
) ENGINE=InnoDB DEFAULT CHARSET=utf8 COMMENT='Cataloginventory Stock Status Indexer Idx';

--
-- Dumping data for table `cataloginventory_stock_status_idx`
--


--
-- Table structure for table `cataloginventory_stock_status_replica`
--

CREATE TABLE `cataloginventory_stock_status_replica` (
  `product_id` int(10) unsigned NOT NULL COMMENT 'Product ID',
  `website_id` smallint(5) unsigned NOT NULL COMMENT 'Website ID',
  `stock_id` smallint(5) unsigned NOT NULL COMMENT 'Stock ID',
  `qty` decimal(12,4) NOT NULL DEFAULT '0.0000' COMMENT 'Qty',
  `stock_status` smallint(5) unsigned NOT NULL COMMENT 'Stock Status',
  PRIMARY KEY (`product_id`,`website_id`,`stock_id`),
  KEY `CATALOGINVENTORY_STOCK_STATUS_STOCK_ID` (`stock_id`),
  KEY `CATALOGINVENTORY_STOCK_STATUS_WEBSITE_ID` (`website_id`),
  KEY `CATALOGINVENTORY_STOCK_STATUS_STOCK_STATUS` (`stock_status`)
) ENGINE=InnoDB DEFAULT CHARSET=utf8 COMMENT='Cataloginventory Stock Status';

--
-- Dumping data for table `cataloginventory_stock_status_replica`
--

INSERT INTO `cataloginventory_stock_status_replica` VALUES (2,0,1,100.0000,1),(5,0,1,100.0000,1),(6,0,1,100.0000,1),(7,0,1,0.0000,1);

--
-- Table structure for table `cataloginventory_stock_status_tmp`
--

CREATE TABLE `cataloginventory_stock_status_tmp` (
  `product_id` int(10) unsigned NOT NULL COMMENT 'Product ID',
  `website_id` smallint(5) unsigned NOT NULL COMMENT 'Website ID',
  `stock_id` smallint(5) unsigned NOT NULL COMMENT 'Stock ID',
  `qty` decimal(12,4) NOT NULL DEFAULT '0.0000' COMMENT 'Qty',
  `stock_status` smallint(5) unsigned NOT NULL COMMENT 'Stock Status',
  PRIMARY KEY (`product_id`,`website_id`,`stock_id`),
  KEY `CATALOGINVENTORY_STOCK_STATUS_TMP_STOCK_ID` (`stock_id`),
  KEY `CATALOGINVENTORY_STOCK_STATUS_TMP_WEBSITE_ID` (`website_id`)
) ENGINE=InnoDB DEFAULT CHARSET=utf8 COMMENT='Cataloginventory Stock Status Indexer Tmp';

--
-- Dumping data for table `cataloginventory_stock_status_tmp`
--


--
-- Table structure for table `catalogrule`
--

CREATE TABLE `catalogrule` (
  `rule_id` int(10) unsigned NOT NULL AUTO_INCREMENT COMMENT 'Entity ID',
  `name` varchar(255) DEFAULT NULL COMMENT 'Name',
  `description` text COMMENT 'Description',
  `from_date` date DEFAULT NULL COMMENT 'From',
  `to_date` date DEFAULT NULL COMMENT 'To',
  `is_active` smallint(6) NOT NULL DEFAULT '0' COMMENT 'Is Active',
  `conditions_serialized` mediumtext COMMENT 'Conditions Serialized',
  `actions_serialized` mediumtext COMMENT 'Actions Serialized',
  `stop_rules_processing` smallint(6) NOT NULL DEFAULT '1' COMMENT 'Stop Rules Processing',
  `sort_order` int(10) unsigned NOT NULL DEFAULT '0' COMMENT 'Sort Order',
  `simple_action` varchar(32) DEFAULT NULL COMMENT 'Simple Action',
  `discount_amount` decimal(20,6) NOT NULL DEFAULT '0.000000' COMMENT 'Discount Amount',
  PRIMARY KEY (`rule_id`),
  KEY `CATALOGRULE_IS_ACTIVE_SORT_ORDER_TO_DATE_FROM_DATE` (`is_active`,`sort_order`,`to_date`,`from_date`)
) ENGINE=InnoDB DEFAULT CHARSET=utf8 COMMENT='CatalogRule';

--
-- Dumping data for table `catalogrule`
--


--
-- Table structure for table `catalogrule_customer_group`
--

CREATE TABLE `catalogrule_customer_group` (
  `rule_id` int(10) unsigned NOT NULL COMMENT 'Rule ID',
  `customer_group_id` int(10) unsigned NOT NULL COMMENT 'Customer Group ID',
  PRIMARY KEY (`rule_id`,`customer_group_id`),
  KEY `CATALOGRULE_CUSTOMER_GROUP_CUSTOMER_GROUP_ID` (`customer_group_id`),
  CONSTRAINT `CATALOGRULE_CUSTOMER_GROUP_RULE_ID_CATALOGRULE_RULE_ID` FOREIGN KEY (`rule_id`) REFERENCES `catalogrule` (`rule_id`) ON DELETE CASCADE,
  CONSTRAINT `CATRULE_CSTR_GROUP_CSTR_GROUP_ID_CSTR_GROUP_CSTR_GROUP_ID` FOREIGN KEY (`customer_group_id`) REFERENCES `customer_group` (`customer_group_id`) ON DELETE CASCADE
) ENGINE=InnoDB DEFAULT CHARSET=utf8 COMMENT='Catalog Rules To Customer Groups Relations';

--
-- Dumping data for table `catalogrule_customer_group`
--


--
-- Table structure for table `catalogrule_group_website`
--

CREATE TABLE `catalogrule_group_website` (
  `rule_id` int(10) unsigned NOT NULL DEFAULT '0' COMMENT 'Rule ID',
  `customer_group_id` int(10) unsigned NOT NULL DEFAULT '0' COMMENT 'Customer Group ID',
  `website_id` smallint(5) unsigned NOT NULL DEFAULT '0' COMMENT 'Website ID',
  PRIMARY KEY (`rule_id`,`customer_group_id`,`website_id`),
  KEY `CATALOGRULE_GROUP_WEBSITE_CUSTOMER_GROUP_ID` (`customer_group_id`),
  KEY `CATALOGRULE_GROUP_WEBSITE_WEBSITE_ID` (`website_id`)
) ENGINE=InnoDB DEFAULT CHARSET=utf8 COMMENT='CatalogRule Group Website';

--
-- Dumping data for table `catalogrule_group_website`
--


--
-- Table structure for table `catalogrule_group_website_replica`
--

CREATE TABLE `catalogrule_group_website_replica` (
  `rule_id` int(10) unsigned NOT NULL DEFAULT '0' COMMENT 'Rule ID',
  `customer_group_id` int(10) unsigned NOT NULL DEFAULT '0' COMMENT 'Customer Group ID',
  `website_id` smallint(5) unsigned NOT NULL DEFAULT '0' COMMENT 'Website ID',
  PRIMARY KEY (`rule_id`,`customer_group_id`,`website_id`),
  KEY `CATALOGRULE_GROUP_WEBSITE_CUSTOMER_GROUP_ID` (`customer_group_id`),
  KEY `CATALOGRULE_GROUP_WEBSITE_WEBSITE_ID` (`website_id`)
) ENGINE=InnoDB DEFAULT CHARSET=utf8 COMMENT='CatalogRule Group Website';

--
-- Dumping data for table `catalogrule_group_website_replica`
--


--
-- Table structure for table `catalogrule_product`
--

CREATE TABLE `catalogrule_product` (
  `rule_product_id` int(10) unsigned NOT NULL AUTO_INCREMENT COMMENT 'Rule Product ID',
  `rule_id` int(10) unsigned NOT NULL DEFAULT '0' COMMENT 'Rule ID',
  `from_time` int(10) unsigned NOT NULL DEFAULT '0' COMMENT 'From Time',
  `to_time` int(10) unsigned NOT NULL DEFAULT '0' COMMENT 'To time',
  `customer_group_id` int(11) DEFAULT NULL,
  `product_id` int(10) unsigned NOT NULL DEFAULT '0' COMMENT 'Product ID',
  `action_operator` varchar(10) DEFAULT 'to_fixed' COMMENT 'Action Operator',
  `action_amount` decimal(20,6) NOT NULL DEFAULT '0.000000' COMMENT 'Action Amount',
  `action_stop` smallint(6) NOT NULL DEFAULT '0' COMMENT 'Action Stop',
  `sort_order` int(10) unsigned NOT NULL DEFAULT '0' COMMENT 'Sort Order',
  `website_id` smallint(5) unsigned NOT NULL COMMENT 'Website ID',
  PRIMARY KEY (`rule_product_id`),
  UNIQUE KEY `UNQ_EAA51B56FF092A0DCB795D1CEF812B7B` (`rule_id`,`from_time`,`to_time`,`website_id`,`customer_group_id`,`product_id`,`sort_order`),
  KEY `CATALOGRULE_PRODUCT_CUSTOMER_GROUP_ID` (`customer_group_id`),
  KEY `CATALOGRULE_PRODUCT_WEBSITE_ID` (`website_id`),
  KEY `CATALOGRULE_PRODUCT_FROM_TIME` (`from_time`),
  KEY `CATALOGRULE_PRODUCT_TO_TIME` (`to_time`),
  KEY `CATALOGRULE_PRODUCT_PRODUCT_ID` (`product_id`)
) ENGINE=InnoDB DEFAULT CHARSET=utf8 COMMENT='CatalogRule Product';

--
-- Dumping data for table `catalogrule_product`
--


--
-- Table structure for table `catalogrule_product_price`
--

CREATE TABLE `catalogrule_product_price` (
  `rule_product_price_id` int(10) unsigned NOT NULL AUTO_INCREMENT COMMENT 'Rule Product PriceId',
  `rule_date` date NOT NULL COMMENT 'Rule Date',
  `customer_group_id` int(11) DEFAULT NULL,
  `product_id` int(10) unsigned NOT NULL DEFAULT '0' COMMENT 'Product ID',
  `rule_price` decimal(20,6) NOT NULL DEFAULT '0.000000' COMMENT 'Rule Price',
  `website_id` smallint(5) unsigned NOT NULL COMMENT 'Website ID',
  `latest_start_date` date DEFAULT NULL COMMENT 'Latest StartDate',
  `earliest_end_date` date DEFAULT NULL COMMENT 'Earliest EndDate',
  PRIMARY KEY (`rule_product_price_id`),
  UNIQUE KEY `CATRULE_PRD_PRICE_RULE_DATE_WS_ID_CSTR_GROUP_ID_PRD_ID` (`rule_date`,`website_id`,`customer_group_id`,`product_id`),
  KEY `CATALOGRULE_PRODUCT_PRICE_CUSTOMER_GROUP_ID` (`customer_group_id`),
  KEY `CATALOGRULE_PRODUCT_PRICE_WEBSITE_ID` (`website_id`),
  KEY `CATALOGRULE_PRODUCT_PRICE_PRODUCT_ID` (`product_id`)
) ENGINE=InnoDB DEFAULT CHARSET=utf8 COMMENT='CatalogRule Product Price';

--
-- Dumping data for table `catalogrule_product_price`
--


--
-- Table structure for table `catalogrule_product_price_replica`
--

CREATE TABLE `catalogrule_product_price_replica` (
  `rule_product_price_id` int(10) unsigned NOT NULL AUTO_INCREMENT COMMENT 'Rule Product PriceId',
  `rule_date` date NOT NULL COMMENT 'Rule Date',
  `customer_group_id` int(11) DEFAULT NULL,
  `product_id` int(10) unsigned NOT NULL DEFAULT '0' COMMENT 'Product ID',
  `rule_price` decimal(20,6) NOT NULL DEFAULT '0.000000' COMMENT 'Rule Price',
  `website_id` smallint(5) unsigned NOT NULL COMMENT 'Website ID',
  `latest_start_date` date DEFAULT NULL COMMENT 'Latest StartDate',
  `earliest_end_date` date DEFAULT NULL COMMENT 'Earliest EndDate',
  PRIMARY KEY (`rule_product_price_id`),
  UNIQUE KEY `CATRULE_PRD_PRICE_RULE_DATE_WS_ID_CSTR_GROUP_ID_PRD_ID` (`rule_date`,`website_id`,`customer_group_id`,`product_id`),
  KEY `CATALOGRULE_PRODUCT_PRICE_CUSTOMER_GROUP_ID` (`customer_group_id`),
  KEY `CATALOGRULE_PRODUCT_PRICE_WEBSITE_ID` (`website_id`),
  KEY `CATALOGRULE_PRODUCT_PRICE_PRODUCT_ID` (`product_id`)
) ENGINE=InnoDB DEFAULT CHARSET=utf8 COMMENT='CatalogRule Product Price';

--
-- Dumping data for table `catalogrule_product_price_replica`
--


--
-- Table structure for table `catalogrule_product_replica`
--

CREATE TABLE `catalogrule_product_replica` (
  `rule_product_id` int(10) unsigned NOT NULL AUTO_INCREMENT COMMENT 'Rule Product ID',
  `rule_id` int(10) unsigned NOT NULL DEFAULT '0' COMMENT 'Rule ID',
  `from_time` int(10) unsigned NOT NULL DEFAULT '0' COMMENT 'From Time',
  `to_time` int(10) unsigned NOT NULL DEFAULT '0' COMMENT 'To time',
  `customer_group_id` int(11) DEFAULT NULL,
  `product_id` int(10) unsigned NOT NULL DEFAULT '0' COMMENT 'Product ID',
  `action_operator` varchar(10) DEFAULT 'to_fixed' COMMENT 'Action Operator',
  `action_amount` decimal(20,6) NOT NULL DEFAULT '0.000000' COMMENT 'Action Amount',
  `action_stop` smallint(6) NOT NULL DEFAULT '0' COMMENT 'Action Stop',
  `sort_order` int(10) unsigned NOT NULL DEFAULT '0' COMMENT 'Sort Order',
  `website_id` smallint(5) unsigned NOT NULL COMMENT 'Website ID',
  PRIMARY KEY (`rule_product_id`),
  UNIQUE KEY `UNQ_EAA51B56FF092A0DCB795D1CEF812B7B` (`rule_id`,`from_time`,`to_time`,`website_id`,`customer_group_id`,`product_id`,`sort_order`),
  KEY `CATALOGRULE_PRODUCT_CUSTOMER_GROUP_ID` (`customer_group_id`),
  KEY `CATALOGRULE_PRODUCT_WEBSITE_ID` (`website_id`),
  KEY `CATALOGRULE_PRODUCT_FROM_TIME` (`from_time`),
  KEY `CATALOGRULE_PRODUCT_TO_TIME` (`to_time`),
  KEY `CATALOGRULE_PRODUCT_PRODUCT_ID` (`product_id`)
) ENGINE=InnoDB DEFAULT CHARSET=utf8 COMMENT='CatalogRule Product';

--
-- Dumping data for table `catalogrule_product_replica`
--


--
-- Table structure for table `catalogrule_website`
--

CREATE TABLE `catalogrule_website` (
  `rule_id` int(10) unsigned NOT NULL COMMENT 'Rule ID',
  `website_id` smallint(5) unsigned NOT NULL COMMENT 'Website ID',
  PRIMARY KEY (`rule_id`,`website_id`),
  KEY `CATALOGRULE_WEBSITE_WEBSITE_ID` (`website_id`),
  CONSTRAINT `CATALOGRULE_WEBSITE_RULE_ID_CATALOGRULE_RULE_ID` FOREIGN KEY (`rule_id`) REFERENCES `catalogrule` (`rule_id`) ON DELETE CASCADE,
  CONSTRAINT `CATALOGRULE_WEBSITE_WEBSITE_ID_STORE_WEBSITE_WEBSITE_ID` FOREIGN KEY (`website_id`) REFERENCES `store_website` (`website_id`) ON DELETE CASCADE
) ENGINE=InnoDB DEFAULT CHARSET=utf8 COMMENT='Catalog Rules To Websites Relations';

--
-- Dumping data for table `catalogrule_website`
--


--
-- Table structure for table `catalogsearch_recommendations`
--

CREATE TABLE `catalogsearch_recommendations` (
  `id` int(10) unsigned NOT NULL AUTO_INCREMENT COMMENT 'ID',
  `query_id` int(10) unsigned NOT NULL DEFAULT '0' COMMENT 'Query ID',
  `relation_id` int(10) unsigned NOT NULL DEFAULT '0' COMMENT 'Relation ID',
  PRIMARY KEY (`id`),
  KEY `CATALOGSEARCH_RECOMMENDATIONS_QUERY_ID_SEARCH_QUERY_QUERY_ID` (`query_id`),
  KEY `CATALOGSEARCH_RECOMMENDATIONS_RELATION_ID_SEARCH_QUERY_QUERY_ID` (`relation_id`),
  CONSTRAINT `CATALOGSEARCH_RECOMMENDATIONS_QUERY_ID_SEARCH_QUERY_QUERY_ID` FOREIGN KEY (`query_id`) REFERENCES `search_query` (`query_id`) ON DELETE CASCADE,
  CONSTRAINT `CATALOGSEARCH_RECOMMENDATIONS_RELATION_ID_SEARCH_QUERY_QUERY_ID` FOREIGN KEY (`relation_id`) REFERENCES `search_query` (`query_id`) ON DELETE CASCADE
) ENGINE=InnoDB DEFAULT CHARSET=utf8 COMMENT='Advanced Search Recommendations';

--
-- Dumping data for table `catalogsearch_recommendations`
--


--
-- Table structure for table `checkout_agreement`
--

CREATE TABLE `checkout_agreement` (
  `agreement_id` int(10) unsigned NOT NULL AUTO_INCREMENT COMMENT 'Agreement ID',
  `name` varchar(255) DEFAULT NULL COMMENT 'Name',
  `content` text COMMENT 'Content',
  `content_height` varchar(25) DEFAULT NULL COMMENT 'Content Height',
  `checkbox_text` text COMMENT 'Checkbox Text',
  `is_active` smallint(6) NOT NULL DEFAULT '0' COMMENT 'Is Active',
  `is_html` smallint(6) NOT NULL DEFAULT '0' COMMENT 'Is Html',
  `mode` smallint(6) NOT NULL DEFAULT '0' COMMENT 'Applied mode',
  PRIMARY KEY (`agreement_id`)
) ENGINE=InnoDB DEFAULT CHARSET=utf8 COMMENT='Checkout Agreement';

--
-- Dumping data for table `checkout_agreement`
--


--
-- Table structure for table `checkout_agreement_store`
--

CREATE TABLE `checkout_agreement_store` (
  `agreement_id` int(10) unsigned NOT NULL COMMENT 'Agreement ID',
  `store_id` smallint(5) unsigned NOT NULL COMMENT 'Store ID',
  PRIMARY KEY (`agreement_id`,`store_id`),
  KEY `CHECKOUT_AGREEMENT_STORE_STORE_ID_STORE_STORE_ID` (`store_id`),
  CONSTRAINT `CHECKOUT_AGREEMENT_STORE_STORE_ID_STORE_STORE_ID` FOREIGN KEY (`store_id`) REFERENCES `store` (`store_id`) ON DELETE CASCADE,
  CONSTRAINT `CHKT_AGRT_STORE_AGRT_ID_CHKT_AGRT_AGRT_ID` FOREIGN KEY (`agreement_id`) REFERENCES `checkout_agreement` (`agreement_id`) ON DELETE CASCADE
) ENGINE=InnoDB DEFAULT CHARSET=utf8 COMMENT='Checkout Agreement Store';

--
-- Dumping data for table `checkout_agreement_store`
--


--
-- Table structure for table `cms_block`
--

CREATE TABLE `cms_block` (
  `block_id` smallint(6) NOT NULL AUTO_INCREMENT COMMENT 'Entity ID',
  `title` varchar(255) NOT NULL COMMENT 'Block Title',
  `identifier` varchar(255) NOT NULL COMMENT 'Block String Identifier',
  `content` mediumtext COMMENT 'Block Content',
  `creation_time` timestamp NOT NULL DEFAULT CURRENT_TIMESTAMP COMMENT 'Block Creation Time',
  `update_time` timestamp NOT NULL DEFAULT CURRENT_TIMESTAMP ON UPDATE CURRENT_TIMESTAMP COMMENT 'Block Modification Time',
  `is_active` smallint(6) NOT NULL DEFAULT '1' COMMENT 'Is Block Active',
  PRIMARY KEY (`block_id`),
  FULLTEXT KEY `CMS_BLOCK_TITLE_IDENTIFIER_CONTENT` (`title`,`identifier`,`content`)
) ENGINE=InnoDB AUTO_INCREMENT=14 DEFAULT CHARSET=utf8 COMMENT='CMS Block Table';

--
-- Dumping data for table `cms_block`
--

INSERT INTO `cms_block` VALUES (1,'FRONT PAGE: Kdo smo','front_kdo_smo','<h2>Kdo smo?</h2>\r\n<h4>PRAVA REŠITEV ZA VSE ŠPORTNIKE</h4>\r\n<p>Lorem ipsum dolor sit amet, consectetur adipiscing elit. Quisque sit amet odio et risus interdum porttitor ac nec leo. Mauris pharetra non nunc non porttitor. Integer euismod fringilla porta. Donec sodales neque vel nulla iaculis facilisis. Curabitur erat augue, sodales a gravida nec, lobortis a ipsum. Suspendisse potenti. Ut ornare aliquam iaculis.</p>','2022-02-16 18:39:19','2022-02-16 18:41:10',1),(2,'FRONT PAGE: Storitve','front_storitve','<div class=\"storitve-25\">\r\n<div class=\"storitve_pic\"><a href=\"/terapevtska-masaza\"><img src=\"{{media url=\"wysiwyg/front_page/masaze.jpg\"}}\" alt=\"\"></a></div>\r\n<p><a href=\"/terapevtska-masaza\"><strong>TERAPEVTSKE MASAŽE</strong></a></p>\r\n<p><a href=\"/terapevtska-masaza\"><img src=\"{{media url=\"wysiwyg/Ikone/read_more.png\"}}\" alt=\"\"></a></p>\r\n</div>\r\n<div class=\"storitve-25\">\r\n<div class=\"storitve_pic\"><a href=\"/poskodbe\"><img src=\"{{media url=\"wysiwyg/front_page/poskodbe.jpg\"}}\" alt=\"\" width=\"290\" height=\"249\"></a></div>\r\n<p><a href=\"/poskodbe\"><strong>POŠKODBE</strong></a></p>\r\n<p><a href=\"/poskodbe\"><img src=\"{{media url=\"wysiwyg/Ikone/read_more.png\"}}\" alt=\"\"></a></p>\r\n</div>\r\n<div class=\"storitve-25\">\r\n<div class=\"storitve_pic\"><a href=\"/kronicne-bolecine\"><img src=\"{{media url=\"wysiwyg/front_page/bolecine.jpg\"}}\" alt=\"\" width=\"290\" height=\"250\"></a></div>\r\n<p><a href=\"/kronicne-bolecine\"><strong>KRONIČNE BOLEČINE</strong></a></p>\r\n<p><a href=\"/kronicne-bolecine\"><img src=\"{{media url=\"wysiwyg/Ikone/read_more.png\"}}\" alt=\"\"></a></p>\r\n</div>\r\n<div class=\"storitve-25\">\r\n<div class=\"storitve_pic\"><a href=\"/dr-kinesio-performance\"><img src=\"{{media url=\"wysiwyg/front_page/terapije_1.jpg\"}}\" alt=\"\" width=\"291\" height=\"251\"></a></div>\r\n<p><a href=\"/dr-kinesio-performance\"><strong>DR KINESIO PERFORMANCE</strong></a></p>\r\n<p><a href=\"/dr-kinesio-performance\"><img src=\"{{media url=\"wysiwyg/Ikone/read_more.png\"}}\" alt=\"\"></a></p>\r\n</div>','2022-02-16 18:44:25','2022-03-10 13:24:02',1),(3,'HEADER: Social','header_top_social','<div class=\"header_social\"><p><a href=\"https://www.instagram.com/drkinesio/?hl=en\" target=\"_blank\" rel=\"noopener\"><img src=\"{{media url=\"wysiwyg/Ikone/IG.png\"}}\" alt=\"\"></a><a href=\"https://www.facebook.com/drkinesio/\" target=\"_blank\" rel=\"noopener\"><img src=\"{{media url=\"wysiwyg/Ikone/facebook.png\"}}\" alt=\"\"></a></p></div>','2022-02-18 12:23:50','2022-02-18 12:30:42',1),(4,'FRONT PAGE: Težave','front_tezave','<h2>Imate težave?</h2>\r\n<div class=\"tezave_min\"><img src=\"{{media url=\"wysiwyg/Ikone/pika.png\"}}\" alt=\"\">\r\n<p><a href=\"/bolecine-v-kolenu\">Bolečine<br>v kolenu?</a></p>\r\n</div>\r\n<div class=\"tezave_min\"><img src=\"{{media url=\"wysiwyg/Ikone/pika.png\"}}\" alt=\"\">\r\n<p><a href=\"/bolecine-v-krizu\">Bolečine<br>v križu?</a></p>\r\n</div>\r\n<div class=\"tezave_min\"><img src=\"{{media url=\"wysiwyg/Ikone/pika.png\"}}\" alt=\"\">\r\n<p><a href=\"/bolecine-v-ramenu\">Bolečine<br>v ramenu?</a></p>\r\n</div>\r\n<div class=\"tezave_min\"><img src=\"{{media url=\"wysiwyg/Ikone/pika.png\"}}\" alt=\"\">\r\n<p><a href=\"/isijas\">Išijas<br>oz. sciatica?</a></p>\r\n</div>\r\n<div class=\"tezave_min\"><img src=\"{{media url=\"wysiwyg/Ikone/pika.png\"}}\" alt=\"\">\r\n<p><a href=\"/karpalni-sindrom\">Karpalni<br>sindrom?</a></p>\r\n</div>\r\n<div class=\"tezave_min\"><img src=\"{{media url=\"wysiwyg/Ikone/pika.png\"}}\" alt=\"\">\r\n<p><a href=\"/biomehanicni-pregled\">Biomehanični<br>pregled</a></p>\r\n</div>\r\n<div class=\"tezave_gumb\">\r\n<p><a href=\"/contact\">MI IMAMO REŠITEV ZA VAS</a></p>\r\n</div>','2022-02-18 13:26:12','2022-03-10 12:51:16',1),(5,'FRONT PAGE: Speedboard','front_speedboard','<h3>SPEEDBOARD</h3>\r\n<p>Ste profesionalni športnik, ki trenira več ur dnevno, pa kljub temu ne izboljša svojih osebnih rekordov, ali pa mogoče rekreativni športnik, ki je vedno poškodovan in ne uživa brezskrbno v telesni aktivnosti?</p>\r\n<p>&nbsp;</p>\r\n<p>Potem je <strong>SpeedBoard</strong> prava rešitev za vaše težave.</p>\r\n<p>&nbsp;</p>\r\n<p><a href=\"/speedboard\">PREBERI VEČ</a></p>','2022-02-18 16:18:04','2022-03-11 14:42:36',1),(6,'FRONT PAGE: Aktualne vsebine','front_blog','<h3>AKTUALNE VSEBINE</h3>\r\n<p>{{widget type=\"Mirasvit\\Blog\\Block\\Post\\Recent\" page_size=\"3\" image_width=\"0\" image_height=\"0\"}}</p>','2022-02-18 16:43:06','2022-02-18 16:43:06',1),(7,'FRONT PAGE: Slika bottom','front_pic_bottom','<p><img style=\"display: block; margin-left: auto; margin-right: auto;\" src=\"{{media url=&quot;wysiwyg/front_page/power_of_movment.png&quot;}}\" alt=\"\"></p>','2022-02-18 18:27:34','2022-02-18 18:27:34',1),(8,'FOOTER: Logo','footer_logo','<p><a href=\"/home\"><img src=\"{{media url=&quot;wysiwyg/front_page/logo_drkinesio.png&quot;}}\" alt=\"\"></a></p>\r\n<p>DR Kinesio, Deržanič Rok s.p.</p>\r\n<p><strong>PE:</strong> Trdinova ulica 1, 8250 Brežice</p>','2022-02-18 18:35:58','2022-03-11 13:02:33',1),(9,'FOOTER: Delovni čas','footer_delovnicas','<h5>DELOVNI ČAS</h5>\r\n<p>Delovni čas: po dogovoru</p>\r\n<p>Telefon: (00386) 31 600 653</p>\r\n<p>E-mail: info@drkinesio.com</p>','2022-02-18 18:37:49','2022-03-11 13:04:33',1),(10,'FOOTER: Info','footer_info','<h5>INFO</h5>\r\n<p><a href=\"/#\">Varovanje zasebnosti</a></p>\r\n<p><a href=\"/#\">Splošni pogoji poslovanja</a></p>\r\n<p><a href=\"/#\">Spletni piškotki</a></p>','2022-02-18 18:38:54','2022-02-18 18:48:15',1),(11,'FOOTER: Social','footer_social','<h5>PRIDRUŽITE SE</h5>\r\n<p><a href=\"/#\"><img src=\"{{media url=\"wysiwyg/Ikone/FB_footer.png\"}}\" alt=\"\"></a>&nbsp;<a href=\"/#\"><img src=\"{{media url=\"wysiwyg/Ikone/IG_footer.png\"}}\" alt=\"\"> <img src=\"{{media url=\"wysiwyg/Ikone/YT_footer.png\"}}\" alt=\"\"></a></p>\r\n<p><a href=\"https://si.linkedin.com/in/derzanic-rok-8946bb108\" target=\"_blank\" rel=\"noopener\"><img src=\"{{media url=\"wysiwyg/Ikone/linkedin.png\"}}\" alt=\"\"></a> <a href=\"https://twitter.com/drkinesio\" target=\"_blank\" rel=\"noopener\"><img src=\"{{media url=\"wysiwyg/Ikone/twitter.png\"}}\" alt=\"\"> </a> <a href=\"https://www.tiktok.com/@drkinesio\" target=\"_blank\" rel=\"noopener\"><img src=\"{{media url=&quot;wysiwyg/Ikone/tik-tok-2.png&quot;}}\" alt=\"\" /></a></p>\r\n<p>&nbsp;</p>','2022-02-18 18:41:19','2022-03-11 14:38:04',1),(12,'CONTACT PAGE: Kontaktni podatki','contact_kontakt','<p><strong>Podjetje</strong></p>\r\n<p>DR kinesio, Deržanič Rok s.p.</p>\r\n<p>Arnovo selo 43A</p>\r\n<p>8253 Artiče</p>\r\n<p>&nbsp;</p>\r\n<p><strong>Poslovna enota Brežice</strong></p>\r\n<p>Trdinova ulica 1, 8250 Brežice</p>\r\n<p>&nbsp;</p>\r\n<p><strong>Kontakt</strong></p>\r\n<p><img src=\"{{media url=&quot;wysiwyg/Ikone/phone.png&quot;}}\" alt=\"\" width=\"18\" height=\"18\"> (00386) 31 600 653</p>\r\n<p><img src=\"{{media url=&quot;wysiwyg/Ikone/mail.png&quot;}}\" alt=\"\" width=\"18\" height=\"18\"> info@drkinesio.com</p>\r\n<p>&nbsp;</p>\r\n<p><strong>Delovni čas:</strong> po dogovoru</p>','2022-03-10 10:04:56','2022-03-11 13:03:50',1),(13,'FRONT PAGE: Zemljevid','home_zemljevid','<h3>KJE NAS NAJDETE</h3>\r\n<div class=\"zemljevid_background\">\r\n<div class=\"zemljevid_inner\">\r\n<div class=\"zemljevid_text\">Naši zadovoljni pacienti prihajajo k nam iz različnih koncev Slovenije in Evrope.</div>\r\n<div class=\"zemljevid_image\"><img src=\"{{media url=&quot;wysiwyg/pic/slovenija.png&quot;}}\" alt=\"\" width=\"650\"></div>\r\n</div>\r\n</div>','2022-03-11 12:35:15','2022-03-11 12:56:11',1);

--
-- Table structure for table `cms_block_store`
--

CREATE TABLE `cms_block_store` (
  `block_id` smallint(6) NOT NULL,
  `store_id` smallint(5) unsigned NOT NULL COMMENT 'Store ID',
  PRIMARY KEY (`block_id`,`store_id`),
  KEY `CMS_BLOCK_STORE_STORE_ID` (`store_id`),
  CONSTRAINT `CMS_BLOCK_STORE_BLOCK_ID_CMS_BLOCK_BLOCK_ID` FOREIGN KEY (`block_id`) REFERENCES `cms_block` (`block_id`) ON DELETE CASCADE,
  CONSTRAINT `CMS_BLOCK_STORE_STORE_ID_STORE_STORE_ID` FOREIGN KEY (`store_id`) REFERENCES `store` (`store_id`) ON DELETE CASCADE
) ENGINE=InnoDB DEFAULT CHARSET=utf8 COMMENT='CMS Block To Store Linkage Table';

--
-- Dumping data for table `cms_block_store`
--

INSERT INTO `cms_block_store` VALUES (1,0),(2,0),(3,0),(4,0),(5,0),(6,0),(7,0),(8,0),(9,0),(10,0),(11,0),(12,0),(13,0);

--
-- Table structure for table `cms_page`
--

CREATE TABLE `cms_page` (
  `page_id` smallint(6) NOT NULL AUTO_INCREMENT COMMENT 'Entity ID',
  `title` varchar(255) DEFAULT NULL COMMENT 'Page Title',
  `page_layout` varchar(255) DEFAULT NULL COMMENT 'Page Layout',
  `meta_keywords` text COMMENT 'Page Meta Keywords',
  `meta_description` text COMMENT 'Page Meta Description',
  `identifier` varchar(100) DEFAULT NULL COMMENT 'Page String Identifier',
  `content_heading` varchar(255) DEFAULT NULL COMMENT 'Page Content Heading',
  `content` mediumtext COMMENT 'Page Content',
  `creation_time` timestamp NOT NULL DEFAULT CURRENT_TIMESTAMP COMMENT 'Page Creation Time',
  `update_time` timestamp NOT NULL DEFAULT CURRENT_TIMESTAMP ON UPDATE CURRENT_TIMESTAMP COMMENT 'Page Modification Time',
  `is_active` smallint(6) NOT NULL DEFAULT '1' COMMENT 'Is Page Active',
  `sort_order` smallint(6) NOT NULL DEFAULT '0' COMMENT 'Page Sort Order',
  `layout_update_xml` text COMMENT 'Page Layout Update Content',
  `custom_theme` varchar(100) DEFAULT NULL COMMENT 'Page Custom Theme',
  `custom_root_template` varchar(255) DEFAULT NULL COMMENT 'Page Custom Template',
  `custom_layout_update_xml` text COMMENT 'Page Custom Layout Update Content',
  `layout_update_selected` varchar(128) DEFAULT NULL COMMENT 'Page Custom Layout File',
  `custom_theme_from` date DEFAULT NULL COMMENT 'Page Custom Theme Active From Date',
  `custom_theme_to` date DEFAULT NULL COMMENT 'Page Custom Theme Active To Date',
  `meta_title` varchar(255) DEFAULT NULL COMMENT 'Page Meta Title',
  PRIMARY KEY (`page_id`),
  KEY `CMS_PAGE_IDENTIFIER` (`identifier`),
  FULLTEXT KEY `CMS_PAGE_TITLE_META_KEYWORDS_META_DESCRIPTION_IDENTIFIER_CONTENT` (`title`,`meta_keywords`,`meta_description`,`identifier`,`content`)
) ENGINE=InnoDB AUTO_INCREMENT=22 DEFAULT CHARSET=utf8 COMMENT='CMS Page Table';

--
-- Dumping data for table `cms_page`
--

INSERT INTO `cms_page` VALUES (1,'404 Not Found','2columns-right','Page keywords','Page description','no-route','Whoops, our bad...','<dl>\r\n<dt>The page you requested was not found, and we have a fine guess why.</dt>\r\n<dd>\r\n<ul class=\"disc\">\r\n<li>If you typed the URL directly, please make sure the spelling is correct.</li>\r\n<li>If you clicked on a link to get here, the link is outdated.</li>\r\n</ul></dd>\r\n</dl>\r\n<dl>\r\n<dt>What can you do?</dt>\r\n<dd>Have no fear, help is near! There are many ways you can get back on track with Magento Store.</dd>\r\n<dd>\r\n<ul class=\"disc\">\r\n<li><a href=\"#\" onclick=\"history.go(-1); return false;\">Go back</a> to the previous page.</li>\r\n<li>Use the search bar at the top of the page to search for your products.</li>\r\n<li>Follow these links to get you back on track!<br /><a href=\"{{store url=\"\"}}\">Store Home</a> <span class=\"separator\">|</span> <a href=\"{{store url=\"customer/account\"}}\">My Account</a></li></ul></dd></dl>\r\n','2022-02-16 17:05:26','2022-02-16 17:05:26',1,0,NULL,NULL,NULL,NULL,NULL,NULL,NULL,NULL),(2,'DR kinesio','1column','','','home','','<div class=\"front_banner\">{{block class=\"SolideWebservices\\Flexslider\\Block\\Flexslider\" name=\"flexslider_front_banner_top\" template=\"SolideWebservices_Flexslider::flexslider.phtml\" code=\"front_banner_top\" start_slide_id=\"1\"}}</div>\r\n<div class=\"front_banner_mobile\">{{block class=\"SolideWebservices\\Flexslider\\Block\\Flexslider\" name=\"flexslider_front_banner_top_mobile\" template=\"SolideWebservices_Flexslider::flexslider.phtml\" code=\"front_banner_top_mobile\" start_slide_id=\"1\"}}</div>\r\n<div class=\"kdo_smo\">{{widget type=\"Magento\\Cms\\Block\\Widget\\Block\" template=\"widget/static_block/default.phtml\" block_id=\"1\"}} {{widget type=\"Magento\\Cms\\Block\\Widget\\Block\" template=\"widget/static_block/default.phtml\" block_id=\"2\"}}</div>\r\n<div class=\"front_tezave\">{{widget type=\"Magento\\Cms\\Block\\Widget\\Block\" template=\"widget/static_block/default.phtml\" block_id=\"4\"}}</div>\r\n<div class=\"front_trgovina\">{{widget type=\"Magento\\Cms\\Block\\Widget\\Block\" template=\"widget/static_block/default.phtml\" block_id=\"5\"}}</div>\r\n<div class=\"front_novice\">{{widget type=\"Magento\\Cms\\Block\\Widget\\Block\" template=\"widget/static_block/default.phtml\" block_id=\"6\"}}</div>\r\n<div class=\"front_testimonials\">{{widget type=\"Ves\\Testimonial\\Block\\Widget\\CustomWidget\" widget_title=\"Kaj o nas menijo drugi?\" number_item=\"12\" category=\"1\" order_by=\"rating\" layout=\"style1\" grid_column=\"1\" grid_pagination=\"0\" show_name=\"1\" nickname_color=\"#1f1f1f\" show_address=\"0\" show_email=\"0\" show_company=\"0\" show_job=\"0\" show_title=\"0\" show_image=\"1\" image_width=\"70px\" show_rating=\"0\" show_socialnetworks=\"0\" show_date=\"0\" show_readmore=\"0\" number_item_percolumn=\"1\" large_max_items=\"1\" large_items=\"1\" portrait_items=\"1\" tablet_items=\"1\" tablet_small_items=\"1\" mobile_items=\"1\" autoplay=\"1\" autoplay_hover_pause=\"0\" dots=\"1\" nav=\"0\" rtl=\"0\" loop=\"1\"}}</div>\r\n<div class=\"pic_bottom\">{{widget type=\"Magento\\Cms\\Block\\Widget\\Block\" template=\"widget/static_block/default.phtml\" block_id=\"7\"}}</div>','2022-02-16 17:05:26','2022-03-10 07:56:51',1,0,'<!--\n    <referenceContainer name=\"right\">\n        <referenceBlock name=\"catalog.compare.sidebar\" remove=\"true\" />\n    </referenceContainer>-->','','',NULL,NULL,NULL,NULL,''),(3,'Enable Cookies','1column',NULL,NULL,'enable-cookies','What are Cookies?','<div class=\"enable-cookies cms-content\">\r\n<p>\"Cookies\" are little pieces of data we send when you visit our store. Cookies help us get to know you better and personalize your experience. Plus they help protect you and other shoppers from fraud.</p>\r\n<p style=\"margin-bottom: 20px;\">Set your browser to accept cookies so you can buy items, save items, and receive customized recommendations. Here’s how:</p>\r\n<ul>\r\n<li><a href=\"https://support.google.com/accounts/answer/61416?hl=en\" target=\"_blank\">Google Chrome</a></li>\r\n<li><a href=\"http://windows.microsoft.com/en-us/internet-explorer/delete-manage-cookies\" target=\"_blank\">Internet Explorer</a></li>\r\n<li><a href=\"http://support.apple.com/kb/PH19214\" target=\"_blank\">Safari</a></li>\r\n<li><a href=\"https://support.mozilla.org/en-US/kb/enable-and-disable-cookies-website-preferences\" target=\"_blank\">Mozilla/Firefox</a></li>\r\n</ul>\r\n</div>','2022-02-16 17:05:26','2022-02-16 17:05:26',1,0,NULL,NULL,NULL,NULL,NULL,NULL,NULL,NULL),(4,'Privacy and Cookie Policy','1column',NULL,NULL,'privacy-policy-cookie-restriction-mode','Privacy and Cookie Policy','<div class=\"privacy-policy cms-content\">\n    <div class=\"message info\">\n        <span>\n            Please replace this text with you Privacy Policy.\n            Please add any additional cookies your website uses below (e.g. Google Analytics).\n        </span>\n    </div>\n    <p>\n        This privacy policy sets out how this website (hereafter \"the Store\") uses and protects any information that\n        you give the Store while using this website. The Store is committed to ensuring that your privacy is protected.\n        Should we ask you to provide certain information by which you can be identified when using this website, then\n        you can be assured that it will only be used in accordance with this privacy statement. The Store may change\n        this policy from time to time by updating this page. You should check this page from time to time to ensure\n        that you are happy with any changes.\n    </p>\n    <h2>What we collect</h2>\n    <p>We may collect the following information:</p>\n    <ul>\n        <li>name</li>\n        <li>contact information including email address</li>\n        <li>demographic information such as postcode, preferences and interests</li>\n        <li>other information relevant to customer surveys and/or offers</li>\n    </ul>\n    <p>\n        For the exhaustive list of cookies we collect see the <a href=\"#list\">List of cookies we collect</a> section.\n    </p>\n    <h2>What we do with the information we gather</h2>\n    <p>\n        We require this information to understand your needs and provide you with a better service,\n        and in particular for the following reasons:\n    </p>\n    <ul>\n        <li>Internal record keeping.</li>\n        <li>We may use the information to improve our products and services.</li>\n        <li>\n            We may periodically send promotional emails about new products, special offers or other information which we\n            think you may find interesting using the email address which you have provided.\n        </li>\n        <li>\n            From time to time, we may also use your information to contact you for market research purposes.\n            We may contact you by email, phone, fax or mail. We may use the information to customise the website\n            according to your interests.\n        </li>\n    </ul>\n    <h2>Security</h2>\n    <p>\n        We are committed to ensuring that your information is secure. In order to prevent unauthorised access or\n        disclosure, we have put in place suitable physical, electronic and managerial procedures to safeguard and\n        secure the information we collect online.\n    </p>\n    <h2>How we use cookies</h2>\n    <p>\n        A cookie is a small file which asks permission to be placed on your computer\'s hard drive.\n        Once you agree, the file is added and the cookie helps analyse web traffic or lets you know when you visit\n        a particular site. Cookies allow web applications to respond to you as an individual. The web application\n        can tailor its operations to your needs, likes and dislikes by gathering and remembering information about\n        your preferences.\n    </p>\n    <p>\n        We use traffic log cookies to identify which pages are being used. This helps us analyse data about web page\n        traffic and improve our website in order to tailor it to customer needs. We only use this information for\n        statistical analysis purposes and then the data is removed from the system.\n    </p>\n    <p>\n        Overall, cookies help us provide you with a better website, by enabling us to monitor which pages you find\n        useful and which you do not. A cookie in no way gives us access to your computer or any information about you,\n        other than the data you choose to share with us. You can choose to accept or decline cookies.\n        Most web browsers automatically accept cookies, but you can usually modify your browser setting\n        to decline cookies if you prefer. This may prevent you from taking full advantage of the website.\n    </p>\n    <h2>Links to other websites</h2>\n    <p>\n        Our website may contain links to other websites of interest. However, once you have used these links\n        to leave our site, you should note that we do not have any control over that other website.\n        Therefore, we cannot be responsible for the protection and privacy of any information which you provide whilst\n        visiting such sites and such sites are not governed by this privacy statement.\n        You should exercise caution and look at the privacy statement applicable to the website in question.\n    </p>\n    <h2>Controlling your personal information</h2>\n    <p>You may choose to restrict the collection or use of your personal information in the following ways:</p>\n    <ul>\n        <li>\n            whenever you are asked to fill in a form on the website, look for the box that you can click to indicate\n            that you do not want the information to be used by anybody for direct marketing purposes\n        </li>\n        <li>\n            if you have previously agreed to us using your personal information for direct marketing purposes,\n            you may change your mind at any time by letting us know using our Contact Us information\n        </li>\n    </ul>\n    <p>\n        We will not sell, distribute or lease your personal information to third parties unless we have your permission\n        or are required by law to do so. We may use your personal information to send you promotional information\n        about third parties which we think you may find interesting if you tell us that you wish this to happen.\n    </p>\n    <p>\n        You may request details of personal information which we hold about you under the Data Protection Act 1998.\n        A small fee will be payable. If you would like a copy of the information held on you please email us this\n        request using our Contact Us information.\n    </p>\n    <p>\n        If you believe that any information we are holding on you is incorrect or incomplete,\n        please write to or email us as soon as possible, at the above address.\n        We will promptly correct any information found to be incorrect.\n    </p>\n    <h2><a name=\"list\"></a>List of cookies we collect</h2>\n    <p>The table below lists the cookies we collect and what information they store.</p>\n    <table class=\"data-table data-table-definition-list\">\n        <thead>\n        <tr>\n            <th>Cookie Name</th>\n            <th>Cookie Description</th>\n        </tr>\n        </thead>\n        <tbody>\n            <tr>\n                <th>FORM_KEY</th>\n                <td>Stores randomly generated key used to prevent forged requests.</td>\n            </tr>\n            <tr>\n                <th>PHPSESSID</th>\n                <td>Your session ID on the server.</td>\n            </tr>\n            <tr>\n                <th>GUEST-VIEW</th>\n                <td>Allows guests to view and edit their orders.</td>\n            </tr>\n            <tr>\n                <th>PERSISTENT_SHOPPING_CART</th>\n                <td>A link to information about your cart and viewing history, if you have asked for this.</td>\n            </tr>\n            <tr>\n                <th>STF</th>\n                <td>Information on products you have emailed to friends.</td>\n            </tr>\n            <tr>\n                <th>STORE</th>\n                <td>The store view or language you have selected.</td>\n            </tr>\n            <tr>\n                <th>USER_ALLOWED_SAVE_COOKIE</th>\n                <td>Indicates whether a customer allowed to use cookies.</td>\n            </tr>\n            <tr>\n                <th>MAGE-CACHE-SESSID</th>\n                <td>Facilitates caching of content on the browser to make pages load faster.</td>\n            </tr>\n            <tr>\n                <th>MAGE-CACHE-STORAGE</th>\n                <td>Facilitates caching of content on the browser to make pages load faster.</td>\n            </tr>\n            <tr>\n                <th>MAGE-CACHE-STORAGE-SECTION-INVALIDATION</th>\n                <td>Facilitates caching of content on the browser to make pages load faster.</td>\n            </tr>\n            <tr>\n                <th>MAGE-CACHE-TIMEOUT</th>\n                <td>Facilitates caching of content on the browser to make pages load faster.</td>\n            </tr>\n            <tr>\n                <th>SECTION-DATA-IDS</th>\n                <td>Facilitates caching of content on the browser to make pages load faster.</td>\n            </tr>\n            <tr>\n                <th>PRIVATE_CONTENT_VERSION</th>\n                <td>Facilitates caching of content on the browser to make pages load faster.</td>\n            </tr>\n            <tr>\n                <th>X-MAGENTO-VARY</th>\n                <td>Facilitates caching of content on the server to make pages load faster.</td>\n            </tr>\n            <tr>\n                <th>MAGE-TRANSLATION-FILE-VERSION</th>\n                <td>Facilitates translation of content to other languages.</td>\n            </tr>\n            <tr>\n                <th>MAGE-TRANSLATION-STORAGE</th>\n                <td>Facilitates translation of content to other languages.</td>\n            </tr>\n        </tbody>\n    </table>\n</div>','2022-02-16 17:05:26','2022-02-16 17:05:26',1,0,NULL,NULL,NULL,NULL,NULL,NULL,NULL,NULL),(5,'Varovanje zasebnosti','1column','','','varovanje-zasebnosti','','<p>Vsebina v pripravi</p>','2022-02-18 19:13:42','2022-02-18 19:14:15',1,0,NULL,'','',NULL,NULL,NULL,NULL,''),(7,'Splošni pogpji poslovanja','1column','','','splosni-pogpji-poslovanja','','','2022-02-18 19:14:00','2022-02-18 19:14:39',1,0,NULL,'','',NULL,NULL,NULL,NULL,''),(10,'Terapevtska masaža','1column','','','terapevtska-masaza','Terapevtska masaža','<div class=\"content_left\"><img src=\"{{media url=&quot;wysiwyg/pic/46_DSC0118.jpg&quot;}}\" alt=\"\" width=\"600PX\"></div>\r\n<div class=\"content_right\">\r\n<p><strong>Za boljše počutje in preventivo pred poškodbami.</strong></p>\r\n<p>Ljudje že več tisoč let uporabljajo masažo in njene zdravilne učinke za lajšanje bolečin, sproščanje in kot preventivo pred poškodbami in boleznimi.</p>\r\n<p>Terapevtska masaža sodi med masaže globokih tkiv, kjer terapevt ne deluje samo na tkiva, ki so na površju, ampak z različnimi tehnikami prodre tudi do globokih mehkih tkiv, kjer je lociranih največ težav.</p>\r\n<p><strong>Terapevtski učinki masaže:</strong></p>\r\n<ul>\r\n<li>Zmanjšuje napetost v mehkih tkivih</li>\r\n<li>Povečuje gibljivost sklepov</li>\r\n<li>Lajša bolečine</li>\r\n<li>Pomirja, deluje antistresno</li>\r\n</ul>\r\n<p>Terapevtska masaža je primerna za vsakogar, ki si želi počutiti boljše in narediti nekaj koristnega za svoje zdravje. Najbolj primerno je, da se terapevtsko masažo uporablja kot preventivo pred poškodbami oziroma kroničnimi bolečinami. Za aktivne in zaposlene, ki imajo veliko stresa priporočamo redno terapevtsko masažo vsaj 2x na mesec.</p>\r\n</div>','2022-03-08 08:24:53','2022-03-10 09:22:14',1,0,NULL,'','',NULL,NULL,NULL,NULL,''),(11,'O nas','1column','','','o-nas','O nas','<p>Človeško gibanje je zelo pomemben dejavnik v mojem življenju že od rane mladosti. Pri petih letih sem prvič obiskal atletski stadion in se nad atletiko takoj navdušil. Poleg gimnastike je to najbolj prvinski šport in vsebuje vse osnovne elemente gibanja (tek, skok, met). Atletika mi je odprla čudovit in skrivnosten svet človeškega gibanja. Od takrat raziskujem, se učim in razvijam nove ideje. Zanima me, kako iti dlje, preseči meje, pa naj bo to prvi korak po operaciji ali zadnja stotinka, ki nekoga loči do svetovnega rekorda.</p>\r\n<p>&nbsp;</p>\r\n<p><img src=\"{{media url=&quot;wysiwyg/pic/rok_derzanic.jpg&quot;}}\" alt=\"\" width=\"500\"></p>\r\n<p><strong>deseterobojec Deseterobojec – slovenski reprezentant v deseteroboju Športna kariera.</strong></p>\r\n<p>Z atletiko sem se resno ukvarjal skoraj 17 let, največ časa pa sem posvetil atletskemu deseteroboju. V tem obdobju sem dosegel kar nekaj odmevnih rezultatov na državnih, evropskih in svetovnih prvenstvih (večkratni državni rekorder, evropski mladinski podprvak v deseteroboju, NCAA All American 2008). Skozi vrhunski atletski trening sem spoznal tudi malo manj lepo stran športa – športne poškodbe.</p>\r\n<p>&nbsp;</p>\r\n<p><strong>Strokovna kariera Športni terapevt Športni terapevt</strong></p>\r\n<p>Leta 2007 sem se vpisal na študij kineziologije in športne terapije na Kansas State University (ZDA). Oba študija sem uspešno zaključil in diplomiral leta 2012. Med študijem sem sodeloval in nabiral izkušnje z različnimi univerzitetnimi ekipami (košarka, odbojka, ameriški nogomet, atletika). Leta 2012 sem opravil licenco BOC (mednarodna licenca športnih terapevtov) in postal član Ameriškega društva športnih terapevtov NATA. Pridobivanje dodatnih znanj in izpopolnjevanje sta temeljni vrednoti mojega dela, zato se redno udeležujem mednarodnih konferenc in seminarjev na temo manualne terapije in poškodb mišično skeletnega sistema.</p>\r\n<p>&nbsp;</p>\r\n<p><strong>Reference:</strong></p>\r\n<ul>\r\n<li>Slovenska moška rokometna reprezentanca ( Evropsko prvenstvo Poljska 2016)</li>\r\n<li>Mihail Dudaš (SRB), bronasta medalja na Evropskem prvenstvu v deseteroboju 2016</li>\r\n<li>Blanka Vlašić (CRO), svetovna prvakinja v skoku v višino, IAAF Atletinja leta 2010</li>\r\n<li>Primož Kozmus (SLO), olimpijski in svetovni prvak v metu kladiva</li>\r\n<li>Erik Kynard (ZDA), nosilec srebrne olimpijske medalje v skoku v višino</li>\r\n<li>Marija Šestak (SLO), nosilka medalj iz svetovnih in evropskih prvenstev v troskoku</li>\r\n<li>Christian Smith (ZDA), udeleženec olimpijskih iger v Pekingu v teku na 800m</li>\r\n<li>Eva Pepelnak (SLO), troskok</li>\r\n</ul>\r\n<p>&nbsp;</p>','2022-03-10 07:33:34','2022-03-10 12:59:01',1,0,NULL,'','',NULL,NULL,NULL,NULL,''),(12,'DR kinesio PERFORMANCE ','1column','','','dr-kinesio-performance','DR kinesio PERFORMANCE','<p>DR kinesio Performance je storitev namenjena mladim in profesionalnim športnikom, ter poslovnežem, ki želijo izkoristiti svoj maksmilalni potencial. Večina ljudi nikoli ne doseže svojega maksimalnega potenciala, zaradi različnih pomanjkljivosti v svojem treningu in vsakdanjem življenju.</p>\r\n<p>Vsaka veriga je močna samo toliko kot je močan njen najšibkejši člen, zato je <strong>glavni cilj programa</strong> DR kinesio PERFORMACE <strong>odkriti vse šibke člene v kinetični verigi stranke</strong> (DR kinesio športni pregled), popraviti šibke člene (DR kinesio terapevtski program) in narediti stranko močnejšo, boljšo v vseh prvinah, ki so potrebne za napredek, razvoj in doseganje ciljev.</p>\r\n<p>&nbsp;</p>\r\n<div class=\"content_left\"><img src=\"{{media url=\"wysiwyg/pic/45_DSC0112.jpg\"}}\" alt=\"\" width=\"500\"></div>\r\n<div class=\"content_right\">\r\n<p><strong>DR kinesio PERFORMANCE pregled</strong></p>\r\n<p>Je pregled sestavljen iz osnovnega ortopedskega pregleda in pregleda športnikovega gibanja. Na podlagi teh informacij dobi vsak Športnik individualni DR kinesio terapevtski program, ki daje poudarek na delih kinetične verige, ki so pri posamezniku najšibkejši.</p>\r\n<p><strong>&nbsp;</strong></p>\r\n<p><strong>DR kinesio terapevtski program</strong></p>\r\n<p>Individualen program sestavljen glede na informacije, ki smo jih pridobili med DR kinesio PERFORMANCE pregledom.</p>\r\n<p><strong>&nbsp;</strong><strong>&nbsp;</strong></p>\r\n<p><strong>DR kinesio kondicijski program</strong></p>\r\n<p>DR kinesio kondicijski program je program, ki ga Športnik opravlja sam, skupaj s treningi v svojem glavnem športu. Program se opravlja 2 do 3 X na teden, odvisno od potreb posameznika. Program je sestavljen iz vaj za izboljšanje hitrosti, eksplozivnosti, moči in koordinacije. Velik poudarek je tudi na psihični pripravi športnika za tekmovanje.</p>\r\n<p>&nbsp;</p>\r\n<p>Pred začetkom izvajanja programa se opravi bazično testiranje, ki se ponavlja vsakih nekaj mesecev in omogoča točno spremljanje športnikovega napredka.</p>\r\n<p>Izkušnje s programom DR kinesio Športnik&nbsp;Jaka Aringer</p></div>','2022-03-10 07:49:41','2022-03-10 09:55:51',1,0,NULL,'','',NULL,NULL,NULL,NULL,''),(13,'Kronične bolečine','1column','','','kronicne-bolecine','Kronične bolečine','<p>Veliko ljudi, predvsem po štiridesetem letu starosti ima razne kronične bolečine , ki jih spremljajo že vrsto let. Nekaterim so se bolečine začele pojavljati po kakšnih nesrečah ali padcih, drugi pa imajo bolečine katerih izvora ne poznajo. Večina teh bolečin so posledica nepravilne drže ali pa preobremenitvenega sindroma.</p>\r\n<p>Med najpogostejše kronične bolečine uvrščamo bolečine v vratu, tenzijski glavobole, pekočo bolečino med lopaticami, bolečine v križu, bolečine v kolenih in ostale kronične bolečine, ki so vzrok preobremenitvenega sindroma.</p>\r\n<p>Sindrom preobremenitve mehkih tkiv nastane kot posledica ponavljanja istih gibov OZ uporabe istih mišičnih skupin. Zaradi preobremenitvenega tkiva se mehko tkivo zabrazgotini in postane manj prozno in ne mora več opravljati funkcije kot prej. Kasneje se to pojavi kot bolečina v sklepu.</p>\r\n<div class=\"content_right\"><img src=\"{{media url=\"wysiwyg/pic/slika5.jpg\"}}\" alt=\"\"></div>\r\n<div class=\"content_left\">\r\n<p>Najpogostejše bolečine zaradi preobremenitvenega sindroma&nbsp;</p>\r\n<ul>\r\n<li>Sindrom karpalnega kanala</li>\r\n<li>Teniški komolec</li>\r\n<li>Utesnitveni sindrom v ramenu</li>\r\n<li>Bolečine v kolku</li>\r\n<li>Bolečine v kolenu</li>\r\n<li>Kronično vnetje ahilove tetive</li>\r\n<li>Plantarni fascitis</li>\r\n<li>Tenzijski glavoboli</li>\r\n</ul>\r\n</div>\r\n<div class=\"content_bottom\">\r\n<p><strong>Tenzijski glavoboli</strong> se pojavljajo pri osebah, ki nosijo veliko napetosti v prsni hrbtenici, vratni hrbtenici in v ramenih. Ponavadi takšne osebe opravljajo pretežno sedeče delo po več ur na dan. Sprostitev mehkih tkiv velikokrat zmanjša intenzivnost in pogostost glavobolov. Pri večini pacientov, pa tenzijski glavoboli po nekaj terapijah popolnoma izginejo.</p>\r\n<p>Zelo pomembno dejstvo za vse paciente s kroničnimi bolečinami je, da lahko manualni terapija olajša te bolečine, v večini primerov pa se bolečine v celoti odpravijo. S tem se poveča kakovost pacientovega življenja.</p></div>','2022-03-10 07:50:56','2022-03-10 09:42:42',1,0,NULL,'','',NULL,NULL,NULL,NULL,''),(14,'Poškodbe ','1column','','','poskodbe','Poškodbe','<p>Vsak dan smo ljudje izpostavljeni različnim nevarnostim, ki lahko ogrozijo nase zdravje. Med najpogostejše vzroke za odsotnost iz delovnega mesta uvrščamo športne poškodbe , poškodbe pri delu in poškodbe v avtomobilskih nesrečah in padcih.</p>\r\n<p><strong>&nbsp;</strong></p>\r\n<p><strong>Športne poškodbe:</strong></p>\r\n<p>Veliko rekreativnih in profesionalnih športnikov se danes ubada s problemom športne poškodbe. Le ta jim onemogoča opravljanje telesnih aktivnosti, ki jih sproščajo in v katerih uživajo. Med najpogostejše športne poškodbe sodijo:</p>\r\n<ul>\r\n<li>Zvin gležnja&nbsp;</li>\r\n<li>Sindrom Tekaškega kolena</li>\r\n<li>Sindrom skakalne ga kolena</li>\r\n<li>Vnetje bursae (bursitis) v kolku</li>\r\n<li>Piriformni sindrom</li>\r\n<li>Bolečine v križu</li>\r\n<li>Bolečine v ramenu</li>\r\n<li>Teniški komolec</li>\r\n<li>Natrgane misice in ligamenti</li>\r\n</ul>\r\n<p><strong>&nbsp;</strong></p>\r\n<p><strong>Poškodbe pri delu</strong></p>\r\n<p>Poškodbe pri delu so pogoste in jih delimo na akutne (zlome kosti, izpahi sklepov, mišične natrganine...) in kronične (poškodbe preobremenitvenega sindroma).</p>\r\n<p>&nbsp;</p>\r\n<p><strong>Poškodbe v avtomobilskih nesrečah in padcih</strong></p>\r\n<p>Včasih se zgodi, da udeleženec prometne nesreče takoj po sami nesreči ne čuti bolečin ali se zaveda, da je utrpel kakšno poškodbo . Bolečine pa se začnejo čez nekaj dni, tednov ali včasih celo mesece kasneje, ko je udeleženec prometne nesreče že pozabil, da se je ta kdaj zgodila.</p>\r\n<p>&nbsp;</p>\r\n<p><strong>Whiplash sindrom</strong></p>\r\n<p>Whiplash sindrom je najpogostejša poškodba , ki jo utrpijo udeleženci prometnih nesreč . Gre za bolečine v vratu, včasih lahko oseba čuti mravljinčenje v rokah, trpi neznosne glavobole in ima zelo zategnjena mišice v vratu in mišice ob prsni hrbtenici.</p>\r\n<p>&nbsp;</p>\r\n<p><strong>Rehabilitacija po ortopedskih operacijah</strong></p>\r\n<p>Vse zgoraj naštete poškodbe zdravimo z individualnim pristopom do vsake poškodbe ,najboljšo tehnologijo in najnovejšim znanjem, ki je trenutno dostopno na svetovnem tržišču. Takšen pristop nam omogoča, da ponudimo pacienti hitro in učinkovito rešitev za njegovo težavo.</p>','2022-03-10 07:51:50','2022-03-10 09:33:23',1,0,NULL,'','',NULL,NULL,NULL,NULL,''),(15,'Bolečine v kolenu','1column','','','bolecine-v-kolenu','Bolečine v kloenu','<p>Bolečine v kolenu so zelo pogoste med ljudmi različnih starosti in poklicev. Bolečina se včasih pojavi v trenutku, pogosto po velikem športnem naporu ali poškodbi. Včasih pa lahko bolečina traja dlje časa in se počasi stopnuje.&nbsp;</p>\r\n<p>&nbsp;</p>\r\n<p><img src=\"{{media url=&quot;wysiwyg/pic/slika4.jpg&quot;}}\" alt=\"\"></p>\r\n<p><strong>Stanja pri katerih vam lahko pomagamo:</strong>&nbsp;</p>\r\n<ul>\r\n<li>Tekaško koleno</li>\r\n<li>Poškodba meniskusa</li>\r\n<li>Vnetje sklepne ovojnice</li>\r\n<li>Nedefinirana bolečina v kolenskem sklepu</li>\r\n<li>Vnetje patelarne tetive (jumper’s knee)</li>\r\n<li>Artritis</li>\r\n<li>Vnetje burse (bursitis)</li>\r\n</ul>','2022-03-10 11:30:02','2022-03-10 11:33:47',1,0,NULL,'','',NULL,NULL,NULL,NULL,''),(16,'Bolečine v križu','1column','','','bolecine-v-krizu','Bolečine v križu','<p>Skoraj vsak od nas bo vsaj enkrat v svojem življenju občutil bolečine v ledveni hrbtenici. To trditev potrjujejo raziskave, saj naj bi kar 95 odstotkov ljudi trpelo zaradi bolečin v ledvenem delu. Nekateri imajo samo manjše bolečine, ki trajajo nekaj dni, drugi pa zelo velike, ki lahko trajajo nekaj let, tudi desetletij.&nbsp;</p>\r\n<p>&nbsp;</p>\r\n<p><img src=\"{{media url=&quot;wysiwyg/pic/01.jpg&quot;}}\" alt=\"\" width=\"650\"></p>\r\n<p>Nobena izmed zgoraj naštetih bolečin ni prijetna in lahko zmanjša kvaliteto vašega življenja ter vas ovira pri opravljanju vsakodnevnih opravil.</p>\r\n<p><strong>Stanja, ki jih uspešno zdravimo:</strong>&nbsp;</p>\r\n<ul>\r\n<li>Degeneracija medvretenčnih ploščic</li>\r\n<li>Discus hernia</li>\r\n<li>Protruzija diska</li>\r\n<li>Skolioza</li>\r\n<li>Išijas</li>\r\n<li>Piriformni sindrom</li>\r\n<li>Ostale nedefinirane bolečine v ledvenem delu</li>\r\n</ul>','2022-03-10 12:06:06','2022-03-10 12:25:30',1,0,NULL,'','',NULL,NULL,NULL,NULL,''),(17,'Bolečine v ramenu','1column','','','bolecine-v-ramenu','Bolečine v ramenu','<p>Ramenski sklep je najbolj gibljiv sklep v človeškem telesu. Na račun izredne gibljivosti pa je njegova stabilnost ogrožena. Zmanjšana stabilnost poveča možnost za poškodbe mehkih tkiv in sklepa.&nbsp;</p>\r\n<p>&nbsp;</p>\r\n<p><img src=\"{{media url=&quot;wysiwyg/pic/02.jpg&quot;}}\" alt=\"\" width=\"550\"></p>\r\n<p><strong>Stanja pri katerih vam lahko pomagamo:</strong>&nbsp;</p>\r\n<ul>\r\n<li>Poškodbe rotatorne manšete</li>\r\n<li>Izpah sklepa</li>\r\n<li>Kalcinacija</li>\r\n<li>Zamrznjena rama (frozen shoulder)</li>\r\n<li>Biceps tendonitis</li>\r\n</ul>\r\n<p>&nbsp;</p>','2022-03-10 12:06:42','2022-03-10 12:38:07',1,0,NULL,'','',NULL,NULL,NULL,NULL,''),(18,'Išijas','1column','','','isijas','Išijas','<p><img src=\"{{media url=&quot;wysiwyg/pic/44_DSC0108.jpg&quot;}}\" alt=\"\" width=\"350\"></p>\r\n<p>Veliko ljudi dobi po pregledu pri zdravniku diagnozo išijas in potem prestrašeni, ker ne vedo točno, kaj diagnoza pomeni, čakajo na naslednji pregled.</p>\r\n<p>&nbsp;</p>\r\n<p>Išijas oz. sciatica je bolečina, ki jo povzroča vnetje/poškodba išialnega živca.</p>\r\n<p>Išijalni živec je sestavljen iz različnih živcev v ledveni in sakralni hrbtenici, ki se združijo in tvorijo enega največjih živcev v telesu in omogočajo prenos živčnih signalov vse do prstov na nogi. Išijas lahko povzročijo naslednja stanja: zožana živčna korenina, ledvena discus hernija ali zabrazgotinjena mehka tkiva.</p>\r\n<p>&nbsp;</p>\r\n<p><strong>Simptomi </strong></p>\r\n<p>Najpogostejši simptom pri vnetju/poškodbi išialnega živca so bolečine v ledvenem delu in mravljinčenje ter otrplost v prizadetem spodnjem udu.</p>','2022-03-10 12:07:31','2022-03-10 12:18:13',1,0,NULL,'','',NULL,NULL,NULL,NULL,''),(19,'Karpalni sindrom','1column','','','karpalni-sindrom','Karpalni sindrom','<p>Sindrom karpalnega kanala je preobremenitvena poškodba (angl. overuse injury), ki jo povzroča novodobni način življenja. Ljudje porabijo veliko časa za tipkanje in delo z računalnikom, na telefonu in raznih drugih komunikacijskih napravah.</p>\r\n<p>&nbsp;</p>\r\n<p><img src=\"{{media url=&quot;wysiwyg/pic/03.jpg&quot;}}\" alt=\"\" width=\"550\"></p>\r\n<p>Značilnost karpalnega sindroma je izguba moči v zapestju in mravljinčenje od vratu pa vse do konice prstov na roki. Mravljinčenje je najpogostejše v sredincu. Do izgube moči in mravljinčenja prihaja zaradi ukleščenosti medialnega živca. Če poškodba ni zdravljena pravočasno, začne pacient počasi izgubljati senzoriko v prstih in kasneje tudi moč v dlani. Zahodna medicina zdravi sindrom karpalnega kanala z operacijo zapestja. Menim, da se zdravniki za operacijo odločajo prehitro in da je le-ta uspešna samo v določenih primerih, saj z operacijo sprostijo utesnjen medialni živec na karpalnem ligamentu, medialni živec pa se lahko uklešči se na šestih drugih mestih.</p>\r\n<p>Tehnika Active release zdravi sindrom karpalnega kanala hitro, učinkovito in predvsem trajno. Pacienti ponavadi opazijo občutno zmanjšanje bolečin in mravljinčenja že po 2 do 3 terapijah. Bolečina ponavadi popolnoma izgine po 5 do 8 terapijah.</p>','2022-03-10 12:40:10','2022-03-10 12:41:08',1,0,NULL,'','',NULL,NULL,NULL,NULL,''),(20,'Biomehanični pregled','1column','','','biomehanicni-pregled','Biomehanični pregled','<div class=\"content_left\"><p>Profesionalni in rekreativni šport je v nekaj desetletjih napredoval do te mere, da so rezerve vedno manjše.</p>\r\n<p>Rekreativni in profesionalni športniki vsak dan premikajo meje mogočega. Hitreje, višje, močneje je glavni moto, izboljšanje rezultata pa glavni cilj. Biomehanični pregled vam pomaga izkoristiti vaš celoten potencial in zmanjša možnost poškodbe.</p>\r\n<p>Izkoristek celotnega potenciala športnika in zmanjšanje poškodb omogočata športniku, da trenira več in s tem posledično izboljša svoj rezultat.</p>\r\n<p>Izboljšajte svoj rezultat in zmanjšajte možnost poškodbe.</p></div>\r\n<div class=\"content_right\"><p><img src=\"{{media url=\"wysiwyg/pic/zdravje.jpg\"}}\" alt=\"\" width=\"500\"></p></div>','2022-03-10 12:42:40','2022-03-10 12:47:18',1,0,NULL,'','',NULL,NULL,NULL,NULL,''),(21,'Speedboard','1column','','','speedboard','Speedboard','<p>&nbsp;</p>\r\n<p><strong>SPEEDBOARD</strong> je športni rekvizit prihodnosti, ki vam omogoča izboljšanje vašega rezultata in zmanjšanje možnosti poškodb.</p>\r\n<p>Večina športnikov se osredotoči na treniranje mišičnega sistema in popolnoma zanemari trening najpomembnejšega sistema v telesu, ki je posebej pomemben za izboljšanje rezultata v eksplozivnih športih – centralnega živčnega sistema. SPEEDBOARD pa vam omogoča <strong>kvaliteten in učinkovit trening</strong> mišičnega in živčnega Sistema, ter posledično<strong> izboljšanje rezultata in zmanjšanje poškodb.</strong></p>\r\n<p>&nbsp;</p>\r\n<div class=\"content_left\">\r\n<p><img src=\"{{media url=&quot;wysiwyg/pic/39_DSC9968.jpg&quot;}}\" alt=\"\" width=\"400\"></p>\r\n</div>\r\n<p>&nbsp;</p>\r\n<p><strong>Trojna ekstenzija</strong> (angl. Triple Extenion) velja za osnovni in hkrati najpomembnejši motorični program pri skoraj vseh eksplozivnih športih. Iztegnitev gležnja, kolena in kolka v pravilnem vrstnem redu omogoča športniku, da proizvede največjo možno eksplozivno moč. Kljub temu, da je trojna ekstenzija tako pomembna, večina športnikov porabi ure in ure za dvigovanje uteži in treniranje na fitnes napravah. Slabo pri tem pa je, da je treniranje najpomembnejšega giba – trojne ekstenzije skoraj nemogoče v teh pogojih. Medtem ko fitnes naprave omogočajo treniranje pozamezne mišice in so popolnoma nefunkcionalne, olimpijski dvigi skoraj popolnoma zanemarijo gleženj. V bistvu omogočajo zgolj treniranje »dvojne ekstenzije«. SPEEDBOARD pa omogoči športniku trening »trojne ekstenzije« in tako pripomore k <strong>izboljšanju rezultata</strong>.</p>','2022-03-10 13:00:25','2022-03-11 15:06:38',1,0,NULL,'','',NULL,NULL,NULL,NULL,'');

--
