-- Table structure for table `quote_address_item`
--

CREATE TABLE `quote_address_item` (
  `address_item_id` int(10) unsigned NOT NULL AUTO_INCREMENT COMMENT 'Address Item ID',
  `parent_item_id` int(10) unsigned DEFAULT NULL COMMENT 'Parent Item ID',
  `quote_address_id` int(10) unsigned NOT NULL DEFAULT '0' COMMENT 'Quote Address ID',
  `quote_item_id` int(10) unsigned NOT NULL DEFAULT '0' COMMENT 'Quote Item ID',
  `created_at` timestamp NOT NULL DEFAULT CURRENT_TIMESTAMP COMMENT 'Created At',
  `updated_at` timestamp NOT NULL DEFAULT CURRENT_TIMESTAMP ON UPDATE CURRENT_TIMESTAMP COMMENT 'Updated At',
  `applied_rule_ids` text COMMENT 'Applied Rule Ids',
  `additional_data` text COMMENT 'Additional Data',
  `weight` decimal(12,4) DEFAULT '0.0000' COMMENT 'Weight',
  `qty` decimal(12,4) NOT NULL DEFAULT '0.0000' COMMENT 'Qty',
  `discount_amount` decimal(20,4) DEFAULT '0.0000' COMMENT 'Discount Amount',
  `tax_amount` decimal(20,4) DEFAULT '0.0000' COMMENT 'Tax Amount',
  `row_total` decimal(20,4) NOT NULL DEFAULT '0.0000' COMMENT 'Row Total',
  `base_row_total` decimal(20,4) NOT NULL DEFAULT '0.0000' COMMENT 'Base Row Total',
  `row_total_with_discount` decimal(20,4) DEFAULT '0.0000' COMMENT 'Row Total With Discount',
  `base_discount_amount` decimal(20,4) DEFAULT '0.0000' COMMENT 'Base Discount Amount',
  `base_tax_amount` decimal(20,4) DEFAULT '0.0000' COMMENT 'Base Tax Amount',
  `row_weight` decimal(12,4) DEFAULT '0.0000' COMMENT 'Row Weight',
  `product_id` int(10) unsigned DEFAULT NULL COMMENT 'Product ID',
  `super_product_id` int(10) unsigned DEFAULT NULL COMMENT 'Super Product ID',
  `parent_product_id` int(10) unsigned DEFAULT NULL COMMENT 'Parent Product ID',
  `store_id` smallint(5) unsigned DEFAULT NULL COMMENT 'Store ID',
  `sku` varchar(255) DEFAULT NULL COMMENT 'Sku',
  `image` varchar(255) DEFAULT NULL COMMENT 'Image',
  `name` varchar(255) DEFAULT NULL COMMENT 'Name',
  `description` text COMMENT 'Description',
  `is_qty_decimal` int(10) unsigned DEFAULT NULL COMMENT 'Is Qty Decimal',
  `price` decimal(12,4) DEFAULT NULL COMMENT 'Price',
  `discount_percent` decimal(12,4) DEFAULT NULL COMMENT 'Discount Percent',
  `no_discount` int(10) unsigned DEFAULT NULL COMMENT 'No Discount',
  `tax_percent` decimal(12,4) DEFAULT NULL COMMENT 'Tax Percent',
  `base_price` decimal(12,4) DEFAULT NULL COMMENT 'Base Price',
  `base_cost` decimal(12,4) DEFAULT NULL COMMENT 'Base Cost',
  `price_incl_tax` decimal(20,4) DEFAULT NULL COMMENT 'Price Incl Tax',
  `base_price_incl_tax` decimal(20,4) DEFAULT NULL COMMENT 'Base Price Incl Tax',
  `row_total_incl_tax` decimal(20,4) DEFAULT NULL COMMENT 'Row Total Incl Tax',
  `base_row_total_incl_tax` decimal(20,4) DEFAULT NULL COMMENT 'Base Row Total Incl Tax',
  `discount_tax_compensation_amount` decimal(20,4) DEFAULT NULL COMMENT 'Discount Tax Compensation Amount',
  `base_discount_tax_compensation_amount` decimal(20,4) DEFAULT NULL COMMENT 'Base Discount Tax Compensation Amount',
  `gift_message_id` int(11) DEFAULT NULL COMMENT 'Gift Message ID',
  `free_shipping` int(10) unsigned DEFAULT NULL COMMENT 'Free Shipping',
  PRIMARY KEY (`address_item_id`),
  KEY `QUOTE_ADDRESS_ITEM_QUOTE_ADDRESS_ID` (`quote_address_id`),
  KEY `QUOTE_ADDRESS_ITEM_PARENT_ITEM_ID` (`parent_item_id`),
  KEY `QUOTE_ADDRESS_ITEM_QUOTE_ITEM_ID` (`quote_item_id`),
  KEY `QUOTE_ADDRESS_ITEM_STORE_ID` (`store_id`),
  CONSTRAINT `QUOTE_ADDRESS_ITEM_QUOTE_ADDRESS_ID_QUOTE_ADDRESS_ADDRESS_ID` FOREIGN KEY (`quote_address_id`) REFERENCES `quote_address` (`address_id`) ON DELETE CASCADE,
  CONSTRAINT `QUOTE_ADDRESS_ITEM_QUOTE_ITEM_ID_QUOTE_ITEM_ITEM_ID` FOREIGN KEY (`quote_item_id`) REFERENCES `quote_item` (`item_id`) ON DELETE CASCADE,
  CONSTRAINT `QUOTE_ADDR_ITEM_PARENT_ITEM_ID_QUOTE_ADDR_ITEM_ADDR_ITEM_ID` FOREIGN KEY (`parent_item_id`) REFERENCES `quote_address_item` (`address_item_id`) ON DELETE CASCADE
) ENGINE=InnoDB DEFAULT CHARSET=utf8 COMMENT='Sales Flat Quote Address Item';

--
-- Dumping data for table `quote_address_item`
--


--
-- Table structure for table `quote_id_mask`
--

CREATE TABLE `quote_id_mask` (
  `entity_id` int(10) unsigned NOT NULL AUTO_INCREMENT COMMENT 'Entity ID',
  `quote_id` int(10) unsigned NOT NULL COMMENT 'Quote ID',
  `masked_id` varchar(32) DEFAULT NULL COMMENT 'Masked ID',
  PRIMARY KEY (`entity_id`,`quote_id`),
  KEY `QUOTE_ID_MASK_QUOTE_ID` (`quote_id`),
  KEY `QUOTE_ID_MASK_MASKED_ID` (`masked_id`),
  CONSTRAINT `QUOTE_ID_MASK_QUOTE_ID_QUOTE_ENTITY_ID` FOREIGN KEY (`quote_id`) REFERENCES `quote` (`entity_id`) ON DELETE CASCADE
) ENGINE=InnoDB AUTO_INCREMENT=10 DEFAULT CHARSET=utf8 COMMENT='Quote ID and masked ID mapping';

--
-- Dumping data for table `quote_id_mask`
--

INSERT INTO `quote_id_mask` VALUES (1,1,'4IlRrbAkabgRBTD7W3BVQzAJtiX5iwGr'),(8,11,'Jz2FSRJpZeLrELyvuZq2jrzqptZGfOVC'),(6,8,'La6rjQRyilZbJexE0tzl9OzSI5m56smQ'),(9,12,'nOUGjC4UvYqh08cz4DWXFyKsF4DbkXer'),(4,5,'TeE69zBPhqCNAPEFp6bYBBRrq6gxfVuS'),(7,10,'wGRPbyAOLD07jcyZpn7op47syMvyEoJx'),(2,2,'ZDY90X0xZYZ6nvGKDXkQQLwvmJnhGTDp');

--
-- Table structure for table `quote_item`
--

CREATE TABLE `quote_item` (
  `item_id` int(10) unsigned NOT NULL AUTO_INCREMENT COMMENT 'Item ID',
  `quote_id` int(10) unsigned NOT NULL DEFAULT '0' COMMENT 'Quote ID',
  `created_at` timestamp NOT NULL DEFAULT CURRENT_TIMESTAMP COMMENT 'Created At',
  `updated_at` timestamp NOT NULL DEFAULT CURRENT_TIMESTAMP ON UPDATE CURRENT_TIMESTAMP COMMENT 'Updated At',
  `product_id` int(10) unsigned DEFAULT NULL COMMENT 'Product ID',
  `store_id` smallint(5) unsigned DEFAULT NULL COMMENT 'Store ID',
  `parent_item_id` int(10) unsigned DEFAULT NULL COMMENT 'Parent Item ID',
  `is_virtual` smallint(5) unsigned DEFAULT NULL COMMENT 'Is Virtual',
  `sku` varchar(255) DEFAULT NULL COMMENT 'Sku',
  `name` varchar(255) DEFAULT NULL COMMENT 'Name',
  `description` text COMMENT 'Description',
  `applied_rule_ids` text COMMENT 'Applied Rule Ids',
  `additional_data` text COMMENT 'Additional Data',
  `is_qty_decimal` smallint(5) unsigned DEFAULT NULL COMMENT 'Is Qty Decimal',
  `no_discount` smallint(5) unsigned DEFAULT '0' COMMENT 'No Discount',
  `weight` decimal(12,4) DEFAULT '0.0000' COMMENT 'Weight',
  `qty` decimal(12,4) NOT NULL DEFAULT '0.0000' COMMENT 'Qty',
  `price` decimal(12,4) NOT NULL DEFAULT '0.0000' COMMENT 'Price',
  `base_price` decimal(12,4) NOT NULL DEFAULT '0.0000' COMMENT 'Base Price',
  `custom_price` decimal(12,4) DEFAULT NULL COMMENT 'Custom Price',
  `discount_percent` decimal(12,4) DEFAULT '0.0000' COMMENT 'Discount Percent',
  `discount_amount` decimal(20,4) DEFAULT '0.0000' COMMENT 'Discount Amount',
  `base_discount_amount` decimal(20,4) DEFAULT '0.0000' COMMENT 'Base Discount Amount',
  `tax_percent` decimal(12,4) DEFAULT '0.0000' COMMENT 'Tax Percent',
  `tax_amount` decimal(20,4) DEFAULT '0.0000' COMMENT 'Tax Amount',
  `base_tax_amount` decimal(20,4) DEFAULT '0.0000' COMMENT 'Base Tax Amount',
  `row_total` decimal(20,4) NOT NULL DEFAULT '0.0000' COMMENT 'Row Total',
  `base_row_total` decimal(20,4) NOT NULL DEFAULT '0.0000' COMMENT 'Base Row Total',
  `row_total_with_discount` decimal(20,4) DEFAULT '0.0000' COMMENT 'Row Total With Discount',
  `row_weight` decimal(12,4) DEFAULT '0.0000' COMMENT 'Row Weight',
  `product_type` varchar(255) DEFAULT NULL COMMENT 'Product Type',
  `base_tax_before_discount` decimal(20,4) DEFAULT NULL COMMENT 'Base Tax Before Discount',
  `tax_before_discount` decimal(20,4) DEFAULT NULL COMMENT 'Tax Before Discount',
  `original_custom_price` decimal(12,4) DEFAULT NULL COMMENT 'Original Custom Price',
  `redirect_url` varchar(255) DEFAULT NULL COMMENT 'Redirect Url',
  `base_cost` decimal(12,4) DEFAULT NULL COMMENT 'Base Cost',
  `price_incl_tax` decimal(20,4) DEFAULT NULL COMMENT 'Price Incl Tax',
  `base_price_incl_tax` decimal(20,4) DEFAULT NULL COMMENT 'Base Price Incl Tax',
  `row_total_incl_tax` decimal(20,4) DEFAULT NULL COMMENT 'Row Total Incl Tax',
  `base_row_total_incl_tax` decimal(20,4) DEFAULT NULL COMMENT 'Base Row Total Incl Tax',
  `discount_tax_compensation_amount` decimal(20,4) DEFAULT NULL COMMENT 'Discount Tax Compensation Amount',
  `base_discount_tax_compensation_amount` decimal(20,4) DEFAULT NULL COMMENT 'Base Discount Tax Compensation Amount',
  `gift_message_id` int(11) DEFAULT NULL COMMENT 'Gift Message ID',
  `free_shipping` smallint(5) unsigned NOT NULL DEFAULT '0' COMMENT 'Free Shipping',
  `weee_tax_applied` text COMMENT 'Weee Tax Applied',
  `weee_tax_applied_amount` decimal(12,4) DEFAULT NULL COMMENT 'Weee Tax Applied Amount',
  `weee_tax_applied_row_amount` decimal(12,4) DEFAULT NULL COMMENT 'Weee Tax Applied Row Amount',
  `weee_tax_disposition` decimal(12,4) DEFAULT NULL COMMENT 'Weee Tax Disposition',
  `weee_tax_row_disposition` decimal(12,4) DEFAULT NULL COMMENT 'Weee Tax Row Disposition',
  `base_weee_tax_applied_amount` decimal(12,4) DEFAULT NULL COMMENT 'Base Weee Tax Applied Amount',
  `base_weee_tax_applied_row_amnt` decimal(12,4) DEFAULT NULL COMMENT 'Base Weee Tax Applied Row Amnt',
  `base_weee_tax_disposition` decimal(12,4) DEFAULT NULL COMMENT 'Base Weee Tax Disposition',
  `base_weee_tax_row_disposition` decimal(12,4) DEFAULT NULL COMMENT 'Base Weee Tax Row Disposition',
  PRIMARY KEY (`item_id`),
  KEY `QUOTE_ITEM_PARENT_ITEM_ID` (`parent_item_id`),
  KEY `QUOTE_ITEM_PRODUCT_ID` (`product_id`),
  KEY `QUOTE_ITEM_QUOTE_ID` (`quote_id`),
  KEY `QUOTE_ITEM_STORE_ID` (`store_id`),
  CONSTRAINT `QUOTE_ITEM_PARENT_ITEM_ID_QUOTE_ITEM_ITEM_ID` FOREIGN KEY (`parent_item_id`) REFERENCES `quote_item` (`item_id`) ON DELETE CASCADE,
  CONSTRAINT `QUOTE_ITEM_QUOTE_ID_QUOTE_ENTITY_ID` FOREIGN KEY (`quote_id`) REFERENCES `quote` (`entity_id`) ON DELETE CASCADE,
  CONSTRAINT `QUOTE_ITEM_STORE_ID_STORE_STORE_ID` FOREIGN KEY (`store_id`) REFERENCES `store` (`store_id`) ON DELETE SET NULL
) ENGINE=InnoDB AUTO_INCREMENT=20 DEFAULT CHARSET=utf8 COMMENT='Sales Flat Quote Item';

--
-- Dumping data for table `quote_item`
--

INSERT INTO `quote_item` VALUES (12,6,'2022-02-21 12:06:29','2022-02-21 12:06:29',2,1,NULL,0,'4326456','Produkt 2',NULL,NULL,NULL,0,0,1.0000,1.0000,30.0000,30.0000,NULL,0.0000,0.0000,0.0000,0.0000,0.0000,0.0000,30.0000,30.0000,0.0000,1.0000,'simple',NULL,NULL,NULL,NULL,NULL,30.0000,30.0000,30.0000,30.0000,0.0000,0.0000,NULL,0,NULL,NULL,NULL,NULL,NULL,NULL,NULL,NULL,NULL),(13,8,'2022-02-22 08:36:07','2022-02-22 08:36:07',2,1,NULL,0,'4326456','Produkt 2',NULL,NULL,NULL,0,0,1.0000,1.0000,30.0000,30.0000,NULL,0.0000,0.0000,0.0000,0.0000,0.0000,0.0000,30.0000,30.0000,0.0000,1.0000,'simple',NULL,NULL,NULL,NULL,NULL,30.0000,30.0000,30.0000,30.0000,0.0000,0.0000,NULL,0,NULL,NULL,NULL,NULL,NULL,NULL,NULL,NULL,NULL),(14,9,'2022-02-28 10:13:23','2022-02-28 10:13:23',2,1,NULL,0,'4326456','Produkt 2',NULL,NULL,NULL,0,0,1.0000,1.0000,30.0000,30.0000,NULL,0.0000,0.0000,0.0000,0.0000,0.0000,0.0000,30.0000,30.0000,0.0000,1.0000,'simple',NULL,NULL,NULL,NULL,NULL,30.0000,30.0000,30.0000,30.0000,0.0000,0.0000,NULL,0,NULL,NULL,NULL,NULL,NULL,NULL,NULL,NULL,NULL),(15,10,'2022-02-28 10:13:48','2022-02-28 10:13:48',2,1,NULL,0,'4326456','Produkt 2',NULL,NULL,NULL,0,0,1.0000,1.0000,30.0000,30.0000,NULL,0.0000,0.0000,0.0000,0.0000,0.0000,0.0000,30.0000,30.0000,0.0000,1.0000,'simple',NULL,NULL,NULL,NULL,NULL,30.0000,30.0000,30.0000,30.0000,0.0000,0.0000,NULL,0,NULL,NULL,NULL,NULL,NULL,NULL,NULL,NULL,NULL),(16,11,'2022-02-28 13:46:48','2022-02-28 13:46:48',7,1,NULL,0,'4326456','Produkt',NULL,NULL,NULL,0,0,1.0000,1.0000,30.0000,30.0000,NULL,0.0000,0.0000,0.0000,0.0000,0.0000,0.0000,30.0000,30.0000,0.0000,1.0000,'configurable',NULL,NULL,NULL,NULL,NULL,30.0000,30.0000,30.0000,30.0000,0.0000,0.0000,NULL,0,NULL,NULL,NULL,NULL,NULL,NULL,NULL,NULL,NULL),(17,11,'2022-02-28 13:46:48','2022-02-28 13:46:48',2,1,16,0,'4326456','Produkt 2',NULL,NULL,NULL,0,0,1.0000,1.0000,0.0000,0.0000,NULL,0.0000,0.0000,0.0000,0.0000,0.0000,0.0000,0.0000,0.0000,0.0000,0.0000,'simple',NULL,NULL,NULL,NULL,NULL,NULL,NULL,NULL,NULL,NULL,NULL,NULL,0,NULL,NULL,NULL,NULL,NULL,NULL,NULL,NULL,NULL),(18,12,'2022-03-02 20:26:25','2022-03-02 20:26:25',7,1,NULL,0,'4326456-2','Produkt',NULL,NULL,NULL,0,0,1.0000,1.0000,30.0000,30.0000,NULL,0.0000,0.0000,0.0000,0.0000,0.0000,0.0000,30.0000,30.0000,0.0000,1.0000,'configurable',NULL,NULL,NULL,NULL,NULL,30.0000,30.0000,30.0000,30.0000,0.0000,0.0000,NULL,0,NULL,NULL,NULL,NULL,NULL,NULL,NULL,NULL,NULL),(19,12,'2022-03-02 20:26:25','2022-03-02 20:26:25',5,1,18,0,'4326456-2','Produkt 2-b',NULL,NULL,NULL,0,0,1.0000,1.0000,0.0000,0.0000,NULL,0.0000,0.0000,0.0000,0.0000,0.0000,0.0000,0.0000,0.0000,0.0000,0.0000,'simple',NULL,NULL,NULL,NULL,NULL,NULL,NULL,NULL,NULL,NULL,NULL,NULL,0,NULL,NULL,NULL,NULL,NULL,NULL,NULL,NULL,NULL);

--
-- Table structure for table `quote_item_option`
--

CREATE TABLE `quote_item_option` (
  `option_id` int(10) unsigned NOT NULL AUTO_INCREMENT COMMENT 'Option ID',
  `item_id` int(10) unsigned NOT NULL COMMENT 'Item ID',
  `product_id` int(10) unsigned NOT NULL COMMENT 'Product ID',
  `code` varchar(255) NOT NULL COMMENT 'Code',
  `value` text COMMENT 'Value',
  PRIMARY KEY (`option_id`),
  KEY `QUOTE_ITEM_OPTION_ITEM_ID` (`item_id`),
  CONSTRAINT `QUOTE_ITEM_OPTION_ITEM_ID_QUOTE_ITEM_ITEM_ID` FOREIGN KEY (`item_id`) REFERENCES `quote_item` (`item_id`) ON DELETE CASCADE
) ENGINE=InnoDB AUTO_INCREMENT=40 DEFAULT CHARSET=utf8 COMMENT='Sales Flat Quote Item Option';

--
-- Dumping data for table `quote_item_option`
--

INSERT INTO `quote_item_option` VALUES (24,12,2,'info_buyRequest','{\"uenc\":\"aHR0cDovL2RldjkucGV0a2EtZGVsdGEuc2kvdHJnb3ZpbmEuaHRtbA,,\",\"product\":\"2\",\"qty\":1}'),(25,13,2,'info_buyRequest','{\"uenc\":\"aHR0cDovL2RldjkucGV0a2EtZGVsdGEuc2kvcHJvZHVrdC0yLmh0bWw,\",\"product\":\"2\",\"selected_configurable_option\":\"\",\"related_product\":\"\",\"item\":\"2\",\"qty\":\"1\"}'),(26,14,2,'info_buyRequest','{\"uenc\":\"aHR0cDovL2RldjkucGV0a2EtZGVsdGEuc2kvdHJnb3ZpbmEuaHRtbA,,\",\"product\":\"2\",\"qty\":1}'),(27,15,2,'info_buyRequest','{\"uenc\":\"aHR0cDovL2RldjkucGV0a2EtZGVsdGEuc2kvdHJnb3ZpbmEuaHRtbA,,\",\"product\":\"2\",\"qty\":1}'),(28,16,7,'info_buyRequest','{\"uenc\":\"aHR0cDovL2RldjkucGV0a2EtZGVsdGEuc2kvcHJvZHVrdC5odG1s\",\"product\":\"7\",\"selected_configurable_option\":\"\",\"related_product\":\"\",\"item\":\"7\",\"super_attribute\":{\"162\":\"4\"},\"qty\":\"1\"}'),(29,16,7,'attributes','{\"162\":\"4\"}'),(30,16,2,'product_qty_2','1'),(31,16,2,'simple_product','2'),(32,17,2,'info_buyRequest','{\"uenc\":\"aHR0cDovL2RldjkucGV0a2EtZGVsdGEuc2kvcHJvZHVrdC5odG1s\",\"product\":\"7\",\"selected_configurable_option\":\"\",\"related_product\":\"\",\"item\":\"7\",\"super_attribute\":{\"162\":\"4\"},\"qty\":\"1\"}'),(33,17,2,'parent_product_id','7'),(34,18,7,'info_buyRequest','{\"uenc\":\"aHR0cDovL2RldjkucGV0a2EtZGVsdGEuc2kvcHJvZHVrdC5odG1s\",\"product\":\"7\",\"selected_configurable_option\":\"\",\"related_product\":\"\",\"item\":\"7\",\"super_attribute\":{\"162\":\"5\"},\"qty\":\"1\"}'),(35,18,7,'attributes','{\"162\":\"5\"}'),(36,18,5,'product_qty_5','1'),(37,18,5,'simple_product','5'),(38,19,5,'info_buyRequest','{\"uenc\":\"aHR0cDovL2RldjkucGV0a2EtZGVsdGEuc2kvcHJvZHVrdC5odG1s\",\"product\":\"7\",\"selected_configurable_option\":\"\",\"related_product\":\"\",\"item\":\"7\",\"super_attribute\":{\"162\":\"5\"},\"qty\":\"1\"}'),(39,19,5,'parent_product_id','7');

--
-- Table structure for table `quote_payment`
--

CREATE TABLE `quote_payment` (
  `payment_id` int(10) unsigned NOT NULL AUTO_INCREMENT COMMENT 'Payment ID',
  `quote_id` int(10) unsigned NOT NULL DEFAULT '0' COMMENT 'Quote ID',
  `created_at` timestamp NOT NULL DEFAULT CURRENT_TIMESTAMP COMMENT 'Created At',
  `updated_at` timestamp NOT NULL DEFAULT CURRENT_TIMESTAMP ON UPDATE CURRENT_TIMESTAMP COMMENT 'Updated At',
  `method` varchar(255) DEFAULT NULL COMMENT 'Method',
  `cc_type` varchar(255) DEFAULT NULL COMMENT 'Cc Type',
  `cc_number_enc` varchar(255) DEFAULT NULL COMMENT 'Cc Number Enc',
  `cc_last_4` varchar(255) DEFAULT NULL COMMENT 'Cc Last 4',
  `cc_cid_enc` varchar(255) DEFAULT NULL COMMENT 'Cc Cid Enc',
  `cc_owner` varchar(255) DEFAULT NULL COMMENT 'Cc Owner',
  `cc_exp_month` varchar(255) DEFAULT NULL COMMENT 'Cc Exp Month',
  `cc_exp_year` smallint(5) unsigned DEFAULT '0' COMMENT 'Cc Exp Year',
  `cc_ss_owner` varchar(255) DEFAULT NULL COMMENT 'Cc Ss Owner',
  `cc_ss_start_month` smallint(5) unsigned DEFAULT '0' COMMENT 'Cc Ss Start Month',
  `cc_ss_start_year` smallint(5) unsigned DEFAULT '0' COMMENT 'Cc Ss Start Year',
  `po_number` varchar(255) DEFAULT NULL COMMENT 'Po Number',
  `additional_data` text COMMENT 'Additional Data',
  `cc_ss_issue` varchar(255) DEFAULT NULL COMMENT 'Cc Ss Issue',
  `additional_information` text COMMENT 'Additional Information',
  `paypal_payer_id` varchar(255) DEFAULT NULL COMMENT 'Paypal Payer ID',
  `paypal_payer_status` varchar(255) DEFAULT NULL COMMENT 'Paypal Payer Status',
  `paypal_correlation_id` varchar(255) DEFAULT NULL COMMENT 'Paypal Correlation ID',
  PRIMARY KEY (`payment_id`),
  KEY `QUOTE_PAYMENT_QUOTE_ID` (`quote_id`),
  CONSTRAINT `QUOTE_PAYMENT_QUOTE_ID_QUOTE_ENTITY_ID` FOREIGN KEY (`quote_id`) REFERENCES `quote` (`entity_id`) ON DELETE CASCADE
) ENGINE=InnoDB AUTO_INCREMENT=2 DEFAULT CHARSET=utf8 COMMENT='Sales Flat Quote Payment';

--
-- Dumping data for table `quote_payment`
--

INSERT INTO `quote_payment` VALUES (1,12,'2022-03-02 20:41:18','2022-03-02 20:41:18','checkmo',NULL,NULL,NULL,NULL,NULL,NULL,0,NULL,0,0,NULL,NULL,NULL,'null',NULL,NULL,NULL);

--
-- Table structure for table `quote_shipping_rate`
--

CREATE TABLE `quote_shipping_rate` (
  `rate_id` int(10) unsigned NOT NULL AUTO_INCREMENT COMMENT 'Rate ID',
  `address_id` int(10) unsigned NOT NULL DEFAULT '0' COMMENT 'Address ID',
  `created_at` timestamp NOT NULL DEFAULT CURRENT_TIMESTAMP COMMENT 'Created At',
  `updated_at` timestamp NOT NULL DEFAULT CURRENT_TIMESTAMP ON UPDATE CURRENT_TIMESTAMP COMMENT 'Updated At',
  `carrier` varchar(255) DEFAULT NULL COMMENT 'Carrier',
  `carrier_title` varchar(255) DEFAULT NULL COMMENT 'Carrier Title',
  `code` varchar(255) DEFAULT NULL COMMENT 'Code',
  `method` varchar(255) DEFAULT NULL COMMENT 'Method',
  `method_description` text COMMENT 'Method Description',
  `price` decimal(20,4) NOT NULL DEFAULT '0.0000' COMMENT 'Price',
  `error_message` text COMMENT 'Error Message',
  `method_title` text COMMENT 'Method Title',
  PRIMARY KEY (`rate_id`),
  KEY `QUOTE_SHIPPING_RATE_ADDRESS_ID` (`address_id`),
  CONSTRAINT `QUOTE_SHIPPING_RATE_ADDRESS_ID_QUOTE_ADDRESS_ADDRESS_ID` FOREIGN KEY (`address_id`) REFERENCES `quote_address` (`address_id`) ON DELETE CASCADE
) ENGINE=InnoDB AUTO_INCREMENT=3 DEFAULT CHARSET=utf8 COMMENT='Sales Flat Quote Shipping Rate';

--
-- Dumping data for table `quote_shipping_rate`
--

INSERT INTO `quote_shipping_rate` VALUES (2,30,'2022-03-02 20:41:18','2022-03-02 20:41:18','flatrate','Flat Rate','flatrate_flatrate','flatrate',NULL,5.0000,NULL,'Fixed');

--
-- Table structure for table `rating`
--

CREATE TABLE `rating` (
  `rating_id` smallint(5) unsigned NOT NULL AUTO_INCREMENT COMMENT 'Rating ID',
  `entity_id` smallint(5) unsigned NOT NULL DEFAULT '0' COMMENT 'Entity ID',
  `rating_code` varchar(64) NOT NULL COMMENT 'Rating Code',
  `position` smallint(5) unsigned NOT NULL DEFAULT '0' COMMENT 'Rating Position On Storefront',
  `is_active` smallint(6) NOT NULL DEFAULT '1' COMMENT 'Rating is active.',
  PRIMARY KEY (`rating_id`),
  UNIQUE KEY `RATING_RATING_CODE` (`rating_code`),
  KEY `RATING_ENTITY_ID` (`entity_id`),
  CONSTRAINT `RATING_ENTITY_ID_RATING_ENTITY_ENTITY_ID` FOREIGN KEY (`entity_id`) REFERENCES `rating_entity` (`entity_id`) ON DELETE CASCADE
) ENGINE=InnoDB AUTO_INCREMENT=4 DEFAULT CHARSET=utf8 COMMENT='Ratings';

--
-- Dumping data for table `rating`
--

INSERT INTO `rating` VALUES (1,1,'Quality',0,1),(2,1,'Value',0,1),(3,1,'Price',0,1);

--
-- Table structure for table `rating_entity`
--

CREATE TABLE `rating_entity` (
  `entity_id` smallint(5) unsigned NOT NULL AUTO_INCREMENT COMMENT 'Entity ID',
  `entity_code` varchar(64) NOT NULL COMMENT 'Entity Code',
  PRIMARY KEY (`entity_id`),
  UNIQUE KEY `RATING_ENTITY_ENTITY_CODE` (`entity_code`)
) ENGINE=InnoDB AUTO_INCREMENT=4 DEFAULT CHARSET=utf8 COMMENT='Rating entities';

--
-- Dumping data for table `rating_entity`
--

INSERT INTO `rating_entity` VALUES (1,'product'),(2,'product_review'),(3,'review');

--
-- Table structure for table `rating_option`
--

CREATE TABLE `rating_option` (
  `option_id` int(10) unsigned NOT NULL AUTO_INCREMENT COMMENT 'Rating Option ID',
  `rating_id` smallint(5) unsigned NOT NULL DEFAULT '0' COMMENT 'Rating ID',
  `code` varchar(32) NOT NULL COMMENT 'Rating Option Code',
  `value` smallint(5) unsigned NOT NULL DEFAULT '0' COMMENT 'Rating Option Value',
  `position` smallint(5) unsigned NOT NULL DEFAULT '0' COMMENT 'Ration option position on Storefront',
  PRIMARY KEY (`option_id`),
  KEY `RATING_OPTION_RATING_ID` (`rating_id`),
  CONSTRAINT `RATING_OPTION_RATING_ID_RATING_RATING_ID` FOREIGN KEY (`rating_id`) REFERENCES `rating` (`rating_id`) ON DELETE CASCADE
) ENGINE=InnoDB AUTO_INCREMENT=16 DEFAULT CHARSET=utf8 COMMENT='Rating options';

--
-- Dumping data for table `rating_option`
--

INSERT INTO `rating_option` VALUES (1,1,'1',1,1),(2,1,'2',2,2),(3,1,'3',3,3),(4,1,'4',4,4),(5,1,'5',5,5),(6,2,'1',1,1),(7,2,'2',2,2),(8,2,'3',3,3),(9,2,'4',4,4),(10,2,'5',5,5),(11,3,'1',1,1),(12,3,'2',2,2),(13,3,'3',3,3),(14,3,'4',4,4),(15,3,'5',5,5);

--
-- Table structure for table `rating_option_vote`
--

CREATE TABLE `rating_option_vote` (
  `vote_id` bigint(20) unsigned NOT NULL AUTO_INCREMENT COMMENT 'Vote ID',
  `option_id` int(10) unsigned NOT NULL DEFAULT '0' COMMENT 'Vote option ID',
  `remote_ip` varchar(16) NOT NULL COMMENT 'Customer IP',
  `remote_ip_long` bigint(20) NOT NULL DEFAULT '0' COMMENT 'Customer IP converted to long integer format',
  `customer_id` int(10) unsigned DEFAULT '0' COMMENT 'Customer ID',
  `entity_pk_value` bigint(20) unsigned NOT NULL DEFAULT '0' COMMENT 'Product ID',
  `rating_id` smallint(5) unsigned NOT NULL DEFAULT '0' COMMENT 'Rating ID',
  `review_id` bigint(20) unsigned DEFAULT NULL COMMENT 'Review ID',
  `percent` smallint(6) NOT NULL DEFAULT '0' COMMENT 'Percent amount',
  `value` smallint(6) NOT NULL DEFAULT '0' COMMENT 'Vote option value',
  PRIMARY KEY (`vote_id`),
  KEY `RATING_OPTION_VOTE_REVIEW_ID_REVIEW_REVIEW_ID` (`review_id`),
  KEY `RATING_OPTION_VOTE_OPTION_ID` (`option_id`),
  CONSTRAINT `RATING_OPTION_VOTE_OPTION_ID_RATING_OPTION_OPTION_ID` FOREIGN KEY (`option_id`) REFERENCES `rating_option` (`option_id`) ON DELETE CASCADE,
  CONSTRAINT `RATING_OPTION_VOTE_REVIEW_ID_REVIEW_REVIEW_ID` FOREIGN KEY (`review_id`) REFERENCES `review` (`review_id`) ON DELETE CASCADE
) ENGINE=InnoDB DEFAULT CHARSET=utf8 COMMENT='Rating option values';

--
-- Dumping data for table `rating_option_vote`
--


--
-- Table structure for table `rating_option_vote_aggregated`
--

CREATE TABLE `rating_option_vote_aggregated` (
  `primary_id` int(11) NOT NULL AUTO_INCREMENT COMMENT 'Vote aggregation ID',
  `rating_id` smallint(5) unsigned NOT NULL DEFAULT '0' COMMENT 'Rating ID',
  `entity_pk_value` bigint(20) unsigned NOT NULL DEFAULT '0' COMMENT 'Product ID',
  `vote_count` int(10) unsigned NOT NULL DEFAULT '0' COMMENT 'Vote dty',
  `vote_value_sum` int(10) unsigned NOT NULL DEFAULT '0' COMMENT 'General vote sum',
  `percent` smallint(6) NOT NULL DEFAULT '0' COMMENT 'Vote percent',
  `percent_approved` smallint(6) DEFAULT '0' COMMENT 'Vote percent approved by admin',
  `store_id` smallint(5) unsigned NOT NULL DEFAULT '0' COMMENT 'Store ID',
  PRIMARY KEY (`primary_id`),
  KEY `RATING_OPTION_VOTE_AGGREGATED_RATING_ID` (`rating_id`),
  KEY `RATING_OPTION_VOTE_AGGREGATED_STORE_ID` (`store_id`),
  CONSTRAINT `RATING_OPTION_VOTE_AGGREGATED_RATING_ID_RATING_RATING_ID` FOREIGN KEY (`rating_id`) REFERENCES `rating` (`rating_id`) ON DELETE CASCADE,
  CONSTRAINT `RATING_OPTION_VOTE_AGGREGATED_STORE_ID_STORE_STORE_ID` FOREIGN KEY (`store_id`) REFERENCES `store` (`store_id`) ON DELETE CASCADE
) ENGINE=InnoDB DEFAULT CHARSET=utf8 COMMENT='Rating vote aggregated';

--
-- Dumping data for table `rating_option_vote_aggregated`
--


--
-- Table structure for table `rating_store`
--

CREATE TABLE `rating_store` (
  `rating_id` smallint(5) unsigned NOT NULL DEFAULT '0' COMMENT 'Rating ID',
  `store_id` smallint(5) unsigned NOT NULL DEFAULT '0' COMMENT 'Store ID',
  PRIMARY KEY (`rating_id`,`store_id`),
  KEY `RATING_STORE_STORE_ID` (`store_id`),
  CONSTRAINT `RATING_STORE_RATING_ID_RATING_RATING_ID` FOREIGN KEY (`rating_id`) REFERENCES `rating` (`rating_id`) ON DELETE CASCADE,
  CONSTRAINT `RATING_STORE_STORE_ID_STORE_STORE_ID` FOREIGN KEY (`store_id`) REFERENCES `store` (`store_id`) ON DELETE CASCADE
) ENGINE=InnoDB DEFAULT CHARSET=utf8 COMMENT='Rating Store';

--
-- Dumping data for table `rating_store`
--


--
-- Table structure for table `rating_title`
--

CREATE TABLE `rating_title` (
  `rating_id` smallint(5) unsigned NOT NULL DEFAULT '0' COMMENT 'Rating ID',
  `store_id` smallint(5) unsigned NOT NULL DEFAULT '0' COMMENT 'Store ID',
  `value` varchar(255) NOT NULL COMMENT 'Rating Label',
  PRIMARY KEY (`rating_id`,`store_id`),
  KEY `RATING_TITLE_STORE_ID` (`store_id`),
  CONSTRAINT `RATING_TITLE_RATING_ID_RATING_RATING_ID` FOREIGN KEY (`rating_id`) REFERENCES `rating` (`rating_id`) ON DELETE CASCADE,
  CONSTRAINT `RATING_TITLE_STORE_ID_STORE_STORE_ID` FOREIGN KEY (`store_id`) REFERENCES `store` (`store_id`) ON DELETE CASCADE
) ENGINE=InnoDB DEFAULT CHARSET=utf8 COMMENT='Rating Title';

--
-- Dumping data for table `rating_title`
--


--
-- Table structure for table `release_notification_viewer_log`
--

CREATE TABLE `release_notification_viewer_log` (
  `id` int(10) unsigned NOT NULL AUTO_INCREMENT COMMENT 'Log ID',
  `viewer_id` int(10) unsigned NOT NULL COMMENT 'Viewer admin user ID',
  `last_view_version` varchar(16) NOT NULL COMMENT 'Viewer last view on product version',
  PRIMARY KEY (`id`),
  UNIQUE KEY `RELEASE_NOTIFICATION_VIEWER_LOG_VIEWER_ID` (`viewer_id`),
  CONSTRAINT `RELEASE_NOTIFICATION_VIEWER_LOG_VIEWER_ID_ADMIN_USER_USER_ID` FOREIGN KEY (`viewer_id`) REFERENCES `admin_user` (`user_id`) ON DELETE CASCADE
) ENGINE=InnoDB DEFAULT CHARSET=utf8 COMMENT='Release Notification Viewer Log Table';

--
-- Dumping data for table `release_notification_viewer_log`
--


--
-- Table structure for table `report_compared_product_index`
--

CREATE TABLE `report_compared_product_index` (
  `index_id` bigint(20) unsigned NOT NULL AUTO_INCREMENT COMMENT 'Index ID',
  `visitor_id` int(10) unsigned DEFAULT NULL COMMENT 'Visitor ID',
  `customer_id` int(10) unsigned DEFAULT NULL COMMENT 'Customer ID',
  `product_id` int(10) unsigned NOT NULL COMMENT 'Product ID',
  `store_id` smallint(5) unsigned DEFAULT NULL COMMENT 'Store ID',
  `added_at` timestamp NOT NULL DEFAULT CURRENT_TIMESTAMP COMMENT 'Added At',
  PRIMARY KEY (`index_id`),
  UNIQUE KEY `REPORT_COMPARED_PRODUCT_INDEX_VISITOR_ID_PRODUCT_ID` (`visitor_id`,`product_id`),
  UNIQUE KEY `REPORT_COMPARED_PRODUCT_INDEX_CUSTOMER_ID_PRODUCT_ID` (`customer_id`,`product_id`),
  KEY `REPORT_COMPARED_PRODUCT_INDEX_STORE_ID` (`store_id`),
  KEY `REPORT_COMPARED_PRODUCT_INDEX_ADDED_AT` (`added_at`),
  KEY `REPORT_COMPARED_PRODUCT_INDEX_PRODUCT_ID` (`product_id`),
  CONSTRAINT `REPORT_CMPD_PRD_IDX_CSTR_ID_CSTR_ENTT_ENTT_ID` FOREIGN KEY (`customer_id`) REFERENCES `customer_entity` (`entity_id`) ON DELETE CASCADE,
  CONSTRAINT `REPORT_CMPD_PRD_IDX_PRD_ID_CAT_PRD_ENTT_ENTT_ID` FOREIGN KEY (`product_id`) REFERENCES `catalog_product_entity` (`entity_id`) ON DELETE CASCADE,
  CONSTRAINT `REPORT_COMPARED_PRODUCT_INDEX_STORE_ID_STORE_STORE_ID` FOREIGN KEY (`store_id`) REFERENCES `store` (`store_id`) ON DELETE SET NULL
) ENGINE=InnoDB DEFAULT CHARSET=utf8 COMMENT='Reports Compared Product Index Table';

--
-- Dumping data for table `report_compared_product_index`
--


--
-- Table structure for table `report_event`
--

CREATE TABLE `report_event` (
  `event_id` bigint(20) unsigned NOT NULL AUTO_INCREMENT COMMENT 'Event ID',
  `logged_at` timestamp NOT NULL DEFAULT CURRENT_TIMESTAMP COMMENT 'Logged At',
  `event_type_id` smallint(5) unsigned NOT NULL DEFAULT '0' COMMENT 'Event Type ID',
  `object_id` int(10) unsigned NOT NULL DEFAULT '0' COMMENT 'Object ID',
  `subject_id` int(10) unsigned NOT NULL DEFAULT '0' COMMENT 'Subject ID',
  `subtype` smallint(5) unsigned NOT NULL DEFAULT '0' COMMENT 'Subtype',
  `store_id` smallint(5) unsigned NOT NULL COMMENT 'Store ID',
  PRIMARY KEY (`event_id`),
  KEY `REPORT_EVENT_EVENT_TYPE_ID` (`event_type_id`),
  KEY `REPORT_EVENT_SUBJECT_ID` (`subject_id`),
  KEY `REPORT_EVENT_OBJECT_ID` (`object_id`),
  KEY `REPORT_EVENT_SUBTYPE` (`subtype`),
  KEY `REPORT_EVENT_STORE_ID` (`store_id`),
  CONSTRAINT `REPORT_EVENT_EVENT_TYPE_ID_REPORT_EVENT_TYPES_EVENT_TYPE_ID` FOREIGN KEY (`event_type_id`) REFERENCES `report_event_types` (`event_type_id`) ON DELETE CASCADE,
  CONSTRAINT `REPORT_EVENT_STORE_ID_STORE_STORE_ID` FOREIGN KEY (`store_id`) REFERENCES `store` (`store_id`) ON DELETE CASCADE
) ENGINE=InnoDB DEFAULT CHARSET=utf8 COMMENT='Reports Event Table';

--
-- Dumping data for table `report_event`
--


--
-- Table structure for table `report_event_types`
--

CREATE TABLE `report_event_types` (
  `event_type_id` smallint(5) unsigned NOT NULL AUTO_INCREMENT COMMENT 'Event Type ID',
  `event_name` varchar(64) NOT NULL COMMENT 'Event Name',
  `customer_login` smallint(5) unsigned NOT NULL DEFAULT '0' COMMENT 'Customer Login',
  PRIMARY KEY (`event_type_id`)
) ENGINE=InnoDB AUTO_INCREMENT=7 DEFAULT CHARSET=utf8 COMMENT='Reports Event Type Table';

--
-- Dumping data for table `report_event_types`
--

INSERT INTO `report_event_types` VALUES (1,'catalog_product_view',0),(2,'sendfriend_product',0),(3,'catalog_product_compare_add_product',0),(4,'checkout_cart_add_product',0),(5,'wishlist_add_product',0),(6,'wishlist_share',0);

--
-- Table structure for table `report_viewed_product_aggregated_daily`
--

CREATE TABLE `report_viewed_product_aggregated_daily` (
  `id` int(10) unsigned NOT NULL AUTO_INCREMENT COMMENT 'ID',
  `period` date DEFAULT NULL COMMENT 'Period',
  `store_id` smallint(5) unsigned DEFAULT NULL COMMENT 'Store ID',
  `product_id` int(10) unsigned DEFAULT NULL COMMENT 'Product ID',
  `product_name` varchar(255) DEFAULT NULL COMMENT 'Product Name',
  `product_price` decimal(12,4) NOT NULL DEFAULT '0.0000' COMMENT 'Product Price',
  `views_num` int(11) NOT NULL DEFAULT '0' COMMENT 'Number of Views',
  `rating_pos` smallint(5) unsigned NOT NULL DEFAULT '0' COMMENT 'Rating Pos',
  PRIMARY KEY (`id`),
  UNIQUE KEY `REPORT_VIEWED_PRD_AGGRED_DAILY_PERIOD_STORE_ID_PRD_ID` (`period`,`store_id`,`product_id`),
  KEY `REPORT_VIEWED_PRODUCT_AGGREGATED_DAILY_STORE_ID` (`store_id`),
  KEY `REPORT_VIEWED_PRODUCT_AGGREGATED_DAILY_PRODUCT_ID` (`product_id`),
  CONSTRAINT `REPORT_VIEWED_PRD_AGGRED_DAILY_PRD_ID_CAT_PRD_ENTT_ENTT_ID` FOREIGN KEY (`product_id`) REFERENCES `catalog_product_entity` (`entity_id`) ON DELETE CASCADE,
  CONSTRAINT `REPORT_VIEWED_PRODUCT_AGGREGATED_DAILY_STORE_ID_STORE_STORE_ID` FOREIGN KEY (`store_id`) REFERENCES `store` (`store_id`) ON DELETE CASCADE
) ENGINE=InnoDB DEFAULT CHARSET=utf8 COMMENT='Most Viewed Products Aggregated Daily';

--
-- Dumping data for table `report_viewed_product_aggregated_daily`
--


--
-- Table structure for table `report_viewed_product_aggregated_monthly`
--

CREATE TABLE `report_viewed_product_aggregated_monthly` (
  `id` int(10) unsigned NOT NULL AUTO_INCREMENT COMMENT 'ID',
  `period` date DEFAULT NULL COMMENT 'Period',
  `store_id` smallint(5) unsigned DEFAULT NULL COMMENT 'Store ID',
  `product_id` int(10) unsigned DEFAULT NULL COMMENT 'Product ID',
  `product_name` varchar(255) DEFAULT NULL COMMENT 'Product Name',
  `product_price` decimal(12,4) NOT NULL DEFAULT '0.0000' COMMENT 'Product Price',
  `views_num` int(11) NOT NULL DEFAULT '0' COMMENT 'Number of Views',
  `rating_pos` smallint(5) unsigned NOT NULL DEFAULT '0' COMMENT 'Rating Pos',
  PRIMARY KEY (`id`),
  UNIQUE KEY `REPORT_VIEWED_PRD_AGGRED_MONTHLY_PERIOD_STORE_ID_PRD_ID` (`period`,`store_id`,`product_id`),
  KEY `REPORT_VIEWED_PRODUCT_AGGREGATED_MONTHLY_STORE_ID` (`store_id`),
  KEY `REPORT_VIEWED_PRODUCT_AGGREGATED_MONTHLY_PRODUCT_ID` (`product_id`),
  CONSTRAINT `REPORT_VIEWED_PRD_AGGRED_MONTHLY_PRD_ID_CAT_PRD_ENTT_ENTT_ID` FOREIGN KEY (`product_id`) REFERENCES `catalog_product_entity` (`entity_id`) ON DELETE CASCADE,
  CONSTRAINT `REPORT_VIEWED_PRODUCT_AGGREGATED_MONTHLY_STORE_ID_STORE_STORE_ID` FOREIGN KEY (`store_id`) REFERENCES `store` (`store_id`) ON DELETE CASCADE
) ENGINE=InnoDB DEFAULT CHARSET=utf8 COMMENT='Most Viewed Products Aggregated Monthly';

--
-- Dumping data for table `report_viewed_product_aggregated_monthly`
--


--
-- Table structure for table `report_viewed_product_aggregated_yearly`
--

CREATE TABLE `report_viewed_product_aggregated_yearly` (
  `id` int(10) unsigned NOT NULL AUTO_INCREMENT COMMENT 'ID',
  `period` date DEFAULT NULL COMMENT 'Period',
  `store_id` smallint(5) unsigned DEFAULT NULL COMMENT 'Store ID',
  `product_id` int(10) unsigned DEFAULT NULL COMMENT 'Product ID',
  `product_name` varchar(255) DEFAULT NULL COMMENT 'Product Name',
  `product_price` decimal(12,4) NOT NULL DEFAULT '0.0000' COMMENT 'Product Price',
  `views_num` int(11) NOT NULL DEFAULT '0' COMMENT 'Number of Views',
  `rating_pos` smallint(5) unsigned NOT NULL DEFAULT '0' COMMENT 'Rating Pos',
  PRIMARY KEY (`id`),
  UNIQUE KEY `REPORT_VIEWED_PRD_AGGRED_YEARLY_PERIOD_STORE_ID_PRD_ID` (`period`,`store_id`,`product_id`),
  KEY `REPORT_VIEWED_PRODUCT_AGGREGATED_YEARLY_STORE_ID` (`store_id`),
  KEY `REPORT_VIEWED_PRODUCT_AGGREGATED_YEARLY_PRODUCT_ID` (`product_id`),
  CONSTRAINT `REPORT_VIEWED_PRD_AGGRED_YEARLY_PRD_ID_CAT_PRD_ENTT_ENTT_ID` FOREIGN KEY (`product_id`) REFERENCES `catalog_product_entity` (`entity_id`) ON DELETE CASCADE,
  CONSTRAINT `REPORT_VIEWED_PRODUCT_AGGREGATED_YEARLY_STORE_ID_STORE_STORE_ID` FOREIGN KEY (`store_id`) REFERENCES `store` (`store_id`) ON DELETE CASCADE
) ENGINE=InnoDB DEFAULT CHARSET=utf8 COMMENT='Most Viewed Products Aggregated Yearly';

--
-- Dumping data for table `report_viewed_product_aggregated_yearly`
--


--
-- Table structure for table `report_viewed_product_index`
--

CREATE TABLE `report_viewed_product_index` (
  `index_id` bigint(20) unsigned NOT NULL AUTO_INCREMENT COMMENT 'Index ID',
  `visitor_id` int(10) unsigned DEFAULT NULL COMMENT 'Visitor ID',
  `customer_id` int(10) unsigned DEFAULT NULL COMMENT 'Customer ID',
  `product_id` int(10) unsigned NOT NULL COMMENT 'Product ID',
  `store_id` smallint(5) unsigned DEFAULT NULL COMMENT 'Store ID',
  `added_at` timestamp NOT NULL DEFAULT CURRENT_TIMESTAMP COMMENT 'Added At',
  PRIMARY KEY (`index_id`),
  UNIQUE KEY `REPORT_VIEWED_PRODUCT_INDEX_VISITOR_ID_PRODUCT_ID` (`visitor_id`,`product_id`),
  UNIQUE KEY `REPORT_VIEWED_PRODUCT_INDEX_CUSTOMER_ID_PRODUCT_ID` (`customer_id`,`product_id`),
  KEY `REPORT_VIEWED_PRODUCT_INDEX_STORE_ID` (`store_id`),
  KEY `REPORT_VIEWED_PRODUCT_INDEX_ADDED_AT` (`added_at`),
  KEY `REPORT_VIEWED_PRODUCT_INDEX_PRODUCT_ID` (`product_id`),
  CONSTRAINT `REPORT_VIEWED_PRD_IDX_CSTR_ID_CSTR_ENTT_ENTT_ID` FOREIGN KEY (`customer_id`) REFERENCES `customer_entity` (`entity_id`) ON DELETE CASCADE,
  CONSTRAINT `REPORT_VIEWED_PRD_IDX_PRD_ID_CAT_PRD_ENTT_ENTT_ID` FOREIGN KEY (`product_id`) REFERENCES `catalog_product_entity` (`entity_id`) ON DELETE CASCADE,
  CONSTRAINT `REPORT_VIEWED_PRODUCT_INDEX_STORE_ID_STORE_STORE_ID` FOREIGN KEY (`store_id`) REFERENCES `store` (`store_id`) ON DELETE SET NULL
) ENGINE=InnoDB DEFAULT CHARSET=utf8 COMMENT='Reports Viewed Product Index Table';

--
-- Dumping data for table `report_viewed_product_index`
--


--
-- Table structure for table `reporting_counts`
--

CREATE TABLE `reporting_counts` (
  `entity_id` int(10) unsigned NOT NULL AUTO_INCREMENT COMMENT 'Entity ID',
  `type` varchar(255) DEFAULT NULL COMMENT 'Item Reported',
  `count` int(10) unsigned DEFAULT NULL COMMENT 'Count Value',
  `updated_at` timestamp NOT NULL DEFAULT CURRENT_TIMESTAMP ON UPDATE CURRENT_TIMESTAMP COMMENT 'Updated At',
  PRIMARY KEY (`entity_id`)
) ENGINE=InnoDB DEFAULT CHARSET=utf8 COMMENT='Reporting for all count related events generated via the cron job';

--
-- Dumping data for table `reporting_counts`
--


--
-- Table structure for table `reporting_module_status`
--

CREATE TABLE `reporting_module_status` (
  `entity_id` int(10) unsigned NOT NULL AUTO_INCREMENT COMMENT 'Module ID',
  `name` varchar(255) DEFAULT NULL COMMENT 'Module Name',
  `active` varchar(255) DEFAULT NULL COMMENT 'Module Active Status',
  `setup_version` varchar(255) DEFAULT NULL COMMENT 'Module Version',
  `state` varchar(255) DEFAULT NULL COMMENT 'Module State',
  `updated_at` timestamp NOT NULL DEFAULT CURRENT_TIMESTAMP ON UPDATE CURRENT_TIMESTAMP COMMENT 'Updated At',
  PRIMARY KEY (`entity_id`)
) ENGINE=InnoDB DEFAULT CHARSET=utf8 COMMENT='Module Status Table';

--
-- Dumping data for table `reporting_module_status`
--


--
-- Table structure for table `reporting_orders`
--

CREATE TABLE `reporting_orders` (
  `entity_id` int(10) unsigned NOT NULL AUTO_INCREMENT COMMENT 'Entity ID',
  `customer_id` int(10) unsigned DEFAULT NULL COMMENT 'Customer ID',
  `total` decimal(20,4) unsigned DEFAULT NULL,
  `total_base` decimal(20,4) unsigned DEFAULT NULL,
  `item_count` int(10) unsigned NOT NULL COMMENT 'Line Item Count',
  `updated_at` timestamp NOT NULL DEFAULT CURRENT_TIMESTAMP COMMENT 'Updated At',
  PRIMARY KEY (`entity_id`)
) ENGINE=InnoDB DEFAULT CHARSET=utf8 COMMENT='Reporting for all orders';

--
-- Dumping data for table `reporting_orders`
--


--
-- Table structure for table `reporting_system_updates`
--

CREATE TABLE `reporting_system_updates` (
  `entity_id` int(10) unsigned NOT NULL AUTO_INCREMENT COMMENT 'Entity ID',
  `type` varchar(255) DEFAULT NULL COMMENT 'Update Type',
  `action` varchar(255) DEFAULT NULL COMMENT 'Action Performed',
  `updated_at` timestamp NOT NULL DEFAULT CURRENT_TIMESTAMP COMMENT 'Updated At',
  PRIMARY KEY (`entity_id`)
) ENGINE=InnoDB DEFAULT CHARSET=utf8 COMMENT='Reporting for system updates';

--
-- Dumping data for table `reporting_system_updates`
--


--
-- Table structure for table `reporting_users`
--

CREATE TABLE `reporting_users` (
  `entity_id` int(10) unsigned NOT NULL AUTO_INCREMENT COMMENT 'Entity ID',
  `type` varchar(255) DEFAULT NULL COMMENT 'User Type',
  `action` varchar(255) DEFAULT NULL COMMENT 'Action Performed',
  `updated_at` timestamp NOT NULL DEFAULT CURRENT_TIMESTAMP COMMENT 'Updated At',
  PRIMARY KEY (`entity_id`)
) ENGINE=InnoDB DEFAULT CHARSET=utf8 COMMENT='Reporting for user actions';

--
-- Dumping data for table `reporting_users`
--


--
-- Table structure for table `review`
--

CREATE TABLE `review` (
  `review_id` bigint(20) unsigned NOT NULL AUTO_INCREMENT COMMENT 'Review ID',
  `created_at` timestamp NOT NULL DEFAULT CURRENT_TIMESTAMP COMMENT 'Review create date',
  `entity_id` smallint(5) unsigned NOT NULL DEFAULT '0' COMMENT 'Entity ID',
  `entity_pk_value` int(10) unsigned NOT NULL DEFAULT '0' COMMENT 'Product ID',
  `status_id` smallint(5) unsigned NOT NULL DEFAULT '0' COMMENT 'Status code',
  PRIMARY KEY (`review_id`),
  KEY `REVIEW_ENTITY_ID` (`entity_id`),
  KEY `REVIEW_STATUS_ID` (`status_id`),
  KEY `REVIEW_ENTITY_PK_VALUE` (`entity_pk_value`),
  CONSTRAINT `REVIEW_ENTITY_ID_REVIEW_ENTITY_ENTITY_ID` FOREIGN KEY (`entity_id`) REFERENCES `review_entity` (`entity_id`) ON DELETE CASCADE,
  CONSTRAINT `REVIEW_STATUS_ID_REVIEW_STATUS_STATUS_ID` FOREIGN KEY (`status_id`) REFERENCES `review_status` (`status_id`) ON DELETE NO ACTION
) ENGINE=InnoDB DEFAULT CHARSET=utf8 COMMENT='Review base information';

--
-- Dumping data for table `review`
--


--
-- Table structure for table `review_detail`
--

CREATE TABLE `review_detail` (
  `detail_id` bigint(20) unsigned NOT NULL AUTO_INCREMENT COMMENT 'Review detail ID',
  `review_id` bigint(20) unsigned NOT NULL DEFAULT '0' COMMENT 'Review ID',
  `store_id` smallint(5) unsigned DEFAULT '0' COMMENT 'Store ID',
  `title` varchar(255) NOT NULL COMMENT 'Title',
  `detail` text NOT NULL COMMENT 'Detail description',
  `nickname` varchar(128) NOT NULL COMMENT 'User nickname',
  `customer_id` int(10) unsigned DEFAULT NULL COMMENT 'Customer ID',
  PRIMARY KEY (`detail_id`),
  KEY `REVIEW_DETAIL_REVIEW_ID` (`review_id`),
  KEY `REVIEW_DETAIL_STORE_ID` (`store_id`),
  KEY `REVIEW_DETAIL_CUSTOMER_ID` (`customer_id`),
  CONSTRAINT `REVIEW_DETAIL_CUSTOMER_ID_CUSTOMER_ENTITY_ENTITY_ID` FOREIGN KEY (`customer_id`) REFERENCES `customer_entity` (`entity_id`) ON DELETE SET NULL,
  CONSTRAINT `REVIEW_DETAIL_REVIEW_ID_REVIEW_REVIEW_ID` FOREIGN KEY (`review_id`) REFERENCES `review` (`review_id`) ON DELETE CASCADE,
  CONSTRAINT `REVIEW_DETAIL_STORE_ID_STORE_STORE_ID` FOREIGN KEY (`store_id`) REFERENCES `store` (`store_id`) ON DELETE SET NULL
) ENGINE=InnoDB DEFAULT CHARSET=utf8 COMMENT='Review detail information';

--
-- Dumping data for table `review_detail`
--


--
-- Table structure for table `review_entity`
--

CREATE TABLE `review_entity` (
  `entity_id` smallint(5) unsigned NOT NULL AUTO_INCREMENT COMMENT 'Review entity ID',
  `entity_code` varchar(32) NOT NULL COMMENT 'Review entity code',
  PRIMARY KEY (`entity_id`)
) ENGINE=InnoDB AUTO_INCREMENT=4 DEFAULT CHARSET=utf8 COMMENT='Review entities';

--
-- Dumping data for table `review_entity`
--

INSERT INTO `review_entity` VALUES (1,'product'),(2,'customer'),(3,'category');

--
-- Table structure for table `review_entity_summary`
--

CREATE TABLE `review_entity_summary` (
  `primary_id` bigint(20) NOT NULL AUTO_INCREMENT COMMENT 'Summary review entity ID',
  `entity_pk_value` bigint(20) NOT NULL DEFAULT '0' COMMENT 'Product ID',
  `entity_type` smallint(6) NOT NULL DEFAULT '0' COMMENT 'Entity type ID',
  `reviews_count` smallint(6) NOT NULL DEFAULT '0' COMMENT 'Qty of reviews',
  `rating_summary` smallint(6) NOT NULL DEFAULT '0' COMMENT 'Summarized rating',
  `store_id` smallint(5) unsigned NOT NULL DEFAULT '0' COMMENT 'Store ID',
  PRIMARY KEY (`primary_id`),
  UNIQUE KEY `REVIEW_ENTITY_SUMMARY_ENTITY_PK_VALUE_STORE_ID_ENTITY_TYPE` (`entity_pk_value`,`store_id`,`entity_type`),
  KEY `REVIEW_ENTITY_SUMMARY_STORE_ID` (`store_id`),
  CONSTRAINT `REVIEW_ENTITY_SUMMARY_STORE_ID_STORE_STORE_ID` FOREIGN KEY (`store_id`) REFERENCES `store` (`store_id`) ON DELETE CASCADE
) ENGINE=InnoDB DEFAULT CHARSET=utf8 COMMENT='Review aggregates';

--
-- Dumping data for table `review_entity_summary`
--


--
-- Table structure for table `review_status`
--

CREATE TABLE `review_status` (
  `status_id` smallint(5) unsigned NOT NULL AUTO_INCREMENT COMMENT 'Status ID',
  `status_code` varchar(32) NOT NULL COMMENT 'Status code',
  PRIMARY KEY (`status_id`)
) ENGINE=InnoDB AUTO_INCREMENT=4 DEFAULT CHARSET=utf8 COMMENT='Review statuses';

--
-- Dumping data for table `review_status`
--

INSERT INTO `review_status` VALUES (1,'Approved'),(2,'Pending'),(3,'Not Approved');

--
-- Table structure for table `review_store`
--

CREATE TABLE `review_store` (
  `review_id` bigint(20) unsigned NOT NULL COMMENT 'Review ID',
  `store_id` smallint(5) unsigned NOT NULL COMMENT 'Store ID',
  PRIMARY KEY (`review_id`,`store_id`),
  KEY `REVIEW_STORE_STORE_ID` (`store_id`),
  CONSTRAINT `REVIEW_STORE_REVIEW_ID_REVIEW_REVIEW_ID` FOREIGN KEY (`review_id`) REFERENCES `review` (`review_id`) ON DELETE CASCADE,
  CONSTRAINT `REVIEW_STORE_STORE_ID_STORE_STORE_ID` FOREIGN KEY (`store_id`) REFERENCES `store` (`store_id`) ON DELETE CASCADE
) ENGINE=InnoDB DEFAULT CHARSET=utf8 COMMENT='Review Store';

--
-- Dumping data for table `review_store`
--


--
-- Table structure for table `sales_bestsellers_aggregated_daily`
--

CREATE TABLE `sales_bestsellers_aggregated_daily` (
  `id` int(10) unsigned NOT NULL AUTO_INCREMENT COMMENT 'ID',
  `period` date DEFAULT NULL COMMENT 'Period',
  `store_id` smallint(5) unsigned DEFAULT NULL COMMENT 'Store ID',
  `product_id` int(10) unsigned DEFAULT NULL COMMENT 'Product ID',
  `product_name` varchar(255) DEFAULT NULL COMMENT 'Product Name',
  `product_price` decimal(12,4) NOT NULL DEFAULT '0.0000' COMMENT 'Product Price',
  `qty_ordered` decimal(12,4) NOT NULL DEFAULT '0.0000' COMMENT 'Qty Ordered',
  `rating_pos` smallint(5) unsigned NOT NULL DEFAULT '0' COMMENT 'Rating Pos',
  PRIMARY KEY (`id`),
  UNIQUE KEY `SALES_BESTSELLERS_AGGREGATED_DAILY_PERIOD_STORE_ID_PRODUCT_ID` (`period`,`store_id`,`product_id`),
  KEY `SALES_BESTSELLERS_AGGREGATED_DAILY_STORE_ID` (`store_id`),
  KEY `SALES_BESTSELLERS_AGGREGATED_DAILY_PRODUCT_ID` (`product_id`),
  CONSTRAINT `SALES_BESTSELLERS_AGGREGATED_DAILY_STORE_ID_STORE_STORE_ID` FOREIGN KEY (`store_id`) REFERENCES `store` (`store_id`) ON DELETE CASCADE
) ENGINE=InnoDB DEFAULT CHARSET=utf8 COMMENT='Sales Bestsellers Aggregated Daily';

--
-- Dumping data for table `sales_bestsellers_aggregated_daily`
--


--
-- Table structure for table `sales_bestsellers_aggregated_monthly`
--

CREATE TABLE `sales_bestsellers_aggregated_monthly` (
  `id` int(10) unsigned NOT NULL AUTO_INCREMENT COMMENT 'ID',
  `period` date DEFAULT NULL COMMENT 'Period',
  `store_id` smallint(5) unsigned DEFAULT NULL COMMENT 'Store ID',
  `product_id` int(10) unsigned DEFAULT NULL COMMENT 'Product ID',
  `product_name` varchar(255) DEFAULT NULL COMMENT 'Product Name',
  `product_price` decimal(12,4) NOT NULL DEFAULT '0.0000' COMMENT 'Product Price',
  `qty_ordered` decimal(12,4) NOT NULL DEFAULT '0.0000' COMMENT 'Qty Ordered',
  `rating_pos` smallint(5) unsigned NOT NULL DEFAULT '0' COMMENT 'Rating Pos',
  PRIMARY KEY (`id`),
  UNIQUE KEY `SALES_BESTSELLERS_AGGREGATED_MONTHLY_PERIOD_STORE_ID_PRODUCT_ID` (`period`,`store_id`,`product_id`),
  KEY `SALES_BESTSELLERS_AGGREGATED_MONTHLY_STORE_ID` (`store_id`),
  KEY `SALES_BESTSELLERS_AGGREGATED_MONTHLY_PRODUCT_ID` (`product_id`),
  CONSTRAINT `SALES_BESTSELLERS_AGGREGATED_MONTHLY_STORE_ID_STORE_STORE_ID` FOREIGN KEY (`store_id`) REFERENCES `store` (`store_id`) ON DELETE CASCADE
) ENGINE=InnoDB DEFAULT CHARSET=utf8 COMMENT='Sales Bestsellers Aggregated Monthly';

--
-- Dumping data for table `sales_bestsellers_aggregated_monthly`
--


--
-- Table structure for table `sales_bestsellers_aggregated_yearly`
--

CREATE TABLE `sales_bestsellers_aggregated_yearly` (
  `id` int(10) unsigned NOT NULL AUTO_INCREMENT COMMENT 'ID',
  `period` date DEFAULT NULL COMMENT 'Period',
  `store_id` smallint(5) unsigned DEFAULT NULL COMMENT 'Store ID',
  `product_id` int(10) unsigned DEFAULT NULL COMMENT 'Product ID',
  `product_name` varchar(255) DEFAULT NULL COMMENT 'Product Name',
  `product_price` decimal(12,4) NOT NULL DEFAULT '0.0000' COMMENT 'Product Price',
  `qty_ordered` decimal(12,4) NOT NULL DEFAULT '0.0000' COMMENT 'Qty Ordered',
  `rating_pos` smallint(5) unsigned NOT NULL DEFAULT '0' COMMENT 'Rating Pos',
  PRIMARY KEY (`id`),
  UNIQUE KEY `SALES_BESTSELLERS_AGGREGATED_YEARLY_PERIOD_STORE_ID_PRODUCT_ID` (`period`,`store_id`,`product_id`),
  KEY `SALES_BESTSELLERS_AGGREGATED_YEARLY_STORE_ID` (`store_id`),
  KEY `SALES_BESTSELLERS_AGGREGATED_YEARLY_PRODUCT_ID` (`product_id`),
  CONSTRAINT `SALES_BESTSELLERS_AGGREGATED_YEARLY_STORE_ID_STORE_STORE_ID` FOREIGN KEY (`store_id`) REFERENCES `store` (`store_id`) ON DELETE CASCADE
) ENGINE=InnoDB DEFAULT CHARSET=utf8 COMMENT='Sales Bestsellers Aggregated Yearly';

--
-- Dumping data for table `sales_bestsellers_aggregated_yearly`
--


--
-- Table structure for table `sales_creditmemo`
--

CREATE TABLE `sales_creditmemo` (
  `entity_id` int(10) unsigned NOT NULL AUTO_INCREMENT COMMENT 'Entity ID',
  `store_id` smallint(5) unsigned DEFAULT NULL COMMENT 'Store ID',
  `adjustment_positive` decimal(20,4) DEFAULT NULL COMMENT 'Adjustment Positive',
  `base_shipping_tax_amount` decimal(20,4) DEFAULT NULL COMMENT 'Base Shipping Tax Amount',
  `store_to_order_rate` decimal(20,4) DEFAULT NULL COMMENT 'Store To Order Rate',
  `base_discount_amount` decimal(20,4) DEFAULT NULL COMMENT 'Base Discount Amount',
  `base_to_order_rate` decimal(20,4) DEFAULT NULL COMMENT 'Base To Order Rate',
  `grand_total` decimal(20,4) DEFAULT NULL COMMENT 'Grand Total',
  `base_adjustment_negative` decimal(20,4) DEFAULT NULL COMMENT 'Base Adjustment Negative',
  `base_subtotal_incl_tax` decimal(20,4) DEFAULT NULL COMMENT 'Base Subtotal Incl Tax',
  `shipping_amount` decimal(20,4) DEFAULT NULL COMMENT 'Shipping Amount',
  `subtotal_incl_tax` decimal(20,4) DEFAULT NULL COMMENT 'Subtotal Incl Tax',
  `adjustment_negative` decimal(20,4) DEFAULT NULL COMMENT 'Adjustment Negative',
  `base_shipping_amount` decimal(20,4) DEFAULT NULL COMMENT 'Base Shipping Amount',
  `store_to_base_rate` decimal(20,4) DEFAULT NULL COMMENT 'Store To Base Rate',
  `base_to_global_rate` decimal(20,4) DEFAULT NULL COMMENT 'Base To Global Rate',
  `base_adjustment` decimal(20,4) DEFAULT NULL COMMENT 'Base Adjustment',
  `base_subtotal` decimal(20,4) DEFAULT NULL COMMENT 'Base Subtotal',
  `discount_amount` decimal(20,4) DEFAULT NULL COMMENT 'Discount Amount',
  `subtotal` decimal(20,4) DEFAULT NULL COMMENT 'Subtotal',
  `adjustment` decimal(20,4) DEFAULT NULL COMMENT 'Adjustment',
  `base_grand_total` decimal(20,4) DEFAULT NULL COMMENT 'Base Grand Total',
  `base_adjustment_positive` decimal(20,4) DEFAULT NULL COMMENT 'Base Adjustment Positive',
  `base_tax_amount` decimal(20,4) DEFAULT NULL COMMENT 'Base Tax Amount',
  `shipping_tax_amount` decimal(20,4) DEFAULT NULL COMMENT 'Shipping Tax Amount',
  `tax_amount` decimal(20,4) DEFAULT NULL COMMENT 'Tax Amount',
  `order_id` int(10) unsigned NOT NULL COMMENT 'Order ID',
  `email_sent` smallint(5) unsigned DEFAULT NULL COMMENT 'Email Sent',
  `send_email` smallint(5) unsigned DEFAULT NULL COMMENT 'Send Email',
  `creditmemo_status` int(11) DEFAULT NULL COMMENT 'Creditmemo Status',
  `state` int(11) DEFAULT NULL COMMENT 'State',
  `shipping_address_id` int(11) DEFAULT NULL COMMENT 'Shipping Address ID',
  `billing_address_id` int(11) DEFAULT NULL COMMENT 'Billing Address ID',
  `invoice_id` int(11) DEFAULT NULL COMMENT 'Invoice ID',
  `store_currency_code` varchar(3) DEFAULT NULL COMMENT 'Store Currency Code',
  `order_currency_code` varchar(3) DEFAULT NULL COMMENT 'Order Currency Code',
  `base_currency_code` varchar(3) DEFAULT NULL COMMENT 'Base Currency Code',
  `global_currency_code` varchar(3) DEFAULT NULL COMMENT 'Global Currency Code',
  `transaction_id` varchar(255) DEFAULT NULL COMMENT 'Transaction ID',
  `increment_id` varchar(50) DEFAULT NULL COMMENT 'Increment ID',
  `created_at` timestamp NOT NULL DEFAULT CURRENT_TIMESTAMP COMMENT 'Created At',
  `updated_at` timestamp NOT NULL DEFAULT CURRENT_TIMESTAMP ON UPDATE CURRENT_TIMESTAMP COMMENT 'Updated At',
  `discount_tax_compensation_amount` decimal(20,4) DEFAULT NULL COMMENT 'Discount Tax Compensation Amount',
  `base_discount_tax_compensation_amount` decimal(20,4) DEFAULT NULL COMMENT 'Base Discount Tax Compensation Amount',
  `shipping_discount_tax_compensation_amount` decimal(20,4) DEFAULT NULL COMMENT 'Shipping Discount Tax Compensation Amount',
  `base_shipping_discount_tax_compensation_amnt` decimal(20,4) DEFAULT NULL COMMENT 'Base Shipping Discount Tax Compensation Amount',
  `shipping_incl_tax` decimal(20,4) DEFAULT NULL COMMENT 'Shipping Incl Tax',
  `base_shipping_incl_tax` decimal(20,4) DEFAULT NULL COMMENT 'Base Shipping Incl Tax',
  `discount_description` varchar(255) DEFAULT NULL COMMENT 'Discount Description',
  `customer_note` text COMMENT 'Customer Note',
  `customer_note_notify` smallint(5) unsigned DEFAULT NULL COMMENT 'Customer Note Notify',
  PRIMARY KEY (`entity_id`),
  UNIQUE KEY `SALES_CREDITMEMO_INCREMENT_ID_STORE_ID` (`increment_id`,`store_id`),
  KEY `SALES_CREDITMEMO_STORE_ID` (`store_id`),
  KEY `SALES_CREDITMEMO_ORDER_ID` (`order_id`),
  KEY `SALES_CREDITMEMO_CREDITMEMO_STATUS` (`creditmemo_status`),
  KEY `SALES_CREDITMEMO_STATE` (`state`),
  KEY `SALES_CREDITMEMO_CREATED_AT` (`created_at`),
  KEY `SALES_CREDITMEMO_UPDATED_AT` (`updated_at`),
  KEY `SALES_CREDITMEMO_SEND_EMAIL` (`send_email`),
  KEY `SALES_CREDITMEMO_EMAIL_SENT` (`email_sent`),
  CONSTRAINT `SALES_CREDITMEMO_ORDER_ID_SALES_ORDER_ENTITY_ID` FOREIGN KEY (`order_id`) REFERENCES `sales_order` (`entity_id`) ON DELETE CASCADE,
  CONSTRAINT `SALES_CREDITMEMO_STORE_ID_STORE_STORE_ID` FOREIGN KEY (`store_id`) REFERENCES `store` (`store_id`) ON DELETE SET NULL
) ENGINE=InnoDB DEFAULT CHARSET=utf8 COMMENT='Sales Flat Creditmemo';

--
-- Dumping data for table `sales_creditmemo`
--


--
-- Table structure for table `sales_creditmemo_comment`
--

CREATE TABLE `sales_creditmemo_comment` (
  `entity_id` int(10) unsigned NOT NULL AUTO_INCREMENT COMMENT 'Entity ID',
  `parent_id` int(10) unsigned NOT NULL COMMENT 'Parent ID',
  `is_customer_notified` int(11) DEFAULT NULL COMMENT 'Is Customer Notified',
  `is_visible_on_front` smallint(5) unsigned NOT NULL DEFAULT '0' COMMENT 'Is Visible On Front',
  `comment` text COMMENT 'Comment',
  `created_at` timestamp NOT NULL DEFAULT CURRENT_TIMESTAMP COMMENT 'Created At',
  PRIMARY KEY (`entity_id`),
  KEY `SALES_CREDITMEMO_COMMENT_CREATED_AT` (`created_at`),
  KEY `SALES_CREDITMEMO_COMMENT_PARENT_ID` (`parent_id`),
  CONSTRAINT `SALES_CREDITMEMO_COMMENT_PARENT_ID_SALES_CREDITMEMO_ENTITY_ID` FOREIGN KEY (`parent_id`) REFERENCES `sales_creditmemo` (`entity_id`) ON DELETE CASCADE
) ENGINE=InnoDB DEFAULT CHARSET=utf8 COMMENT='Sales Flat Creditmemo Comment';

--
-- Dumping data for table `sales_creditmemo_comment`
--


--
-- Table structure for table `sales_creditmemo_grid`
--

CREATE TABLE `sales_creditmemo_grid` (
  `entity_id` int(10) unsigned NOT NULL COMMENT 'Entity ID',
  `increment_id` varchar(50) DEFAULT NULL COMMENT 'Increment ID',
  `created_at` timestamp NULL DEFAULT NULL COMMENT 'Created At',
  `updated_at` timestamp NULL DEFAULT NULL COMMENT 'Updated At',
  `order_id` int(10) unsigned NOT NULL COMMENT 'Order ID',
  `order_increment_id` varchar(50) DEFAULT NULL COMMENT 'Order Increment ID',
  `order_created_at` timestamp NULL DEFAULT NULL COMMENT 'Order Created At',
  `billing_name` varchar(255) DEFAULT NULL COMMENT 'Billing Name',
  `state` int(11) DEFAULT NULL COMMENT 'Status',
  `base_grand_total` decimal(20,4) DEFAULT NULL COMMENT 'Base Grand Total',
  `order_status` varchar(32) DEFAULT NULL COMMENT 'Order Status',
  `store_id` smallint(5) unsigned DEFAULT NULL COMMENT 'Store ID',
  `billing_address` varchar(255) DEFAULT NULL COMMENT 'Billing Address',
  `shipping_address` varchar(255) DEFAULT NULL COMMENT 'Shipping Address',
  `customer_name` varchar(128) NOT NULL COMMENT 'Customer Name',
  `customer_email` varchar(128) DEFAULT NULL COMMENT 'Customer Email',
  `customer_group_id` smallint(6) DEFAULT NULL COMMENT 'Customer Group ID',
  `payment_method` varchar(32) DEFAULT NULL COMMENT 'Payment Method',
  `shipping_information` varchar(255) DEFAULT NULL COMMENT 'Shipping Method Name',
  `subtotal` decimal(20,4) DEFAULT NULL COMMENT 'Subtotal',
  `shipping_and_handling` decimal(20,4) DEFAULT NULL COMMENT 'Shipping and handling amount',
  `adjustment_positive` decimal(20,4) DEFAULT NULL COMMENT 'Adjustment Positive',
  `adjustment_negative` decimal(20,4) DEFAULT NULL COMMENT 'Adjustment Negative',
  `order_base_grand_total` decimal(20,4) DEFAULT NULL COMMENT 'Order Grand Total',
  PRIMARY KEY (`entity_id`),
  UNIQUE KEY `SALES_CREDITMEMO_GRID_INCREMENT_ID_STORE_ID` (`increment_id`,`store_id`),
  KEY `SALES_CREDITMEMO_GRID_ORDER_INCREMENT_ID` (`order_increment_id`),
  KEY `SALES_CREDITMEMO_GRID_CREATED_AT` (`created_at`),
  KEY `SALES_CREDITMEMO_GRID_UPDATED_AT` (`updated_at`),
  KEY `SALES_CREDITMEMO_GRID_ORDER_CREATED_AT` (`order_created_at`),
  KEY `SALES_CREDITMEMO_GRID_STATE` (`state`),
  KEY `SALES_CREDITMEMO_GRID_BILLING_NAME` (`billing_name`),
  KEY `SALES_CREDITMEMO_GRID_ORDER_STATUS` (`order_status`),
  KEY `SALES_CREDITMEMO_GRID_BASE_GRAND_TOTAL` (`base_grand_total`),
  KEY `SALES_CREDITMEMO_GRID_STORE_ID` (`store_id`),
  KEY `SALES_CREDITMEMO_GRID_ORDER_BASE_GRAND_TOTAL` (`order_base_grand_total`),
  KEY `SALES_CREDITMEMO_GRID_ORDER_ID` (`order_id`),
  FULLTEXT KEY `FTI_32B7BA885941A8254EE84AE650ABDC86` (`increment_id`,`order_increment_id`,`billing_name`,`billing_address`,`shipping_address`,`customer_name`,`customer_email`)
) ENGINE=InnoDB DEFAULT CHARSET=utf8 COMMENT='Sales Flat Creditmemo Grid';

--
-- Dumping data for table `sales_creditmemo_grid`
--


--
-- Table structure for table `sales_creditmemo_item`
--

CREATE TABLE `sales_creditmemo_item` (
  `entity_id` int(10) unsigned NOT NULL AUTO_INCREMENT COMMENT 'Entity ID',
  `parent_id` int(10) unsigned NOT NULL COMMENT 'Parent ID',
  `base_price` decimal(12,4) DEFAULT NULL COMMENT 'Base Price',
  `tax_amount` decimal(12,4) DEFAULT NULL COMMENT 'Tax Amount',
  `base_row_total` decimal(12,4) DEFAULT NULL COMMENT 'Base Row Total',
  `discount_amount` decimal(12,4) DEFAULT NULL COMMENT 'Discount Amount',
  `row_total` decimal(12,4) DEFAULT NULL COMMENT 'Row Total',
  `base_discount_amount` decimal(12,4) DEFAULT NULL COMMENT 'Base Discount Amount',
  `price_incl_tax` decimal(12,4) DEFAULT NULL COMMENT 'Price Incl Tax',
  `base_tax_amount` decimal(12,4) DEFAULT NULL COMMENT 'Base Tax Amount',
  `base_price_incl_tax` decimal(12,4) DEFAULT NULL COMMENT 'Base Price Incl Tax',
  `qty` decimal(12,4) DEFAULT NULL COMMENT 'Qty',
  `base_cost` decimal(12,4) DEFAULT NULL COMMENT 'Base Cost',
  `price` decimal(12,4) DEFAULT NULL COMMENT 'Price',
  `base_row_total_incl_tax` decimal(12,4) DEFAULT NULL COMMENT 'Base Row Total Incl Tax',
  `row_total_incl_tax` decimal(12,4) DEFAULT NULL COMMENT 'Row Total Incl Tax',
  `product_id` int(11) DEFAULT NULL COMMENT 'Product ID',
  `order_item_id` int(11) DEFAULT NULL COMMENT 'Order Item ID',
  `additional_data` text COMMENT 'Additional Data',
  `description` text COMMENT 'Description',
  `sku` varchar(255) DEFAULT NULL COMMENT 'Sku',
  `name` varchar(255) DEFAULT NULL COMMENT 'Name',
  `discount_tax_compensation_amount` decimal(12,4) DEFAULT NULL COMMENT 'Discount Tax Compensation Amount',
  `base_discount_tax_compensation_amount` decimal(12,4) DEFAULT NULL COMMENT 'Base Discount Tax Compensation Amount',
  `tax_ratio` text COMMENT 'Ratio of tax in the creditmemo item over tax of the order item',
  `weee_tax_applied` text COMMENT 'Weee Tax Applied',
  `weee_tax_applied_amount` decimal(12,4) DEFAULT NULL COMMENT 'Weee Tax Applied Amount',
  `weee_tax_applied_row_amount` decimal(12,4) DEFAULT NULL COMMENT 'Weee Tax Applied Row Amount',
  `weee_tax_disposition` decimal(12,4) DEFAULT NULL COMMENT 'Weee Tax Disposition',
  `weee_tax_row_disposition` decimal(12,4) DEFAULT NULL COMMENT 'Weee Tax Row Disposition',
  `base_weee_tax_applied_amount` decimal(12,4) DEFAULT NULL COMMENT 'Base Weee Tax Applied Amount',
  `base_weee_tax_applied_row_amnt` decimal(12,4) DEFAULT NULL COMMENT 'Base Weee Tax Applied Row Amnt',
  `base_weee_tax_disposition` decimal(12,4) DEFAULT NULL COMMENT 'Base Weee Tax Disposition',
  `base_weee_tax_row_disposition` decimal(12,4) DEFAULT NULL COMMENT 'Base Weee Tax Row Disposition',
  PRIMARY KEY (`entity_id`),
  KEY `SALES_CREDITMEMO_ITEM_PARENT_ID` (`parent_id`),
  CONSTRAINT `SALES_CREDITMEMO_ITEM_PARENT_ID_SALES_CREDITMEMO_ENTITY_ID` FOREIGN KEY (`parent_id`) REFERENCES `sales_creditmemo` (`entity_id`) ON DELETE CASCADE
) ENGINE=InnoDB DEFAULT CHARSET=utf8 COMMENT='Sales Flat Creditmemo Item';

--
-- Dumping data for table `sales_creditmemo_item`
--


--
-- Table structure for table `sales_invoice`
--

CREATE TABLE `sales_invoice` (
  `entity_id` int(10) unsigned NOT NULL AUTO_INCREMENT COMMENT 'Entity ID',
  `store_id` smallint(5) unsigned DEFAULT NULL COMMENT 'Store ID',
  `base_grand_total` decimal(20,4) DEFAULT NULL COMMENT 'Base Grand Total',
  `shipping_tax_amount` decimal(20,4) DEFAULT NULL COMMENT 'Shipping Tax Amount',
  `tax_amount` decimal(20,4) DEFAULT NULL COMMENT 'Tax Amount',
  `base_tax_amount` decimal(20,4) DEFAULT NULL COMMENT 'Base Tax Amount',
  `store_to_order_rate` decimal(20,4) DEFAULT NULL COMMENT 'Store To Order Rate',
  `base_shipping_tax_amount` decimal(20,4) DEFAULT NULL COMMENT 'Base Shipping Tax Amount',
  `base_discount_amount` decimal(20,4) DEFAULT NULL COMMENT 'Base Discount Amount',
  `base_to_order_rate` decimal(20,4) DEFAULT NULL COMMENT 'Base To Order Rate',
  `grand_total` decimal(20,4) DEFAULT NULL COMMENT 'Grand Total',
  `shipping_amount` decimal(20,4) DEFAULT NULL COMMENT 'Shipping Amount',
  `subtotal_incl_tax` decimal(20,4) DEFAULT NULL COMMENT 'Subtotal Incl Tax',
  `base_subtotal_incl_tax` decimal(20,4) DEFAULT NULL COMMENT 'Base Subtotal Incl Tax',
  `store_to_base_rate` decimal(20,4) DEFAULT NULL COMMENT 'Store To Base Rate',
  `base_shipping_amount` decimal(20,4) DEFAULT NULL COMMENT 'Base Shipping Amount',
  `total_qty` decimal(12,4) DEFAULT NULL COMMENT 'Total Qty',
  `base_to_global_rate` decimal(20,4) DEFAULT NULL COMMENT 'Base To Global Rate',
  `subtotal` decimal(20,4) DEFAULT NULL COMMENT 'Subtotal',
  `base_subtotal` decimal(20,4) DEFAULT NULL COMMENT 'Base Subtotal',
  `discount_amount` decimal(20,4) DEFAULT NULL COMMENT 'Discount Amount',
  `billing_address_id` int(11) DEFAULT NULL COMMENT 'Billing Address ID',
  `is_used_for_refund` smallint(5) unsigned DEFAULT NULL COMMENT 'Is Used For Refund',
  `order_id` int(10) unsigned NOT NULL COMMENT 'Order ID',
  `email_sent` smallint(5) unsigned DEFAULT NULL COMMENT 'Email Sent',
  `send_email` smallint(5) unsigned DEFAULT NULL COMMENT 'Send Email',
  `can_void_flag` smallint(5) unsigned DEFAULT NULL COMMENT 'Can Void Flag',
  `state` int(11) DEFAULT NULL COMMENT 'State',
  `shipping_address_id` int(11) DEFAULT NULL COMMENT 'Shipping Address ID',
  `store_currency_code` varchar(3) DEFAULT NULL COMMENT 'Store Currency Code',
  `transaction_id` varchar(255) DEFAULT NULL COMMENT 'Transaction ID',
  `order_currency_code` varchar(3) DEFAULT NULL COMMENT 'Order Currency Code',
  `base_currency_code` varchar(3) DEFAULT NULL COMMENT 'Base Currency Code',
  `global_currency_code` varchar(3) DEFAULT NULL COMMENT 'Global Currency Code',
  `increment_id` varchar(50) DEFAULT NULL COMMENT 'Increment ID',
  `created_at` timestamp NOT NULL DEFAULT CURRENT_TIMESTAMP COMMENT 'Created At',
  `updated_at` timestamp NOT NULL DEFAULT CURRENT_TIMESTAMP ON UPDATE CURRENT_TIMESTAMP COMMENT 'Updated At',
  `discount_tax_compensation_amount` decimal(20,4) DEFAULT NULL COMMENT 'Discount Tax Compensation Amount',
  `base_discount_tax_compensation_amount` decimal(20,4) DEFAULT NULL COMMENT 'Base Discount Tax Compensation Amount',
  `shipping_discount_tax_compensation_amount` decimal(20,4) DEFAULT NULL COMMENT 'Shipping Discount Tax Compensation Amount',
  `base_shipping_discount_tax_compensation_amnt` decimal(20,4) DEFAULT NULL COMMENT 'Base Shipping Discount Tax Compensation Amount',
  `shipping_incl_tax` decimal(20,4) DEFAULT NULL COMMENT 'Shipping Incl Tax',
  `base_shipping_incl_tax` decimal(20,4) DEFAULT NULL COMMENT 'Base Shipping Incl Tax',
  `base_total_refunded` decimal(20,4) DEFAULT NULL COMMENT 'Base Total Refunded',
  `discount_description` varchar(255) DEFAULT NULL COMMENT 'Discount Description',
  `customer_note` text COMMENT 'Customer Note',
  `customer_note_notify` smallint(5) unsigned DEFAULT NULL COMMENT 'Customer Note Notify',
  PRIMARY KEY (`entity_id`),
  UNIQUE KEY `SALES_INVOICE_INCREMENT_ID_STORE_ID` (`increment_id`,`store_id`),
  KEY `SALES_INVOICE_STORE_ID` (`store_id`),
  KEY `SALES_INVOICE_GRAND_TOTAL` (`grand_total`),
  KEY `SALES_INVOICE_ORDER_ID` (`order_id`),
  KEY `SALES_INVOICE_STATE` (`state`),
  KEY `SALES_INVOICE_CREATED_AT` (`created_at`),
  KEY `SALES_INVOICE_UPDATED_AT` (`updated_at`),
  KEY `SALES_INVOICE_SEND_EMAIL` (`send_email`),
  KEY `SALES_INVOICE_EMAIL_SENT` (`email_sent`),
  CONSTRAINT `SALES_INVOICE_ORDER_ID_SALES_ORDER_ENTITY_ID` FOREIGN KEY (`order_id`) REFERENCES `sales_order` (`entity_id`) ON DELETE CASCADE,
  CONSTRAINT `SALES_INVOICE_STORE_ID_STORE_STORE_ID` FOREIGN KEY (`store_id`) REFERENCES `store` (`store_id`) ON DELETE SET NULL
) ENGINE=InnoDB DEFAULT CHARSET=utf8 COMMENT='Sales Flat Invoice';

--
-- Dumping data for table `sales_invoice`
--


--
-- Table structure for table `sales_invoice_comment`
--

CREATE TABLE `sales_invoice_comment` (
  `entity_id` int(10) unsigned NOT NULL AUTO_INCREMENT COMMENT 'Entity ID',
  `parent_id` int(10) unsigned NOT NULL COMMENT 'Parent ID',
  `is_customer_notified` smallint(5) unsigned DEFAULT NULL COMMENT 'Is Customer Notified',
  `is_visible_on_front` smallint(5) unsigned NOT NULL DEFAULT '0' COMMENT 'Is Visible On Front',
  `comment` text COMMENT 'Comment',
  `created_at` timestamp NOT NULL DEFAULT CURRENT_TIMESTAMP COMMENT 'Created At',
  PRIMARY KEY (`entity_id`),
  KEY `SALES_INVOICE_COMMENT_CREATED_AT` (`created_at`),
  KEY `SALES_INVOICE_COMMENT_PARENT_ID` (`parent_id`),
  CONSTRAINT `SALES_INVOICE_COMMENT_PARENT_ID_SALES_INVOICE_ENTITY_ID` FOREIGN KEY (`parent_id`) REFERENCES `sales_invoice` (`entity_id`) ON DELETE CASCADE
) ENGINE=InnoDB DEFAULT CHARSET=utf8 COMMENT='Sales Flat Invoice Comment';

--
-- Dumping data for table `sales_invoice_comment`
--


--
-- Table structure for table `sales_invoice_grid`
--

CREATE TABLE `sales_invoice_grid` (
  `entity_id` int(10) unsigned NOT NULL COMMENT 'Entity ID',
  `increment_id` varchar(50) DEFAULT NULL COMMENT 'Increment ID',
  `state` int(11) DEFAULT NULL COMMENT 'State',
  `store_id` smallint(5) unsigned DEFAULT NULL COMMENT 'Store ID',
  `store_name` varchar(255) DEFAULT NULL COMMENT 'Store Name',
  `order_id` int(10) unsigned NOT NULL COMMENT 'Order ID',
  `order_increment_id` varchar(50) DEFAULT NULL COMMENT 'Order Increment ID',
  `order_created_at` timestamp NULL DEFAULT NULL COMMENT 'Order Created At',
  `customer_name` varchar(255) DEFAULT NULL COMMENT 'Customer Name',
  `customer_email` varchar(255) DEFAULT NULL COMMENT 'Customer Email',
  `customer_group_id` int(11) DEFAULT NULL,
  `payment_method` varchar(128) DEFAULT NULL COMMENT 'Payment Method',
  `store_currency_code` varchar(3) DEFAULT NULL COMMENT 'Store Currency Code',
  `order_currency_code` varchar(3) DEFAULT NULL COMMENT 'Order Currency Code',
  `base_currency_code` varchar(3) DEFAULT NULL COMMENT 'Base Currency Code',
  `global_currency_code` varchar(3) DEFAULT NULL COMMENT 'Global Currency Code',
  `billing_name` varchar(255) DEFAULT NULL COMMENT 'Billing Name',
  `billing_address` varchar(255) DEFAULT NULL COMMENT 'Billing Address',
  `shipping_address` varchar(255) DEFAULT NULL COMMENT 'Shipping Address',
  `shipping_information` varchar(255) DEFAULT NULL COMMENT 'Shipping Method Name',
  `subtotal` decimal(20,4) DEFAULT NULL COMMENT 'Subtotal',
  `shipping_and_handling` decimal(20,4) DEFAULT NULL COMMENT 'Shipping and handling amount',
  `grand_total` decimal(20,4) DEFAULT NULL COMMENT 'Grand Total',
  `created_at` timestamp NULL DEFAULT NULL COMMENT 'Created At',
  `updated_at` timestamp NULL DEFAULT NULL COMMENT 'Updated At',
  `base_grand_total` decimal(20,4) DEFAULT NULL COMMENT 'Base Grand Total',
  PRIMARY KEY (`entity_id`),
  UNIQUE KEY `SALES_INVOICE_GRID_INCREMENT_ID_STORE_ID` (`increment_id`,`store_id`),
  KEY `SALES_INVOICE_GRID_STORE_ID` (`store_id`),
  KEY `SALES_INVOICE_GRID_GRAND_TOTAL` (`grand_total`),
  KEY `SALES_INVOICE_GRID_ORDER_ID` (`order_id`),
  KEY `SALES_INVOICE_GRID_STATE` (`state`),
  KEY `SALES_INVOICE_GRID_ORDER_INCREMENT_ID` (`order_increment_id`),
  KEY `SALES_INVOICE_GRID_CREATED_AT` (`created_at`),
  KEY `SALES_INVOICE_GRID_UPDATED_AT` (`updated_at`),
  KEY `SALES_INVOICE_GRID_ORDER_CREATED_AT` (`order_created_at`),
  KEY `SALES_INVOICE_GRID_BILLING_NAME` (`billing_name`),
  KEY `SALES_INVOICE_GRID_BASE_GRAND_TOTAL` (`base_grand_total`),
  FULLTEXT KEY `FTI_95D9C924DD6A8734EB8B5D01D60F90DE` (`increment_id`,`order_increment_id`,`billing_name`,`billing_address`,`shipping_address`,`customer_name`,`customer_email`)
) ENGINE=InnoDB DEFAULT CHARSET=utf8 COMMENT='Sales Flat Invoice Grid';

--
-- Dumping data for table `sales_invoice_grid`
--


--
-- Table structure for table `sales_invoice_item`
--

CREATE TABLE `sales_invoice_item` (
  `entity_id` int(10) unsigned NOT NULL AUTO_INCREMENT COMMENT 'Entity ID',
  `parent_id` int(10) unsigned NOT NULL COMMENT 'Parent ID',
  `base_price` decimal(12,4) DEFAULT NULL COMMENT 'Base Price',
  `tax_amount` decimal(12,4) DEFAULT NULL COMMENT 'Tax Amount',
  `base_row_total` decimal(20,4) DEFAULT NULL COMMENT 'Base Row Total',
  `discount_amount` decimal(12,4) DEFAULT NULL COMMENT 'Discount Amount',
  `row_total` decimal(20,4) DEFAULT NULL COMMENT 'Row Total',
  `base_discount_amount` decimal(12,4) DEFAULT NULL COMMENT 'Base Discount Amount',
  `price_incl_tax` decimal(12,4) DEFAULT NULL COMMENT 'Price Incl Tax',
  `base_tax_amount` decimal(12,4) DEFAULT NULL COMMENT 'Base Tax Amount',
  `base_price_incl_tax` decimal(12,4) DEFAULT NULL COMMENT 'Base Price Incl Tax',
  `qty` decimal(12,4) DEFAULT NULL COMMENT 'Qty',
  `base_cost` decimal(12,4) DEFAULT NULL COMMENT 'Base Cost',
  `price` decimal(12,4) DEFAULT NULL COMMENT 'Price',
  `base_row_total_incl_tax` decimal(12,4) DEFAULT NULL COMMENT 'Base Row Total Incl Tax',
  `row_total_incl_tax` decimal(12,4) DEFAULT NULL COMMENT 'Row Total Incl Tax',
  `product_id` int(11) DEFAULT NULL COMMENT 'Product ID',
  `order_item_id` int(11) DEFAULT NULL COMMENT 'Order Item ID',
  `additional_data` text COMMENT 'Additional Data',
  `description` text COMMENT 'Description',
  `sku` varchar(255) DEFAULT NULL COMMENT 'Sku',
  `name` varchar(255) DEFAULT NULL COMMENT 'Name',
  `discount_tax_compensation_amount` decimal(12,4) DEFAULT NULL COMMENT 'Discount Tax Compensation Amount',
  `base_discount_tax_compensation_amount` decimal(12,4) DEFAULT NULL COMMENT 'Base Discount Tax Compensation Amount',
  `tax_ratio` text COMMENT 'Ratio of tax invoiced over tax of the order item',
  `weee_tax_applied` text COMMENT 'Weee Tax Applied',
  `weee_tax_applied_amount` decimal(12,4) DEFAULT NULL COMMENT 'Weee Tax Applied Amount',
  `weee_tax_applied_row_amount` decimal(12,4) DEFAULT NULL COMMENT 'Weee Tax Applied Row Amount',
  `weee_tax_disposition` decimal(12,4) DEFAULT NULL COMMENT 'Weee Tax Disposition',
  `weee_tax_row_disposition` decimal(12,4) DEFAULT NULL COMMENT 'Weee Tax Row Disposition',
  `base_weee_tax_applied_amount` decimal(12,4) DEFAULT NULL COMMENT 'Base Weee Tax Applied Amount',
  `base_weee_tax_applied_row_amnt` decimal(12,4) DEFAULT NULL COMMENT 'Base Weee Tax Applied Row Amnt',
  `base_weee_tax_disposition` decimal(12,4) DEFAULT NULL COMMENT 'Base Weee Tax Disposition',
  `base_weee_tax_row_disposition` decimal(12,4) DEFAULT NULL COMMENT 'Base Weee Tax Row Disposition',
  PRIMARY KEY (`entity_id`),
  KEY `SALES_INVOICE_ITEM_PARENT_ID` (`parent_id`),
  CONSTRAINT `SALES_INVOICE_ITEM_PARENT_ID_SALES_INVOICE_ENTITY_ID` FOREIGN KEY (`parent_id`) REFERENCES `sales_invoice` (`entity_id`) ON DELETE CASCADE
) ENGINE=InnoDB DEFAULT CHARSET=utf8 COMMENT='Sales Flat Invoice Item';

--
-- Dumping data for table `sales_invoice_item`
--


--
-- Table structure for table `sales_invoiced_aggregated`
--

CREATE TABLE `sales_invoiced_aggregated` (
  `id` int(10) unsigned NOT NULL AUTO_INCREMENT COMMENT 'ID',
  `period` date DEFAULT NULL COMMENT 'Period',
  `store_id` smallint(5) unsigned DEFAULT NULL COMMENT 'Store ID',
  `order_status` varchar(50) DEFAULT NULL COMMENT 'Order Status',
  `orders_count` int(11) NOT NULL DEFAULT '0' COMMENT 'Orders Count',
  `orders_invoiced` decimal(12,4) DEFAULT NULL COMMENT 'Orders Invoiced',
  `invoiced` decimal(12,4) DEFAULT NULL COMMENT 'Invoiced',
  `invoiced_captured` decimal(12,4) DEFAULT NULL COMMENT 'Invoiced Captured',
  `invoiced_not_captured` decimal(12,4) DEFAULT NULL COMMENT 'Invoiced Not Captured',
  PRIMARY KEY (`id`),
  UNIQUE KEY `SALES_INVOICED_AGGREGATED_PERIOD_STORE_ID_ORDER_STATUS` (`period`,`store_id`,`order_status`),
  KEY `SALES_INVOICED_AGGREGATED_STORE_ID` (`store_id`),
  CONSTRAINT `SALES_INVOICED_AGGREGATED_STORE_ID_STORE_STORE_ID` FOREIGN KEY (`store_id`) REFERENCES `store` (`store_id`) ON DELETE SET NULL
) ENGINE=InnoDB DEFAULT CHARSET=utf8 COMMENT='Sales Invoiced Aggregated';

--
-- Dumping data for table `sales_invoiced_aggregated`
--


--
-- Table structure for table `sales_invoiced_aggregated_order`
--

CREATE TABLE `sales_invoiced_aggregated_order` (
  `id` int(10) unsigned NOT NULL AUTO_INCREMENT COMMENT 'ID',
  `period` date DEFAULT NULL COMMENT 'Period',
  `store_id` smallint(5) unsigned DEFAULT NULL COMMENT 'Store ID',
  `order_status` varchar(50) NOT NULL COMMENT 'Order Status',
  `orders_count` int(11) NOT NULL DEFAULT '0' COMMENT 'Orders Count',
  `orders_invoiced` decimal(12,4) DEFAULT NULL COMMENT 'Orders Invoiced',
  `invoiced` decimal(12,4) DEFAULT NULL COMMENT 'Invoiced',
  `invoiced_captured` decimal(12,4) DEFAULT NULL COMMENT 'Invoiced Captured',
  `invoiced_not_captured` decimal(12,4) DEFAULT NULL COMMENT 'Invoiced Not Captured',
  PRIMARY KEY (`id`),
  UNIQUE KEY `SALES_INVOICED_AGGREGATED_ORDER_PERIOD_STORE_ID_ORDER_STATUS` (`period`,`store_id`,`order_status`),
  KEY `SALES_INVOICED_AGGREGATED_ORDER_STORE_ID` (`store_id`),
  CONSTRAINT `SALES_INVOICED_AGGREGATED_ORDER_STORE_ID_STORE_STORE_ID` FOREIGN KEY (`store_id`) REFERENCES `store` (`store_id`) ON DELETE SET NULL
) ENGINE=InnoDB DEFAULT CHARSET=utf8 COMMENT='Sales Invoiced Aggregated Order';

--
-- Dumping data for table `sales_invoiced_aggregated_order`
--


--
-- Table structure for table `sales_order`
--

CREATE TABLE `sales_order` (
  `entity_id` int(10) unsigned NOT NULL AUTO_INCREMENT COMMENT 'Entity ID',
  `state` varchar(32) DEFAULT NULL COMMENT 'State',
  `status` varchar(32) DEFAULT NULL COMMENT 'Status',
  `coupon_code` varchar(255) DEFAULT NULL COMMENT 'Coupon Code',
  `protect_code` varchar(255) DEFAULT NULL COMMENT 'Protect Code',
  `shipping_description` varchar(255) DEFAULT NULL COMMENT 'Shipping Description',
  `is_virtual` smallint(5) unsigned DEFAULT NULL COMMENT 'Is Virtual',
  `store_id` smallint(5) unsigned DEFAULT NULL COMMENT 'Store ID',
  `customer_id` int(10) unsigned DEFAULT NULL COMMENT 'Customer ID',
  `base_discount_amount` decimal(20,4) DEFAULT NULL COMMENT 'Base Discount Amount',
  `base_discount_canceled` decimal(20,4) DEFAULT NULL COMMENT 'Base Discount Canceled',
  `base_discount_invoiced` decimal(20,4) DEFAULT NULL COMMENT 'Base Discount Invoiced',
  `base_discount_refunded` decimal(20,4) DEFAULT NULL COMMENT 'Base Discount Refunded',
  `base_grand_total` decimal(20,4) DEFAULT NULL COMMENT 'Base Grand Total',
  `base_shipping_amount` decimal(20,4) DEFAULT NULL COMMENT 'Base Shipping Amount',
  `base_shipping_canceled` decimal(20,4) DEFAULT NULL COMMENT 'Base Shipping Canceled',
  `base_shipping_invoiced` decimal(20,4) DEFAULT NULL COMMENT 'Base Shipping Invoiced',
  `base_shipping_refunded` decimal(20,4) DEFAULT NULL COMMENT 'Base Shipping Refunded',
  `base_shipping_tax_amount` decimal(20,4) DEFAULT NULL COMMENT 'Base Shipping Tax Amount',
  `base_shipping_tax_refunded` decimal(20,4) DEFAULT NULL COMMENT 'Base Shipping Tax Refunded',
  `base_subtotal` decimal(20,4) DEFAULT NULL COMMENT 'Base Subtotal',
  `base_subtotal_canceled` decimal(20,4) DEFAULT NULL COMMENT 'Base Subtotal Canceled',
  `base_subtotal_invoiced` decimal(20,4) DEFAULT NULL COMMENT 'Base Subtotal Invoiced',
  `base_subtotal_refunded` decimal(20,4) DEFAULT NULL COMMENT 'Base Subtotal Refunded',
  `base_tax_amount` decimal(20,4) DEFAULT NULL COMMENT 'Base Tax Amount',
  `base_tax_canceled` decimal(20,4) DEFAULT NULL COMMENT 'Base Tax Canceled',
  `base_tax_invoiced` decimal(20,4) DEFAULT NULL COMMENT 'Base Tax Invoiced',
  `base_tax_refunded` decimal(20,4) DEFAULT NULL COMMENT 'Base Tax Refunded',
  `base_to_global_rate` decimal(20,4) DEFAULT NULL COMMENT 'Base To Global Rate',
  `base_to_order_rate` decimal(20,4) DEFAULT NULL COMMENT 'Base To Order Rate',
  `base_total_canceled` decimal(20,4) DEFAULT NULL COMMENT 'Base Total Canceled',
  `base_total_invoiced` decimal(20,4) DEFAULT NULL COMMENT 'Base Total Invoiced',
  `base_total_invoiced_cost` decimal(20,4) DEFAULT NULL COMMENT 'Base Total Invoiced Cost',
  `base_total_offline_refunded` decimal(20,4) DEFAULT NULL COMMENT 'Base Total Offline Refunded',
  `base_total_online_refunded` decimal(20,4) DEFAULT NULL COMMENT 'Base Total Online Refunded',
  `base_total_paid` decimal(20,4) DEFAULT NULL COMMENT 'Base Total Paid',
  `base_total_qty_ordered` decimal(12,4) DEFAULT NULL COMMENT 'Base Total Qty Ordered',
  `base_total_refunded` decimal(20,4) DEFAULT NULL COMMENT 'Base Total Refunded',
  `discount_amount` decimal(20,4) DEFAULT NULL COMMENT 'Discount Amount',
  `discount_canceled` decimal(20,4) DEFAULT NULL COMMENT 'Discount Canceled',
  `discount_invoiced` decimal(20,4) DEFAULT NULL COMMENT 'Discount Invoiced',
  `discount_refunded` decimal(20,4) DEFAULT NULL COMMENT 'Discount Refunded',
  `grand_total` decimal(20,4) DEFAULT NULL COMMENT 'Grand Total',
  `shipping_amount` decimal(20,4) DEFAULT NULL COMMENT 'Shipping Amount',
  `shipping_canceled` decimal(20,4) DEFAULT NULL COMMENT 'Shipping Canceled',
  `shipping_invoiced` decimal(20,4) DEFAULT NULL COMMENT 'Shipping Invoiced',
  `shipping_refunded` decimal(20,4) DEFAULT NULL COMMENT 'Shipping Refunded',
  `shipping_tax_amount` decimal(20,4) DEFAULT NULL COMMENT 'Shipping Tax Amount',
  `shipping_tax_refunded` decimal(20,4) DEFAULT NULL COMMENT 'Shipping Tax Refunded',
  `store_to_base_rate` decimal(12,4) DEFAULT NULL COMMENT 'Store To Base Rate',
  `store_to_order_rate` decimal(12,4) DEFAULT NULL COMMENT 'Store To Order Rate',
  `subtotal` decimal(20,4) DEFAULT NULL COMMENT 'Subtotal',
  `subtotal_canceled` decimal(20,4) DEFAULT NULL COMMENT 'Subtotal Canceled',
  `subtotal_invoiced` decimal(20,4) DEFAULT NULL COMMENT 'Subtotal Invoiced',
  `subtotal_refunded` decimal(20,4) DEFAULT NULL COMMENT 'Subtotal Refunded',
  `tax_amount` decimal(20,4) DEFAULT NULL COMMENT 'Tax Amount',
  `tax_canceled` decimal(20,4) DEFAULT NULL COMMENT 'Tax Canceled',
  `tax_invoiced` decimal(20,4) DEFAULT NULL COMMENT 'Tax Invoiced',
  `tax_refunded` decimal(20,4) DEFAULT NULL COMMENT 'Tax Refunded',
  `total_canceled` decimal(20,4) DEFAULT NULL COMMENT 'Total Canceled',
  `total_invoiced` decimal(20,4) DEFAULT NULL COMMENT 'Total Invoiced',
  `total_offline_refunded` decimal(20,4) DEFAULT NULL COMMENT 'Total Offline Refunded',
  `total_online_refunded` decimal(20,4) DEFAULT NULL COMMENT 'Total Online Refunded',
  `total_paid` decimal(20,4) DEFAULT NULL COMMENT 'Total Paid',
  `total_qty_ordered` decimal(12,4) DEFAULT NULL COMMENT 'Total Qty Ordered',
  `total_refunded` decimal(20,4) DEFAULT NULL COMMENT 'Total Refunded',
  `can_ship_partially` smallint(5) unsigned DEFAULT NULL COMMENT 'Can Ship Partially',
  `can_ship_partially_item` smallint(5) unsigned DEFAULT NULL COMMENT 'Can Ship Partially Item',
  `customer_is_guest` smallint(5) unsigned DEFAULT NULL COMMENT 'Customer Is Guest',
  `customer_note_notify` smallint(5) unsigned DEFAULT NULL COMMENT 'Customer Note Notify',
  `billing_address_id` int(11) DEFAULT NULL COMMENT 'Billing Address ID',
  `customer_group_id` int(11) DEFAULT NULL,
  `edit_increment` int(11) DEFAULT NULL COMMENT 'Edit Increment',
  `email_sent` smallint(5) unsigned DEFAULT NULL COMMENT 'Email Sent',
  `send_email` smallint(5) unsigned DEFAULT NULL COMMENT 'Send Email',
  `forced_shipment_with_invoice` smallint(5) unsigned DEFAULT NULL COMMENT 'Forced Do Shipment With Invoice',
  `payment_auth_expiration` int(11) DEFAULT NULL COMMENT 'Payment Authorization Expiration',
  `quote_address_id` int(11) DEFAULT NULL COMMENT 'Quote Address ID',
  `quote_id` int(11) DEFAULT NULL COMMENT 'Quote ID',
  `shipping_address_id` int(11) DEFAULT NULL COMMENT 'Shipping Address ID',
  `adjustment_negative` decimal(20,4) DEFAULT NULL COMMENT 'Adjustment Negative',
  `adjustment_positive` decimal(20,4) DEFAULT NULL COMMENT 'Adjustment Positive',
  `base_adjustment_negative` decimal(20,4) DEFAULT NULL COMMENT 'Base Adjustment Negative',
  `base_adjustment_positive` decimal(20,4) DEFAULT NULL COMMENT 'Base Adjustment Positive',
  `base_shipping_discount_amount` decimal(20,4) DEFAULT NULL COMMENT 'Base Shipping Discount Amount',
  `base_subtotal_incl_tax` decimal(20,4) DEFAULT NULL COMMENT 'Base Subtotal Incl Tax',
  `base_total_due` decimal(20,4) DEFAULT NULL COMMENT 'Base Total Due',
  `payment_authorization_amount` decimal(20,4) DEFAULT NULL COMMENT 'Payment Authorization Amount',
  `shipping_discount_amount` decimal(20,4) DEFAULT NULL COMMENT 'Shipping Discount Amount',
  `subtotal_incl_tax` decimal(20,4) DEFAULT NULL COMMENT 'Subtotal Incl Tax',
  `total_due` decimal(20,4) DEFAULT NULL COMMENT 'Total Due',
  `weight` decimal(12,4) DEFAULT NULL COMMENT 'Weight',
  `customer_dob` datetime DEFAULT NULL COMMENT 'Customer Dob',
  `increment_id` varchar(32) DEFAULT NULL COMMENT 'Increment ID',
  `applied_rule_ids` varchar(128) DEFAULT NULL COMMENT 'Applied Rule Ids',
  `base_currency_code` varchar(3) DEFAULT NULL COMMENT 'Base Currency Code',
  `customer_email` varchar(128) DEFAULT NULL COMMENT 'Customer Email',
  `customer_firstname` varchar(128) DEFAULT NULL COMMENT 'Customer Firstname',
  `customer_lastname` varchar(128) DEFAULT NULL COMMENT 'Customer Lastname',
  `customer_middlename` varchar(128) DEFAULT NULL COMMENT 'Customer Middlename',
  `customer_prefix` varchar(32) DEFAULT NULL COMMENT 'Customer Prefix',
  `customer_suffix` varchar(32) DEFAULT NULL COMMENT 'Customer Suffix',
  `customer_taxvat` varchar(32) DEFAULT NULL COMMENT 'Customer Taxvat',
  `discount_description` varchar(255) DEFAULT NULL COMMENT 'Discount Description',
  `ext_customer_id` varchar(32) DEFAULT NULL COMMENT 'Ext Customer ID',
  `ext_order_id` varchar(32) DEFAULT NULL COMMENT 'Ext Order ID',
  `global_currency_code` varchar(3) DEFAULT NULL COMMENT 'Global Currency Code',
  `hold_before_state` varchar(32) DEFAULT NULL COMMENT 'Hold Before State',
  `hold_before_status` varchar(32) DEFAULT NULL COMMENT 'Hold Before Status',
  `order_currency_code` varchar(3) DEFAULT NULL COMMENT 'Order Currency Code',
  `original_increment_id` varchar(32) DEFAULT NULL COMMENT 'Original Increment ID',
  `relation_child_id` varchar(32) DEFAULT NULL COMMENT 'Relation Child ID',
  `relation_child_real_id` varchar(32) DEFAULT NULL COMMENT 'Relation Child Real ID',
  `relation_parent_id` varchar(32) DEFAULT NULL COMMENT 'Relation Parent ID',
  `relation_parent_real_id` varchar(32) DEFAULT NULL COMMENT 'Relation Parent Real ID',
  `remote_ip` varchar(45) DEFAULT NULL COMMENT 'Remote Ip',
  `shipping_method` varchar(120) DEFAULT NULL,
  `store_currency_code` varchar(3) DEFAULT NULL COMMENT 'Store Currency Code',
  `store_name` varchar(255) DEFAULT NULL COMMENT 'Store Name',
  `x_forwarded_for` varchar(255) DEFAULT NULL COMMENT 'X Forwarded For',
  `customer_note` text COMMENT 'Customer Note',
  `created_at` timestamp NOT NULL DEFAULT CURRENT_TIMESTAMP COMMENT 'Created At',
  `updated_at` timestamp NOT NULL DEFAULT CURRENT_TIMESTAMP ON UPDATE CURRENT_TIMESTAMP COMMENT 'Updated At',
  `total_item_count` smallint(5) unsigned NOT NULL DEFAULT '0' COMMENT 'Total Item Count',
  `customer_gender` int(11) DEFAULT NULL COMMENT 'Customer Gender',
  `discount_tax_compensation_amount` decimal(20,4) DEFAULT NULL COMMENT 'Discount Tax Compensation Amount',
  `base_discount_tax_compensation_amount` decimal(20,4) DEFAULT NULL COMMENT 'Base Discount Tax Compensation Amount',
  `shipping_discount_tax_compensation_amount` decimal(20,4) DEFAULT NULL COMMENT 'Shipping Discount Tax Compensation Amount',
  `base_shipping_discount_tax_compensation_amnt` decimal(20,4) DEFAULT NULL COMMENT 'Base Shipping Discount Tax Compensation Amount',
  `discount_tax_compensation_invoiced` decimal(20,4) DEFAULT NULL COMMENT 'Discount Tax Compensation Invoiced',
  `base_discount_tax_compensation_invoiced` decimal(20,4) DEFAULT NULL COMMENT 'Base Discount Tax Compensation Invoiced',
  `discount_tax_compensation_refunded` decimal(20,4) DEFAULT NULL COMMENT 'Discount Tax Compensation Refunded',
  `base_discount_tax_compensation_refunded` decimal(20,4) DEFAULT NULL COMMENT 'Base Discount Tax Compensation Refunded',
  `shipping_incl_tax` decimal(20,4) DEFAULT NULL COMMENT 'Shipping Incl Tax',
  `base_shipping_incl_tax` decimal(20,4) DEFAULT NULL COMMENT 'Base Shipping Incl Tax',
  `coupon_rule_name` varchar(255) DEFAULT NULL COMMENT 'Coupon Sales Rule Name',
  `gift_message_id` int(11) DEFAULT NULL COMMENT 'Gift Message ID',
  `paypal_ipn_customer_notified` int(11) DEFAULT '0' COMMENT 'Paypal Ipn Customer Notified',
  `mp_smtp_email_marketing_synced` smallint(6) DEFAULT '0' COMMENT 'Mp SMTP Email Marketing synced',
  PRIMARY KEY (`entity_id`),
  UNIQUE KEY `SALES_ORDER_INCREMENT_ID_STORE_ID` (`increment_id`,`store_id`),
  KEY `SALES_ORDER_STATUS` (`status`),
  KEY `SALES_ORDER_STATE` (`state`),
  KEY `SALES_ORDER_STORE_ID` (`store_id`),
  KEY `SALES_ORDER_CREATED_AT` (`created_at`),
  KEY `SALES_ORDER_CUSTOMER_ID` (`customer_id`),
  KEY `SALES_ORDER_EXT_ORDER_ID` (`ext_order_id`),
  KEY `SALES_ORDER_QUOTE_ID` (`quote_id`),
  KEY `SALES_ORDER_UPDATED_AT` (`updated_at`),
  KEY `SALES_ORDER_SEND_EMAIL` (`send_email`),
  KEY `SALES_ORDER_EMAIL_SENT` (`email_sent`),
  CONSTRAINT `SALES_ORDER_CUSTOMER_ID_CUSTOMER_ENTITY_ENTITY_ID` FOREIGN KEY (`customer_id`) REFERENCES `customer_entity` (`entity_id`) ON DELETE SET NULL,
  CONSTRAINT `SALES_ORDER_STORE_ID_STORE_STORE_ID` FOREIGN KEY (`store_id`) REFERENCES `store` (`store_id`) ON DELETE SET NULL
) ENGINE=InnoDB DEFAULT CHARSET=utf8 COMMENT='Sales Flat Order';

--
-- Dumping data for table `sales_order`
--


--
-- Table structure for table `sales_order_address`
--

CREATE TABLE `sales_order_address` (
  `entity_id` int(10) unsigned NOT NULL AUTO_INCREMENT COMMENT 'Entity ID',
  `parent_id` int(10) unsigned DEFAULT NULL COMMENT 'Parent ID',
  `customer_address_id` int(11) DEFAULT NULL COMMENT 'Customer Address ID',
  `quote_address_id` int(11) DEFAULT NULL COMMENT 'Quote Address ID',
  `region_id` int(11) DEFAULT NULL COMMENT 'Region ID',
  `customer_id` int(11) DEFAULT NULL COMMENT 'Customer ID',
  `fax` varchar(255) DEFAULT NULL COMMENT 'Fax',
  `region` varchar(255) DEFAULT NULL COMMENT 'Region',
  `postcode` varchar(255) DEFAULT NULL COMMENT 'Postcode',
  `lastname` varchar(255) DEFAULT NULL COMMENT 'Lastname',
  `street` varchar(255) DEFAULT NULL COMMENT 'Street',
  `city` varchar(255) DEFAULT NULL COMMENT 'City',
  `email` varchar(255) DEFAULT NULL COMMENT 'Email',
  `telephone` varchar(255) DEFAULT NULL COMMENT 'Phone Number',
  `country_id` varchar(2) DEFAULT NULL COMMENT 'Country ID',
  `firstname` varchar(255) DEFAULT NULL COMMENT 'Firstname',
  `address_type` varchar(255) DEFAULT NULL COMMENT 'Address Type',
  `prefix` varchar(255) DEFAULT NULL COMMENT 'Prefix',
  `middlename` varchar(255) DEFAULT NULL COMMENT 'Middlename',
  `suffix` varchar(255) DEFAULT NULL COMMENT 'Suffix',
  `company` varchar(255) DEFAULT NULL COMMENT 'Company',
  `vat_id` text COMMENT 'Vat ID',
  `vat_is_valid` smallint(6) DEFAULT NULL COMMENT 'Vat Is Valid',
  `vat_request_id` text COMMENT 'Vat Request ID',
  `vat_request_date` text COMMENT 'Vat Request Date',
  `vat_request_success` smallint(6) DEFAULT NULL COMMENT 'Vat Request Success',
  `vertex_vat_country_code` varchar(255) DEFAULT NULL COMMENT 'Vertex Customer Vat Country',
  PRIMARY KEY (`entity_id`),
  KEY `SALES_ORDER_ADDRESS_PARENT_ID` (`parent_id`),
  CONSTRAINT `SALES_ORDER_ADDRESS_PARENT_ID_SALES_ORDER_ENTITY_ID` FOREIGN KEY (`parent_id`) REFERENCES `sales_order` (`entity_id`) ON DELETE CASCADE
) ENGINE=InnoDB DEFAULT CHARSET=utf8 COMMENT='Sales Flat Order Address';

--
-- Dumping data for table `sales_order_address`
--


--
-- Table structure for table `sales_order_aggregated_created`
--

CREATE TABLE `sales_order_aggregated_created` (
  `id` int(10) unsigned NOT NULL AUTO_INCREMENT COMMENT 'ID',
  `period` date DEFAULT NULL COMMENT 'Period',
  `store_id` smallint(5) unsigned DEFAULT NULL COMMENT 'Store ID',
  `order_status` varchar(50) NOT NULL COMMENT 'Order Status',
  `orders_count` int(11) NOT NULL DEFAULT '0' COMMENT 'Orders Count',
  `total_qty_ordered` decimal(12,4) NOT NULL DEFAULT '0.0000' COMMENT 'Total Qty Ordered',
  `total_qty_invoiced` decimal(12,4) NOT NULL DEFAULT '0.0000' COMMENT 'Total Qty Invoiced',
  `total_income_amount` decimal(20,4) NOT NULL DEFAULT '0.0000' COMMENT 'Total Income Amount',
  `total_revenue_amount` decimal(20,4) NOT NULL DEFAULT '0.0000' COMMENT 'Total Revenue Amount',
  `total_profit_amount` decimal(20,4) NOT NULL DEFAULT '0.0000' COMMENT 'Total Profit Amount',
  `total_invoiced_amount` decimal(20,4) NOT NULL DEFAULT '0.0000' COMMENT 'Total Invoiced Amount',
  `total_canceled_amount` decimal(20,4) NOT NULL DEFAULT '0.0000' COMMENT 'Total Canceled Amount',
  `total_paid_amount` decimal(20,4) NOT NULL DEFAULT '0.0000' COMMENT 'Total Paid Amount',
  `total_refunded_amount` decimal(20,4) NOT NULL DEFAULT '0.0000' COMMENT 'Total Refunded Amount',
  `total_tax_amount` decimal(20,4) NOT NULL DEFAULT '0.0000' COMMENT 'Total Tax Amount',
  `total_tax_amount_actual` decimal(20,4) NOT NULL DEFAULT '0.0000' COMMENT 'Total Tax Amount Actual',
  `total_shipping_amount` decimal(20,4) NOT NULL DEFAULT '0.0000' COMMENT 'Total Shipping Amount',
  `total_shipping_amount_actual` decimal(20,4) NOT NULL DEFAULT '0.0000' COMMENT 'Total Shipping Amount Actual',
  `total_discount_amount` decimal(20,4) NOT NULL DEFAULT '0.0000' COMMENT 'Total Discount Amount',
  `total_discount_amount_actual` decimal(20,4) NOT NULL DEFAULT '0.0000' COMMENT 'Total Discount Amount Actual',
  PRIMARY KEY (`id`),
  UNIQUE KEY `SALES_ORDER_AGGREGATED_CREATED_PERIOD_STORE_ID_ORDER_STATUS` (`period`,`store_id`,`order_status`),
  KEY `SALES_ORDER_AGGREGATED_CREATED_STORE_ID` (`store_id`),
  CONSTRAINT `SALES_ORDER_AGGREGATED_CREATED_STORE_ID_STORE_STORE_ID` FOREIGN KEY (`store_id`) REFERENCES `store` (`store_id`) ON DELETE SET NULL
) ENGINE=InnoDB DEFAULT CHARSET=utf8 COMMENT='Sales Order Aggregated Created';

--
-- Dumping data for table `sales_order_aggregated_created`
--


--
-- Table structure for table `sales_order_aggregated_updated`
--

CREATE TABLE `sales_order_aggregated_updated` (
  `id` int(10) unsigned NOT NULL AUTO_INCREMENT COMMENT 'ID',
  `period` date DEFAULT NULL COMMENT 'Period',
  `store_id` smallint(5) unsigned DEFAULT NULL COMMENT 'Store ID',
  `order_status` varchar(50) NOT NULL COMMENT 'Order Status',
  `orders_count` int(11) NOT NULL DEFAULT '0' COMMENT 'Orders Count',
  `total_qty_ordered` decimal(12,4) NOT NULL DEFAULT '0.0000' COMMENT 'Total Qty Ordered',
  `total_qty_invoiced` decimal(12,4) NOT NULL DEFAULT '0.0000' COMMENT 'Total Qty Invoiced',
  `total_income_amount` decimal(20,4) NOT NULL DEFAULT '0.0000' COMMENT 'Total Income Amount',
  `total_revenue_amount` decimal(20,4) NOT NULL DEFAULT '0.0000' COMMENT 'Total Revenue Amount',
  `total_profit_amount` decimal(20,4) NOT NULL DEFAULT '0.0000' COMMENT 'Total Profit Amount',
  `total_invoiced_amount` decimal(20,4) NOT NULL DEFAULT '0.0000' COMMENT 'Total Invoiced Amount',
  `total_canceled_amount` decimal(20,4) NOT NULL DEFAULT '0.0000' COMMENT 'Total Canceled Amount',
  `total_paid_amount` decimal(20,4) NOT NULL DEFAULT '0.0000' COMMENT 'Total Paid Amount',
  `total_refunded_amount` decimal(20,4) NOT NULL DEFAULT '0.0000' COMMENT 'Total Refunded Amount',
  `total_tax_amount` decimal(20,4) NOT NULL DEFAULT '0.0000' COMMENT 'Total Tax Amount',
  `total_tax_amount_actual` decimal(20,4) NOT NULL DEFAULT '0.0000' COMMENT 'Total Tax Amount Actual',
  `total_shipping_amount` decimal(20,4) NOT NULL DEFAULT '0.0000' COMMENT 'Total Shipping Amount',
  `total_shipping_amount_actual` decimal(20,4) NOT NULL DEFAULT '0.0000' COMMENT 'Total Shipping Amount Actual',
  `total_discount_amount` decimal(20,4) NOT NULL DEFAULT '0.0000' COMMENT 'Total Discount Amount',
  `total_discount_amount_actual` decimal(20,4) NOT NULL DEFAULT '0.0000' COMMENT 'Total Discount Amount Actual',
  PRIMARY KEY (`id`),
  UNIQUE KEY `SALES_ORDER_AGGREGATED_UPDATED_PERIOD_STORE_ID_ORDER_STATUS` (`period`,`store_id`,`order_status`),
  KEY `SALES_ORDER_AGGREGATED_UPDATED_STORE_ID` (`store_id`),
  CONSTRAINT `SALES_ORDER_AGGREGATED_UPDATED_STORE_ID_STORE_STORE_ID` FOREIGN KEY (`store_id`) REFERENCES `store` (`store_id`) ON DELETE SET NULL
) ENGINE=InnoDB DEFAULT CHARSET=utf8 COMMENT='Sales Order Aggregated Updated';

--
-- Dumping data for table `sales_order_aggregated_updated`
--


--
-- Table structure for table `sales_order_grid`
--

CREATE TABLE `sales_order_grid` (
  `entity_id` int(10) unsigned NOT NULL COMMENT 'Entity ID',
  `status` varchar(32) DEFAULT NULL COMMENT 'Status',
  `store_id` smallint(5) unsigned DEFAULT NULL COMMENT 'Store ID',
  `store_name` varchar(255) DEFAULT NULL COMMENT 'Store Name',
  `customer_id` int(10) unsigned DEFAULT NULL COMMENT 'Customer ID',
  `base_grand_total` decimal(20,4) DEFAULT NULL COMMENT 'Base Grand Total',
  `base_total_paid` decimal(20,4) DEFAULT NULL COMMENT 'Base Total Paid',
  `grand_total` decimal(20,4) DEFAULT NULL COMMENT 'Grand Total',
  `total_paid` decimal(20,4) DEFAULT NULL COMMENT 'Total Paid',
  `increment_id` varchar(50) DEFAULT NULL COMMENT 'Increment ID',
  `base_currency_code` varchar(3) DEFAULT NULL COMMENT 'Base Currency Code',
  `order_currency_code` varchar(255) DEFAULT NULL COMMENT 'Order Currency Code',
  `shipping_name` varchar(255) DEFAULT NULL COMMENT 'Shipping Name',
  `billing_name` varchar(255) DEFAULT NULL COMMENT 'Billing Name',
  `created_at` timestamp NULL DEFAULT NULL COMMENT 'Created At',
  `updated_at` timestamp NULL DEFAULT NULL COMMENT 'Updated At',
  `billing_address` varchar(255) DEFAULT NULL COMMENT 'Billing Address',
  `shipping_address` varchar(255) DEFAULT NULL COMMENT 'Shipping Address',
  `shipping_information` varchar(255) DEFAULT NULL COMMENT 'Shipping Method Name',
  `customer_email` varchar(255) DEFAULT NULL COMMENT 'Customer Email',
  `customer_group` varchar(255) DEFAULT NULL COMMENT 'Customer Group',
  `subtotal` decimal(20,4) DEFAULT NULL COMMENT 'Subtotal',
  `shipping_and_handling` decimal(20,4) DEFAULT NULL COMMENT 'Shipping and handling amount',
  `customer_name` varchar(255) DEFAULT NULL COMMENT 'Customer Name',
  `payment_method` varchar(255) DEFAULT NULL COMMENT 'Payment Method',
  `total_refunded` decimal(20,4) DEFAULT NULL COMMENT 'Total Refunded',
  `pickup_location_code` varchar(255) DEFAULT NULL COMMENT 'Pickup Location Code',
  PRIMARY KEY (`entity_id`),
  UNIQUE KEY `SALES_ORDER_GRID_INCREMENT_ID_STORE_ID` (`increment_id`,`store_id`),
  KEY `SALES_ORDER_GRID_STATUS` (`status`),
  KEY `SALES_ORDER_GRID_STORE_ID` (`store_id`),
  KEY `SALES_ORDER_GRID_BASE_GRAND_TOTAL` (`base_grand_total`),
  KEY `SALES_ORDER_GRID_BASE_TOTAL_PAID` (`base_total_paid`),
  KEY `SALES_ORDER_GRID_GRAND_TOTAL` (`grand_total`),
  KEY `SALES_ORDER_GRID_TOTAL_PAID` (`total_paid`),
  KEY `SALES_ORDER_GRID_SHIPPING_NAME` (`shipping_name`),
  KEY `SALES_ORDER_GRID_BILLING_NAME` (`billing_name`),
  KEY `SALES_ORDER_GRID_CREATED_AT` (`created_at`),
  KEY `SALES_ORDER_GRID_CUSTOMER_ID` (`customer_id`),
  KEY `SALES_ORDER_GRID_UPDATED_AT` (`updated_at`),
  KEY `SALES_ORDER_GRID_PICKUP_LOCATION_CODE` (`pickup_location_code`),
  FULLTEXT KEY `FTI_65B9E9925EC58F0C7C2E2F6379C233E7` (`increment_id`,`billing_name`,`shipping_name`,`shipping_address`,`billing_address`,`customer_name`,`customer_email`)
) ENGINE=InnoDB DEFAULT CHARSET=utf8 COMMENT='Sales Flat Order Grid';

--
-- Dumping data for table `sales_order_grid`
--


--
-- Table structure for table `sales_order_item`
--

CREATE TABLE `sales_order_item` (
  `item_id` int(10) unsigned NOT NULL AUTO_INCREMENT COMMENT 'Item ID',
  `order_id` int(10) unsigned NOT NULL DEFAULT '0' COMMENT 'Order ID',
  `parent_item_id` int(10) unsigned DEFAULT NULL COMMENT 'Parent Item ID',
  `quote_item_id` int(10) unsigned DEFAULT NULL COMMENT 'Quote Item ID',
  `store_id` smallint(5) unsigned DEFAULT NULL COMMENT 'Store ID',
  `created_at` timestamp NOT NULL DEFAULT CURRENT_TIMESTAMP COMMENT 'Created At',
  `updated_at` timestamp NOT NULL DEFAULT CURRENT_TIMESTAMP ON UPDATE CURRENT_TIMESTAMP COMMENT 'Updated At',
  `product_id` int(10) unsigned DEFAULT NULL COMMENT 'Product ID',
  `product_type` varchar(255) DEFAULT NULL COMMENT 'Product Type',
  `product_options` text COMMENT 'Product Options',
  `weight` decimal(12,4) DEFAULT '0.0000' COMMENT 'Weight',
  `is_virtual` smallint(5) unsigned DEFAULT NULL COMMENT 'Is Virtual',
  `sku` varchar(255) DEFAULT NULL COMMENT 'Sku',
  `name` varchar(255) DEFAULT NULL COMMENT 'Name',
  `description` text COMMENT 'Description',
  `applied_rule_ids` text COMMENT 'Applied Rule Ids',
  `additional_data` text COMMENT 'Additional Data',
  `is_qty_decimal` smallint(5) unsigned DEFAULT NULL COMMENT 'Is Qty Decimal',
  `no_discount` smallint(5) unsigned NOT NULL DEFAULT '0' COMMENT 'No Discount',
  `qty_backordered` decimal(12,4) DEFAULT '0.0000' COMMENT 'Qty Backordered',
  `qty_canceled` decimal(12,4) DEFAULT '0.0000' COMMENT 'Qty Canceled',
  `qty_invoiced` decimal(12,4) DEFAULT '0.0000' COMMENT 'Qty Invoiced',
  `qty_ordered` decimal(12,4) DEFAULT '0.0000' COMMENT 'Qty Ordered',
  `qty_refunded` decimal(12,4) DEFAULT '0.0000' COMMENT 'Qty Refunded',
  `qty_shipped` decimal(12,4) DEFAULT '0.0000' COMMENT 'Qty Shipped',
  `base_cost` decimal(12,4) DEFAULT '0.0000' COMMENT 'Base Cost',
  `price` decimal(12,4) NOT NULL DEFAULT '0.0000' COMMENT 'Price',
  `base_price` decimal(12,4) NOT NULL DEFAULT '0.0000' COMMENT 'Base Price',
  `original_price` decimal(12,4) DEFAULT NULL COMMENT 'Original Price',
  `base_original_price` decimal(12,4) DEFAULT NULL COMMENT 'Base Original Price',
  `tax_percent` decimal(12,4) DEFAULT '0.0000' COMMENT 'Tax Percent',
  `tax_amount` decimal(20,4) DEFAULT '0.0000' COMMENT 'Tax Amount',
  `base_tax_amount` decimal(20,4) DEFAULT '0.0000' COMMENT 'Base Tax Amount',
  `tax_invoiced` decimal(20,4) DEFAULT '0.0000' COMMENT 'Tax Invoiced',
  `base_tax_invoiced` decimal(20,4) DEFAULT '0.0000' COMMENT 'Base Tax Invoiced',
  `discount_percent` decimal(12,4) DEFAULT '0.0000' COMMENT 'Discount Percent',
  `discount_amount` decimal(20,4) DEFAULT '0.0000' COMMENT 'Discount Amount',
  `base_discount_amount` decimal(20,4) DEFAULT '0.0000' COMMENT 'Base Discount Amount',
  `discount_invoiced` decimal(20,4) DEFAULT '0.0000' COMMENT 'Discount Invoiced',
  `base_discount_invoiced` decimal(20,4) DEFAULT '0.0000' COMMENT 'Base Discount Invoiced',
  `amount_refunded` decimal(20,4) DEFAULT '0.0000' COMMENT 'Amount Refunded',
  `base_amount_refunded` decimal(20,4) DEFAULT '0.0000' COMMENT 'Base Amount Refunded',
  `row_total` decimal(20,4) NOT NULL DEFAULT '0.0000' COMMENT 'Row Total',
  `base_row_total` decimal(20,4) NOT NULL DEFAULT '0.0000' COMMENT 'Base Row Total',
  `row_invoiced` decimal(20,4) NOT NULL DEFAULT '0.0000' COMMENT 'Row Invoiced',
  `base_row_invoiced` decimal(20,4) NOT NULL DEFAULT '0.0000' COMMENT 'Base Row Invoiced',
  `row_weight` decimal(12,4) DEFAULT '0.0000' COMMENT 'Row Weight',
  `base_tax_before_discount` decimal(20,4) DEFAULT NULL COMMENT 'Base Tax Before Discount',
  `tax_before_discount` decimal(20,4) DEFAULT NULL COMMENT 'Tax Before Discount',
  `ext_order_item_id` varchar(255) DEFAULT NULL COMMENT 'Ext Order Item ID',
  `locked_do_invoice` smallint(5) unsigned DEFAULT NULL COMMENT 'Locked Do Invoice',
  `locked_do_ship` smallint(5) unsigned DEFAULT NULL COMMENT 'Locked Do Ship',
  `price_incl_tax` decimal(20,4) DEFAULT NULL COMMENT 'Price Incl Tax',
  `base_price_incl_tax` decimal(20,4) DEFAULT NULL COMMENT 'Base Price Incl Tax',
  `row_total_incl_tax` decimal(20,4) DEFAULT NULL COMMENT 'Row Total Incl Tax',
  `base_row_total_incl_tax` decimal(20,4) DEFAULT NULL COMMENT 'Base Row Total Incl Tax',
  `discount_tax_compensation_amount` decimal(20,4) DEFAULT NULL COMMENT 'Discount Tax Compensation Amount',
  `base_discount_tax_compensation_amount` decimal(20,4) DEFAULT NULL COMMENT 'Base Discount Tax Compensation Amount',
  `discount_tax_compensation_invoiced` decimal(20,4) DEFAULT NULL COMMENT 'Discount Tax Compensation Invoiced',
  `base_discount_tax_compensation_invoiced` decimal(20,4) DEFAULT NULL COMMENT 'Base Discount Tax Compensation Invoiced',
  `discount_tax_compensation_refunded` decimal(20,4) DEFAULT NULL COMMENT 'Discount Tax Compensation Refunded',
  `base_discount_tax_compensation_refunded` decimal(20,4) DEFAULT NULL COMMENT 'Base Discount Tax Compensation Refunded',
  `tax_canceled` decimal(12,4) DEFAULT NULL COMMENT 'Tax Canceled',
  `discount_tax_compensation_canceled` decimal(20,4) DEFAULT NULL COMMENT 'Discount Tax Compensation Canceled',
  `tax_refunded` decimal(20,4) DEFAULT NULL COMMENT 'Tax Refunded',
  `base_tax_refunded` decimal(20,4) DEFAULT NULL COMMENT 'Base Tax Refunded',
  `discount_refunded` decimal(20,4) DEFAULT NULL COMMENT 'Discount Refunded',
  `base_discount_refunded` decimal(20,4) DEFAULT NULL COMMENT 'Base Discount Refunded',
  `gift_message_id` int(11) DEFAULT NULL COMMENT 'Gift Message ID',
  `gift_message_available` int(11) DEFAULT NULL COMMENT 'Gift Message Available',
  `free_shipping` smallint(5) unsigned NOT NULL DEFAULT '0' COMMENT 'Free Shipping',
  `weee_tax_applied` text COMMENT 'Weee Tax Applied',
  `weee_tax_applied_amount` decimal(12,4) DEFAULT NULL COMMENT 'Weee Tax Applied Amount',
  `weee_tax_applied_row_amount` decimal(12,4) DEFAULT NULL COMMENT 'Weee Tax Applied Row Amount',
  `weee_tax_disposition` decimal(12,4) DEFAULT NULL COMMENT 'Weee Tax Disposition',
  `weee_tax_row_disposition` decimal(12,4) DEFAULT NULL COMMENT 'Weee Tax Row Disposition',
  `base_weee_tax_applied_amount` decimal(12,4) DEFAULT NULL COMMENT 'Base Weee Tax Applied Amount',
  `base_weee_tax_applied_row_amnt` decimal(12,4) DEFAULT NULL COMMENT 'Base Weee Tax Applied Row Amnt',
  `base_weee_tax_disposition` decimal(12,4) DEFAULT NULL COMMENT 'Base Weee Tax Disposition',
  `base_weee_tax_row_disposition` decimal(12,4) DEFAULT NULL COMMENT 'Base Weee Tax Row Disposition',
  PRIMARY KEY (`item_id`),
  KEY `SALES_ORDER_ITEM_ORDER_ID` (`order_id`),
  KEY `SALES_ORDER_ITEM_STORE_ID` (`store_id`),
  CONSTRAINT `SALES_ORDER_ITEM_ORDER_ID_SALES_ORDER_ENTITY_ID` FOREIGN KEY (`order_id`) REFERENCES `sales_order` (`entity_id`) ON DELETE CASCADE,
  CONSTRAINT `SALES_ORDER_ITEM_STORE_ID_STORE_STORE_ID` FOREIGN KEY (`store_id`) REFERENCES `store` (`store_id`) ON DELETE SET NULL
) ENGINE=InnoDB DEFAULT CHARSET=utf8 COMMENT='Sales Flat Order Item';

--
-- Dumping data for table `sales_order_item`
--


--
-- Table structure for table `sales_order_payment`
--

CREATE TABLE `sales_order_payment` (
  `entity_id` int(10) unsigned NOT NULL AUTO_INCREMENT COMMENT 'Entity ID',
  `parent_id` int(10) unsigned NOT NULL COMMENT 'Parent ID',
  `base_shipping_captured` decimal(20,4) DEFAULT NULL COMMENT 'Base Shipping Captured',
  `shipping_captured` decimal(20,4) DEFAULT NULL COMMENT 'Shipping Captured',
  `amount_refunded` decimal(20,4) DEFAULT NULL COMMENT 'Amount Refunded',
  `base_amount_paid` decimal(20,4) DEFAULT NULL COMMENT 'Base Amount Paid',
  `amount_canceled` decimal(20,4) DEFAULT NULL COMMENT 'Amount Canceled',
  `base_amount_authorized` decimal(20,4) DEFAULT NULL COMMENT 'Base Amount Authorized',
  `base_amount_paid_online` decimal(20,4) DEFAULT NULL COMMENT 'Base Amount Paid Online',
  `base_amount_refunded_online` decimal(20,4) DEFAULT NULL COMMENT 'Base Amount Refunded Online',
  `base_shipping_amount` decimal(20,4) DEFAULT NULL COMMENT 'Base Shipping Amount',
  `shipping_amount` decimal(20,4) DEFAULT NULL COMMENT 'Shipping Amount',
  `amount_paid` decimal(20,4) DEFAULT NULL COMMENT 'Amount Paid',
  `amount_authorized` decimal(20,4) DEFAULT NULL COMMENT 'Amount Authorized',
  `base_amount_ordered` decimal(20,4) DEFAULT NULL COMMENT 'Base Amount Ordered',
  `base_shipping_refunded` decimal(20,4) DEFAULT NULL COMMENT 'Base Shipping Refunded',
  `shipping_refunded` decimal(20,4) DEFAULT NULL COMMENT 'Shipping Refunded',
  `base_amount_refunded` decimal(20,4) DEFAULT NULL COMMENT 'Base Amount Refunded',
  `amount_ordered` decimal(20,4) DEFAULT NULL COMMENT 'Amount Ordered',
  `base_amount_canceled` decimal(20,4) DEFAULT NULL COMMENT 'Base Amount Canceled',
  `quote_payment_id` int(11) DEFAULT NULL COMMENT 'Quote Payment ID',
  `additional_data` text COMMENT 'Additional Data',
  `cc_exp_month` varchar(12) DEFAULT NULL COMMENT 'Cc Exp Month',
  `cc_ss_start_year` varchar(12) DEFAULT NULL COMMENT 'Cc Ss Start Year',
  `echeck_bank_name` varchar(128) DEFAULT NULL COMMENT 'Echeck Bank Name',
  `method` varchar(128) DEFAULT NULL COMMENT 'Method',
  `cc_debug_request_body` varchar(32) DEFAULT NULL COMMENT 'Cc Debug Request Body',
  `cc_secure_verify` varchar(32) DEFAULT NULL COMMENT 'Cc Secure Verify',
  `protection_eligibility` varchar(32) DEFAULT NULL COMMENT 'Protection Eligibility',
  `cc_approval` varchar(32) DEFAULT NULL COMMENT 'Cc Approval',
  `cc_last_4` varchar(100) DEFAULT NULL COMMENT 'Cc Last 4',
  `cc_status_description` varchar(32) DEFAULT NULL COMMENT 'Cc Status Description',
  `echeck_type` varchar(32) DEFAULT NULL COMMENT 'Echeck Type',
  `cc_debug_response_serialized` varchar(32) DEFAULT NULL COMMENT 'Cc Debug Response Serialized',
  `cc_ss_start_month` varchar(128) DEFAULT NULL COMMENT 'Cc Ss Start Month',
  `echeck_account_type` varchar(255) DEFAULT NULL COMMENT 'Echeck Account Type',
  `last_trans_id` varchar(255) DEFAULT NULL COMMENT 'Last Trans ID',
  `cc_cid_status` varchar(32) DEFAULT NULL COMMENT 'Cc Cid Status',
  `cc_owner` varchar(128) DEFAULT NULL COMMENT 'Cc Owner',
  `cc_type` varchar(32) DEFAULT NULL COMMENT 'Cc Type',
  `po_number` varchar(32) DEFAULT NULL COMMENT 'Po Number',
  `cc_exp_year` varchar(4) DEFAULT NULL COMMENT 'Cc Exp Year',
  `cc_status` varchar(4) DEFAULT NULL COMMENT 'Cc Status',
  `echeck_routing_number` varchar(32) DEFAULT NULL COMMENT 'Echeck Routing Number',
  `account_status` varchar(32) DEFAULT NULL COMMENT 'Account Status',
  `anet_trans_method` varchar(32) DEFAULT NULL COMMENT 'Anet Trans Method',
  `cc_debug_response_body` varchar(32) DEFAULT NULL COMMENT 'Cc Debug Response Body',
  `cc_ss_issue` varchar(32) DEFAULT NULL COMMENT 'Cc Ss Issue',
  `echeck_account_name` varchar(32) DEFAULT NULL COMMENT 'Echeck Account Name',
  `cc_avs_status` varchar(32) DEFAULT NULL COMMENT 'Cc Avs Status',
  `cc_number_enc` varchar(128) DEFAULT NULL,
  `cc_trans_id` varchar(32) DEFAULT NULL COMMENT 'Cc Trans ID',
  `address_status` varchar(32) DEFAULT NULL COMMENT 'Address Status',
  `additional_information` text COMMENT 'Additional Information',
  PRIMARY KEY (`entity_id`),
  KEY `SALES_ORDER_PAYMENT_PARENT_ID` (`parent_id`),
  CONSTRAINT `SALES_ORDER_PAYMENT_PARENT_ID_SALES_ORDER_ENTITY_ID` FOREIGN KEY (`parent_id`) REFERENCES `sales_order` (`entity_id`) ON DELETE CASCADE
) ENGINE=InnoDB DEFAULT CHARSET=utf8 COMMENT='Sales Flat Order Payment';

--
-- Dumping data for table `sales_order_payment`
--


--
-- Table structure for table `sales_order_status`
--

CREATE TABLE `sales_order_status` (
  `status` varchar(32) NOT NULL COMMENT 'Status',
  `label` varchar(128) NOT NULL COMMENT 'Label',
  PRIMARY KEY (`status`)
) ENGINE=InnoDB DEFAULT CHARSET=utf8 COMMENT='Sales Order Status Table';

--
-- Dumping data for table `sales_order_status`
--

INSERT INTO `sales_order_status` VALUES ('canceled','Canceled'),('closed','Closed'),('complete','Complete'),('fraud','Suspected Fraud'),('holded','On Hold'),('payment_review','Payment Review'),('paypal_canceled_reversal','PayPal Canceled Reversal'),('paypal_reversed','PayPal Reversed'),('pending','Pending'),('pending_payment','Pending Payment'),('pending_paypal','Pending PayPal'),('processing','Processing');

--
-- Table structure for table `sales_order_status_history`
--

CREATE TABLE `sales_order_status_history` (
  `entity_id` int(10) unsigned NOT NULL AUTO_INCREMENT COMMENT 'Entity ID',
  `parent_id` int(10) unsigned NOT NULL COMMENT 'Parent ID',
  `is_customer_notified` int(11) DEFAULT NULL COMMENT 'Is Customer Notified',
  `is_visible_on_front` smallint(5) unsigned NOT NULL DEFAULT '0' COMMENT 'Is Visible On Front',
  `comment` text COMMENT 'Comment',
  `status` varchar(32) DEFAULT NULL COMMENT 'Status',
  `created_at` timestamp NOT NULL DEFAULT CURRENT_TIMESTAMP COMMENT 'Created At',
  `entity_name` varchar(32) DEFAULT NULL COMMENT 'Shows what entity history is bind to.',
  PRIMARY KEY (`entity_id`),
  KEY `SALES_ORDER_STATUS_HISTORY_PARENT_ID` (`parent_id`),
  KEY `SALES_ORDER_STATUS_HISTORY_CREATED_AT` (`created_at`),
  CONSTRAINT `SALES_ORDER_STATUS_HISTORY_PARENT_ID_SALES_ORDER_ENTITY_ID` FOREIGN KEY (`parent_id`) REFERENCES `sales_order` (`entity_id`) ON DELETE CASCADE
) ENGINE=InnoDB DEFAULT CHARSET=utf8 COMMENT='Sales Flat Order Status History';

--
-- Dumping data for table `sales_order_status_history`
--


--
-- Table structure for table `sales_order_status_label`
--

CREATE TABLE `sales_order_status_label` (
  `status` varchar(32) NOT NULL COMMENT 'Status',
  `store_id` smallint(5) unsigned NOT NULL COMMENT 'Store ID',
  `label` varchar(128) NOT NULL COMMENT 'Label',
  PRIMARY KEY (`status`,`store_id`),
  KEY `SALES_ORDER_STATUS_LABEL_STORE_ID` (`store_id`),
  CONSTRAINT `SALES_ORDER_STATUS_LABEL_STATUS_SALES_ORDER_STATUS_STATUS` FOREIGN KEY (`status`) REFERENCES `sales_order_status` (`status`) ON DELETE CASCADE,
  CONSTRAINT `SALES_ORDER_STATUS_LABEL_STORE_ID_STORE_STORE_ID` FOREIGN KEY (`store_id`) REFERENCES `store` (`store_id`) ON DELETE CASCADE
) ENGINE=InnoDB DEFAULT CHARSET=utf8 COMMENT='Sales Order Status Label Table';

--
-- Dumping data for table `sales_order_status_label`
--


--
-- Table structure for table `sales_order_status_state`
--

CREATE TABLE `sales_order_status_state` (
  `status` varchar(32) NOT NULL COMMENT 'Status',
  `state` varchar(32) NOT NULL COMMENT 'Label',
  `is_default` smallint(5) unsigned NOT NULL DEFAULT '0' COMMENT 'Is Default',
  `visible_on_front` smallint(5) unsigned NOT NULL DEFAULT '0' COMMENT 'Visible on front',
  PRIMARY KEY (`status`,`state`),
  CONSTRAINT `SALES_ORDER_STATUS_STATE_STATUS_SALES_ORDER_STATUS_STATUS` FOREIGN KEY (`status`) REFERENCES `sales_order_status` (`status`) ON DELETE CASCADE
) ENGINE=InnoDB DEFAULT CHARSET=utf8 COMMENT='Sales Order Status Table';

--
-- Dumping data for table `sales_order_status_state`
--

INSERT INTO `sales_order_status_state` VALUES ('canceled','canceled',1,1),('closed','closed',1,1),('complete','complete',1,1),('fraud','payment_review',0,1),('fraud','processing',0,1),('holded','holded',1,1),('payment_review','payment_review',1,1),('pending','new',1,1),('pending_payment','pending_payment',1,0),('processing','processing',1,1);

--
-- Table structure for table `sales_order_tax`
--

CREATE TABLE `sales_order_tax` (
  `tax_id` int(10) unsigned NOT NULL AUTO_INCREMENT COMMENT 'Tax ID',
  `order_id` int(10) unsigned NOT NULL COMMENT 'Order ID',
  `code` varchar(255) DEFAULT NULL COMMENT 'Code',
  `title` varchar(255) DEFAULT NULL COMMENT 'Title',
  `percent` decimal(12,4) DEFAULT NULL COMMENT 'Percent',
  `amount` decimal(20,4) DEFAULT NULL COMMENT 'Amount',
  `priority` int(11) NOT NULL COMMENT 'Priority',
  `position` int(11) NOT NULL COMMENT 'Position',
  `base_amount` decimal(20,4) DEFAULT NULL COMMENT 'Base Amount',
  `process` smallint(6) NOT NULL COMMENT 'Process',
  `base_real_amount` decimal(20,4) DEFAULT NULL COMMENT 'Base Real Amount',
  PRIMARY KEY (`tax_id`),
  KEY `SALES_ORDER_TAX_ORDER_ID_PRIORITY_POSITION` (`order_id`,`priority`,`position`)
) ENGINE=InnoDB DEFAULT CHARSET=utf8 COMMENT='Sales Order Tax Table';

--
-- Dumping data for table `sales_order_tax`
--


--
-- Table structure for table `sales_order_tax_item`
--

CREATE TABLE `sales_order_tax_item` (
  `tax_item_id` int(10) unsigned NOT NULL AUTO_INCREMENT COMMENT 'Tax Item ID',
  `tax_id` int(10) unsigned NOT NULL COMMENT 'Tax ID',
  `item_id` int(10) unsigned DEFAULT NULL COMMENT 'Item ID',
  `tax_percent` decimal(12,4) NOT NULL COMMENT 'Real Tax Percent For Item',
  `amount` decimal(20,4) NOT NULL COMMENT 'Tax amount for the item and tax rate',
  `base_amount` decimal(20,4) NOT NULL COMMENT 'Base tax amount for the item and tax rate',
  `real_amount` decimal(20,4) NOT NULL COMMENT 'Real tax amount for the item and tax rate',
  `real_base_amount` decimal(20,4) NOT NULL COMMENT 'Real base tax amount for the item and tax rate',
  `associated_item_id` int(10) unsigned DEFAULT NULL COMMENT 'Id of the associated item',
  `taxable_item_type` varchar(32) NOT NULL COMMENT 'Type of the taxable item',
  PRIMARY KEY (`tax_item_id`),
  UNIQUE KEY `SALES_ORDER_TAX_ITEM_TAX_ID_ITEM_ID` (`tax_id`,`item_id`),
  KEY `SALES_ORDER_TAX_ITEM_ASSOCIATED_ITEM_ID_SALES_ORDER_ITEM_ITEM_ID` (`associated_item_id`),
  KEY `SALES_ORDER_TAX_ITEM_ITEM_ID` (`item_id`),
  CONSTRAINT `SALES_ORDER_TAX_ITEM_ASSOCIATED_ITEM_ID_SALES_ORDER_ITEM_ITEM_ID` FOREIGN KEY (`associated_item_id`) REFERENCES `sales_order_item` (`item_id`) ON DELETE CASCADE,
  CONSTRAINT `SALES_ORDER_TAX_ITEM_ITEM_ID_SALES_ORDER_ITEM_ITEM_ID` FOREIGN KEY (`item_id`) REFERENCES `sales_order_item` (`item_id`) ON DELETE CASCADE,
  CONSTRAINT `SALES_ORDER_TAX_ITEM_TAX_ID_SALES_ORDER_TAX_TAX_ID` FOREIGN KEY (`tax_id`) REFERENCES `sales_order_tax` (`tax_id`) ON DELETE CASCADE
) ENGINE=InnoDB DEFAULT CHARSET=utf8 COMMENT='Sales Order Tax Item';

--
-- Dumping data for table `sales_order_tax_item`
--


--
-- Table structure for table `sales_payment_transaction`
--

CREATE TABLE `sales_payment_transaction` (
  `transaction_id` int(10) unsigned NOT NULL AUTO_INCREMENT COMMENT 'Transaction ID',
  `parent_id` int(10) unsigned DEFAULT NULL COMMENT 'Parent ID',
  `order_id` int(10) unsigned NOT NULL DEFAULT '0' COMMENT 'Order ID',
  `payment_id` int(10) unsigned NOT NULL DEFAULT '0' COMMENT 'Payment ID',
  `txn_id` varchar(100) DEFAULT NULL COMMENT 'Txn ID',
  `parent_txn_id` varchar(100) DEFAULT NULL COMMENT 'Parent Txn ID',
  `txn_type` varchar(15) DEFAULT NULL COMMENT 'Txn Type',
  `is_closed` smallint(5) unsigned NOT NULL DEFAULT '1' COMMENT 'Is Closed',
  `additional_information` blob COMMENT 'Additional Information',
  `created_at` timestamp NOT NULL DEFAULT CURRENT_TIMESTAMP COMMENT 'Created At',
  PRIMARY KEY (`transaction_id`),
  UNIQUE KEY `SALES_PAYMENT_TRANSACTION_ORDER_ID_PAYMENT_ID_TXN_ID` (`order_id`,`payment_id`,`txn_id`),
  KEY `SALES_PAYMENT_TRANSACTION_PARENT_ID` (`parent_id`),
  KEY `SALES_PAYMENT_TRANSACTION_PAYMENT_ID` (`payment_id`),
  CONSTRAINT `FK_B99FF1A06402D725EBDB0F3A7ECD47A2` FOREIGN KEY (`parent_id`) REFERENCES `sales_payment_transaction` (`transaction_id`) ON DELETE CASCADE,
  CONSTRAINT `SALES_PAYMENT_TRANSACTION_ORDER_ID_SALES_ORDER_ENTITY_ID` FOREIGN KEY (`order_id`) REFERENCES `sales_order` (`entity_id`) ON DELETE CASCADE,
  CONSTRAINT `SALES_PAYMENT_TRANSACTION_PAYMENT_ID_SALES_ORDER_PAYMENT_ENTT_ID` FOREIGN KEY (`payment_id`) REFERENCES `sales_order_payment` (`entity_id`) ON DELETE CASCADE
) ENGINE=InnoDB DEFAULT CHARSET=utf8 COMMENT='Sales Payment Transaction';

--
-- Dumping data for table `sales_payment_transaction`
--


--
-- Table structure for table `sales_refunded_aggregated`
--

CREATE TABLE `sales_refunded_aggregated` (
  `id` int(10) unsigned NOT NULL AUTO_INCREMENT COMMENT 'ID',
  `period` date DEFAULT NULL COMMENT 'Period',
  `store_id` smallint(5) unsigned DEFAULT NULL COMMENT 'Store ID',
  `order_status` varchar(50) NOT NULL COMMENT 'Order Status',
  `orders_count` int(11) NOT NULL DEFAULT '0' COMMENT 'Orders Count',
  `refunded` decimal(20,4) DEFAULT NULL COMMENT 'Refunded',
  `online_refunded` decimal(20,4) DEFAULT NULL COMMENT 'Online Refunded',
  `offline_refunded` decimal(20,4) DEFAULT NULL COMMENT 'Offline Refunded',
  PRIMARY KEY (`id`),
  UNIQUE KEY `SALES_REFUNDED_AGGREGATED_PERIOD_STORE_ID_ORDER_STATUS` (`period`,`store_id`,`order_status`),
  KEY `SALES_REFUNDED_AGGREGATED_STORE_ID` (`store_id`),
  CONSTRAINT `SALES_REFUNDED_AGGREGATED_STORE_ID_STORE_STORE_ID` FOREIGN KEY (`store_id`) REFERENCES `store` (`store_id`) ON DELETE SET NULL
) ENGINE=InnoDB DEFAULT CHARSET=utf8 COMMENT='Sales Refunded Aggregated';

--
-- Dumping data for table `sales_refunded_aggregated`
--


--
-- Table structure for table `sales_refunded_aggregated_order`
--

CREATE TABLE `sales_refunded_aggregated_order` (
  `id` int(10) unsigned NOT NULL AUTO_INCREMENT COMMENT 'ID',
  `period` date DEFAULT NULL COMMENT 'Period',
  `store_id` smallint(5) unsigned DEFAULT NULL COMMENT 'Store ID',
  `order_status` varchar(50) DEFAULT NULL COMMENT 'Order Status',
  `orders_count` int(11) NOT NULL DEFAULT '0' COMMENT 'Orders Count',
  `refunded` decimal(20,4) DEFAULT NULL COMMENT 'Refunded',
  `online_refunded` decimal(20,4) DEFAULT NULL COMMENT 'Online Refunded',
  `offline_refunded` decimal(20,4) DEFAULT NULL COMMENT 'Offline Refunded',
  PRIMARY KEY (`id`),
  UNIQUE KEY `SALES_REFUNDED_AGGREGATED_ORDER_PERIOD_STORE_ID_ORDER_STATUS` (`period`,`store_id`,`order_status`),
  KEY `SALES_REFUNDED_AGGREGATED_ORDER_STORE_ID` (`store_id`),
  CONSTRAINT `SALES_REFUNDED_AGGREGATED_ORDER_STORE_ID_STORE_STORE_ID` FOREIGN KEY (`store_id`) REFERENCES `store` (`store_id`) ON DELETE SET NULL
) ENGINE=InnoDB DEFAULT CHARSET=utf8 COMMENT='Sales Refunded Aggregated Order';

--
-- Dumping data for table `sales_refunded_aggregated_order`
--


--
-- Table structure for table `sales_sequence_meta`
--

CREATE TABLE `sales_sequence_meta` (
  `meta_id` int(10) unsigned NOT NULL AUTO_INCREMENT COMMENT 'ID',
  `entity_type` varchar(32) NOT NULL COMMENT 'Prefix',
  `store_id` smallint(5) unsigned NOT NULL COMMENT 'Store ID',
  `sequence_table` varchar(64) NOT NULL COMMENT 'table for sequence',
  PRIMARY KEY (`meta_id`),
  UNIQUE KEY `SALES_SEQUENCE_META_ENTITY_TYPE_STORE_ID` (`entity_type`,`store_id`)
) ENGINE=InnoDB AUTO_INCREMENT=17 DEFAULT CHARSET=utf8 COMMENT='sales_sequence_meta';

--
-- Dumping data for table `sales_sequence_meta`
--

INSERT INTO `sales_sequence_meta` VALUES (1,'order',0,'sequence_order_0'),(2,'invoice',0,'sequence_invoice_0'),(3,'creditmemo',0,'sequence_creditmemo_0'),(4,'shipment',0,'sequence_shipment_0'),(5,'order',1,'sequence_order_1'),(6,'invoice',1,'sequence_invoice_1'),(7,'creditmemo',1,'sequence_creditmemo_1'),(8,'shipment',1,'sequence_shipment_1'),(9,'order',2,'sequence_order_2'),(10,'invoice',2,'sequence_invoice_2'),(11,'creditmemo',2,'sequence_creditmemo_2'),(12,'shipment',2,'sequence_shipment_2'),(13,'order',3,'sequence_order_3'),(14,'invoice',3,'sequence_invoice_3'),(15,'creditmemo',3,'sequence_creditmemo_3'),(16,'shipment',3,'sequence_shipment_3');

--
-- Table structure for table `sales_sequence_profile`
--

CREATE TABLE `sales_sequence_profile` (
  `profile_id` int(10) unsigned NOT NULL AUTO_INCREMENT COMMENT 'ID',
  `meta_id` int(10) unsigned NOT NULL COMMENT 'Meta_id',
  `prefix` varchar(32) DEFAULT NULL COMMENT 'Prefix',
  `suffix` varchar(32) DEFAULT NULL COMMENT 'Suffix',
  `start_value` int(10) unsigned NOT NULL DEFAULT '1' COMMENT 'Start value for sequence',
  `step` int(10) unsigned NOT NULL DEFAULT '1' COMMENT 'Step for sequence',
  `max_value` int(10) unsigned NOT NULL COMMENT 'MaxValue for sequence',
  `warning_value` int(10) unsigned NOT NULL COMMENT 'WarningValue for sequence',
  `is_active` tinyint(1) NOT NULL DEFAULT '0' COMMENT 'isActive flag',
  PRIMARY KEY (`profile_id`),
  UNIQUE KEY `SALES_SEQUENCE_PROFILE_META_ID_PREFIX_SUFFIX` (`meta_id`,`prefix`,`suffix`),
  CONSTRAINT `SALES_SEQUENCE_PROFILE_META_ID_SALES_SEQUENCE_META_META_ID` FOREIGN KEY (`meta_id`) REFERENCES `sales_sequence_meta` (`meta_id`) ON DELETE CASCADE
) ENGINE=InnoDB AUTO_INCREMENT=17 DEFAULT CHARSET=utf8 COMMENT='sales_sequence_profile';

--
-- Dumping data for table `sales_sequence_profile`
--

INSERT INTO `sales_sequence_profile` VALUES (1,1,NULL,NULL,1,1,4294967295,4294966295,1),(2,2,NULL,NULL,1,1,4294967295,4294966295,1),(3,3,NULL,NULL,1,1,4294967295,4294966295,1),(4,4,NULL,NULL,1,1,4294967295,4294966295,1),(5,5,NULL,NULL,1,1,4294967295,4294966295,1),(6,6,NULL,NULL,1,1,4294967295,4294966295,1),(7,7,NULL,NULL,1,1,4294967295,4294966295,1),(8,8,NULL,NULL,1,1,4294967295,4294966295,1),(9,9,'2',NULL,1,1,4294967295,4294966295,1),(10,10,'2',NULL,1,1,4294967295,4294966295,1),(11,11,'2',NULL,1,1,4294967295,4294966295,1),(12,12,'2',NULL,1,1,4294967295,4294966295,1),(13,13,'3',NULL,1,1,4294967295,4294966295,1),(14,14,'3',NULL,1,1,4294967295,4294966295,1),(15,15,'3',NULL,1,1,4294967295,4294966295,1),(16,16,'3',NULL,1,1,4294967295,4294966295,1);

--
-- Table structure for table `sales_shipment`
--

CREATE TABLE `sales_shipment` (
  `entity_id` int(10) unsigned NOT NULL AUTO_INCREMENT COMMENT 'Entity ID',
  `store_id` smallint(5) unsigned DEFAULT NULL COMMENT 'Store ID',
  `total_weight` decimal(12,4) DEFAULT NULL COMMENT 'Total Weight',
  `total_qty` decimal(12,4) DEFAULT NULL COMMENT 'Total Qty',
  `email_sent` smallint(5) unsigned DEFAULT NULL COMMENT 'Email Sent',
  `send_email` smallint(5) unsigned DEFAULT NULL COMMENT 'Send Email',
  `order_id` int(10) unsigned NOT NULL COMMENT 'Order ID',
  `customer_id` int(11) DEFAULT NULL COMMENT 'Customer ID',
  `shipping_address_id` int(11) DEFAULT NULL COMMENT 'Shipping Address ID',
  `billing_address_id` int(11) DEFAULT NULL COMMENT 'Billing Address ID',
  `shipment_status` int(11) DEFAULT NULL COMMENT 'Shipment Status',
  `increment_id` varchar(50) DEFAULT NULL COMMENT 'Increment ID',
  `created_at` timestamp NOT NULL DEFAULT CURRENT_TIMESTAMP COMMENT 'Created At',
  `updated_at` timestamp NOT NULL DEFAULT CURRENT_TIMESTAMP ON UPDATE CURRENT_TIMESTAMP COMMENT 'Updated At',
  `packages` text COMMENT 'Packed Products in Packages',
  `shipping_label` mediumblob COMMENT 'Shipping Label Content',
  `customer_note` text COMMENT 'Customer Note',
  `customer_note_notify` smallint(5) unsigned DEFAULT NULL COMMENT 'Customer Note Notify',
  PRIMARY KEY (`entity_id`),
  UNIQUE KEY `SALES_SHIPMENT_INCREMENT_ID_STORE_ID` (`increment_id`,`store_id`),
  KEY `SALES_SHIPMENT_STORE_ID` (`store_id`),
  KEY `SALES_SHIPMENT_TOTAL_QTY` (`total_qty`),
  KEY `SALES_SHIPMENT_ORDER_ID` (`order_id`),
  KEY `SALES_SHIPMENT_CREATED_AT` (`created_at`),
  KEY `SALES_SHIPMENT_UPDATED_AT` (`updated_at`),
  KEY `SALES_SHIPMENT_SEND_EMAIL` (`send_email`),
  KEY `SALES_SHIPMENT_EMAIL_SENT` (`email_sent`),
  CONSTRAINT `SALES_SHIPMENT_ORDER_ID_SALES_ORDER_ENTITY_ID` FOREIGN KEY (`order_id`) REFERENCES `sales_order` (`entity_id`) ON DELETE CASCADE,
  CONSTRAINT `SALES_SHIPMENT_STORE_ID_STORE_STORE_ID` FOREIGN KEY (`store_id`) REFERENCES `store` (`store_id`) ON DELETE SET NULL
) ENGINE=InnoDB DEFAULT CHARSET=utf8 COMMENT='Sales Flat Shipment';

--
-- Dumping data for table `sales_shipment`
--


--
-- Table structure for table `sales_shipment_comment`
--

CREATE TABLE `sales_shipment_comment` (
  `entity_id` int(10) unsigned NOT NULL AUTO_INCREMENT COMMENT 'Entity ID',
  `parent_id` int(10) unsigned NOT NULL COMMENT 'Parent ID',
  `is_customer_notified` int(11) DEFAULT NULL COMMENT 'Is Customer Notified',
  `is_visible_on_front` smallint(5) unsigned NOT NULL DEFAULT '0' COMMENT 'Is Visible On Front',
  `comment` text COMMENT 'Comment',
  `created_at` timestamp NOT NULL DEFAULT CURRENT_TIMESTAMP COMMENT 'Created At',
  PRIMARY KEY (`entity_id`),
  KEY `SALES_SHIPMENT_COMMENT_CREATED_AT` (`created_at`),
  KEY `SALES_SHIPMENT_COMMENT_PARENT_ID` (`parent_id`),
  CONSTRAINT `SALES_SHIPMENT_COMMENT_PARENT_ID_SALES_SHIPMENT_ENTITY_ID` FOREIGN KEY (`parent_id`) REFERENCES `sales_shipment` (`entity_id`) ON DELETE CASCADE
) ENGINE=InnoDB DEFAULT CHARSET=utf8 COMMENT='Sales Flat Shipment Comment';

--
-- Dumping data for table `sales_shipment_comment`
--


--
-- Table structure for table `sales_shipment_grid`
--

CREATE TABLE `sales_shipment_grid` (
  `entity_id` int(10) unsigned NOT NULL COMMENT 'Entity ID',
  `increment_id` varchar(50) DEFAULT NULL COMMENT 'Increment ID',
  `store_id` smallint(5) unsigned DEFAULT NULL COMMENT 'Store ID',
  `order_increment_id` varchar(32) NOT NULL COMMENT 'Order Increment ID',
  `order_id` int(10) unsigned NOT NULL COMMENT 'Order ID',
  `order_created_at` timestamp NOT NULL DEFAULT CURRENT_TIMESTAMP COMMENT 'Order Increment ID',
  `customer_name` varchar(128) NOT NULL COMMENT 'Customer Name',
  `total_qty` decimal(12,4) DEFAULT NULL COMMENT 'Total Qty',
  `shipment_status` int(11) DEFAULT NULL COMMENT 'Shipment Status',
  `order_status` varchar(32) DEFAULT NULL COMMENT 'Order',
  `billing_address` varchar(255) DEFAULT NULL COMMENT 'Billing Address',
  `shipping_address` varchar(255) DEFAULT NULL COMMENT 'Shipping Address',
  `billing_name` varchar(128) DEFAULT NULL COMMENT 'Billing Name',
  `shipping_name` varchar(128) DEFAULT NULL COMMENT 'Shipping Name',
  `customer_email` varchar(128) DEFAULT NULL COMMENT 'Customer Email',
  `customer_group_id` int(11) DEFAULT NULL,
  `payment_method` varchar(32) DEFAULT NULL COMMENT 'Payment Method',
  `shipping_information` varchar(255) DEFAULT NULL COMMENT 'Shipping Method Name',
  `created_at` timestamp NULL DEFAULT NULL COMMENT 'Created At',
  `updated_at` timestamp NULL DEFAULT NULL COMMENT 'Updated At',
  PRIMARY KEY (`entity_id`),
  UNIQUE KEY `SALES_SHIPMENT_GRID_INCREMENT_ID_STORE_ID` (`increment_id`,`store_id`),
  KEY `SALES_SHIPMENT_GRID_STORE_ID` (`store_id`),
  KEY `SALES_SHIPMENT_GRID_TOTAL_QTY` (`total_qty`),
  KEY `SALES_SHIPMENT_GRID_ORDER_INCREMENT_ID` (`order_increment_id`),
  KEY `SALES_SHIPMENT_GRID_SHIPMENT_STATUS` (`shipment_status`),
  KEY `SALES_SHIPMENT_GRID_ORDER_STATUS` (`order_status`),
  KEY `SALES_SHIPMENT_GRID_CREATED_AT` (`created_at`),
  KEY `SALES_SHIPMENT_GRID_UPDATED_AT` (`updated_at`),
  KEY `SALES_SHIPMENT_GRID_ORDER_CREATED_AT` (`order_created_at`),
  KEY `SALES_SHIPMENT_GRID_SHIPPING_NAME` (`shipping_name`),
  KEY `SALES_SHIPMENT_GRID_BILLING_NAME` (`billing_name`),
  KEY `SALES_SHIPMENT_GRID_ORDER_ID` (`order_id`),
  FULLTEXT KEY `FTI_086B40C8955F167B8EA76653437879B4` (`increment_id`,`order_increment_id`,`shipping_name`,`customer_name`,`customer_email`,`billing_address`,`shipping_address`)
) ENGINE=InnoDB DEFAULT CHARSET=utf8 COMMENT='Sales Flat Shipment Grid';

--
-- Dumping data for table `sales_shipment_grid`
--


--
-- Table structure for table `sales_shipment_item`
--

CREATE TABLE `sales_shipment_item` (
  `entity_id` int(10) unsigned NOT NULL AUTO_INCREMENT COMMENT 'Entity ID',
  `parent_id` int(10) unsigned NOT NULL COMMENT 'Parent ID',
  `row_total` decimal(20,4) DEFAULT NULL COMMENT 'Row Total',
  `price` decimal(20,4) DEFAULT NULL COMMENT 'Price',
  `weight` decimal(12,4) DEFAULT NULL COMMENT 'Weight',
  `qty` decimal(12,4) DEFAULT NULL COMMENT 'Qty',
  `product_id` int(11) DEFAULT NULL COMMENT 'Product ID',
  `order_item_id` int(11) DEFAULT NULL COMMENT 'Order Item ID',
  `additional_data` text COMMENT 'Additional Data',
  `description` text COMMENT 'Description',
  `name` varchar(255) DEFAULT NULL COMMENT 'Name',
  `sku` varchar(255) DEFAULT NULL COMMENT 'Sku',
  PRIMARY KEY (`entity_id`),
  KEY `SALES_SHIPMENT_ITEM_PARENT_ID` (`parent_id`),
  CONSTRAINT `SALES_SHIPMENT_ITEM_PARENT_ID_SALES_SHIPMENT_ENTITY_ID` FOREIGN KEY (`parent_id`) REFERENCES `sales_shipment` (`entity_id`) ON DELETE CASCADE
) ENGINE=InnoDB DEFAULT CHARSET=utf8 COMMENT='Sales Flat Shipment Item';

--
-- Dumping data for table `sales_shipment_item`
--


--
-- Table structure for table `sales_shipment_track`
--

CREATE TABLE `sales_shipment_track` (
  `entity_id` int(10) unsigned NOT NULL AUTO_INCREMENT COMMENT 'Entity ID',
  `parent_id` int(10) unsigned NOT NULL COMMENT 'Parent ID',
  `weight` decimal(12,4) DEFAULT NULL COMMENT 'Weight',
  `qty` decimal(12,4) DEFAULT NULL COMMENT 'Qty',
  `order_id` int(10) unsigned NOT NULL COMMENT 'Order ID',
  `track_number` text COMMENT 'Number',
  `description` text COMMENT 'Description',
  `title` varchar(255) DEFAULT NULL COMMENT 'Title',
  `carrier_code` varchar(32) DEFAULT NULL COMMENT 'Carrier Code',
  `created_at` timestamp NOT NULL DEFAULT CURRENT_TIMESTAMP COMMENT 'Created At',
  `updated_at` timestamp NOT NULL DEFAULT CURRENT_TIMESTAMP ON UPDATE CURRENT_TIMESTAMP COMMENT 'Updated At',
  PRIMARY KEY (`entity_id`),
  KEY `SALES_SHIPMENT_TRACK_PARENT_ID` (`parent_id`),
  KEY `SALES_SHIPMENT_TRACK_ORDER_ID` (`order_id`),
  KEY `SALES_SHIPMENT_TRACK_CREATED_AT` (`created_at`),
  CONSTRAINT `SALES_SHIPMENT_TRACK_PARENT_ID_SALES_SHIPMENT_ENTITY_ID` FOREIGN KEY (`parent_id`) REFERENCES `sales_shipment` (`entity_id`) ON DELETE CASCADE
) ENGINE=InnoDB DEFAULT CHARSET=utf8 COMMENT='Sales Flat Shipment Track';

--
-- Dumping data for table `sales_shipment_track`
--


--
-- Table structure for table `sales_shipping_aggregated`
--

CREATE TABLE `sales_shipping_aggregated` (
  `id` int(10) unsigned NOT NULL AUTO_INCREMENT COMMENT 'ID',
  `period` date DEFAULT NULL COMMENT 'Period',
  `store_id` smallint(5) unsigned DEFAULT NULL COMMENT 'Store ID',
  `order_status` varchar(50) DEFAULT NULL COMMENT 'Order Status',
  `shipping_description` varchar(255) DEFAULT NULL COMMENT 'Shipping Description',
  `orders_count` int(11) NOT NULL DEFAULT '0' COMMENT 'Orders Count',
  `total_shipping` decimal(20,4) DEFAULT NULL COMMENT 'Total Shipping',
  `total_shipping_actual` decimal(20,4) DEFAULT NULL COMMENT 'Total Shipping Actual',
  PRIMARY KEY (`id`),
  UNIQUE KEY `SALES_SHPP_AGGRED_PERIOD_STORE_ID_ORDER_STS_SHPP_DESCRIPTION` (`period`,`store_id`,`order_status`,`shipping_description`),
  KEY `SALES_SHIPPING_AGGREGATED_STORE_ID` (`store_id`),
  CONSTRAINT `SALES_SHIPPING_AGGREGATED_STORE_ID_STORE_STORE_ID` FOREIGN KEY (`store_id`) REFERENCES `store` (`store_id`) ON DELETE SET NULL
) ENGINE=InnoDB DEFAULT CHARSET=utf8 COMMENT='Sales Shipping Aggregated';

--
-- Dumping data for table `sales_shipping_aggregated`
--


--
-- Table structure for table `sales_shipping_aggregated_order`
--

CREATE TABLE `sales_shipping_aggregated_order` (
  `id` int(10) unsigned NOT NULL AUTO_INCREMENT COMMENT 'ID',
  `period` date DEFAULT NULL COMMENT 'Period',
  `store_id` smallint(5) unsigned DEFAULT NULL COMMENT 'Store ID',
  `order_status` varchar(50) DEFAULT NULL COMMENT 'Order Status',
  `shipping_description` varchar(255) DEFAULT NULL COMMENT 'Shipping Description',
  `orders_count` int(11) NOT NULL DEFAULT '0' COMMENT 'Orders Count',
  `total_shipping` decimal(20,4) DEFAULT NULL COMMENT 'Total Shipping',
  `total_shipping_actual` decimal(20,4) DEFAULT NULL COMMENT 'Total Shipping Actual',
  PRIMARY KEY (`id`),
  UNIQUE KEY `UNQ_C05FAE47282EEA68654D0924E946761F` (`period`,`store_id`,`order_status`,`shipping_description`),
  KEY `SALES_SHIPPING_AGGREGATED_ORDER_STORE_ID` (`store_id`),
  CONSTRAINT `SALES_SHIPPING_AGGREGATED_ORDER_STORE_ID_STORE_STORE_ID` FOREIGN KEY (`store_id`) REFERENCES `store` (`store_id`) ON DELETE SET NULL
) ENGINE=InnoDB DEFAULT CHARSET=utf8 COMMENT='Sales Shipping Aggregated Order';

--
-- Dumping data for table `sales_shipping_aggregated_order`
--


--
-- Table structure for table `salesrule`
--

CREATE TABLE `salesrule` (
  `rule_id` int(10) unsigned NOT NULL AUTO_INCREMENT COMMENT 'Entity ID',
  `name` varchar(255) DEFAULT NULL COMMENT 'Name',
  `description` text COMMENT 'Description',
  `from_date` date DEFAULT NULL COMMENT 'From',
  `to_date` date DEFAULT NULL COMMENT 'To',
  `uses_per_customer` int(11) NOT NULL DEFAULT '0' COMMENT 'Uses Per Customer',
  `is_active` smallint(6) NOT NULL DEFAULT '0' COMMENT 'Is Active',
  `conditions_serialized` mediumtext COMMENT 'Conditions Serialized',
  `actions_serialized` mediumtext COMMENT 'Actions Serialized',
  `stop_rules_processing` smallint(6) NOT NULL DEFAULT '1' COMMENT 'Stop Rules Processing',
  `is_advanced` smallint(5) unsigned NOT NULL DEFAULT '1' COMMENT 'Is Advanced',
  `product_ids` text COMMENT 'Product Ids',
  `sort_order` int(10) unsigned NOT NULL DEFAULT '0' COMMENT 'Sort Order',
  `simple_action` varchar(32) DEFAULT NULL COMMENT 'Simple Action',
  `discount_amount` decimal(12,4) NOT NULL DEFAULT '0.0000' COMMENT 'Discount Amount',
  `discount_qty` decimal(12,4) DEFAULT NULL COMMENT 'Discount Qty',
  `discount_step` int(10) unsigned NOT NULL DEFAULT '0' COMMENT 'Discount Step',
  `apply_to_shipping` smallint(5) unsigned NOT NULL DEFAULT '0' COMMENT 'Apply To Shipping',
  `times_used` int(10) unsigned NOT NULL DEFAULT '0' COMMENT 'Times Used',
  `is_rss` smallint(6) NOT NULL DEFAULT '0' COMMENT 'Is Rss',
  `coupon_type` smallint(5) unsigned NOT NULL DEFAULT '1' COMMENT 'Coupon Type',
  `use_auto_generation` smallint(6) NOT NULL DEFAULT '0' COMMENT 'Use Auto Generation',
  `uses_per_coupon` int(11) NOT NULL DEFAULT '0' COMMENT 'User Per Coupon',
  `simple_free_shipping` smallint(5) unsigned NOT NULL DEFAULT '0' COMMENT 'Simple Free Shipping',
  PRIMARY KEY (`rule_id`),
  KEY `SALESRULE_IS_ACTIVE_SORT_ORDER_TO_DATE_FROM_DATE` (`is_active`,`sort_order`,`to_date`,`from_date`)
) ENGINE=InnoDB DEFAULT CHARSET=utf8 COMMENT='Salesrule';

--
-- Dumping data for table `salesrule`
--


--
-- Table structure for table `salesrule_coupon`
--

CREATE TABLE `salesrule_coupon` (
  `coupon_id` int(10) unsigned NOT NULL AUTO_INCREMENT COMMENT 'Coupon ID',
  `rule_id` int(10) unsigned NOT NULL COMMENT 'Rule ID',
  `code` varchar(255) DEFAULT NULL COMMENT 'Code',
  `usage_limit` int(10) unsigned DEFAULT NULL COMMENT 'Usage Limit',
  `usage_per_customer` int(10) unsigned DEFAULT NULL COMMENT 'Usage Per Customer',
  `times_used` int(10) unsigned NOT NULL DEFAULT '0' COMMENT 'Times Used',
  `expiration_date` datetime DEFAULT NULL COMMENT 'Expiration Date',
  `is_primary` smallint(5) unsigned DEFAULT NULL COMMENT 'Is Primary',
  `created_at` timestamp NULL DEFAULT NULL COMMENT 'Coupon Code Creation Date',
  `type` smallint(6) DEFAULT '0' COMMENT 'Coupon Code Type',
  `generated_by_dotmailer` smallint(6) DEFAULT NULL COMMENT '1 = Generated by dotmailer',
  PRIMARY KEY (`coupon_id`),
  UNIQUE KEY `SALESRULE_COUPON_CODE` (`code`),
  UNIQUE KEY `SALESRULE_COUPON_RULE_ID_IS_PRIMARY` (`rule_id`,`is_primary`),
  KEY `SALESRULE_COUPON_RULE_ID` (`rule_id`),
  CONSTRAINT `SALESRULE_COUPON_RULE_ID_SALESRULE_RULE_ID` FOREIGN KEY (`rule_id`) REFERENCES `salesrule` (`rule_id`) ON DELETE CASCADE
) ENGINE=InnoDB DEFAULT CHARSET=utf8 COMMENT='Salesrule Coupon';

--
-- Dumping data for table `salesrule_coupon`
--


--
-- Table structure for table `salesrule_coupon_aggregated`
--

CREATE TABLE `salesrule_coupon_aggregated` (
  `id` int(10) unsigned NOT NULL AUTO_INCREMENT COMMENT 'ID',
  `period` date NOT NULL COMMENT 'Period',
  `store_id` smallint(5) unsigned DEFAULT NULL COMMENT 'Store ID',
  `order_status` varchar(50) DEFAULT NULL COMMENT 'Order Status',
  `coupon_code` varchar(50) DEFAULT NULL COMMENT 'Coupon Code',
  `coupon_uses` int(11) NOT NULL DEFAULT '0' COMMENT 'Coupon Uses',
  `subtotal_amount` decimal(20,4) NOT NULL DEFAULT '0.0000' COMMENT 'Subtotal Amount',
  `discount_amount` decimal(12,4) NOT NULL DEFAULT '0.0000' COMMENT 'Discount Amount',
  `total_amount` decimal(20,4) NOT NULL DEFAULT '0.0000' COMMENT 'Total Amount',
  `subtotal_amount_actual` decimal(20,4) NOT NULL DEFAULT '0.0000' COMMENT 'Subtotal Amount Actual',
  `discount_amount_actual` decimal(12,4) NOT NULL DEFAULT '0.0000' COMMENT 'Discount Amount Actual',
  `total_amount_actual` decimal(20,4) NOT NULL DEFAULT '0.0000' COMMENT 'Total Amount Actual',
  `rule_name` varchar(255) DEFAULT NULL COMMENT 'Rule Name',
  PRIMARY KEY (`id`),
  UNIQUE KEY `SALESRULE_COUPON_AGGRED_PERIOD_STORE_ID_ORDER_STS_COUPON_CODE` (`period`,`store_id`,`order_status`,`coupon_code`),
  KEY `SALESRULE_COUPON_AGGREGATED_STORE_ID` (`store_id`),
  KEY `SALESRULE_COUPON_AGGREGATED_RULE_NAME` (`rule_name`),
  CONSTRAINT `SALESRULE_COUPON_AGGREGATED_STORE_ID_STORE_STORE_ID` FOREIGN KEY (`store_id`) REFERENCES `store` (`store_id`) ON DELETE CASCADE
) ENGINE=InnoDB DEFAULT CHARSET=utf8 COMMENT='Coupon Aggregated';

--
-- Dumping data for table `salesrule_coupon_aggregated`
--


--
-- Table structure for table `salesrule_coupon_aggregated_order`
--

CREATE TABLE `salesrule_coupon_aggregated_order` (
  `id` int(10) unsigned NOT NULL AUTO_INCREMENT COMMENT 'ID',
  `period` date NOT NULL COMMENT 'Period',
  `store_id` smallint(5) unsigned DEFAULT NULL COMMENT 'Store ID',
  `order_status` varchar(50) DEFAULT NULL COMMENT 'Order Status',
  `coupon_code` varchar(50) DEFAULT NULL COMMENT 'Coupon Code',
  `coupon_uses` int(11) NOT NULL DEFAULT '0' COMMENT 'Coupon Uses',
  `subtotal_amount` decimal(20,4) NOT NULL DEFAULT '0.0000' COMMENT 'Subtotal Amount',
  `discount_amount` decimal(12,4) NOT NULL DEFAULT '0.0000' COMMENT 'Discount Amount',
  `total_amount` decimal(20,4) NOT NULL DEFAULT '0.0000' COMMENT 'Total Amount',
  `rule_name` varchar(255) DEFAULT NULL COMMENT 'Rule Name',
  PRIMARY KEY (`id`),
  UNIQUE KEY `UNQ_1094D1FBBCBB11704A29DEF3ACC37D2B` (`period`,`store_id`,`order_status`,`coupon_code`),
  KEY `SALESRULE_COUPON_AGGREGATED_ORDER_STORE_ID` (`store_id`),
  KEY `SALESRULE_COUPON_AGGREGATED_ORDER_RULE_NAME` (`rule_name`),
  CONSTRAINT `SALESRULE_COUPON_AGGREGATED_ORDER_STORE_ID_STORE_STORE_ID` FOREIGN KEY (`store_id`) REFERENCES `store` (`store_id`) ON DELETE CASCADE
) ENGINE=InnoDB DEFAULT CHARSET=utf8 COMMENT='Coupon Aggregated Order';

--
-- Dumping data for table `salesrule_coupon_aggregated_order`
--


--
-- Table structure for table `salesrule_coupon_aggregated_updated`
--

CREATE TABLE `salesrule_coupon_aggregated_updated` (
  `id` int(10) unsigned NOT NULL AUTO_INCREMENT COMMENT 'ID',
  `period` date NOT NULL COMMENT 'Period',
  `store_id` smallint(5) unsigned DEFAULT NULL COMMENT 'Store ID',
  `order_status` varchar(50) DEFAULT NULL COMMENT 'Order Status',
  `coupon_code` varchar(50) DEFAULT NULL COMMENT 'Coupon Code',
  `coupon_uses` int(11) NOT NULL DEFAULT '0' COMMENT 'Coupon Uses',
  `subtotal_amount` decimal(20,4) NOT NULL DEFAULT '0.0000' COMMENT 'Subtotal Amount',
  `discount_amount` decimal(12,4) NOT NULL DEFAULT '0.0000' COMMENT 'Discount Amount',
  `total_amount` decimal(20,4) NOT NULL DEFAULT '0.0000' COMMENT 'Total Amount',
  `subtotal_amount_actual` decimal(20,4) NOT NULL DEFAULT '0.0000' COMMENT 'Subtotal Amount Actual',
  `discount_amount_actual` decimal(12,4) NOT NULL DEFAULT '0.0000' COMMENT 'Discount Amount Actual',
  `total_amount_actual` decimal(20,4) NOT NULL DEFAULT '0.0000' COMMENT 'Total Amount Actual',
  `rule_name` varchar(255) DEFAULT NULL COMMENT 'Rule Name',
  PRIMARY KEY (`id`),
  UNIQUE KEY `UNQ_7196FA120A4F0F84E1B66605E87E213E` (`period`,`store_id`,`order_status`,`coupon_code`),
  KEY `SALESRULE_COUPON_AGGREGATED_UPDATED_STORE_ID` (`store_id`),
  KEY `SALESRULE_COUPON_AGGREGATED_UPDATED_RULE_NAME` (`rule_name`),
  CONSTRAINT `SALESRULE_COUPON_AGGREGATED_UPDATED_STORE_ID_STORE_STORE_ID` FOREIGN KEY (`store_id`) REFERENCES `store` (`store_id`) ON DELETE CASCADE
) ENGINE=InnoDB DEFAULT CHARSET=utf8 COMMENT='Salesrule Coupon Aggregated Updated';

--
-- Dumping data for table `salesrule_coupon_aggregated_updated`
--


--
-- Table structure for table `salesrule_coupon_usage`
--

CREATE TABLE `salesrule_coupon_usage` (
  `coupon_id` int(10) unsigned NOT NULL COMMENT 'Coupon ID',
  `customer_id` int(10) unsigned NOT NULL COMMENT 'Customer ID',
  `times_used` int(10) unsigned NOT NULL DEFAULT '0' COMMENT 'Times Used',
  PRIMARY KEY (`coupon_id`,`customer_id`),
  KEY `SALESRULE_COUPON_USAGE_CUSTOMER_ID` (`customer_id`),
  CONSTRAINT `SALESRULE_COUPON_USAGE_COUPON_ID_SALESRULE_COUPON_COUPON_ID` FOREIGN KEY (`coupon_id`) REFERENCES `salesrule_coupon` (`coupon_id`) ON DELETE CASCADE,
  CONSTRAINT `SALESRULE_COUPON_USAGE_CUSTOMER_ID_CUSTOMER_ENTITY_ENTITY_ID` FOREIGN KEY (`customer_id`) REFERENCES `customer_entity` (`entity_id`) ON DELETE CASCADE
) ENGINE=InnoDB DEFAULT CHARSET=utf8 COMMENT='Salesrule Coupon Usage';

--
-- Dumping data for table `salesrule_coupon_usage`
--


--
-- Table structure for table `salesrule_customer`
--

CREATE TABLE `salesrule_customer` (
  `rule_customer_id` int(10) unsigned NOT NULL AUTO_INCREMENT COMMENT 'Rule Customer ID',
  `rule_id` int(10) unsigned NOT NULL DEFAULT '0' COMMENT 'Rule ID',
  `customer_id` int(10) unsigned NOT NULL DEFAULT '0' COMMENT 'Customer ID',
  `times_used` smallint(5) unsigned NOT NULL DEFAULT '0' COMMENT 'Times Used',
  PRIMARY KEY (`rule_customer_id`),
  KEY `SALESRULE_CUSTOMER_RULE_ID_CUSTOMER_ID` (`rule_id`,`customer_id`),
  KEY `SALESRULE_CUSTOMER_CUSTOMER_ID_RULE_ID` (`customer_id`,`rule_id`),
  CONSTRAINT `SALESRULE_CUSTOMER_CUSTOMER_ID_CUSTOMER_ENTITY_ENTITY_ID` FOREIGN KEY (`customer_id`) REFERENCES `customer_entity` (`entity_id`) ON DELETE CASCADE,
  CONSTRAINT `SALESRULE_CUSTOMER_RULE_ID_SALESRULE_RULE_ID` FOREIGN KEY (`rule_id`) REFERENCES `salesrule` (`rule_id`) ON DELETE CASCADE
) ENGINE=InnoDB DEFAULT CHARSET=utf8 COMMENT='Salesrule Customer';

--
-- Dumping data for table `salesrule_customer`
--


--
-- Table structure for table `salesrule_customer_group`
--

CREATE TABLE `salesrule_customer_group` (
  `rule_id` int(10) unsigned NOT NULL COMMENT 'Rule ID',
  `customer_group_id` int(10) unsigned NOT NULL COMMENT 'Customer Group ID',
  PRIMARY KEY (`rule_id`,`customer_group_id`),
  KEY `SALESRULE_CUSTOMER_GROUP_CUSTOMER_GROUP_ID` (`customer_group_id`),
  CONSTRAINT `SALESRULE_CSTR_GROUP_CSTR_GROUP_ID_CSTR_GROUP_CSTR_GROUP_ID` FOREIGN KEY (`customer_group_id`) REFERENCES `customer_group` (`customer_group_id`) ON DELETE CASCADE,
  CONSTRAINT `SALESRULE_CUSTOMER_GROUP_RULE_ID_SALESRULE_RULE_ID` FOREIGN KEY (`rule_id`) REFERENCES `salesrule` (`rule_id`) ON DELETE CASCADE
) ENGINE=InnoDB DEFAULT CHARSET=utf8 COMMENT='Sales Rules To Customer Groups Relations';

--
-- Dumping data for table `salesrule_customer_group`
--


--
-- Table structure for table `salesrule_label`
--

CREATE TABLE `salesrule_label` (
  `label_id` int(10) unsigned NOT NULL AUTO_INCREMENT COMMENT 'Label ID',
  `rule_id` int(10) unsigned NOT NULL COMMENT 'Rule ID',
  `store_id` smallint(5) unsigned NOT NULL COMMENT 'Store ID',
  `label` varchar(255) DEFAULT NULL COMMENT 'Label',
  PRIMARY KEY (`label_id`),
  UNIQUE KEY `SALESRULE_LABEL_RULE_ID_STORE_ID` (`rule_id`,`store_id`),
  KEY `SALESRULE_LABEL_STORE_ID` (`store_id`),
  CONSTRAINT `SALESRULE_LABEL_RULE_ID_SALESRULE_RULE_ID` FOREIGN KEY (`rule_id`) REFERENCES `salesrule` (`rule_id`) ON DELETE CASCADE,
  CONSTRAINT `SALESRULE_LABEL_STORE_ID_STORE_STORE_ID` FOREIGN KEY (`store_id`) REFERENCES `store` (`store_id`) ON DELETE CASCADE
) ENGINE=InnoDB DEFAULT CHARSET=utf8 COMMENT='Salesrule Label';

--
-- Dumping data for table `salesrule_label`
--


--
-- Table structure for table `salesrule_product_attribute`
--

CREATE TABLE `salesrule_product_attribute` (
  `rule_id` int(10) unsigned NOT NULL COMMENT 'Rule ID',
  `website_id` smallint(5) unsigned NOT NULL COMMENT 'Website ID',
  `customer_group_id` int(10) unsigned NOT NULL COMMENT 'Customer Group ID',
  `attribute_id` smallint(5) unsigned NOT NULL COMMENT 'Attribute ID',
  PRIMARY KEY (`rule_id`,`website_id`,`customer_group_id`,`attribute_id`),
  KEY `SALESRULE_PRODUCT_ATTRIBUTE_WEBSITE_ID` (`website_id`),
  KEY `SALESRULE_PRODUCT_ATTRIBUTE_CUSTOMER_GROUP_ID` (`customer_group_id`),
  KEY `SALESRULE_PRODUCT_ATTRIBUTE_ATTRIBUTE_ID` (`attribute_id`),
  CONSTRAINT `SALESRULE_PRD_ATTR_ATTR_ID_EAV_ATTR_ATTR_ID` FOREIGN KEY (`attribute_id`) REFERENCES `eav_attribute` (`attribute_id`) ON DELETE CASCADE,
  CONSTRAINT `SALESRULE_PRD_ATTR_CSTR_GROUP_ID_CSTR_GROUP_CSTR_GROUP_ID` FOREIGN KEY (`customer_group_id`) REFERENCES `customer_group` (`customer_group_id`) ON DELETE CASCADE,
  CONSTRAINT `SALESRULE_PRODUCT_ATTRIBUTE_RULE_ID_SALESRULE_RULE_ID` FOREIGN KEY (`rule_id`) REFERENCES `salesrule` (`rule_id`) ON DELETE CASCADE,
  CONSTRAINT `SALESRULE_PRODUCT_ATTRIBUTE_WEBSITE_ID_STORE_WEBSITE_WEBSITE_ID` FOREIGN KEY (`website_id`) REFERENCES `store_website` (`website_id`) ON DELETE CASCADE
) ENGINE=InnoDB DEFAULT CHARSET=utf8 COMMENT='Salesrule Product Attribute';

--
-- Dumping data for table `salesrule_product_attribute`
--


--
-- Table structure for table `salesrule_website`
--

CREATE TABLE `salesrule_website` (
  `rule_id` int(10) unsigned NOT NULL COMMENT 'Rule ID',
  `website_id` smallint(5) unsigned NOT NULL COMMENT 'Website ID',
  PRIMARY KEY (`rule_id`,`website_id`),
  KEY `SALESRULE_WEBSITE_WEBSITE_ID` (`website_id`),
  CONSTRAINT `SALESRULE_WEBSITE_RULE_ID_SALESRULE_RULE_ID` FOREIGN KEY (`rule_id`) REFERENCES `salesrule` (`rule_id`) ON DELETE CASCADE,
  CONSTRAINT `SALESRULE_WEBSITE_WEBSITE_ID_STORE_WEBSITE_WEBSITE_ID` FOREIGN KEY (`website_id`) REFERENCES `store_website` (`website_id`) ON DELETE CASCADE
) ENGINE=InnoDB DEFAULT CHARSET=utf8 COMMENT='Sales Rules To Websites Relations';

--
-- Dumping data for table `salesrule_website`
--


--
-- Table structure for table `search_query`
--

CREATE TABLE `search_query` (
  `query_id` int(10) unsigned NOT NULL AUTO_INCREMENT COMMENT 'Query ID',
  `query_text` varchar(255) DEFAULT NULL COMMENT 'Query text',
  `num_results` int(10) unsigned NOT NULL DEFAULT '0' COMMENT 'Num results',
  `popularity` int(10) unsigned NOT NULL DEFAULT '0' COMMENT 'Popularity',
  `redirect` varchar(255) DEFAULT NULL COMMENT 'Redirect',
  `store_id` smallint(5) unsigned NOT NULL DEFAULT '0' COMMENT 'Store ID',
  `display_in_terms` smallint(6) NOT NULL DEFAULT '1' COMMENT 'Display in terms',
  `is_active` smallint(6) DEFAULT '1' COMMENT 'Active status',
  `is_processed` smallint(6) DEFAULT '0' COMMENT 'Processed status',
  `updated_at` timestamp NOT NULL DEFAULT CURRENT_TIMESTAMP ON UPDATE CURRENT_TIMESTAMP COMMENT 'Updated at',
  PRIMARY KEY (`query_id`),
  UNIQUE KEY `SEARCH_QUERY_QUERY_TEXT_STORE_ID` (`query_text`,`store_id`),
  KEY `SEARCH_QUERY_QUERY_TEXT_STORE_ID_POPULARITY` (`query_text`,`store_id`,`popularity`),
  KEY `SEARCH_QUERY_STORE_ID` (`store_id`),
  KEY `SEARCH_QUERY_IS_PROCESSED` (`is_processed`),
  KEY `SEARCH_QUERY_STORE_ID_POPULARITY` (`store_id`,`popularity`),
  CONSTRAINT `SEARCH_QUERY_STORE_ID_STORE_STORE_ID` FOREIGN KEY (`store_id`) REFERENCES `store` (`store_id`) ON DELETE CASCADE
) ENGINE=InnoDB DEFAULT CHARSET=utf8 COMMENT='Search query table';

--
-- Dumping data for table `search_query`
--


--
-- Table structure for table `search_synonyms`
--

CREATE TABLE `search_synonyms` (
  `group_id` bigint(20) unsigned NOT NULL AUTO_INCREMENT COMMENT 'Synonyms Group ID',
  `synonyms` text NOT NULL COMMENT 'list of synonyms making up this group',
  `store_id` smallint(5) unsigned NOT NULL DEFAULT '0' COMMENT 'Store ID - identifies the store view these synonyms belong to',
  `website_id` smallint(5) unsigned NOT NULL DEFAULT '0' COMMENT 'Website ID - identifies the website ID these synonyms belong to',
  PRIMARY KEY (`group_id`),
  KEY `SEARCH_SYNONYMS_STORE_ID` (`store_id`),
  KEY `SEARCH_SYNONYMS_WEBSITE_ID` (`website_id`),
  FULLTEXT KEY `SEARCH_SYNONYMS_SYNONYMS` (`synonyms`),
  CONSTRAINT `SEARCH_SYNONYMS_STORE_ID_STORE_STORE_ID` FOREIGN KEY (`store_id`) REFERENCES `store` (`store_id`) ON DELETE CASCADE,
  CONSTRAINT `SEARCH_SYNONYMS_WEBSITE_ID_STORE_WEBSITE_WEBSITE_ID` FOREIGN KEY (`website_id`) REFERENCES `store_website` (`website_id`) ON DELETE CASCADE
) ENGINE=InnoDB DEFAULT CHARSET=utf8 COMMENT='table storing various synonyms groups';

--
-- Dumping data for table `search_synonyms`
--


--
-- Table structure for table `sendfriend_log`
--

CREATE TABLE `sendfriend_log` (
  `log_id` int(10) unsigned NOT NULL AUTO_INCREMENT COMMENT 'Log ID',
  `ip` bigint(20) unsigned NOT NULL DEFAULT '0' COMMENT 'Customer IP address',
  `time` int(10) unsigned NOT NULL DEFAULT '0' COMMENT 'Log time',
  `website_id` smallint(5) unsigned NOT NULL DEFAULT '0' COMMENT 'Website ID',
  PRIMARY KEY (`log_id`),
  KEY `SENDFRIEND_LOG_IP` (`ip`),
  KEY `SENDFRIEND_LOG_TIME` (`time`)
) ENGINE=InnoDB DEFAULT CHARSET=utf8 COMMENT='Send to friend function log storage table';

--
-- Dumping data for table `sendfriend_log`
--


--
-- Table structure for table `sequence_creditmemo_0`
--

CREATE TABLE `sequence_creditmemo_0` (
  `sequence_value` int(10) unsigned NOT NULL AUTO_INCREMENT,
  PRIMARY KEY (`sequence_value`)
) ENGINE=InnoDB DEFAULT CHARSET=latin1;

--
-- Dumping data for table `sequence_creditmemo_0`
--


--
-- Table structure for table `sequence_creditmemo_1`
--

CREATE TABLE `sequence_creditmemo_1` (
  `sequence_value` int(10) unsigned NOT NULL AUTO_INCREMENT,
  PRIMARY KEY (`sequence_value`)
) ENGINE=InnoDB DEFAULT CHARSET=latin1;

--
-- Dumping data for table `sequence_creditmemo_1`
--


--
-- Table structure for table `sequence_creditmemo_2`
--

CREATE TABLE `sequence_creditmemo_2` (
  `sequence_value` int(10) unsigned NOT NULL AUTO_INCREMENT,
  PRIMARY KEY (`sequence_value`)
) ENGINE=InnoDB DEFAULT CHARSET=latin1;

--
-- Dumping data for table `sequence_creditmemo_2`
--


--
-- Table structure for table `sequence_creditmemo_3`
--

CREATE TABLE `sequence_creditmemo_3` (
  `sequence_value` int(10) unsigned NOT NULL AUTO_INCREMENT,
  PRIMARY KEY (`sequence_value`)
) ENGINE=InnoDB DEFAULT CHARSET=latin1;

--
-- Dumping data for table `sequence_creditmemo_3`
--


--
-- Table structure for table `sequence_invoice_0`
--

CREATE TABLE `sequence_invoice_0` (
  `sequence_value` int(10) unsigned NOT NULL AUTO_INCREMENT,
  PRIMARY KEY (`sequence_value`)
) ENGINE=InnoDB DEFAULT CHARSET=latin1;

--
-- Dumping data for table `sequence_invoice_0`
--


--
-- Table structure for table `sequence_invoice_1`
--

CREATE TABLE `sequence_invoice_1` (
  `sequence_value` int(10) unsigned NOT NULL AUTO_INCREMENT,
  PRIMARY KEY (`sequence_value`)
) ENGINE=InnoDB DEFAULT CHARSET=latin1;

--
-- Dumping data for table `sequence_invoice_1`
--


--
-- Table structure for table `sequence_invoice_2`
--

CREATE TABLE `sequence_invoice_2` (
  `sequence_value` int(10) unsigned NOT NULL AUTO_INCREMENT,
  PRIMARY KEY (`sequence_value`)
) ENGINE=InnoDB DEFAULT CHARSET=latin1;

--
-- Dumping data for table `sequence_invoice_2`
--


--
-- Table structure for table `sequence_invoice_3`
--

CREATE TABLE `sequence_invoice_3` (
  `sequence_value` int(10) unsigned NOT NULL AUTO_INCREMENT,
  PRIMARY KEY (`sequence_value`)
) ENGINE=InnoDB DEFAULT CHARSET=latin1;

--
-- Dumping data for table `sequence_invoice_3`
--


--
-- Table structure for table `sequence_order_0`
--

CREATE TABLE `sequence_order_0` (
  `sequence_value` int(10) unsigned NOT NULL AUTO_INCREMENT,
  PRIMARY KEY (`sequence_value`)
) ENGINE=InnoDB DEFAULT CHARSET=latin1;

--
-- Dumping data for table `sequence_order_0`
--


--
-- Table structure for table `sequence_order_1`
--

CREATE TABLE `sequence_order_1` (
  `sequence_value` int(10) unsigned NOT NULL AUTO_INCREMENT,
  PRIMARY KEY (`sequence_value`)
) ENGINE=InnoDB DEFAULT CHARSET=latin1;

--
-- Dumping data for table `sequence_order_1`
--


--
-- Table structure for table `sequence_order_2`
--

CREATE TABLE `sequence_order_2` (
  `sequence_value` int(10) unsigned NOT NULL AUTO_INCREMENT,
  PRIMARY KEY (`sequence_value`)
) ENGINE=InnoDB DEFAULT CHARSET=latin1;

--
-- Dumping data for table `sequence_order_2`
--


--
-- Table structure for table `sequence_order_3`
--

CREATE TABLE `sequence_order_3` (
  `sequence_value` int(10) unsigned NOT NULL AUTO_INCREMENT,
  PRIMARY KEY (`sequence_value`)
) ENGINE=InnoDB DEFAULT CHARSET=latin1;

--
-- Dumping data for table `sequence_order_3`
--


--
-- Table structure for table `sequence_shipment_0`
--

CREATE TABLE `sequence_shipment_0` (
  `sequence_value` int(10) unsigned NOT NULL AUTO_INCREMENT,
  PRIMARY KEY (`sequence_value`)
) ENGINE=InnoDB DEFAULT CHARSET=latin1;

--
-- Dumping data for table `sequence_shipment_0`
--


--
-- Table structure for table `sequence_shipment_1`
--

CREATE TABLE `sequence_shipment_1` (
  `sequence_value` int(10) unsigned NOT NULL AUTO_INCREMENT,
  PRIMARY KEY (`sequence_value`)
) ENGINE=InnoDB DEFAULT CHARSET=latin1;

--
-- Dumping data for table `sequence_shipment_1`
--


--
-- Table structure for table `sequence_shipment_2`
--

CREATE TABLE `sequence_shipment_2` (
  `sequence_value` int(10) unsigned NOT NULL AUTO_INCREMENT,
  PRIMARY KEY (`sequence_value`)
) ENGINE=InnoDB DEFAULT CHARSET=latin1;

--
-- Dumping data for table `sequence_shipment_2`
--


--
-- Table structure for table `sequence_shipment_3`
--

CREATE TABLE `sequence_shipment_3` (
  `sequence_value` int(10) unsigned NOT NULL AUTO_INCREMENT,
  PRIMARY KEY (`sequence_value`)
) ENGINE=InnoDB DEFAULT CHARSET=latin1;

--
-- Dumping data for table `sequence_shipment_3`
--


--
-- Table structure for table `session`
--

CREATE TABLE `session` (
  `session_id` varchar(255) NOT NULL COMMENT 'Session Id',
  `session_expires` int(10) unsigned NOT NULL DEFAULT '0' COMMENT 'Date of Session Expiration',
  `session_data` mediumblob NOT NULL COMMENT 'Session Data',
  PRIMARY KEY (`session_id`)
) ENGINE=InnoDB DEFAULT CHARSET=utf8 COMMENT='Database Sessions Storage';

--
-- Dumping data for table `session`
--


--
-- Table structure for table `setup_module`
--

CREATE TABLE `setup_module` (
  `module` varchar(50) NOT NULL COMMENT 'Module',
  `schema_version` varchar(50) DEFAULT NULL COMMENT 'Schema Version',
  `data_version` varchar(50) DEFAULT NULL COMMENT 'Data Version',
  PRIMARY KEY (`module`)
) ENGINE=InnoDB DEFAULT CHARSET=utf8 COMMENT='Module versions registry';

--
-- Dumping data for table `setup_module`
--

INSERT INTO `setup_module` VALUES ('Amazon_Core','4.2.2','4.2.2'),('Amazon_Login','4.2.2','4.2.2'),('Amazon_Payment','4.2.2','4.2.2'),('Ambab_SlidingCart','1.0.0','1.0.0'),('Apptrian_FacebookPixel','4.1.0','4.1.0'),('Bss_LayerNavigation','1.1.7','1.1.7'),('Bss_Popup','1.1.4','1.1.4'),('Dotdigitalgroup_Chat','1.5.0','1.5.0'),('Dotdigitalgroup_Email','4.12.0','4.12.0'),('Dotdigitalgroup_Sms','1.1.1','1.1.1'),('Klarna_Core','6.2.4','6.2.4'),('Klarna_Kp','7.3.7','7.3.7'),('Klarna_KpGraphQl','0.9.7','0.9.7'),('Klarna_Onsitemessaging','1.0.6','1.0.6'),('Klarna_Ordermanagement','6.2.5','6.2.5'),('Magento_ComposerRootUpdatePlugin','0.1.0','0.1.0'),('Magento_GoogleShoppingAds','4.0.1','4.0.1'),('Magento_Securitytxt','1.0.0','1.0.0'),('MagePal_GoogleTagManager','2.0.5','2.0.5'),('Mageplaza_BackendReindex','1.0.0','1.0.0'),('Mageplaza_Core','1.0.0','1.0.0'),('Mageplaza_GoogleAnalytics','1.0.0','1.0.0'),('Mageplaza_GoogleRecaptcha','1.0.0','1.0.0'),('Mageplaza_Multiflatrates','1.0.0','1.0.0'),('Mageplaza_Smtp','1.2.4','1.2.4'),('MagestyApps_WebImages','1.0.3','1.0.3'),('Mestrona_CategoryRedirect','2.0.2','2.0.2'),('Mirasvit_Blog','1.0.5','1.0.5'),('PayPal_Braintree','4.0.3','4.0.3'),('Petka_WysiwygExtender','0.1.0','0.1.0'),('SolideWebservices_Flexslider','2.2.7','2.2.7'),('Swissup_AddressAutocomplete','1.0.0','1.0.0'),('Swissup_AddressFieldManager','0.0.2','0.0.2'),('Swissup_Checkout','0.0.1','0.0.1'),('Swissup_CheckoutCart','1.0.0','1.0.0'),('Swissup_CheckoutRegistration','1.0.0','1.0.0'),('Swissup_CheckoutSuccess','1.0.0','1.0.0'),('Swissup_Codemirror','1.0.0','1.0.0'),('Swissup_Core','1.2.1','1.2.1'),('Swissup_CustomerFieldManager','1.0.0','1.0.0'),('Swissup_DeliveryDate','1.3.1','1.3.1'),('Swissup_FieldManager','1.0.0','1.0.0'),('Swissup_Firecheckout','0.0.1','0.0.1'),('Swissup_FirecheckoutIntegrations','1.0.0','1.0.0'),('Swissup_Geoip','1.0.0','1.0.0'),('Swissup_Marketplace','1.2.0','1.2.0'),('Swissup_Orderattachment','1.0.1','1.0.1'),('Swissup_Rtl','0.0.1','0.0.1'),('Swissup_Stickyfill','1.0.0','1.0.0'),('Swissup_SubscribeAtCheckout','1.0.0','1.0.0'),('Swissup_Taxvat','1.0.0','1.0.0'),('Swissup_Tippyjs','1.0.0','1.0.0'),('Vertex_AddressValidation','100.5.0','100.5.0'),('Ves_All','1.0.2','1.0.2'),('Ves_Setup','1.0.0','1.0.0'),('Ves_Testimonial','1.0.3','1.0.3'),('Yotpo_Yotpo','3.2.0','3.2.0');

--
-- Table structure for table `shipping_tablerate`
--

CREATE TABLE `shipping_tablerate` (
  `pk` int(10) unsigned NOT NULL AUTO_INCREMENT COMMENT 'Primary key',
  `website_id` int(11) NOT NULL DEFAULT '0' COMMENT 'Website ID',
  `dest_country_id` varchar(4) NOT NULL DEFAULT '0' COMMENT 'Destination coutry ISO/2 or ISO/3 code',
  `dest_region_id` int(11) NOT NULL DEFAULT '0' COMMENT 'Destination Region ID',
  `dest_zip` varchar(10) NOT NULL DEFAULT '*' COMMENT 'Destination Post Code (Zip)',
  `condition_name` varchar(30) NOT NULL COMMENT 'Rate Condition name',
  `condition_value` decimal(12,4) NOT NULL DEFAULT '0.0000' COMMENT 'Rate condition value',
  `price` decimal(12,4) NOT NULL DEFAULT '0.0000' COMMENT 'Price',
  `cost` decimal(12,4) NOT NULL DEFAULT '0.0000' COMMENT 'Cost',
  PRIMARY KEY (`pk`),
  UNIQUE KEY `UNQ_D60821CDB2AFACEE1566CFC02D0D4CAA` (`website_id`,`dest_country_id`,`dest_region_id`,`dest_zip`,`condition_name`,`condition_value`)
) ENGINE=InnoDB DEFAULT CHARSET=utf8 COMMENT='Shipping Tablerate';

--
-- Dumping data for table `shipping_tablerate`
--


--
-- Table structure for table `sitemap`
--

CREATE TABLE `sitemap` (
  `sitemap_id` int(10) unsigned NOT NULL AUTO_INCREMENT COMMENT 'Sitemap ID',
  `sitemap_type` varchar(32) DEFAULT NULL COMMENT 'Sitemap Type',
  `sitemap_filename` varchar(32) DEFAULT NULL COMMENT 'Sitemap Filename',
  `sitemap_path` varchar(255) DEFAULT NULL COMMENT 'Sitemap Path',
  `sitemap_time` timestamp NULL DEFAULT NULL COMMENT 'Sitemap Time',
  `store_id` smallint(5) unsigned NOT NULL DEFAULT '0' COMMENT 'Store ID',
  PRIMARY KEY (`sitemap_id`),
  KEY `SITEMAP_STORE_ID` (`store_id`),
  CONSTRAINT `SITEMAP_STORE_ID_STORE_STORE_ID` FOREIGN KEY (`store_id`) REFERENCES `store` (`store_id`) ON DELETE CASCADE
) ENGINE=InnoDB DEFAULT CHARSET=utf8 COMMENT='XML Sitemap';

--
-- Dumping data for table `sitemap`
--


--
-- Table structure for table `solidewebservices_flexslider_category`
--

CREATE TABLE `solidewebservices_flexslider_category` (
  `group_id` int(10) unsigned NOT NULL COMMENT 'Group ID',
  `category_id` int(10) unsigned NOT NULL COMMENT 'Category ID',
  PRIMARY KEY (`group_id`,`category_id`),
  KEY `SOLIDEWEBSERVICES_FLEXSLIDER_CATEGORY_CATEGORY_ID` (`category_id`),
  CONSTRAINT `FK_F34DB1000F0648F270100938B4DF18A9` FOREIGN KEY (`group_id`) REFERENCES `solidewebservices_flexslider_group` (`group_id`) ON DELETE CASCADE,
  CONSTRAINT `SOLIDEWEBSERVICES_FLEXSLIDER_CTGR_CTGR_ID_CAT_CTGR_ENTT_ENTT_ID` FOREIGN KEY (`category_id`) REFERENCES `catalog_category_entity` (`entity_id`) ON DELETE CASCADE
) ENGINE=InnoDB DEFAULT CHARSET=utf8 COMMENT='Flexslider Category Table';

--
-- Dumping data for table `solidewebservices_flexslider_category`
--


--
-- Table structure for table `solidewebservices_flexslider_group`
--

CREATE TABLE `solidewebservices_flexslider_group` (
  `group_id` int(10) unsigned NOT NULL AUTO_INCREMENT COMMENT 'Group ID',
  `title` varchar(255) NOT NULL DEFAULT '' COMMENT 'Group Title',
  `identifier` varchar(32) NOT NULL DEFAULT '' COMMENT 'Group Identifier',
  `is_active` smallint(6) NOT NULL DEFAULT '1' COMMENT 'Group Active Status',
  `group_position` varchar(128) NOT NULL DEFAULT 'content_top' COMMENT 'Group Position',
  `width` float(10,0) DEFAULT NULL COMMENT 'Group Width',
  `group_smoothheight` smallint(6) NOT NULL DEFAULT '1' COMMENT 'Group Smooth Height',
  `group_sort_order` smallint(6) DEFAULT '0' COMMENT 'Group Sort Order',
  `thumbnail_size` smallint(6) NOT NULL DEFAULT '200' COMMENT 'Group Thumbnail Size',
  `group_type` varchar(32) NOT NULL DEFAULT 'basic' COMMENT 'Group Type',
  `group_random_slides` smallint(6) NOT NULL DEFAULT '0' COMMENT 'Group Random Slides',
  `theme` varchar(32) NOT NULL DEFAULT 'default' COMMENT 'Group Theme',
  `custom_theme` text COMMENT 'Group Custom Theme',
  `group_startdate` datetime DEFAULT NULL COMMENT 'Group Startdate',
  `group_enddate` datetime DEFAULT NULL COMMENT 'Group Enddate',
  `group_loggedin` smallint(6) NOT NULL DEFAULT '0' COMMENT 'Group Logged In Only?',
  `group_animation` varchar(32) NOT NULL DEFAULT 'slide' COMMENT 'Group Animation',
  `group_animation_direction` varchar(32) NOT NULL DEFAULT 'horizontal' COMMENT 'Group Animation Direction',
  `group_animation_duration` smallint(6) NOT NULL DEFAULT '600' COMMENT 'Group Animation Duration',
  `group_animation_reverse` smallint(6) NOT NULL DEFAULT '0' COMMENT 'Group Animation Reverse',
  `group_animation_easing` varchar(128) NOT NULL DEFAULT 'swing' COMMENT 'Group Animation Easing Effect',
  `group_autoslide` smallint(6) NOT NULL DEFAULT '1' COMMENT 'Group Autoslide',
  `group_autoloop` smallint(6) NOT NULL DEFAULT '1' COMMENT 'Group Autoloop',
  `group_pauseonaction` smallint(6) NOT NULL DEFAULT '0' COMMENT 'Group Pause On Action',
  `group_pauseonhover` smallint(6) NOT NULL DEFAULT '1' COMMENT 'Group Pause On Hover',
  `group_slide_duration` smallint(6) NOT NULL DEFAULT '7000' COMMENT 'Group Slide Duration',
  `nav_show` varchar(32) NOT NULL DEFAULT 'hover' COMMENT 'Group Show Navigation',
  `nav_style` varchar(32) DEFAULT 'type-1' COMMENT 'Group Navigation Style',
  `nav_size` text NOT NULL COMMENT 'Group Navigation Size',
  `nav_position` varchar(32) DEFAULT 'inside' COMMENT 'Group Navigation Position',
  `nav_color` varchar(32) DEFAULT '#666666' COMMENT 'Group Navigation Color',
  `pagination_show` varchar(32) NOT NULL DEFAULT 'always' COMMENT 'Group Show Pagination',
  `pagination_style` varchar(32) NOT NULL DEFAULT 'circular' COMMENT 'Group Pagination Style',
  `pagination_position` varchar(32) NOT NULL DEFAULT 'below' COMMENT 'Group Pagination Position',
  `pagination_color` varchar(32) DEFAULT '#ffffff' COMMENT 'Group Pagination Color',
  `pagination_hover_color` varchar(32) DEFAULT '#cccccc' COMMENT 'Pagination Hover Color',
  `pagination_active_color` varchar(32) DEFAULT '#293f67' COMMENT 'Pagination Active Color',
  `loader_show` smallint(6) NOT NULL DEFAULT '1' COMMENT 'Group Show Loader',
  `loader_position` varchar(32) NOT NULL DEFAULT 'top' COMMENT 'Group Loader Position',
  `loader_color` varchar(32) DEFAULT '#eeeeee' COMMENT 'Group Loader Color',
  `loader_bgcolor` varchar(32) DEFAULT '#222222' COMMENT 'Group Loader Background Color',
  `caption_textcolor` varchar(32) NOT NULL DEFAULT '#ffffff' COMMENT 'Group Caption Textcolor',
  `caption_bgcolor` varchar(32) DEFAULT 'rgba(34, 34, 34, 0.8)' COMMENT 'Group Caption Background Color',
  `overlay_position` varchar(32) NOT NULL DEFAULT 'right' COMMENT 'Group Overlay Position',
  `overlay_textcolor` varchar(32) NOT NULL DEFAULT '#ffffff' COMMENT 'Group Overlay Textcolor',
  `overlay_bgcolor` varchar(32) NOT NULL DEFAULT 'rgba(34, 34, 34, 0.8)' COMMENT 'Group Overlay Background Color',
  `overlay_hovercolor` varchar(32) DEFAULT 'rgba(102, 102, 102, 0.8)' COMMENT 'Group Pagination Color',
  `carousel_minitems` smallint(6) NOT NULL DEFAULT '3' COMMENT 'Carousel Minimum Items',
  `carousel_maxitems` smallint(6) NOT NULL DEFAULT '5' COMMENT 'Carousel Maximum Items',
  `carousel_move` smallint(6) NOT NULL DEFAULT '0' COMMENT 'Carousel Move Items',
  PRIMARY KEY (`group_id`),
  FULLTEXT KEY `SOLIDEWEBSERVICES_FLEXSLIDER_GROUP_TITLE_IDENTIFIER_GROUP_TYPE` (`title`,`identifier`,`group_type`)
) ENGINE=InnoDB AUTO_INCREMENT=5 DEFAULT CHARSET=utf8 COMMENT='Flexslider Groups Table';

--
-- Dumping data for table `solidewebservices_flexslider_group`
--

INSERT INTO `solidewebservices_flexslider_group` VALUES (1,'Front page banner glavni','front_banner_top',1,'CUSTOM',0,1,1,200,'basic',0,'default',NULL,NULL,NULL,0,'slide','horizontal',600,0,'jswing',1,1,1,1,7000,'no','type-1','','inside','#666666','always','circular','below','#ffffff','#ddd','#0794d0',0,'top','#eeeeee','#222222','#ffffff','rgba(34, 34, 34, 0.8)','right','#ffffff','rgba(34, 34, 34, 0.8)','rgba(102, 102, 102, 0.8)',3,5,0),(2,'Front page banner glavni (mobile)','front_banner_top_mobile',1,'CUSTOM',0,1,1,200,'basic',0,'default',NULL,NULL,NULL,0,'slide','horizontal',600,0,'jswing',1,1,1,1,7000,'no','type-1','','inside','#666666','always','circular','below','#ffffff','#293f67','#cccccc',0,'top','#eeeeee','#222222','#ffffff','rgba(34, 34, 34, 0)','right','#ffffff','rgba(34, 34, 34, 0.8)','rgba(102, 102, 102, 0.8)',3,5,0),(4,'Speedboard','banner_speedboard',1,'content_top',0,1,1,200,'basic',0,'default',NULL,NULL,NULL,0,'slide','horizontal',600,0,'jswing',1,1,1,1,7000,'hover','type-1','normal','inside','#666666','hover','circular','inside-bottom','#ffffff','#293f67','#cccccc',0,'top','#eeeeee','#222222','#ffffff','rgba(34, 34, 34, 0.8)','right','#ffffff','rgba(34, 34, 34, 0.8)','rgba(102, 102, 102, 0.8)',3,5,0);

--
-- Table structure for table `solidewebservices_flexslider_page`
--

CREATE TABLE `solidewebservices_flexslider_page` (
  `group_id` int(10) unsigned NOT NULL COMMENT 'Group ID',
  `page_id` smallint(6) NOT NULL COMMENT 'Page ID',
  PRIMARY KEY (`group_id`,`page_id`),
  KEY `SOLIDEWEBSERVICES_FLEXSLIDER_PAGE_PAGE_ID` (`page_id`),
  CONSTRAINT `FK_F0D76E7C62E8037D7C7F15642940DE74` FOREIGN KEY (`group_id`) REFERENCES `solidewebservices_flexslider_group` (`group_id`) ON DELETE CASCADE,
  CONSTRAINT `SOLIDEWEBSERVICES_FLEXSLIDER_PAGE_PAGE_ID_CMS_PAGE_PAGE_ID` FOREIGN KEY (`page_id`) REFERENCES `cms_page` (`page_id`) ON DELETE CASCADE
) ENGINE=InnoDB DEFAULT CHARSET=utf8 COMMENT='Flexslider Page Table';

--
-- Dumping data for table `solidewebservices_flexslider_page`
--

INSERT INTO `solidewebservices_flexslider_page` VALUES (1,2),(4,21);

--
-- Table structure for table `solidewebservices_flexslider_product`
--

CREATE TABLE `solidewebservices_flexslider_product` (
  `group_id` int(10) unsigned NOT NULL COMMENT 'Group ID',
  `product_id` int(10) unsigned NOT NULL COMMENT 'Product ID',
  PRIMARY KEY (`group_id`,`product_id`),
  UNIQUE KEY `SOLIDEWEBSERVICES_FLEXSLIDER_PRODUCT_GROUP_ID_PRODUCT_ID` (`group_id`,`product_id`),
  KEY `SOLIDEWEBSERVICES_FLEXSLIDER_PRODUCT_PRODUCT_ID` (`product_id`),
  CONSTRAINT `FK_8A8F62EB054ABA8416EFFA7CD0A7BCE8` FOREIGN KEY (`group_id`) REFERENCES `solidewebservices_flexslider_group` (`group_id`) ON DELETE CASCADE,
  CONSTRAINT `SOLIDEWEBSERVICES_FLEXSLIDER_PRD_PRD_ID_CAT_PRD_ENTT_ENTT_ID` FOREIGN KEY (`product_id`) REFERENCES `catalog_product_entity` (`entity_id`) ON DELETE CASCADE
) ENGINE=InnoDB DEFAULT CHARSET=utf8 COMMENT='Flexslider Product Table';

--
-- Dumping data for table `solidewebservices_flexslider_product`
--


--
-- Table structure for table `solidewebservices_flexslider_slide`
--

CREATE TABLE `solidewebservices_flexslider_slide` (
  `slide_id` int(10) unsigned NOT NULL AUTO_INCREMENT COMMENT 'Slide ID',
  `title` varchar(255) NOT NULL DEFAULT '' COMMENT 'Slide Title',
  `identifier` varchar(32) NOT NULL DEFAULT '' COMMENT 'Slide Identifier',
  `is_active` smallint(6) NOT NULL DEFAULT '1' COMMENT 'Group Active Status',
  `slide_sort_order` smallint(6) DEFAULT '0' COMMENT 'Slide Sort Order',
  `slide_startdate` datetime DEFAULT NULL COMMENT 'Slide Startdate',
  `slide_enddate` datetime DEFAULT NULL COMMENT 'Slide Enddate',
  `slide_loggedin` smallint(6) NOT NULL DEFAULT '0' COMMENT 'Slide Logged In Only?',
  `slide_type` varchar(32) NOT NULL DEFAULT 'image' COMMENT 'Slide Type',
  `image` varchar(255) DEFAULT '' COMMENT 'Slide Image',
  `alt_text` varchar(255) DEFAULT '' COMMENT 'Slide Image Alt Text',
  `url` varchar(255) DEFAULT '' COMMENT 'Slide URL',
  `url_target` varchar(255) DEFAULT '' COMMENT 'Slide URL Target',
  `caption_html` text COMMENT 'Slide Caption Text',
  `caption_position` varchar(32) NOT NULL DEFAULT 'bottom-right' COMMENT 'Slide Caption Position',
  `caption_animation` smallint(6) NOT NULL DEFAULT '1' COMMENT 'Slide Caption Animation',
  `hosted_image` smallint(6) NOT NULL DEFAULT '0' COMMENT 'Hosted Image?',
  `hosted_image_url` text COMMENT 'Hosted Image URL',
  `hosted_image_thumburl` text COMMENT 'Hosted Image Thumbnail URL',
  `video_id` varchar(255) DEFAULT '' COMMENT 'Slide Video ID',
  `video_autoplay` smallint(6) NOT NULL DEFAULT '0' COMMENT 'Slide Video Autoplay?',
  PRIMARY KEY (`slide_id`),
  FULLTEXT KEY `SOLIDEWEBSERVICES_FLEXSLIDER_SLIDE_TITLE_IDENTIFIER` (`title`,`identifier`)
) ENGINE=InnoDB AUTO_INCREMENT=7 DEFAULT CHARSET=utf8 COMMENT='Flexslider Slides Table';

--
-- Dumping data for table `solidewebservices_flexslider_slide`
--

INSERT INTO `solidewebservices_flexslider_slide` VALUES (1,'Banner1','banner_1',1,1,NULL,NULL,0,'image','banner_1.jpg',NULL,NULL,'_self','<h2>Terapevtski program za vrhunske športnike</h2>\r\n<p><a href=\"/#\">Preberite več</a></p>','bottom',1,0,NULL,NULL,'',0),(2,'Banner1 mobile','banner_1_mobile',1,1,NULL,NULL,0,'image','banner_mobile_1.jpg',NULL,NULL,'_self','<h2>Terapevtski program za vrhunske športnike</h2>\r\n<p><a href=\"/#\">Preberite več</a></p>','bottom',1,0,NULL,NULL,'',0),(4,'Speedboard_1','speedboard_1',1,1,NULL,NULL,0,'image','drkinesio_speedboard_hd_hor_1.0.png',NULL,NULL,'_self',NULL,'bottom-right',0,0,NULL,NULL,'',0),(5,'Speedboard_2','Speedboard_2',1,1,NULL,NULL,0,'image','drkinesio_speedboard_hd_hor_1.04.png',NULL,NULL,'_self',NULL,'bottom-right',0,0,NULL,NULL,'',0),(6,'Speedboard_3','Speedboard_3',1,1,NULL,NULL,0,'image','drkinesio_speedboard_hd_hor_1.05.png',NULL,NULL,'_self',NULL,'bottom-right',0,0,NULL,NULL,'',0);

--
-- Table structure for table `solidewebservices_flexslider_slide_group`
--

CREATE TABLE `solidewebservices_flexslider_slide_group` (
  `slide_id` int(10) unsigned NOT NULL COMMENT 'Slide ID',
  `group_id` int(10) unsigned NOT NULL COMMENT 'Group ID',
  PRIMARY KEY (`slide_id`,`group_id`),
  KEY `FK_D969D4B1EE5176B7F2FA95477183E295` (`group_id`),
  CONSTRAINT `FK_098F40A5D4FF19EBA9D7BEE59F576C59` FOREIGN KEY (`slide_id`) REFERENCES `solidewebservices_flexslider_slide` (`slide_id`) ON DELETE CASCADE,
  CONSTRAINT `FK_D969D4B1EE5176B7F2FA95477183E295` FOREIGN KEY (`group_id`) REFERENCES `solidewebservices_flexslider_group` (`group_id`) ON DELETE CASCADE
) ENGINE=InnoDB DEFAULT CHARSET=utf8 COMMENT='Flexslider Slide Group Table';

--
-- Dumping data for table `solidewebservices_flexslider_slide_group`
--

INSERT INTO `solidewebservices_flexslider_slide_group` VALUES (1,1),(2,2),(4,4),(5,4),(6,4);

--
-- Table structure for table `solidewebservices_flexslider_store`
--

CREATE TABLE `solidewebservices_flexslider_store` (
  `group_id` int(10) unsigned NOT NULL COMMENT 'Group ID',
  `store_id` smallint(5) unsigned NOT NULL COMMENT 'Store ID',
  PRIMARY KEY (`group_id`,`store_id`),
  KEY `SOLIDEWEBSERVICES_FLEXSLIDER_STORE_STORE_ID` (`store_id`),
  CONSTRAINT `FK_AB918EF1D0A4262A5BF4B75368E9895D` FOREIGN KEY (`group_id`) REFERENCES `solidewebservices_flexslider_group` (`group_id`) ON DELETE CASCADE,
  CONSTRAINT `SOLIDEWEBSERVICES_FLEXSLIDER_STORE_STORE_ID_STORE_STORE_ID` FOREIGN KEY (`store_id`) REFERENCES `store` (`store_id`) ON DELETE CASCADE
) ENGINE=InnoDB DEFAULT CHARSET=utf8 COMMENT='Flexslider Store Table';

--
-- Dumping data for table `solidewebservices_flexslider_store`
--

INSERT INTO `solidewebservices_flexslider_store` VALUES (1,0),(2,0),(4,0);

--
-- Table structure for table `store`
--

CREATE TABLE `store` (
  `store_id` smallint(5) unsigned NOT NULL AUTO_INCREMENT COMMENT 'Store ID',
  `code` varchar(32) DEFAULT NULL COMMENT 'Code',
  `website_id` smallint(5) unsigned NOT NULL DEFAULT '0' COMMENT 'Website ID',
  `group_id` smallint(5) unsigned NOT NULL DEFAULT '0' COMMENT 'Group ID',
  `name` varchar(255) NOT NULL COMMENT 'Store Name',
  `sort_order` smallint(5) unsigned NOT NULL DEFAULT '0' COMMENT 'Store Sort Order',
  `is_active` smallint(5) unsigned NOT NULL DEFAULT '0' COMMENT 'Store Activity',
  PRIMARY KEY (`store_id`),
  UNIQUE KEY `STORE_CODE` (`code`),
  KEY `STORE_WEBSITE_ID` (`website_id`),
  KEY `STORE_IS_ACTIVE_SORT_ORDER` (`is_active`,`sort_order`),
  KEY `STORE_GROUP_ID` (`group_id`),
  CONSTRAINT `STORE_GROUP_ID_STORE_GROUP_GROUP_ID` FOREIGN KEY (`group_id`) REFERENCES `store_group` (`group_id`) ON DELETE CASCADE,
  CONSTRAINT `STORE_WEBSITE_ID_STORE_WEBSITE_WEBSITE_ID` FOREIGN KEY (`website_id`) REFERENCES `store_website` (`website_id`) ON DELETE CASCADE
) ENGINE=InnoDB AUTO_INCREMENT=4 DEFAULT CHARSET=utf8 COMMENT='Stores';

--
-- Dumping data for table `store`
--

INSERT INTO `store` VALUES (0,'admin',0,0,'Admin',0,1),(1,'default',1,1,'SI',0,1),(2,'EN',1,1,'EN',0,1),(3,'HR',1,1,'HR',0,1);

--
-- Table structure for table `store_group`
--

CREATE TABLE `store_group` (
  `group_id` smallint(5) unsigned NOT NULL AUTO_INCREMENT COMMENT 'Group ID',
  `website_id` smallint(5) unsigned NOT NULL DEFAULT '0' COMMENT 'Website ID',
  `name` varchar(255) NOT NULL COMMENT 'Store Group Name',
  `root_category_id` int(10) unsigned NOT NULL DEFAULT '0' COMMENT 'Root Category ID',
  `default_store_id` smallint(5) unsigned NOT NULL DEFAULT '0' COMMENT 'Default Store ID',
  `code` varchar(32) DEFAULT NULL COMMENT 'Store group unique code',
  PRIMARY KEY (`group_id`),
  UNIQUE KEY `STORE_GROUP_CODE` (`code`),
  KEY `STORE_GROUP_WEBSITE_ID` (`website_id`),
  KEY `STORE_GROUP_DEFAULT_STORE_ID` (`default_store_id`),
  CONSTRAINT `STORE_GROUP_WEBSITE_ID_STORE_WEBSITE_WEBSITE_ID` FOREIGN KEY (`website_id`) REFERENCES `store_website` (`website_id`) ON DELETE CASCADE
) ENGINE=InnoDB AUTO_INCREMENT=2 DEFAULT CHARSET=utf8 COMMENT='Store Groups';

--
-- Dumping data for table `store_group`
--

INSERT INTO `store_group` VALUES (0,0,'Default',0,0,'default'),(1,1,'Main Website Store',2,1,'main_website_store');

--
-- Table structure for table `store_website`
--

CREATE TABLE `store_website` (
  `website_id` smallint(5) unsigned NOT NULL AUTO_INCREMENT COMMENT 'Website ID',
  `code` varchar(32) DEFAULT NULL COMMENT 'Code',
  `name` varchar(64) DEFAULT NULL COMMENT 'Website Name',
  `sort_order` smallint(5) unsigned NOT NULL DEFAULT '0' COMMENT 'Sort Order',
  `default_group_id` smallint(5) unsigned NOT NULL DEFAULT '0' COMMENT 'Default Group ID',
  `is_default` smallint(5) unsigned DEFAULT '0' COMMENT 'Defines Is Website Default',
  PRIMARY KEY (`website_id`),
  UNIQUE KEY `STORE_WEBSITE_CODE` (`code`),
  KEY `STORE_WEBSITE_SORT_ORDER` (`sort_order`),
  KEY `STORE_WEBSITE_DEFAULT_GROUP_ID` (`default_group_id`)
) ENGINE=InnoDB AUTO_INCREMENT=2 DEFAULT CHARSET=utf8 COMMENT='Websites';

--
-- Dumping data for table `store_website`
--

INSERT INTO `store_website` VALUES (0,'admin','Admin',0,0,0),(1,'base','DR kinesio',0,1,1);

--
-- Table structure for table `swissup_afm_order_address`
--

CREATE TABLE `swissup_afm_order_address` (
  `entity_id` int(10) unsigned NOT NULL DEFAULT '0' COMMENT 'Entity Id',
  PRIMARY KEY (`entity_id`),
  CONSTRAINT `SWISSUP_AFM_ORDER_ADDR_ENTT_ID_SALES_ORDER_ADDR_ENTT_ID` FOREIGN KEY (`entity_id`) REFERENCES `sales_order_address` (`entity_id`) ON DELETE CASCADE
) ENGINE=InnoDB DEFAULT CHARSET=utf8 COMMENT='Swissup Address Field Manager Order Address';

--
-- Dumping data for table `swissup_afm_order_address`
--


--
-- Table structure for table `swissup_afm_quote_address`
--

CREATE TABLE `swissup_afm_quote_address` (
  `entity_id` int(10) unsigned NOT NULL DEFAULT '0' COMMENT 'Entity Id',
  PRIMARY KEY (`entity_id`),
  CONSTRAINT `SWISSUP_AFM_QUOTE_ADDRESS_ENTITY_ID_QUOTE_ADDRESS_ADDRESS_ID` FOREIGN KEY (`entity_id`) REFERENCES `quote_address` (`address_id`) ON DELETE CASCADE
) ENGINE=InnoDB DEFAULT CHARSET=utf8 COMMENT='Swissup Address Field Manager Quote Address';

--
-- Dumping data for table `swissup_afm_quote_address`
--


--
-- Table structure for table `swissup_core_module`
--

CREATE TABLE `swissup_core_module` (
  `code` varchar(50) NOT NULL COMMENT 'Code',
  `name` varchar(50) DEFAULT NULL COMMENT 'Package Name',
  `description` varchar(255) DEFAULT NULL COMMENT 'Package Description',
  `keywords` varchar(255) DEFAULT NULL COMMENT 'Keywords',
  `data_version` varchar(50) DEFAULT NULL COMMENT 'Data_version',
  `identity_key` varchar(255) DEFAULT NULL COMMENT 'Identity_key',
  `store_ids` varchar(64) DEFAULT NULL COMMENT 'Store_ids',
  `type` varchar(32) DEFAULT NULL COMMENT 'Package Type',
  `version` varchar(50) DEFAULT NULL COMMENT 'Version',
  `latest_version` varchar(50) DEFAULT NULL COMMENT 'Latest Version',
  `release_date` datetime DEFAULT NULL COMMENT 'Release Date',
  `link` varchar(255) DEFAULT NULL COMMENT 'Module Homepage',
  `download_link` varchar(255) DEFAULT NULL COMMENT 'Module Download Link',
  `identity_key_link` varchar(255) DEFAULT NULL COMMENT 'Identity Key Link',
  PRIMARY KEY (`code`),
  FULLTEXT KEY `SWISSUP_CORE_MODULE_CODE_NAME_DESCRIPTION_KEYWORDS` (`code`,`name`,`description`,`keywords`)
) ENGINE=InnoDB DEFAULT CHARSET=utf8 COMMENT='swissup_core_module';

--
-- Dumping data for table `swissup_core_module`
--


--
-- Table structure for table `swissup_deliverydate`
--

CREATE TABLE `swissup_deliverydate` (
  `id` int(11) NOT NULL AUTO_INCREMENT COMMENT 'ID',
  `quote_id` int(10) unsigned DEFAULT NULL COMMENT 'Quote ID',
  `order_id` int(10) unsigned DEFAULT NULL COMMENT 'Order ID',
  `comment` text NOT NULL COMMENT 'Comment',
  `date` datetime DEFAULT NULL COMMENT 'Date',
  `timerange` varchar(13) DEFAULT NULL COMMENT 'Time range',
  PRIMARY KEY (`id`),
  KEY `SWISSUP_DELIVERYDATE_QUOTE_ID` (`quote_id`),
  KEY `SWISSUP_DELIVERYDATE_ORDER_ID` (`order_id`),
  CONSTRAINT `SWISSUP_DELIVERYDATE_ORDER_ID_SALES_ORDER_ENTITY_ID` FOREIGN KEY (`order_id`) REFERENCES `sales_order` (`entity_id`) ON DELETE CASCADE,
  CONSTRAINT `SWISSUP_DELIVERYDATE_QUOTE_ID_QUOTE_ENTITY_ID` FOREIGN KEY (`quote_id`) REFERENCES `quote` (`entity_id`) ON DELETE SET NULL
) ENGINE=InnoDB DEFAULT CHARSET=utf8 COMMENT='Swissup Delivery Date Table';

--
-- Dumping data for table `swissup_deliverydate`
--


--
-- Table structure for table `swissup_marketplace_job`
--

CREATE TABLE `swissup_marketplace_job` (
  `job_id` int(10) unsigned NOT NULL AUTO_INCREMENT COMMENT 'ID',
  `cron_schedule_id` int(10) unsigned DEFAULT NULL COMMENT 'Cron Schedule ID',
  `class` varchar(255) DEFAULT NULL COMMENT 'Job Class',
  `arguments_serialized` mediumtext COMMENT 'Job Arguments',
  `status` smallint(6) NOT NULL DEFAULT '0' COMMENT 'Job Status',
  `visibility` smallint(6) NOT NULL DEFAULT '1' COMMENT 'Job Visibility',
  `created_at` timestamp NOT NULL DEFAULT CURRENT_TIMESTAMP COMMENT 'Create Time',
  `scheduled_at` timestamp NULL DEFAULT NULL COMMENT 'Schedule Time',
  `started_at` timestamp NULL DEFAULT NULL COMMENT 'Start Time',
  `finished_at` timestamp NULL DEFAULT NULL COMMENT 'Finish Time',
  `attempts` smallint(6) NOT NULL DEFAULT '0' COMMENT 'Attempts',
  `output` text COMMENT 'Output',
  `signature` varchar(64) DEFAULT NULL COMMENT 'Signature',
  PRIMARY KEY (`job_id`)
) ENGINE=InnoDB DEFAULT CHARSET=utf8 COMMENT='swissup_marketplace_job';

--
-- Dumping data for table `swissup_marketplace_job`
--


--
-- Table structure for table `swissup_orderattachment`
--

CREATE TABLE `swissup_orderattachment` (
  `attachment_id` int(11) NOT NULL AUTO_INCREMENT COMMENT 'Attachment ID',
  `quote_id` int(10) unsigned DEFAULT NULL COMMENT 'Quote ID',
  `order_id` int(10) unsigned DEFAULT NULL COMMENT 'Order ID',
  `path` text NOT NULL COMMENT 'Path',
  `comment` text NOT NULL COMMENT 'Comment',
  `hash` varchar(32) NOT NULL COMMENT 'Hash',
  `type` varchar(32) NOT NULL COMMENT 'File Type',
  `uploaded_at` datetime NOT NULL COMMENT 'Uploaded at',
  `modified_at` datetime NOT NULL COMMENT 'Modified at',
  PRIMARY KEY (`attachment_id`),
  KEY `SWISSUP_ORDERATTACHMENT_QUOTE_ID` (`quote_id`),
  KEY `SWISSUP_ORDERATTACHMENT_ORDER_ID` (`order_id`),
  KEY `SWISSUP_ORDERATTACHMENT_HASH` (`hash`),
  FULLTEXT KEY `SWISSUP_ORDERATTACHMENT_PATH_COMMENT_HASH` (`path`,`comment`,`hash`),
  CONSTRAINT `SWISSUP_ORDERATTACHMENT_ORDER_ID_SALES_ORDER_ENTITY_ID` FOREIGN KEY (`order_id`) REFERENCES `sales_order` (`entity_id`) ON DELETE CASCADE
) ENGINE=InnoDB DEFAULT CHARSET=utf8 COMMENT='Swissup Orderattachment Table';

--
-- Dumping data for table `swissup_orderattachment`
--


--
-- Table structure for table `tax_calculation`
--

CREATE TABLE `tax_calculation` (
  `tax_calculation_id` int(11) NOT NULL AUTO_INCREMENT COMMENT 'Tax Calculation ID',
  `tax_calculation_rate_id` int(11) NOT NULL COMMENT 'Tax Calculation Rate ID',
  `tax_calculation_rule_id` int(11) NOT NULL COMMENT 'Tax Calculation Rule ID',
  `customer_tax_class_id` smallint(6) NOT NULL COMMENT 'Customer Tax Class ID',
  `product_tax_class_id` smallint(6) NOT NULL COMMENT 'Product Tax Class ID',
  PRIMARY KEY (`tax_calculation_id`),
  KEY `TAX_CALCULATION_TAX_CALCULATION_RULE_ID` (`tax_calculation_rule_id`),
  KEY `TAX_CALCULATION_CUSTOMER_TAX_CLASS_ID` (`customer_tax_class_id`),
  KEY `TAX_CALCULATION_PRODUCT_TAX_CLASS_ID` (`product_tax_class_id`),
  KEY `TAX_CALC_TAX_CALC_RATE_ID_CSTR_TAX_CLASS_ID_PRD_TAX_CLASS_ID` (`tax_calculation_rate_id`,`customer_tax_class_id`,`product_tax_class_id`),
  CONSTRAINT `TAX_CALCULATION_CUSTOMER_TAX_CLASS_ID_TAX_CLASS_CLASS_ID` FOREIGN KEY (`customer_tax_class_id`) REFERENCES `tax_class` (`class_id`) ON DELETE CASCADE,
  CONSTRAINT `TAX_CALCULATION_PRODUCT_TAX_CLASS_ID_TAX_CLASS_CLASS_ID` FOREIGN KEY (`product_tax_class_id`) REFERENCES `tax_class` (`class_id`) ON DELETE CASCADE,
  CONSTRAINT `TAX_CALC_TAX_CALC_RATE_ID_TAX_CALC_RATE_TAX_CALC_RATE_ID` FOREIGN KEY (`tax_calculation_rate_id`) REFERENCES `tax_calculation_rate` (`tax_calculation_rate_id`) ON DELETE CASCADE,
  CONSTRAINT `TAX_CALC_TAX_CALC_RULE_ID_TAX_CALC_RULE_TAX_CALC_RULE_ID` FOREIGN KEY (`tax_calculation_rule_id`) REFERENCES `tax_calculation_rule` (`tax_calculation_rule_id`) ON DELETE CASCADE
) ENGINE=InnoDB DEFAULT CHARSET=utf8 COMMENT='Tax Calculation';

--
-- Dumping data for table `tax_calculation`
--


--
-- Table structure for table `tax_calculation_rate`
--

CREATE TABLE `tax_calculation_rate` (
  `tax_calculation_rate_id` int(11) NOT NULL AUTO_INCREMENT COMMENT 'Tax Calculation Rate ID',
  `tax_country_id` varchar(2) NOT NULL COMMENT 'Tax Country ID',
  `tax_region_id` int(11) NOT NULL COMMENT 'Tax Region ID',
  `tax_postcode` varchar(21) DEFAULT NULL COMMENT 'Tax Postcode',
  `code` varchar(255) NOT NULL COMMENT 'Code',
  `rate` decimal(12,4) NOT NULL COMMENT 'Rate',
  `zip_is_range` smallint(6) DEFAULT NULL COMMENT 'Zip Is Range',
  `zip_from` int(10) unsigned DEFAULT NULL COMMENT 'Zip From',
  `zip_to` int(10) unsigned DEFAULT NULL COMMENT 'Zip To',
  PRIMARY KEY (`tax_calculation_rate_id`),
  KEY `TAX_CALCULATION_RATE_TAX_COUNTRY_ID_TAX_REGION_ID_TAX_POSTCODE` (`tax_country_id`,`tax_region_id`,`tax_postcode`),
  KEY `TAX_CALCULATION_RATE_CODE` (`code`),
  KEY `IDX_CA799F1E2CB843495F601E56C84A626D` (`tax_calculation_rate_id`,`tax_country_id`,`tax_region_id`,`zip_is_range`,`tax_postcode`)
) ENGINE=InnoDB AUTO_INCREMENT=3 DEFAULT CHARSET=utf8 COMMENT='Tax Calculation Rate';

--
-- Dumping data for table `tax_calculation_rate`
--

INSERT INTO `tax_calculation_rate` VALUES (1,'US',12,'*','US-CA-*-Rate 1',8.2500,NULL,NULL,NULL),(2,'US',43,'*','US-NY-*-Rate 1',8.3750,NULL,NULL,NULL);

--
-- Table structure for table `tax_calculation_rate_title`
--

CREATE TABLE `tax_calculation_rate_title` (
  `tax_calculation_rate_title_id` int(11) NOT NULL AUTO_INCREMENT COMMENT 'Tax Calculation Rate Title ID',
  `tax_calculation_rate_id` int(11) NOT NULL COMMENT 'Tax Calculation Rate ID',
  `store_id` smallint(5) unsigned NOT NULL COMMENT 'Store ID',
  `value` varchar(255) NOT NULL COMMENT 'Value',
  PRIMARY KEY (`tax_calculation_rate_title_id`),
  KEY `TAX_CALCULATION_RATE_TITLE_TAX_CALCULATION_RATE_ID_STORE_ID` (`tax_calculation_rate_id`,`store_id`),
  KEY `TAX_CALCULATION_RATE_TITLE_STORE_ID` (`store_id`),
  CONSTRAINT `FK_37FB965F786AD5897BB3AE90470C42AB` FOREIGN KEY (`tax_calculation_rate_id`) REFERENCES `tax_calculation_rate` (`tax_calculation_rate_id`) ON DELETE CASCADE,
  CONSTRAINT `TAX_CALCULATION_RATE_TITLE_STORE_ID_STORE_STORE_ID` FOREIGN KEY (`store_id`) REFERENCES `store` (`store_id`) ON DELETE CASCADE
) ENGINE=InnoDB DEFAULT CHARSET=utf8 COMMENT='Tax Calculation Rate Title';

--
-- Dumping data for table `tax_calculation_rate_title`
--


--
-- Table structure for table `tax_calculation_rule`
--

CREATE TABLE `tax_calculation_rule` (
  `tax_calculation_rule_id` int(11) NOT NULL AUTO_INCREMENT COMMENT 'Tax Calculation Rule ID',
  `code` varchar(255) NOT NULL COMMENT 'Code',
  `priority` int(11) NOT NULL COMMENT 'Priority',
  `position` int(11) NOT NULL COMMENT 'Position',
  `calculate_subtotal` int(11) NOT NULL COMMENT 'Calculate off subtotal option',
  PRIMARY KEY (`tax_calculation_rule_id`),
  KEY `TAX_CALCULATION_RULE_PRIORITY_POSITION` (`priority`,`position`),
  KEY `TAX_CALCULATION_RULE_CODE` (`code`)
) ENGINE=InnoDB DEFAULT CHARSET=utf8 COMMENT='Tax Calculation Rule';

--
-- Dumping data for table `tax_calculation_rule`
--


--
-- Table structure for table `tax_class`
--

CREATE TABLE `tax_class` (
  `class_id` smallint(6) NOT NULL AUTO_INCREMENT COMMENT 'Class ID',
  `class_name` varchar(255) NOT NULL COMMENT 'Class Name',
  `class_type` varchar(8) NOT NULL DEFAULT 'CUSTOMER' COMMENT 'Class Type',
  PRIMARY KEY (`class_id`)
) ENGINE=InnoDB AUTO_INCREMENT=10 DEFAULT CHARSET=utf8 COMMENT='Tax Class';

--
-- Dumping data for table `tax_class`
--

INSERT INTO `tax_class` VALUES (2,'Taxable Goods','PRODUCT'),(3,'Retail Customer','CUSTOMER'),(4,'Refund Adjustments','PRODUCT'),(5,'Gift Options','PRODUCT'),(6,'Order Gift Wrapping','PRODUCT'),(7,'Item Gift Wrapping','PRODUCT'),(8,'Printed Gift Card','PRODUCT'),(9,'Reward Points','PRODUCT');

--
-- Table structure for table `tax_order_aggregated_created`
--

CREATE TABLE `tax_order_aggregated_created` (
  `id` int(10) unsigned NOT NULL AUTO_INCREMENT COMMENT 'ID',
  `period` date DEFAULT NULL COMMENT 'Period',
  `store_id` smallint(5) unsigned DEFAULT NULL COMMENT 'Store ID',
  `code` varchar(255) NOT NULL COMMENT 'Code',
  `order_status` varchar(50) NOT NULL COMMENT 'Order Status',
  `percent` float DEFAULT NULL COMMENT 'Percent',
  `orders_count` int(10) unsigned NOT NULL DEFAULT '0' COMMENT 'Orders Count',
  `tax_base_amount_sum` float DEFAULT NULL COMMENT 'Tax Base Amount Sum',
  PRIMARY KEY (`id`),
  UNIQUE KEY `TAX_ORDER_AGGRED_CREATED_PERIOD_STORE_ID_CODE_PERCENT_ORDER_STS` (`period`,`store_id`,`code`,`percent`,`order_status`),
  KEY `TAX_ORDER_AGGREGATED_CREATED_STORE_ID` (`store_id`),
  CONSTRAINT `TAX_ORDER_AGGREGATED_CREATED_STORE_ID_STORE_STORE_ID` FOREIGN KEY (`store_id`) REFERENCES `store` (`store_id`) ON DELETE CASCADE
) ENGINE=InnoDB DEFAULT CHARSET=utf8 COMMENT='Tax Order Aggregation';

--
-- Dumping data for table `tax_order_aggregated_created`
--


--
-- Table structure for table `tax_order_aggregated_updated`
--

CREATE TABLE `tax_order_aggregated_updated` (
  `id` int(10) unsigned NOT NULL AUTO_INCREMENT COMMENT 'ID',
  `period` date DEFAULT NULL COMMENT 'Period',
  `store_id` smallint(5) unsigned DEFAULT NULL COMMENT 'Store ID',
  `code` varchar(255) NOT NULL COMMENT 'Code',
  `order_status` varchar(50) NOT NULL COMMENT 'Order Status',
  `percent` float DEFAULT NULL COMMENT 'Percent',
  `orders_count` int(10) unsigned NOT NULL DEFAULT '0' COMMENT 'Orders Count',
  `tax_base_amount_sum` float DEFAULT NULL COMMENT 'Tax Base Amount Sum',
  PRIMARY KEY (`id`),
  UNIQUE KEY `TAX_ORDER_AGGRED_UPDATED_PERIOD_STORE_ID_CODE_PERCENT_ORDER_STS` (`period`,`store_id`,`code`,`percent`,`order_status`),
  KEY `TAX_ORDER_AGGREGATED_UPDATED_STORE_ID` (`store_id`),
  CONSTRAINT `TAX_ORDER_AGGREGATED_UPDATED_STORE_ID_STORE_STORE_ID` FOREIGN KEY (`store_id`) REFERENCES `store` (`store_id`) ON DELETE CASCADE
) ENGINE=InnoDB DEFAULT CHARSET=utf8 COMMENT='Tax Order Aggregated Updated';

--
-- Dumping data for table `tax_order_aggregated_updated`
--


--
-- Table structure for table `theme`
--

CREATE TABLE `theme` (
  `theme_id` int(10) unsigned NOT NULL AUTO_INCREMENT COMMENT 'Theme identifier',
  `parent_id` int(11) DEFAULT NULL COMMENT 'Parent ID',
  `theme_path` varchar(255) DEFAULT NULL COMMENT 'Theme Path',
  `theme_title` varchar(255) NOT NULL COMMENT 'Theme Title',
  `preview_image` varchar(255) DEFAULT NULL COMMENT 'Preview Image',
  `is_featured` tinyint(1) NOT NULL DEFAULT '0' COMMENT 'Is Theme Featured',
  `area` varchar(255) NOT NULL COMMENT 'Theme Area',
  `type` smallint(6) NOT NULL COMMENT 'Theme type: 0:physical, 1:virtual, 2:staging',
  `code` text COMMENT 'Full theme code, including package',
  PRIMARY KEY (`theme_id`)
) ENGINE=InnoDB AUTO_INCREMENT=5 DEFAULT CHARSET=utf8 COMMENT='Core theme';

--
-- Dumping data for table `theme`
--

INSERT INTO `theme` VALUES (1,NULL,'Magento/blank','Magento Blank','preview_image_620d2ed62b328.jpeg',0,'frontend',0,'Magento/blank'),(2,NULL,'Magento/backend','Magento 2 backend',NULL,0,'adminhtml',0,'Magento/backend'),(3,1,'Magento/luma','Magento Luma','preview_image_620d2ed63c9af.jpeg',0,'frontend',0,'Magento/luma'),(4,1,'Petka/Default','Petka Theme','preview_image_620d351044fb3.jpeg',0,'frontend',0,'Petka/Default');

--
-- Table structure for table `theme_file`
--

CREATE TABLE `theme_file` (
  `theme_files_id` int(10) unsigned NOT NULL AUTO_INCREMENT COMMENT 'Theme files identifier',
  `theme_id` int(10) unsigned NOT NULL COMMENT 'Theme ID',
  `file_path` varchar(255) DEFAULT NULL COMMENT 'Relative path to file',
  `file_type` varchar(32) NOT NULL COMMENT 'File Type',
  `content` longtext NOT NULL COMMENT 'File Content',
  `sort_order` smallint(6) NOT NULL DEFAULT '0' COMMENT 'Sort Order',
  `is_temporary` tinyint(1) NOT NULL DEFAULT '0' COMMENT 'Is Temporary File',
  PRIMARY KEY (`theme_files_id`),
  KEY `THEME_FILE_THEME_ID_THEME_THEME_ID` (`theme_id`),
  CONSTRAINT `THEME_FILE_THEME_ID_THEME_THEME_ID` FOREIGN KEY (`theme_id`) REFERENCES `theme` (`theme_id`) ON DELETE CASCADE
) ENGINE=InnoDB DEFAULT CHARSET=utf8 COMMENT='Core theme files';

--
-- Dumping data for table `theme_file`
--


--
-- Table structure for table `translation`
--

CREATE TABLE `translation` (
  `key_id` int(10) unsigned NOT NULL AUTO_INCREMENT COMMENT 'Key ID of Translation',
  `string` varchar(255) NOT NULL DEFAULT 'Translate String' COMMENT 'Translation String',
  `store_id` smallint(5) unsigned NOT NULL DEFAULT '0' COMMENT 'Store ID',
  `translate` varchar(255) DEFAULT NULL COMMENT 'Translate',
  `locale` varchar(20) NOT NULL DEFAULT 'en_US' COMMENT 'Locale',
  `crc_string` bigint(20) NOT NULL DEFAULT '1591228201' COMMENT 'Translation String CRC32 Hash',
  PRIMARY KEY (`key_id`),
  UNIQUE KEY `TRANSLATION_STORE_ID_LOCALE_CRC_STRING_STRING` (`store_id`,`locale`,`crc_string`,`string`),
  CONSTRAINT `TRANSLATION_STORE_ID_STORE_STORE_ID` FOREIGN KEY (`store_id`) REFERENCES `store` (`store_id`) ON DELETE CASCADE
) ENGINE=InnoDB AUTO_INCREMENT=3 DEFAULT CHARSET=utf8 COMMENT='Translations';

--
-- Dumping data for table `translation`
--

INSERT INTO `translation` VALUES (1,'Recent Posts',1,'Zadnje objave','sl_SI',4083573370),(2,'Search...',1,'Iskanje....','sl_SI',2616496417);

--
-- Table structure for table `ui_bookmark`
--

CREATE TABLE `ui_bookmark` (
  `bookmark_id` int(10) unsigned NOT NULL AUTO_INCREMENT COMMENT 'Bookmark identifier',
  `user_id` int(10) unsigned NOT NULL COMMENT 'User ID',
  `namespace` varchar(255) NOT NULL COMMENT 'Bookmark namespace',
  `identifier` varchar(255) NOT NULL COMMENT 'Bookmark Identifier',
  `current` smallint(6) NOT NULL COMMENT 'Mark current bookmark per user and identifier',
  `title` varchar(255) DEFAULT NULL COMMENT 'Bookmark title',
  `config` longtext COMMENT 'Bookmark config',
  `created_at` datetime NOT NULL DEFAULT CURRENT_TIMESTAMP COMMENT 'Bookmark created at',
  `updated_at` datetime NOT NULL DEFAULT CURRENT_TIMESTAMP ON UPDATE CURRENT_TIMESTAMP COMMENT 'Bookmark updated at',
  PRIMARY KEY (`bookmark_id`),
  KEY `UI_BOOKMARK_USER_ID_NAMESPACE_IDENTIFIER` (`user_id`,`namespace`,`identifier`),
  CONSTRAINT `UI_BOOKMARK_USER_ID_ADMIN_USER_USER_ID` FOREIGN KEY (`user_id`) REFERENCES `admin_user` (`user_id`) ON DELETE CASCADE
) ENGINE=InnoDB AUTO_INCREMENT=35 DEFAULT CHARSET=utf8 COMMENT='Bookmark';

--
-- Dumping data for table `ui_bookmark`
--

INSERT INTO `ui_bookmark` VALUES (1,1,'product_listing','current',0,NULL,'{\"current\":{\"search\":{\"value\":\"\"},\"paging\":{\"pageSize\":20,\"current\":1,\"options\":{\"20\":{\"value\":20,\"label\":20},\"30\":{\"value\":30,\"label\":30},\"50\":{\"value\":50,\"label\":50},\"100\":{\"value\":100,\"label\":100},\"200\":{\"value\":200,\"label\":200}},\"value\":20},\"displayMode\":\"grid\",\"columns\":{\"entity_id\":{\"visible\":true,\"sorting\":\"asc\"},\"name\":{\"visible\":true,\"sorting\":false},\"sku\":{\"visible\":true,\"sorting\":false},\"price\":{\"visible\":true,\"sorting\":false},\"websites\":{\"visible\":true,\"sorting\":false},\"qty\":{\"visible\":true,\"sorting\":false},\"short_description\":{\"visible\":false,\"sorting\":false},\"special_price\":{\"visible\":false,\"sorting\":false},\"cost\":{\"visible\":false,\"sorting\":false},\"weight\":{\"visible\":false,\"sorting\":false},\"meta_title\":{\"visible\":false,\"sorting\":false},\"meta_keyword\":{\"visible\":false,\"sorting\":false},\"meta_description\":{\"visible\":false,\"sorting\":false},\"msrp\":{\"visible\":false,\"sorting\":false},\"url_key\":{\"visible\":false,\"sorting\":false},\"actions\":{\"visible\":true,\"sorting\":false},\"type_id\":{\"visible\":true,\"sorting\":false},\"attribute_set_id\":{\"visible\":true,\"sorting\":false},\"visibility\":{\"visible\":true,\"sorting\":false},\"status\":{\"visible\":true,\"sorting\":false},\"manufacturer\":{\"visible\":false,\"sorting\":false},\"color\":{\"visible\":false,\"sorting\":false},\"custom_design\":{\"visible\":false,\"sorting\":false},\"page_layout\":{\"visible\":false,\"sorting\":false},\"country_of_manufacture\":{\"visible\":false,\"sorting\":false},\"custom_layout\":{\"visible\":false,\"sorting\":false},\"gift_message_available\":{\"visible\":false,\"sorting\":false},\"tax_class_id\":{\"visible\":false,\"sorting\":false},\"ids\":{\"visible\":true,\"sorting\":false},\"salable_quantity\":{\"visible\":true,\"sorting\":false},\"thumbnail\":{\"visible\":true,\"sorting\":false},\"special_from_date\":{\"visible\":false,\"sorting\":false},\"special_to_date\":{\"visible\":false,\"sorting\":false},\"news_from_date\":{\"visible\":false,\"sorting\":false},\"news_to_date\":{\"visible\":false,\"sorting\":false},\"custom_design_from\":{\"visible\":false,\"sorting\":false},\"custom_design_to\":{\"visible\":false,\"sorting\":false}},\"filters\":{\"applied\":{\"placeholder\":true}},\"positions\":{\"ids\":0,\"entity_id\":1,\"thumbnail\":2,\"name\":3,\"type_id\":4,\"attribute_set_id\":5,\"sku\":6,\"price\":7,\"qty\":8,\"salable_quantity\":9,\"visibility\":10,\"status\":11,\"websites\":12,\"short_description\":13,\"special_price\":14,\"special_from_date\":15,\"special_to_date\":16,\"cost\":17,\"weight\":18,\"manufacturer\":19,\"meta_title\":20,\"meta_keyword\":21,\"meta_description\":22,\"color\":23,\"news_from_date\":24,\"news_to_date\":25,\"custom_design\":26,\"custom_design_from\":27,\"custom_design_to\":28,\"page_layout\":29,\"country_of_manufacture\":30,\"custom_layout\":31,\"msrp\":32,\"url_key\":33,\"gift_message_available\":34,\"tax_class_id\":35,\"actions\":36}}}','2022-02-16 17:44:24','2022-02-16 17:44:26'),(2,1,'product_listing','default',1,'Default View','{\"views\":{\"default\":{\"label\":\"Default View\",\"index\":\"default\",\"editable\":false,\"data\":{\"search\":{\"value\":\"\"},\"paging\":{\"pageSize\":20,\"current\":1,\"options\":{\"20\":{\"value\":20,\"label\":20},\"30\":{\"value\":30,\"label\":30},\"50\":{\"value\":50,\"label\":50},\"100\":{\"value\":100,\"label\":100},\"200\":{\"value\":200,\"label\":200}},\"value\":20},\"displayMode\":\"grid\",\"columns\":{\"entity_id\":{\"visible\":true,\"sorting\":\"asc\"},\"name\":{\"visible\":true,\"sorting\":false},\"sku\":{\"visible\":true,\"sorting\":false},\"price\":{\"visible\":true,\"sorting\":false},\"websites\":{\"visible\":true,\"sorting\":false},\"qty\":{\"visible\":true,\"sorting\":false},\"short_description\":{\"visible\":false,\"sorting\":false},\"special_price\":{\"visible\":false,\"sorting\":false},\"cost\":{\"visible\":false,\"sorting\":false},\"weight\":{\"visible\":false,\"sorting\":false},\"meta_title\":{\"visible\":false,\"sorting\":false},\"meta_keyword\":{\"visible\":false,\"sorting\":false},\"meta_description\":{\"visible\":false,\"sorting\":false},\"msrp\":{\"visible\":false,\"sorting\":false},\"url_key\":{\"visible\":false,\"sorting\":false},\"actions\":{\"visible\":true,\"sorting\":false},\"type_id\":{\"visible\":true,\"sorting\":false},\"attribute_set_id\":{\"visible\":true,\"sorting\":false},\"visibility\":{\"visible\":true,\"sorting\":false},\"status\":{\"visible\":true,\"sorting\":false},\"manufacturer\":{\"visible\":false,\"sorting\":false},\"color\":{\"visible\":false,\"sorting\":false},\"custom_design\":{\"visible\":false,\"sorting\":false},\"page_layout\":{\"visible\":false,\"sorting\":false},\"country_of_manufacture\":{\"visible\":false,\"sorting\":false},\"custom_layout\":{\"visible\":false,\"sorting\":false},\"gift_message_available\":{\"visible\":false,\"sorting\":false},\"tax_class_id\":{\"visible\":false,\"sorting\":false},\"ids\":{\"visible\":true,\"sorting\":false},\"salable_quantity\":{\"visible\":true,\"sorting\":false},\"thumbnail\":{\"visible\":true,\"sorting\":false},\"special_from_date\":{\"visible\":false,\"sorting\":false},\"special_to_date\":{\"visible\":false,\"sorting\":false},\"news_from_date\":{\"visible\":false,\"sorting\":false},\"news_to_date\":{\"visible\":false,\"sorting\":false},\"custom_design_from\":{\"visible\":false,\"sorting\":false},\"custom_design_to\":{\"visible\":false,\"sorting\":false}},\"filters\":{\"applied\":{\"placeholder\":true}},\"positions\":{\"ids\":0,\"entity_id\":1,\"thumbnail\":2,\"name\":3,\"type_id\":4,\"attribute_set_id\":5,\"sku\":6,\"price\":7,\"qty\":8,\"salable_quantity\":9,\"visibility\":10,\"status\":11,\"websites\":12,\"short_description\":13,\"special_price\":14,\"special_from_date\":15,\"special_to_date\":16,\"cost\":17,\"weight\":18,\"manufacturer\":19,\"meta_title\":20,\"meta_keyword\":21,\"meta_description\":22,\"color\":23,\"news_from_date\":24,\"news_to_date\":25,\"custom_design\":26,\"custom_design_from\":27,\"custom_design_to\":28,\"page_layout\":29,\"country_of_manufacture\":30,\"custom_layout\":31,\"msrp\":32,\"url_key\":33,\"gift_message_available\":34,\"tax_class_id\":35,\"actions\":36}},\"value\":\"Default View\"}}}','2022-02-16 17:44:45','2022-02-16 17:44:45'),(3,1,'design_config_listing','default',1,'Default View','{\"views\":{\"default\":{\"label\":\"Default View\",\"index\":\"default\",\"editable\":false,\"data\":{\"filters\":{\"applied\":{\"placeholder\":true}},\"paging\":{\"pageSize\":20,\"current\":1,\"options\":{\"20\":{\"value\":20,\"label\":20},\"30\":{\"value\":30,\"label\":30},\"50\":{\"value\":50,\"label\":50},\"100\":{\"value\":100,\"label\":100},\"200\":{\"value\":200,\"label\":200}},\"value\":20},\"columns\":{\"default\":{\"visible\":true,\"sorting\":false},\"actions\":{\"visible\":true,\"sorting\":false},\"store_website_id\":{\"visible\":true,\"sorting\":false},\"store_group_id\":{\"visible\":true,\"sorting\":false},\"store_id\":{\"visible\":true,\"sorting\":false},\"theme_theme_id\":{\"visible\":true,\"sorting\":false}},\"displayMode\":\"grid\",\"positions\":{\"default\":0,\"store_website_id\":1,\"store_group_id\":2,\"store_id\":3,\"theme_theme_id\":4,\"actions\":5}},\"value\":\"Default View\"}}}','2022-02-16 17:46:05','2022-02-16 17:46:05'),(4,1,'design_config_listing','current',0,NULL,'{\"current\":{\"filters\":{\"applied\":{\"placeholder\":true}},\"paging\":{\"pageSize\":20,\"current\":1,\"options\":{\"20\":{\"value\":20,\"label\":20},\"30\":{\"value\":30,\"label\":30},\"50\":{\"value\":50,\"label\":50},\"100\":{\"value\":100,\"label\":100},\"200\":{\"value\":200,\"label\":200}},\"value\":20},\"columns\":{\"default\":{\"visible\":true,\"sorting\":false},\"actions\":{\"visible\":true,\"sorting\":false},\"store_website_id\":{\"visible\":true,\"sorting\":false},\"store_group_id\":{\"visible\":true,\"sorting\":false},\"store_id\":{\"visible\":true,\"sorting\":false},\"theme_theme_id\":{\"visible\":true,\"sorting\":false}},\"displayMode\":\"grid\",\"positions\":{\"default\":0,\"store_website_id\":1,\"store_group_id\":2,\"store_id\":3,\"theme_theme_id\":4,\"actions\":5}}}','2022-02-16 17:46:07','2022-02-16 17:46:07'),(5,1,'blog_post_listing','default',1,'Default View','{\"views\":{\"default\":{\"label\":\"Default View\",\"index\":\"default\",\"editable\":false,\"data\":{\"search\":{\"value\":\"\"},\"filters\":{\"applied\":{\"placeholder\":true}},\"paging\":{\"pageSize\":20,\"current\":1,\"options\":{\"20\":{\"value\":20,\"label\":20},\"30\":{\"value\":30,\"label\":30},\"50\":{\"value\":50,\"label\":50},\"100\":{\"value\":100,\"label\":100},\"200\":{\"value\":200,\"label\":200}},\"value\":20},\"columns\":{\"entity_id\":{\"visible\":true,\"sorting\":false},\"name\":{\"visible\":true,\"sorting\":false},\"url_key\":{\"visible\":false,\"sorting\":false},\"meta_title\":{\"visible\":false,\"sorting\":false},\"meta_keywords\":{\"visible\":false,\"sorting\":false},\"meta_description\":{\"visible\":false,\"sorting\":false},\"actions\":{\"visible\":true,\"sorting\":false},\"ids\":{\"visible\":true,\"sorting\":false},\"status\":{\"visible\":true,\"sorting\":false},\"author_id\":{\"visible\":true,\"sorting\":false},\"category_ids\":{\"visible\":false,\"sorting\":false},\"created_at\":{\"visible\":true,\"sorting\":\"asc\"}},\"displayMode\":\"grid\",\"positions\":{\"ids\":0,\"entity_id\":1,\"name\":2,\"url_key\":3,\"status\":4,\"author_id\":5,\"category_ids\":6,\"created_at\":7,\"meta_title\":8,\"meta_keywords\":9,\"meta_description\":10,\"actions\":11}},\"value\":\"Default View\"}}}','2022-02-16 18:12:06','2022-02-16 18:12:06'),(6,1,'blog_post_listing','current',0,NULL,'{\"current\":{\"search\":{\"value\":\"\"},\"filters\":{\"applied\":{\"placeholder\":true}},\"paging\":{\"pageSize\":20,\"current\":1,\"options\":{\"20\":{\"value\":20,\"label\":20},\"30\":{\"value\":30,\"label\":30},\"50\":{\"value\":50,\"label\":50},\"100\":{\"value\":100,\"label\":100},\"200\":{\"value\":200,\"label\":200}},\"value\":20},\"columns\":{\"entity_id\":{\"visible\":true,\"sorting\":false},\"name\":{\"visible\":true,\"sorting\":false},\"url_key\":{\"visible\":false,\"sorting\":false},\"meta_title\":{\"visible\":false,\"sorting\":false},\"meta_keywords\":{\"visible\":false,\"sorting\":false},\"meta_description\":{\"visible\":false,\"sorting\":false},\"actions\":{\"visible\":true,\"sorting\":false},\"ids\":{\"visible\":true,\"sorting\":false},\"status\":{\"visible\":true,\"sorting\":false},\"author_id\":{\"visible\":true,\"sorting\":false},\"category_ids\":{\"visible\":false,\"sorting\":false},\"created_at\":{\"visible\":true,\"sorting\":\"asc\"}},\"displayMode\":\"grid\",\"positions\":{\"ids\":0,\"entity_id\":1,\"name\":2,\"url_key\":3,\"status\":4,\"author_id\":5,\"category_ids\":6,\"created_at\":7,\"meta_title\":8,\"meta_keywords\":9,\"meta_description\":10,\"actions\":11}}}','2022-02-16 18:12:08','2022-02-16 18:12:08'),(7,1,'cms_block_listing','default',1,'Default View','{\"views\":{\"default\":{\"label\":\"Default View\",\"index\":\"default\",\"editable\":false,\"data\":{\"filters\":{\"applied\":{\"placeholder\":true}},\"search\":{\"value\":\"\"},\"paging\":{\"pageSize\":20,\"current\":1,\"options\":{\"20\":{\"value\":20,\"label\":20},\"30\":{\"value\":30,\"label\":30},\"50\":{\"value\":50,\"label\":50},\"100\":{\"value\":100,\"label\":100},\"200\":{\"value\":200,\"label\":200}},\"value\":20},\"columns\":{\"block_id\":{\"visible\":true,\"sorting\":\"asc\"},\"title\":{\"visible\":true,\"sorting\":false},\"identifier\":{\"visible\":true,\"sorting\":false},\"store_id\":{\"visible\":true,\"sorting\":false},\"actions\":{\"visible\":true,\"sorting\":false},\"ids\":{\"visible\":true,\"sorting\":false},\"is_active\":{\"visible\":true,\"sorting\":false},\"creation_time\":{\"visible\":true,\"sorting\":false},\"update_time\":{\"visible\":true,\"sorting\":false}},\"displayMode\":\"grid\",\"positions\":{\"ids\":0,\"block_id\":1,\"title\":2,\"identifier\":3,\"store_id\":4,\"is_active\":5,\"creation_time\":6,\"update_time\":7,\"actions\":8}},\"value\":\"Default View\"}}}','2022-02-16 18:36:16','2022-02-16 18:36:16'),(8,1,'cms_block_listing','current',0,NULL,'{\"current\":{\"filters\":{\"applied\":{\"placeholder\":true}},\"search\":{\"value\":\"\"},\"paging\":{\"pageSize\":20,\"current\":1,\"options\":{\"20\":{\"value\":20,\"label\":20},\"30\":{\"value\":30,\"label\":30},\"50\":{\"value\":50,\"label\":50},\"100\":{\"value\":100,\"label\":100},\"200\":{\"value\":200,\"label\":200}},\"value\":20},\"columns\":{\"block_id\":{\"visible\":true,\"sorting\":\"asc\"},\"title\":{\"visible\":true,\"sorting\":false},\"identifier\":{\"visible\":true,\"sorting\":false},\"store_id\":{\"visible\":true,\"sorting\":false},\"actions\":{\"visible\":true,\"sorting\":false},\"ids\":{\"visible\":true,\"sorting\":false},\"is_active\":{\"visible\":true,\"sorting\":false},\"creation_time\":{\"visible\":true,\"sorting\":false},\"update_time\":{\"visible\":true,\"sorting\":false}},\"displayMode\":\"grid\",\"positions\":{\"ids\":0,\"block_id\":1,\"title\":2,\"identifier\":3,\"store_id\":4,\"is_active\":5,\"creation_time\":6,\"update_time\":7,\"actions\":8}}}','2022-02-16 18:36:17','2022-02-16 18:36:17'),(9,1,'adobe_stock_images_listing','default',1,'Default View','{\"views\":{\"default\":{\"label\":\"Default View\",\"index\":\"default\",\"editable\":false,\"data\":{\"columns\":{\"relevance\":{\"visible\":false,\"sorting\":false},\"creation\":{\"visible\":false,\"sorting\":false},\"popularity\":{\"visible\":false,\"sorting\":false},\"nb_downloads\":{\"visible\":false,\"sorting\":false},\"undiscovered\":{\"visible\":false,\"sorting\":false}},\"filters\":{\"applied\":{\"placeholder\":true}},\"search\":{\"value\":\"\"},\"paging\":{\"pageSize\":20,\"current\":1}},\"value\":\"Default View\"}}}','2022-02-16 18:43:07','2022-02-16 18:43:07'),(10,1,'adobe_stock_images_listing','current',0,NULL,'{\"current\":{\"columns\":{\"relevance\":{\"visible\":false,\"sorting\":false},\"creation\":{\"visible\":false,\"sorting\":false},\"popularity\":{\"visible\":false,\"sorting\":false},\"nb_downloads\":{\"visible\":false,\"sorting\":false},\"undiscovered\":{\"visible\":false,\"sorting\":false},\"thumbnail_url\":{\"visible\":true,\"sorting\":false},\"overlay\":{\"visible\":true,\"sorting\":false},\"preview\":{\"visible\":true,\"sorting\":false,\"lastOpenedImage\":false}},\"filters\":{\"applied\":{\"placeholder\":true}},\"search\":{\"value\":\"\"},\"paging\":{\"pageSize\":32,\"current\":1,\"value\":32},\"displayMode\":\"grid\",\"positions\":{\"overlay\":0,\"thumbnail_url\":1,\"preview\":2,\"relevance\":3,\"creation\":4,\"popularity\":5,\"nb_downloads\":6,\"undiscovered\":7}}}','2022-02-16 18:43:07','2022-02-16 18:43:27'),(11,1,'cms_page_listing','default',1,'Default View','{\"views\":{\"default\":{\"label\":\"Default View\",\"index\":\"default\",\"editable\":false,\"data\":{\"columns\":{\"ids\":{\"visible\":true,\"sorting\":false},\"page_layout\":{\"visible\":true,\"sorting\":false},\"is_active\":{\"visible\":true,\"sorting\":false},\"custom_theme\":{\"visible\":false,\"sorting\":false},\"custom_root_template\":{\"visible\":false,\"sorting\":false},\"creation_time\":{\"visible\":true,\"sorting\":false},\"update_time\":{\"visible\":true,\"sorting\":false},\"custom_theme_from\":{\"visible\":false,\"sorting\":false},\"custom_theme_to\":{\"visible\":false,\"sorting\":false},\"page_id\":{\"visible\":true,\"sorting\":\"asc\"},\"title\":{\"visible\":true,\"sorting\":false},\"identifier\":{\"visible\":true,\"sorting\":false},\"store_id\":{\"visible\":true,\"sorting\":false},\"meta_title\":{\"visible\":false,\"sorting\":false},\"meta_keywords\":{\"visible\":false,\"sorting\":false},\"meta_description\":{\"visible\":false,\"sorting\":false},\"actions\":{\"visible\":true,\"sorting\":false}},\"displayMode\":\"grid\",\"positions\":{\"ids\":0,\"page_id\":1,\"title\":2,\"identifier\":3,\"page_layout\":4,\"store_id\":5,\"is_active\":6,\"creation_time\":7,\"update_time\":8,\"custom_theme_from\":9,\"custom_theme_to\":10,\"custom_theme\":11,\"custom_root_template\":12,\"meta_title\":13,\"meta_keywords\":14,\"meta_description\":15,\"actions\":16},\"search\":{\"value\":\"\"},\"filters\":{\"applied\":{\"placeholder\":true}},\"paging\":{\"pageSize\":20,\"current\":1,\"options\":{\"20\":{\"value\":20,\"label\":20},\"30\":{\"value\":30,\"label\":30},\"50\":{\"value\":50,\"label\":50},\"100\":{\"value\":100,\"label\":100},\"200\":{\"value\":200,\"label\":200}},\"value\":20}},\"value\":\"Default View\"}}}','2022-02-17 17:34:28','2022-02-17 17:34:28'),(12,1,'cms_page_listing','current',0,NULL,'{\"current\":{\"columns\":{\"ids\":{\"visible\":true,\"sorting\":false},\"page_layout\":{\"visible\":true,\"sorting\":false},\"is_active\":{\"visible\":true,\"sorting\":false},\"custom_theme\":{\"visible\":false,\"sorting\":false},\"custom_root_template\":{\"visible\":false,\"sorting\":false},\"creation_time\":{\"visible\":true,\"sorting\":false},\"update_time\":{\"visible\":true,\"sorting\":false},\"custom_theme_from\":{\"visible\":false,\"sorting\":false},\"custom_theme_to\":{\"visible\":false,\"sorting\":false},\"page_id\":{\"visible\":true,\"sorting\":\"asc\"},\"title\":{\"visible\":true,\"sorting\":false},\"identifier\":{\"visible\":true,\"sorting\":false},\"store_id\":{\"visible\":true,\"sorting\":false},\"meta_title\":{\"visible\":false,\"sorting\":false},\"meta_keywords\":{\"visible\":false,\"sorting\":false},\"meta_description\":{\"visible\":false,\"sorting\":false},\"actions\":{\"visible\":true,\"sorting\":false}},\"displayMode\":\"grid\",\"positions\":{\"ids\":0,\"page_id\":1,\"title\":2,\"identifier\":3,\"page_layout\":4,\"store_id\":5,\"is_active\":6,\"creation_time\":7,\"update_time\":8,\"custom_theme_from\":9,\"custom_theme_to\":10,\"custom_theme\":11,\"custom_root_template\":12,\"meta_title\":13,\"meta_keywords\":14,\"meta_description\":15,\"actions\":16},\"search\":{\"value\":\"\"},\"filters\":{\"applied\":{\"placeholder\":true}},\"paging\":{\"pageSize\":20,\"current\":1,\"options\":{\"20\":{\"value\":20,\"label\":20},\"30\":{\"value\":30,\"label\":30},\"50\":{\"value\":50,\"label\":50},\"100\":{\"value\":100,\"label\":100},\"200\":{\"value\":200,\"label\":200}},\"value\":20}}}','2022-02-17 17:34:30','2022-02-17 17:34:30'),(13,2,'cms_block_listing','default',1,'Default View','{\"views\":{\"default\":{\"label\":\"Default View\",\"index\":\"default\",\"editable\":false,\"data\":{\"search\":{\"value\":\"\"},\"filters\":{\"applied\":{\"placeholder\":true}},\"paging\":{\"pageSize\":20,\"current\":1,\"options\":{\"20\":{\"value\":20,\"label\":20},\"30\":{\"value\":30,\"label\":30},\"50\":{\"value\":50,\"label\":50},\"100\":{\"value\":100,\"label\":100},\"200\":{\"value\":200,\"label\":200}},\"value\":20},\"columns\":{\"block_id\":{\"visible\":true,\"sorting\":\"asc\"},\"title\":{\"visible\":true,\"sorting\":false},\"identifier\":{\"visible\":true,\"sorting\":false},\"store_id\":{\"visible\":true,\"sorting\":false},\"actions\":{\"visible\":true,\"sorting\":false},\"ids\":{\"visible\":true,\"sorting\":false},\"is_active\":{\"visible\":true,\"sorting\":false},\"creation_time\":{\"visible\":true,\"sorting\":false},\"update_time\":{\"visible\":true,\"sorting\":false}},\"displayMode\":\"grid\",\"positions\":{\"ids\":0,\"block_id\":1,\"title\":2,\"identifier\":3,\"store_id\":4,\"is_active\":5,\"creation_time\":6,\"update_time\":7,\"actions\":8}},\"value\":\"Default View\"}}}','2022-02-18 09:46:07','2022-02-18 09:46:07'),(14,2,'cms_block_listing','current',0,NULL,'{\"current\":{\"search\":{\"value\":\"\"},\"filters\":{\"applied\":{\"placeholder\":true}},\"paging\":{\"pageSize\":20,\"current\":1,\"options\":{\"20\":{\"value\":20,\"label\":20},\"30\":{\"value\":30,\"label\":30},\"50\":{\"value\":50,\"label\":50},\"100\":{\"value\":100,\"label\":100},\"200\":{\"value\":200,\"label\":200}},\"value\":20},\"columns\":{\"block_id\":{\"visible\":true,\"sorting\":\"asc\"},\"title\":{\"visible\":true,\"sorting\":false},\"identifier\":{\"visible\":true,\"sorting\":false},\"store_id\":{\"visible\":true,\"sorting\":false},\"actions\":{\"visible\":true,\"sorting\":false},\"ids\":{\"visible\":true,\"sorting\":false},\"is_active\":{\"visible\":true,\"sorting\":false},\"creation_time\":{\"visible\":true,\"sorting\":false},\"update_time\":{\"visible\":true,\"sorting\":false}},\"displayMode\":\"grid\",\"positions\":{\"ids\":0,\"block_id\":1,\"title\":2,\"identifier\":3,\"store_id\":4,\"is_active\":5,\"creation_time\":6,\"update_time\":7,\"actions\":8}}}','2022-02-18 09:46:08','2022-02-18 09:46:08'),(15,2,'adobe_stock_images_listing','default',1,'Default View','{\"views\":{\"default\":{\"label\":\"Default View\",\"index\":\"default\",\"editable\":false,\"data\":{\"search\":{\"value\":\"\"},\"paging\":{\"pageSize\":32,\"current\":1,\"value\":32},\"filters\":{\"applied\":{\"placeholder\":true}},\"columns\":{\"thumbnail_url\":{\"visible\":true,\"sorting\":false},\"preview\":{\"visible\":true,\"sorting\":false,\"lastOpenedImage\":false},\"relevance\":{\"visible\":false,\"sorting\":false},\"creation\":{\"visible\":false,\"sorting\":false},\"popularity\":{\"visible\":false,\"sorting\":false},\"nb_downloads\":{\"visible\":false,\"sorting\":false},\"undiscovered\":{\"visible\":false,\"sorting\":false},\"overlay\":{\"visible\":true,\"sorting\":false}},\"displayMode\":\"grid\",\"positions\":{\"overlay\":0,\"thumbnail_url\":1,\"preview\":2,\"relevance\":3,\"creation\":4,\"popularity\":5,\"nb_downloads\":6,\"undiscovered\":7}},\"value\":\"Default View\"}}}','2022-02-18 09:46:15','2022-02-18 09:46:15'),(16,2,'adobe_stock_images_listing','current',0,NULL,'{\"current\":{\"search\":{\"value\":\"\"},\"paging\":{\"pageSize\":32,\"current\":1,\"value\":32},\"filters\":{\"applied\":{\"placeholder\":true}},\"columns\":{\"thumbnail_url\":{\"visible\":true,\"sorting\":false},\"preview\":{\"visible\":true,\"sorting\":false,\"lastOpenedImage\":false},\"relevance\":{\"visible\":false,\"sorting\":false},\"creation\":{\"visible\":false,\"sorting\":false},\"popularity\":{\"visible\":false,\"sorting\":false},\"nb_downloads\":{\"visible\":false,\"sorting\":false},\"undiscovered\":{\"visible\":false,\"sorting\":false},\"overlay\":{\"visible\":true,\"sorting\":false}},\"displayMode\":\"grid\",\"positions\":{\"overlay\":0,\"thumbnail_url\":1,\"preview\":2,\"relevance\":3,\"creation\":4,\"popularity\":5,\"nb_downloads\":6,\"undiscovered\":7}}}','2022-02-18 09:46:17','2022-02-18 09:46:17'),(17,2,'flexslider_group_listing','default',1,'Default View','{\"views\":{\"default\":{\"label\":\"Default View\",\"index\":\"default\",\"editable\":false,\"data\":{\"search\":{\"value\":\"\"},\"filters\":{\"applied\":{\"placeholder\":true}},\"paging\":{\"pageSize\":20,\"current\":1,\"options\":{\"20\":{\"value\":20,\"label\":20},\"30\":{\"value\":30,\"label\":30},\"50\":{\"value\":50,\"label\":50},\"100\":{\"value\":100,\"label\":100},\"200\":{\"value\":200,\"label\":200}},\"value\":20},\"columns\":{\"group_id\":{\"visible\":true,\"sorting\":\"asc\"},\"title\":{\"visible\":true,\"sorting\":false},\"store_id\":{\"visible\":true,\"sorting\":false},\"actions\":{\"visible\":true,\"sorting\":false},\"ids\":{\"visible\":true,\"sorting\":false},\"group_type\":{\"visible\":true,\"sorting\":false},\"is_active\":{\"visible\":true,\"sorting\":false}},\"displayMode\":\"grid\",\"positions\":{\"ids\":0,\"group_id\":1,\"title\":2,\"store_id\":3,\"group_type\":4,\"is_active\":5,\"actions\":6}},\"value\":\"Default View\"}}}','2022-02-18 09:55:47','2022-02-18 09:55:47'),(18,2,'flexslider_group_listing','current',0,NULL,'{\"current\":{\"search\":{\"value\":\"\"},\"filters\":{\"applied\":{\"placeholder\":true}},\"paging\":{\"pageSize\":20,\"current\":1,\"options\":{\"20\":{\"value\":20,\"label\":20},\"30\":{\"value\":30,\"label\":30},\"50\":{\"value\":50,\"label\":50},\"100\":{\"value\":100,\"label\":100},\"200\":{\"value\":200,\"label\":200}},\"value\":20},\"columns\":{\"group_id\":{\"visible\":true,\"sorting\":\"asc\"},\"title\":{\"visible\":true,\"sorting\":false},\"store_id\":{\"visible\":true,\"sorting\":false},\"actions\":{\"visible\":true,\"sorting\":false},\"ids\":{\"visible\":true,\"sorting\":false},\"group_type\":{\"visible\":true,\"sorting\":false},\"is_active\":{\"visible\":true,\"sorting\":false}},\"displayMode\":\"grid\",\"positions\":{\"ids\":0,\"group_id\":1,\"title\":2,\"store_id\":3,\"group_type\":4,\"is_active\":5,\"actions\":6}}}','2022-02-18 09:55:48','2022-02-18 09:55:48'),(19,2,'flexslider_slide_listing','default',1,'Default View','{\"views\":{\"default\":{\"label\":\"Default View\",\"index\":\"default\",\"editable\":false,\"data\":{\"search\":{\"value\":\"\"},\"filters\":{\"applied\":{\"placeholder\":true}},\"paging\":{\"pageSize\":20,\"current\":1,\"options\":{\"20\":{\"value\":20,\"label\":20},\"30\":{\"value\":30,\"label\":30},\"50\":{\"value\":50,\"label\":50},\"100\":{\"value\":100,\"label\":100},\"200\":{\"value\":200,\"label\":200}},\"value\":20},\"columns\":{\"slide_id\":{\"visible\":true,\"sorting\":\"asc\"},\"title\":{\"visible\":true,\"sorting\":false},\"group_id\":{\"visible\":true,\"sorting\":false},\"actions\":{\"visible\":true,\"sorting\":false},\"ids\":{\"visible\":true,\"sorting\":false},\"is_active\":{\"visible\":true,\"sorting\":false}},\"displayMode\":\"grid\"},\"value\":\"Default View\"}}}','2022-02-18 10:01:41','2022-02-18 10:01:41'),(20,2,'flexslider_slide_listing','current',0,NULL,'{\"current\":{\"search\":{\"value\":\"\"},\"filters\":{\"applied\":{\"placeholder\":true}},\"paging\":{\"pageSize\":20,\"current\":1,\"options\":{\"20\":{\"value\":20,\"label\":20},\"30\":{\"value\":30,\"label\":30},\"50\":{\"value\":50,\"label\":50},\"100\":{\"value\":100,\"label\":100},\"200\":{\"value\":200,\"label\":200}},\"value\":20},\"columns\":{\"slide_id\":{\"visible\":true,\"sorting\":\"asc\"},\"title\":{\"visible\":true,\"sorting\":false},\"group_id\":{\"visible\":true,\"sorting\":false},\"actions\":{\"visible\":true,\"sorting\":false},\"ids\":{\"visible\":true,\"sorting\":false},\"is_active\":{\"visible\":true,\"sorting\":false},\"image\":{\"visible\":true,\"sorting\":false}},\"displayMode\":\"grid\",\"positions\":{\"ids\":0,\"slide_id\":1,\"title\":2,\"group_id\":3,\"image\":4,\"is_active\":5,\"actions\":6}}}','2022-02-18 10:01:42','2022-02-18 10:04:40'),(21,2,'cms_page_listing','default',1,'Default View','{\"views\":{\"default\":{\"label\":\"Default View\",\"index\":\"default\",\"editable\":false,\"data\":{\"filters\":{\"applied\":{\"placeholder\":true}},\"search\":{\"value\":\"\"},\"paging\":{\"pageSize\":20,\"current\":1,\"options\":{\"20\":{\"value\":20,\"label\":20},\"30\":{\"value\":30,\"label\":30},\"50\":{\"value\":50,\"label\":50},\"100\":{\"value\":100,\"label\":100},\"200\":{\"value\":200,\"label\":200}},\"value\":20},\"columns\":{\"page_id\":{\"visible\":true,\"sorting\":\"asc\"},\"title\":{\"visible\":true,\"sorting\":false},\"identifier\":{\"visible\":true,\"sorting\":false},\"store_id\":{\"visible\":true,\"sorting\":false},\"meta_title\":{\"visible\":false,\"sorting\":false},\"meta_keywords\":{\"visible\":false,\"sorting\":false},\"meta_description\":{\"visible\":false,\"sorting\":false},\"actions\":{\"visible\":true,\"sorting\":false},\"ids\":{\"visible\":true,\"sorting\":false},\"page_layout\":{\"visible\":true,\"sorting\":false},\"is_active\":{\"visible\":true,\"sorting\":false},\"custom_theme\":{\"visible\":false,\"sorting\":false},\"custom_root_template\":{\"visible\":false,\"sorting\":false},\"creation_time\":{\"visible\":true,\"sorting\":false},\"update_time\":{\"visible\":true,\"sorting\":false},\"custom_theme_from\":{\"visible\":false,\"sorting\":false},\"custom_theme_to\":{\"visible\":false,\"sorting\":false}},\"displayMode\":\"grid\",\"positions\":{\"ids\":0,\"page_id\":1,\"title\":2,\"identifier\":3,\"page_layout\":4,\"store_id\":5,\"is_active\":6,\"creation_time\":7,\"update_time\":8,\"custom_theme_from\":9,\"custom_theme_to\":10,\"custom_theme\":11,\"custom_root_template\":12,\"meta_title\":13,\"meta_keywords\":14,\"meta_description\":15,\"actions\":16}},\"value\":\"Default View\"}}}','2022-02-18 10:05:03','2022-02-18 10:05:03'),(22,2,'cms_page_listing','current',0,NULL,'{\"current\":{\"filters\":{\"applied\":{\"placeholder\":true}},\"search\":{\"value\":\"\"},\"paging\":{\"pageSize\":20,\"current\":1,\"options\":{\"20\":{\"value\":20,\"label\":20},\"30\":{\"value\":30,\"label\":30},\"50\":{\"value\":50,\"label\":50},\"100\":{\"value\":100,\"label\":100},\"200\":{\"value\":200,\"label\":200}},\"value\":20},\"columns\":{\"page_id\":{\"visible\":true,\"sorting\":\"asc\"},\"title\":{\"visible\":true,\"sorting\":false},\"identifier\":{\"visible\":true,\"sorting\":false},\"store_id\":{\"visible\":true,\"sorting\":false},\"meta_title\":{\"visible\":false,\"sorting\":false},\"meta_keywords\":{\"visible\":false,\"sorting\":false},\"meta_description\":{\"visible\":false,\"sorting\":false},\"actions\":{\"visible\":true,\"sorting\":false},\"ids\":{\"visible\":true,\"sorting\":false},\"page_layout\":{\"visible\":true,\"sorting\":false},\"is_active\":{\"visible\":true,\"sorting\":false},\"custom_theme\":{\"visible\":false,\"sorting\":false},\"custom_root_template\":{\"visible\":false,\"sorting\":false},\"creation_time\":{\"visible\":true,\"sorting\":false},\"update_time\":{\"visible\":true,\"sorting\":false},\"custom_theme_from\":{\"visible\":false,\"sorting\":false},\"custom_theme_to\":{\"visible\":false,\"sorting\":false}},\"displayMode\":\"grid\",\"positions\":{\"ids\":0,\"page_id\":1,\"title\":2,\"identifier\":3,\"page_layout\":4,\"store_id\":5,\"is_active\":6,\"creation_time\":7,\"update_time\":8,\"custom_theme_from\":9,\"custom_theme_to\":10,\"custom_theme\":11,\"custom_root_template\":12,\"meta_title\":13,\"meta_keywords\":14,\"meta_description\":15,\"actions\":16}}}','2022-02-18 10:05:05','2022-02-18 10:05:05'),(23,2,'blog_post_listing','default',1,'Default View','{\"views\":{\"default\":{\"label\":\"Default View\",\"index\":\"default\",\"editable\":false,\"data\":{\"search\":{\"value\":\"\"},\"filters\":{\"applied\":{\"placeholder\":true}},\"paging\":{\"pageSize\":20,\"current\":1,\"options\":{\"20\":{\"value\":20,\"label\":20},\"30\":{\"value\":30,\"label\":30},\"50\":{\"value\":50,\"label\":50},\"100\":{\"value\":100,\"label\":100},\"200\":{\"value\":200,\"label\":200}},\"value\":20},\"columns\":{\"entity_id\":{\"visible\":true,\"sorting\":false},\"name\":{\"visible\":true,\"sorting\":false},\"url_key\":{\"visible\":false,\"sorting\":false},\"meta_title\":{\"visible\":false,\"sorting\":false},\"meta_keywords\":{\"visible\":false,\"sorting\":false},\"meta_description\":{\"visible\":false,\"sorting\":false},\"actions\":{\"visible\":true,\"sorting\":false},\"ids\":{\"visible\":true,\"sorting\":false},\"status\":{\"visible\":true,\"sorting\":false},\"author_id\":{\"visible\":true,\"sorting\":false},\"category_ids\":{\"visible\":false,\"sorting\":false},\"created_at\":{\"visible\":true,\"sorting\":\"asc\"}},\"displayMode\":\"grid\",\"positions\":{\"ids\":0,\"entity_id\":1,\"name\":2,\"url_key\":3,\"status\":4,\"author_id\":5,\"category_ids\":6,\"created_at\":7,\"meta_title\":8,\"meta_keywords\":9,\"meta_description\":10,\"actions\":11}},\"value\":\"Default View\"}}}','2022-02-18 17:03:58','2022-02-18 17:03:58'),(24,2,'blog_post_listing','current',0,NULL,'{\"current\":{\"search\":{\"value\":\"\"},\"filters\":{\"applied\":{\"placeholder\":true}},\"paging\":{\"pageSize\":20,\"current\":1,\"options\":{\"20\":{\"value\":20,\"label\":20},\"30\":{\"value\":30,\"label\":30},\"50\":{\"value\":50,\"label\":50},\"100\":{\"value\":100,\"label\":100},\"200\":{\"value\":200,\"label\":200}},\"value\":20},\"columns\":{\"entity_id\":{\"visible\":true,\"sorting\":false},\"name\":{\"visible\":true,\"sorting\":false},\"url_key\":{\"visible\":false,\"sorting\":false},\"meta_title\":{\"visible\":false,\"sorting\":false},\"meta_keywords\":{\"visible\":false,\"sorting\":false},\"meta_description\":{\"visible\":false,\"sorting\":false},\"actions\":{\"visible\":true,\"sorting\":false},\"ids\":{\"visible\":true,\"sorting\":false},\"status\":{\"visible\":true,\"sorting\":false},\"author_id\":{\"visible\":true,\"sorting\":false},\"category_ids\":{\"visible\":false,\"sorting\":false},\"created_at\":{\"visible\":true,\"sorting\":\"asc\"}},\"displayMode\":\"grid\",\"positions\":{\"ids\":0,\"entity_id\":1,\"name\":2,\"url_key\":3,\"status\":4,\"author_id\":5,\"category_ids\":6,\"created_at\":7,\"meta_title\":8,\"meta_keywords\":9,\"meta_description\":10,\"actions\":11}}}','2022-02-18 17:03:59','2022-02-18 17:03:59'),(25,2,'testimonial_category_listing','default',1,'Default View','{\"views\":{\"default\":{\"label\":\"Default View\",\"index\":\"default\",\"editable\":false,\"data\":{\"filters\":{\"applied\":{\"placeholder\":true}},\"search\":{\"value\":\"\"},\"paging\":{\"pageSize\":20,\"current\":1,\"options\":{\"20\":{\"value\":20,\"label\":20},\"30\":{\"value\":30,\"label\":30},\"50\":{\"value\":50,\"label\":50},\"100\":{\"value\":100,\"label\":100},\"200\":{\"value\":200,\"label\":200}},\"value\":20},\"columns\":{\"category_id\":{\"visible\":true,\"sorting\":\"desc\"},\"name\":{\"visible\":true,\"sorting\":false},\"actions\":{\"visible\":true,\"sorting\":false},\"ids\":{\"visible\":true,\"sorting\":false},\"is_active\":{\"visible\":true,\"sorting\":false}},\"displayMode\":\"grid\",\"positions\":{\"ids\":0,\"category_id\":1,\"name\":2,\"is_active\":3,\"actions\":4}},\"value\":\"Default View\"}}}','2022-02-18 17:08:28','2022-02-18 17:08:28'),(26,2,'testimonial_category_listing','current',0,NULL,'{\"current\":{\"filters\":{\"applied\":{\"placeholder\":true}},\"search\":{\"value\":\"\"},\"paging\":{\"pageSize\":20,\"current\":1,\"options\":{\"20\":{\"value\":20,\"label\":20},\"30\":{\"value\":30,\"label\":30},\"50\":{\"value\":50,\"label\":50},\"100\":{\"value\":100,\"label\":100},\"200\":{\"value\":200,\"label\":200}},\"value\":20},\"columns\":{\"category_id\":{\"visible\":true,\"sorting\":\"desc\"},\"name\":{\"visible\":true,\"sorting\":false},\"actions\":{\"visible\":true,\"sorting\":false},\"ids\":{\"visible\":true,\"sorting\":false},\"is_active\":{\"visible\":true,\"sorting\":false}},\"displayMode\":\"grid\",\"positions\":{\"ids\":0,\"category_id\":1,\"name\":2,\"is_active\":3,\"actions\":4}}}','2022-02-18 17:08:29','2022-02-18 17:08:29'),(27,2,'testimonial_testimonial_listing','default',1,'Default View','{\"views\":{\"default\":{\"label\":\"Default View\",\"index\":\"default\",\"editable\":false,\"data\":{\"search\":{\"value\":\"\"},\"filters\":{\"applied\":{\"placeholder\":true}},\"paging\":{\"pageSize\":20,\"current\":1,\"options\":{\"20\":{\"value\":20,\"label\":20},\"30\":{\"value\":30,\"label\":30},\"50\":{\"value\":50,\"label\":50},\"100\":{\"value\":100,\"label\":100},\"200\":{\"value\":200,\"label\":200}},\"value\":20},\"columns\":{\"testimonial_id\":{\"visible\":true,\"sorting\":\"desc\"},\"nick_name\":{\"visible\":true,\"sorting\":false},\"email\":{\"visible\":true,\"sorting\":false},\"website\":{\"visible\":false,\"sorting\":false},\"company\":{\"visible\":false,\"sorting\":false},\"address\":{\"visible\":false,\"sorting\":false},\"title\":{\"visible\":false,\"sorting\":false},\"store_id\":{\"visible\":true,\"sorting\":false},\"actions\":{\"visible\":true,\"sorting\":false},\"ids\":{\"visible\":true,\"sorting\":false},\"is_active\":{\"visible\":true,\"sorting\":false},\"image\":{\"visible\":true,\"sorting\":false}},\"displayMode\":\"grid\",\"positions\":{\"ids\":0,\"testimonial_id\":1,\"image\":2,\"nick_name\":3,\"email\":4,\"website\":5,\"company\":6,\"address\":7,\"title\":8,\"is_active\":9,\"store_id\":10,\"actions\":11}},\"value\":\"Default View\"}}}','2022-02-18 17:10:47','2022-02-18 17:10:47'),(28,2,'testimonial_testimonial_listing','current',0,NULL,'{\"current\":{\"search\":{\"value\":\"\"},\"filters\":{\"applied\":{\"placeholder\":true}},\"paging\":{\"pageSize\":20,\"current\":1,\"options\":{\"20\":{\"value\":20,\"label\":20},\"30\":{\"value\":30,\"label\":30},\"50\":{\"value\":50,\"label\":50},\"100\":{\"value\":100,\"label\":100},\"200\":{\"value\":200,\"label\":200}},\"value\":20},\"columns\":{\"testimonial_id\":{\"visible\":true,\"sorting\":\"desc\"},\"nick_name\":{\"visible\":true,\"sorting\":false},\"email\":{\"visible\":true,\"sorting\":false},\"website\":{\"visible\":false,\"sorting\":false},\"company\":{\"visible\":false,\"sorting\":false},\"address\":{\"visible\":false,\"sorting\":false},\"title\":{\"visible\":false,\"sorting\":false},\"store_id\":{\"visible\":true,\"sorting\":false},\"actions\":{\"visible\":true,\"sorting\":false},\"ids\":{\"visible\":true,\"sorting\":false},\"is_active\":{\"visible\":true,\"sorting\":false},\"image\":{\"visible\":true,\"sorting\":false}},\"displayMode\":\"grid\",\"positions\":{\"ids\":0,\"testimonial_id\":1,\"image\":2,\"nick_name\":3,\"email\":4,\"website\":5,\"company\":6,\"address\":7,\"title\":8,\"is_active\":9,\"store_id\":10,\"actions\":11}}}','2022-02-18 17:10:49','2022-02-18 17:10:49'),(29,2,'product_listing','default',1,'Default View','{\"views\":{\"default\":{\"label\":\"Default View\",\"index\":\"default\",\"editable\":false,\"data\":{\"filters\":{\"applied\":{\"placeholder\":true}},\"paging\":{\"pageSize\":20,\"current\":1,\"options\":{\"20\":{\"value\":20,\"label\":20},\"30\":{\"value\":30,\"label\":30},\"50\":{\"value\":50,\"label\":50},\"100\":{\"value\":100,\"label\":100},\"200\":{\"value\":200,\"label\":200}},\"value\":20},\"search\":{\"value\":\"\"},\"columns\":{\"entity_id\":{\"visible\":true,\"sorting\":\"asc\"},\"name\":{\"visible\":true,\"sorting\":false},\"sku\":{\"visible\":true,\"sorting\":false},\"price\":{\"visible\":true,\"sorting\":false},\"websites\":{\"visible\":true,\"sorting\":false},\"qty\":{\"visible\":true,\"sorting\":false},\"short_description\":{\"visible\":false,\"sorting\":false},\"special_price\":{\"visible\":false,\"sorting\":false},\"cost\":{\"visible\":false,\"sorting\":false},\"weight\":{\"visible\":false,\"sorting\":false},\"meta_title\":{\"visible\":false,\"sorting\":false},\"meta_keyword\":{\"visible\":false,\"sorting\":false},\"meta_description\":{\"visible\":false,\"sorting\":false},\"msrp\":{\"visible\":false,\"sorting\":false},\"url_key\":{\"visible\":false,\"sorting\":false},\"actions\":{\"visible\":true,\"sorting\":false},\"ids\":{\"visible\":true,\"sorting\":false},\"type_id\":{\"visible\":true,\"sorting\":false},\"attribute_set_id\":{\"visible\":true,\"sorting\":false},\"visibility\":{\"visible\":true,\"sorting\":false},\"status\":{\"visible\":true,\"sorting\":false},\"manufacturer\":{\"visible\":false,\"sorting\":false},\"color\":{\"visible\":false,\"sorting\":false},\"custom_design\":{\"visible\":false,\"sorting\":false},\"page_layout\":{\"visible\":false,\"sorting\":false},\"country_of_manufacture\":{\"visible\":false,\"sorting\":false},\"custom_layout\":{\"visible\":false,\"sorting\":false},\"gift_message_available\":{\"visible\":false,\"sorting\":false},\"tax_class_id\":{\"visible\":false,\"sorting\":false},\"thumbnail\":{\"visible\":true,\"sorting\":false},\"special_from_date\":{\"visible\":false,\"sorting\":false},\"special_to_date\":{\"visible\":false,\"sorting\":false},\"news_from_date\":{\"visible\":false,\"sorting\":false},\"news_to_date\":{\"visible\":false,\"sorting\":false},\"custom_design_from\":{\"visible\":false,\"sorting\":false},\"custom_design_to\":{\"visible\":false,\"sorting\":false},\"salable_quantity\":{\"visible\":true,\"sorting\":false}},\"displayMode\":\"grid\",\"positions\":{\"ids\":0,\"entity_id\":1,\"thumbnail\":2,\"name\":3,\"type_id\":4,\"attribute_set_id\":5,\"sku\":6,\"price\":7,\"qty\":8,\"salable_quantity\":9,\"visibility\":10,\"status\":11,\"websites\":12,\"short_description\":13,\"special_price\":14,\"special_from_date\":15,\"special_to_date\":16,\"cost\":17,\"weight\":18,\"manufacturer\":19,\"meta_title\":20,\"meta_keyword\":21,\"meta_description\":22,\"color\":23,\"news_from_date\":24,\"news_to_date\":25,\"custom_design\":26,\"custom_design_from\":27,\"custom_design_to\":28,\"page_layout\":29,\"country_of_manufacture\":30,\"custom_layout\":31,\"msrp\":32,\"url_key\":33,\"gift_message_available\":34,\"tax_class_id\":35,\"actions\":36}},\"value\":\"Default View\"}}}','2022-02-19 09:26:33','2022-02-19 09:26:33'),(30,2,'product_listing','current',0,NULL,'{\"current\":{\"filters\":{\"applied\":{\"placeholder\":true}},\"paging\":{\"pageSize\":20,\"current\":1,\"options\":{\"20\":{\"value\":20,\"label\":20},\"30\":{\"value\":30,\"label\":30},\"50\":{\"value\":50,\"label\":50},\"100\":{\"value\":100,\"label\":100},\"200\":{\"value\":200,\"label\":200}},\"value\":20},\"search\":{\"value\":\"\"},\"columns\":{\"entity_id\":{\"visible\":true,\"sorting\":\"asc\"},\"name\":{\"visible\":true,\"sorting\":false},\"sku\":{\"visible\":true,\"sorting\":false},\"price\":{\"visible\":true,\"sorting\":false},\"websites\":{\"visible\":true,\"sorting\":false},\"qty\":{\"visible\":true,\"sorting\":false},\"short_description\":{\"visible\":false,\"sorting\":false},\"special_price\":{\"visible\":false,\"sorting\":false},\"cost\":{\"visible\":false,\"sorting\":false},\"weight\":{\"visible\":false,\"sorting\":false},\"meta_title\":{\"visible\":false,\"sorting\":false},\"meta_keyword\":{\"visible\":false,\"sorting\":false},\"meta_description\":{\"visible\":false,\"sorting\":false},\"msrp\":{\"visible\":false,\"sorting\":false},\"url_key\":{\"visible\":false,\"sorting\":false},\"actions\":{\"visible\":true,\"sorting\":false},\"ids\":{\"visible\":true,\"sorting\":false},\"type_id\":{\"visible\":true,\"sorting\":false},\"attribute_set_id\":{\"visible\":true,\"sorting\":false},\"visibility\":{\"visible\":true,\"sorting\":false},\"status\":{\"visible\":true,\"sorting\":false},\"manufacturer\":{\"visible\":false,\"sorting\":false},\"color\":{\"visible\":false,\"sorting\":false},\"custom_design\":{\"visible\":false,\"sorting\":false},\"page_layout\":{\"visible\":false,\"sorting\":false},\"country_of_manufacture\":{\"visible\":false,\"sorting\":false},\"custom_layout\":{\"visible\":false,\"sorting\":false},\"gift_message_available\":{\"visible\":false,\"sorting\":false},\"tax_class_id\":{\"visible\":false,\"sorting\":false},\"thumbnail\":{\"visible\":true,\"sorting\":false},\"special_from_date\":{\"visible\":false,\"sorting\":false},\"special_to_date\":{\"visible\":false,\"sorting\":false},\"news_from_date\":{\"visible\":false,\"sorting\":false},\"news_to_date\":{\"visible\":false,\"sorting\":false},\"custom_design_from\":{\"visible\":false,\"sorting\":false},\"custom_design_to\":{\"visible\":false,\"sorting\":false},\"salable_quantity\":{\"visible\":true,\"sorting\":false},\"mere\":{\"visible\":true,\"sorting\":false},\"barva\":{\"visible\":true,\"sorting\":false}},\"displayMode\":\"grid\",\"positions\":{\"ids\":0,\"entity_id\":1,\"thumbnail\":2,\"name\":3,\"type_id\":4,\"attribute_set_id\":5,\"sku\":6,\"price\":7,\"qty\":8,\"salable_quantity\":9,\"visibility\":10,\"status\":11,\"websites\":12,\"short_description\":13,\"special_price\":14,\"special_from_date\":15,\"special_to_date\":16,\"cost\":17,\"weight\":18,\"manufacturer\":19,\"meta_title\":20,\"meta_keyword\":21,\"meta_description\":22,\"color\":23,\"news_from_date\":24,\"news_to_date\":25,\"custom_design\":26,\"custom_design_from\":27,\"custom_design_to\":28,\"page_layout\":29,\"country_of_manufacture\":30,\"custom_layout\":31,\"msrp\":32,\"url_key\":33,\"gift_message_available\":34,\"tax_class_id\":35,\"actions\":36,\"mere\":37,\"barva\":38}}}','2022-02-19 09:26:34','2022-02-28 13:13:34'),(31,2,'product_attributes_listing','current',0,NULL,'{\"current\":{\"columns\":{\"ids\":{\"visible\":true,\"sorting\":false},\"is_required\":{\"visible\":true,\"sorting\":false},\"is_user_defined\":{\"visible\":true,\"sorting\":false},\"is_visible\":{\"visible\":true,\"sorting\":false},\"is_global\":{\"visible\":true,\"sorting\":false},\"is_searchable\":{\"visible\":true,\"sorting\":false},\"is_comparable\":{\"visible\":true,\"sorting\":false},\"is_filterable\":{\"visible\":true,\"sorting\":false},\"attribute_code\":{\"visible\":true,\"sorting\":\"asc\"},\"frontend_label\":{\"visible\":true,\"sorting\":false}},\"positions\":{\"ids\":0,\"attribute_code\":1,\"frontend_label\":2,\"is_required\":3,\"is_user_defined\":4,\"is_visible\":5,\"is_global\":6,\"is_searchable\":7,\"is_comparable\":8,\"is_filterable\":9},\"displayMode\":\"grid\",\"paging\":{\"pageSize\":20,\"current\":1,\"options\":{\"20\":{\"value\":20,\"label\":20},\"30\":{\"value\":30,\"label\":30},\"50\":{\"value\":50,\"label\":50},\"100\":{\"value\":100,\"label\":100},\"200\":{\"value\":200,\"label\":200}},\"value\":20}}}','2022-02-28 13:16:22','2022-02-28 13:16:22'),(32,2,'product_attributes_listing','default',1,'Default View','{\"views\":{\"default\":{\"label\":\"Default View\",\"index\":\"default\",\"editable\":false,\"data\":{\"columns\":{\"ids\":{\"visible\":true,\"sorting\":false},\"is_required\":{\"visible\":true,\"sorting\":false},\"is_user_defined\":{\"visible\":true,\"sorting\":false},\"is_visible\":{\"visible\":true,\"sorting\":false},\"is_global\":{\"visible\":true,\"sorting\":false},\"is_searchable\":{\"visible\":true,\"sorting\":false},\"is_comparable\":{\"visible\":true,\"sorting\":false},\"is_filterable\":{\"visible\":true,\"sorting\":false},\"attribute_code\":{\"visible\":true,\"sorting\":\"asc\"},\"frontend_label\":{\"visible\":true,\"sorting\":false}},\"positions\":{\"ids\":0,\"attribute_code\":1,\"frontend_label\":2,\"is_required\":3,\"is_user_defined\":4,\"is_visible\":5,\"is_global\":6,\"is_searchable\":7,\"is_comparable\":8,\"is_filterable\":9},\"displayMode\":\"grid\",\"paging\":{\"pageSize\":20,\"current\":1,\"options\":{\"20\":{\"value\":20,\"label\":20},\"30\":{\"value\":30,\"label\":30},\"50\":{\"value\":50,\"label\":50},\"100\":{\"value\":100,\"label\":100},\"200\":{\"value\":200,\"label\":200}},\"value\":20}},\"value\":\"Default View\"}}}','2022-02-28 13:16:22','2022-02-28 13:16:22'),(33,2,'configurable_associated_product_listing','default',1,'Default View','{\"views\":{\"default\":{\"label\":\"Default View\",\"index\":\"default\",\"editable\":false,\"data\":{\"paging\":{\"pageSize\":20,\"current\":1,\"options\":{\"20\":{\"value\":20,\"label\":20},\"30\":{\"value\":30,\"label\":30},\"50\":{\"value\":50,\"label\":50},\"100\":{\"value\":100,\"label\":100},\"200\":{\"value\":200,\"label\":200}},\"value\":20},\"displayMode\":\"grid\",\"columns\":{\"ids\":{\"visible\":true,\"sorting\":false},\"entity_id\":{\"visible\":true,\"sorting\":\"asc\"},\"name\":{\"visible\":true,\"sorting\":false},\"sku\":{\"visible\":true,\"sorting\":false},\"price\":{\"visible\":true,\"sorting\":false},\"qty\":{\"visible\":true,\"sorting\":false},\"weight\":{\"visible\":true,\"sorting\":false},\"status\":{\"visible\":true,\"sorting\":false},\"thumbnail\":{\"visible\":true,\"sorting\":false},\"attributes\":{\"visible\":false,\"sorting\":false}},\"positions\":{\"ids\":0,\"entity_id\":1,\"thumbnail\":2,\"name\":3,\"sku\":4,\"price\":5,\"qty\":6,\"weight\":7,\"attributes\":8,\"status\":9}},\"value\":\"Default View\"}}}','2022-02-28 13:17:40','2022-02-28 13:17:40'),(34,2,'configurable_associated_product_listing','current',0,NULL,'{\"current\":{\"paging\":{\"pageSize\":20,\"current\":1,\"options\":{\"20\":{\"value\":20,\"label\":20},\"30\":{\"value\":30,\"label\":30},\"50\":{\"value\":50,\"label\":50},\"100\":{\"value\":100,\"label\":100},\"200\":{\"value\":200,\"label\":200}},\"value\":20},\"displayMode\":\"grid\",\"columns\":{\"ids\":{\"visible\":true,\"sorting\":false},\"entity_id\":{\"visible\":true,\"sorting\":\"asc\"},\"name\":{\"visible\":true,\"sorting\":false},\"sku\":{\"visible\":true,\"sorting\":false},\"price\":{\"visible\":true,\"sorting\":false},\"qty\":{\"visible\":true,\"sorting\":false},\"weight\":{\"visible\":true,\"sorting\":false},\"status\":{\"visible\":true,\"sorting\":false},\"thumbnail\":{\"visible\":true,\"sorting\":false},\"attributes\":{\"visible\":false,\"sorting\":false}},\"positions\":{\"ids\":0,\"entity_id\":1,\"thumbnail\":2,\"name\":3,\"sku\":4,\"price\":5,\"qty\":6,\"weight\":7,\"attributes\":8,\"status\":9}}}','2022-02-28 13:17:42','2022-02-28 13:17:42');

--
-- Table structure for table `url_rewrite`
--

CREATE TABLE `url_rewrite` (
  `url_rewrite_id` int(10) unsigned NOT NULL AUTO_INCREMENT COMMENT 'Rewrite ID',
  `entity_type` varchar(32) NOT NULL COMMENT 'Entity type code',
  `entity_id` int(10) unsigned NOT NULL COMMENT 'Entity ID',
  `request_path` varchar(255) DEFAULT NULL COMMENT 'Request Path',
  `target_path` varchar(255) DEFAULT NULL COMMENT 'Target Path',
  `redirect_type` smallint(5) unsigned NOT NULL DEFAULT '0' COMMENT 'Redirect Type',
  `store_id` smallint(5) unsigned NOT NULL COMMENT 'Store ID',
  `description` varchar(255) DEFAULT NULL COMMENT 'Description',
  `is_autogenerated` smallint(5) unsigned NOT NULL DEFAULT '0' COMMENT 'Is rewrite generated automatically flag',
  `metadata` varchar(255) DEFAULT NULL COMMENT 'Meta data for url rewrite',
  PRIMARY KEY (`url_rewrite_id`),
  UNIQUE KEY `URL_REWRITE_REQUEST_PATH_STORE_ID` (`request_path`,`store_id`),
  KEY `URL_REWRITE_TARGET_PATH` (`target_path`),
  KEY `URL_REWRITE_STORE_ID_ENTITY_ID` (`store_id`,`entity_id`),
  KEY `URL_REWRITE_ENTITY_ID` (`entity_id`)
) ENGINE=InnoDB AUTO_INCREMENT=148 DEFAULT CHARSET=utf8 COMMENT='Url Rewrites';

--
-- Dumping data for table `url_rewrite`
--

INSERT INTO `url_rewrite` VALUES (1,'cms-page',1,'no-route','cms/page/view/page_id/1',0,1,NULL,1,NULL),(2,'cms-page',2,'home','cms/page/view/page_id/2',0,1,NULL,1,NULL),(3,'cms-page',3,'enable-cookies','cms/page/view/page_id/3',0,1,NULL,1,NULL),(4,'cms-page',4,'privacy-policy-cookie-restriction-mode','cms/page/view/page_id/4',0,1,NULL,1,NULL),(5,'cms-page',1,'no-route','cms/page/view/page_id/1',0,2,NULL,1,NULL),(6,'cms-page',2,'home','cms/page/view/page_id/2',0,2,NULL,1,NULL),(7,'cms-page',3,'enable-cookies','cms/page/view/page_id/3',0,2,NULL,1,NULL),(8,'cms-page',4,'privacy-policy-cookie-restriction-mode','cms/page/view/page_id/4',0,2,NULL,1,NULL),(9,'cms-page',1,'no-route','cms/page/view/page_id/1',0,3,NULL,1,NULL),(10,'cms-page',2,'home','cms/page/view/page_id/2',0,3,NULL,1,NULL),(11,'cms-page',3,'enable-cookies','cms/page/view/page_id/3',0,3,NULL,1,NULL),(12,'cms-page',4,'privacy-policy-cookie-restriction-mode','cms/page/view/page_id/4',0,3,NULL,1,NULL),(16,'category',3,'domov.html','catalog/category/view/id/3',0,2,NULL,1,NULL),(17,'category',3,'domov.html','catalog/category/view/id/3',0,3,NULL,1,NULL),(18,'category',3,'domov.html','catalog/category/view/id/3',0,1,NULL,1,NULL),(31,'category',8,'kontakt.html','catalog/category/view/id/8',0,2,NULL,1,NULL),(32,'category',8,'kontakt.html','catalog/category/view/id/8',0,3,NULL,1,NULL),(33,'category',8,'kontakt.html','catalog/category/view/id/8',0,1,NULL,1,NULL),(34,'category',9,'trgovina.html','catalog/category/view/id/9',0,2,NULL,1,NULL),(35,'category',9,'trgovina.html','catalog/category/view/id/9',0,3,NULL,1,NULL),(36,'category',9,'trgovina.html','catalog/category/view/id/9',0,1,NULL,1,NULL),(37,'cms-page',5,'varovanje-zasebnosti','cms/page/view/page_id/5',0,1,NULL,1,NULL),(38,'cms-page',5,'varovanje-zasebnosti','cms/page/view/page_id/5',0,2,NULL,1,NULL),(39,'cms-page',5,'varovanje-zasebnosti','cms/page/view/page_id/5',0,3,NULL,1,NULL),(43,'cms-page',7,'splosni-pogpji-poslovanja','cms/page/view/page_id/7',0,1,NULL,1,NULL),(44,'cms-page',7,'splosni-pogpji-poslovanja','cms/page/view/page_id/7',0,2,NULL,1,NULL),(45,'cms-page',7,'splosni-pogpji-poslovanja','cms/page/view/page_id/7',0,3,NULL,1,NULL),(76,'product',7,'produkt.html','catalog/product/view/id/7',0,2,NULL,1,NULL),(77,'product',7,'trgovina/produkt.html','catalog/product/view/id/7/category/9',0,2,NULL,1,'{\"category_id\":\"9\"}'),(78,'product',7,'produkt.html','catalog/product/view/id/7',0,3,NULL,1,NULL),(79,'product',7,'trgovina/produkt.html','catalog/product/view/id/7/category/9',0,3,NULL,1,'{\"category_id\":\"9\"}'),(80,'product',7,'produkt.html','catalog/product/view/id/7',0,1,NULL,1,NULL),(81,'product',7,'trgovina/produkt.html','catalog/product/view/id/7/category/9',0,1,NULL,1,'{\"category_id\":\"9\"}'),(82,'cms-page',10,'terapevtska-masaza','cms/page/view/page_id/10',0,1,NULL,1,NULL),(83,'cms-page',10,'terapevtska-masaza','cms/page/view/page_id/10',0,2,NULL,1,NULL),(84,'cms-page',10,'terapevtska-masaza','cms/page/view/page_id/10',0,3,NULL,1,NULL),(85,'cms-page',11,'o-nas','cms/page/view/page_id/11',0,1,NULL,1,NULL),(86,'cms-page',11,'o-nas','cms/page/view/page_id/11',0,2,NULL,1,NULL),(87,'cms-page',11,'o-nas','cms/page/view/page_id/11',0,3,NULL,1,NULL),(88,'cms-page',12,'dr-kinesio-performance','cms/page/view/page_id/12',0,1,NULL,1,NULL),(89,'cms-page',12,'dr-kinesio-performance','cms/page/view/page_id/12',0,2,NULL,1,NULL),(90,'cms-page',12,'dr-kinesio-performance','cms/page/view/page_id/12',0,3,NULL,1,NULL),(91,'cms-page',13,'kronicne-bolecine','cms/page/view/page_id/13',0,1,NULL,1,NULL),(92,'cms-page',13,'kronicne-bolecine','cms/page/view/page_id/13',0,2,NULL,1,NULL),(93,'cms-page',13,'kronicne-bolecine','cms/page/view/page_id/13',0,3,NULL,1,NULL),(94,'cms-page',14,'poskodbe','cms/page/view/page_id/14',0,1,NULL,1,NULL),(95,'cms-page',14,'poskodbe','cms/page/view/page_id/14',0,2,NULL,1,NULL),(96,'cms-page',14,'poskodbe','cms/page/view/page_id/14',0,3,NULL,1,NULL),(97,'category',7,'o-nas.html','catalog/category/view/id/7',0,2,NULL,1,NULL),(98,'category',7,'ekipa.html','o-nas.html',301,2,NULL,0,NULL),(99,'category',7,'o-nas.html','catalog/category/view/id/7',0,3,NULL,1,NULL),(100,'category',7,'ekipa.html','o-nas.html',301,3,NULL,0,NULL),(101,'category',7,'o-nas.html','catalog/category/view/id/7',0,1,NULL,1,NULL),(102,'category',7,'ekipa.html','o-nas.html',301,1,NULL,0,NULL),(103,'cms-page',15,'bolecine-v-kolenu','cms/page/view/page_id/15',0,1,NULL,1,NULL),(104,'cms-page',15,'bolecine-v-kolenu','cms/page/view/page_id/15',0,2,NULL,1,NULL),(105,'cms-page',15,'bolecine-v-kolenu','cms/page/view/page_id/15',0,3,NULL,1,NULL),(106,'cms-page',16,'bolecine-v-krizu','cms/page/view/page_id/16',0,1,NULL,1,NULL),(107,'cms-page',16,'bolecine-v-krizu','cms/page/view/page_id/16',0,2,NULL,1,NULL),(108,'cms-page',16,'bolecine-v-krizu','cms/page/view/page_id/16',0,3,NULL,1,NULL),(109,'cms-page',17,'bolecine-v-ramenu','cms/page/view/page_id/17',0,1,NULL,1,NULL),(110,'cms-page',17,'bolecine-v-ramenu','cms/page/view/page_id/17',0,2,NULL,1,NULL),(111,'cms-page',17,'bolecine-v-ramenu','cms/page/view/page_id/17',0,3,NULL,1,NULL),(112,'cms-page',18,'isijas','cms/page/view/page_id/18',0,1,NULL,1,NULL),(113,'cms-page',18,'isijas','cms/page/view/page_id/18',0,2,NULL,1,NULL),(114,'cms-page',18,'isijas','cms/page/view/page_id/18',0,3,NULL,1,NULL),(115,'cms-page',19,'karpalni-sindrom','cms/page/view/page_id/19',0,1,NULL,1,NULL),(116,'cms-page',19,'karpalni-sindrom','cms/page/view/page_id/19',0,2,NULL,1,NULL),(117,'cms-page',19,'karpalni-sindrom','cms/page/view/page_id/19',0,3,NULL,1,NULL),(118,'cms-page',20,'biomehanicni-pregled','cms/page/view/page_id/20',0,1,NULL,1,NULL),(119,'cms-page',20,'biomehanicni-pregled','cms/page/view/page_id/20',0,2,NULL,1,NULL),(120,'cms-page',20,'biomehanicni-pregled','cms/page/view/page_id/20',0,3,NULL,1,NULL),(121,'cms-page',21,'speedboard','cms/page/view/page_id/21',0,1,NULL,1,NULL),(122,'cms-page',21,'speedboard','cms/page/view/page_id/21',0,2,NULL,1,NULL),(123,'cms-page',21,'speedboard','cms/page/view/page_id/21',0,3,NULL,1,NULL),(130,'category',4,'terapije.html','catalog/category/view/id/4',0,2,NULL,1,NULL),(131,'category',4,'terapije2.html','terapije.html',301,2,NULL,0,NULL),(132,'category',4,'terapije.html','catalog/category/view/id/4',0,3,NULL,1,NULL),(133,'category',4,'terapije2.html','terapije.html',301,3,NULL,0,NULL),(134,'category',4,'terapije.html','catalog/category/view/id/4',0,1,NULL,1,NULL),(135,'category',4,'terapije2.html','terapije.html',301,1,NULL,0,NULL);

--
-- Table structure for table `variable`
--

CREATE TABLE `variable` (
  `variable_id` int(10) unsigned NOT NULL AUTO_INCREMENT COMMENT 'Variable ID',
  `code` varchar(255) DEFAULT NULL COMMENT 'Variable Code',
  `name` varchar(255) DEFAULT NULL COMMENT 'Variable Name',
  PRIMARY KEY (`variable_id`),
  UNIQUE KEY `VARIABLE_CODE` (`code`)
) ENGINE=InnoDB DEFAULT CHARSET=utf8 COMMENT='Variables';

--
-- Dumping data for table `variable`
--


--
-- Table structure for table `variable_value`
--

CREATE TABLE `variable_value` (
  `value_id` int(10) unsigned NOT NULL AUTO_INCREMENT COMMENT 'Variable Value ID',
  `variable_id` int(10) unsigned NOT NULL DEFAULT '0' COMMENT 'Variable ID',
  `store_id` smallint(5) unsigned NOT NULL DEFAULT '0' COMMENT 'Store ID',
  `plain_value` text COMMENT 'Plain Text Value',
  `html_value` text COMMENT 'Html Value',
  PRIMARY KEY (`value_id`),
  UNIQUE KEY `VARIABLE_VALUE_VARIABLE_ID_STORE_ID` (`variable_id`,`store_id`),
  KEY `VARIABLE_VALUE_STORE_ID` (`store_id`),
  CONSTRAINT `VARIABLE_VALUE_STORE_ID_STORE_STORE_ID` FOREIGN KEY (`store_id`) REFERENCES `store` (`store_id`) ON DELETE CASCADE,
  CONSTRAINT `VARIABLE_VALUE_VARIABLE_ID_VARIABLE_VARIABLE_ID` FOREIGN KEY (`variable_id`) REFERENCES `variable` (`variable_id`) ON DELETE CASCADE
) ENGINE=InnoDB DEFAULT CHARSET=utf8 COMMENT='Variable Value';

--
-- Dumping data for table `variable_value`
--


--
-- Table structure for table `vault_payment_token`
--

CREATE TABLE `vault_payment_token` (
  `entity_id` int(10) unsigned NOT NULL AUTO_INCREMENT COMMENT 'Entity ID',
  `customer_id` int(10) unsigned DEFAULT NULL COMMENT 'Customer ID',
  `public_hash` varchar(128) NOT NULL COMMENT 'Hash code for using on frontend',
  `payment_method_code` varchar(128) NOT NULL COMMENT 'Payment method code',
  `type` varchar(128) NOT NULL COMMENT 'Type',
  `created_at` timestamp NOT NULL DEFAULT CURRENT_TIMESTAMP COMMENT 'Created At',
  `expires_at` timestamp NULL DEFAULT NULL COMMENT 'Expires At',
  `gateway_token` varchar(255) NOT NULL COMMENT 'Gateway Token',
  `details` text COMMENT 'Details',
  `is_active` tinyint(1) NOT NULL DEFAULT '1',
  `is_visible` tinyint(1) NOT NULL DEFAULT '1',
  PRIMARY KEY (`entity_id`),
  UNIQUE KEY `VAULT_PAYMENT_TOKEN_PUBLIC_HASH` (`public_hash`),
  UNIQUE KEY `VAULT_PAYMENT_TOKEN_PAYMENT_METHOD_CODE_CSTR_ID_GATEWAY_TOKEN` (`payment_method_code`,`customer_id`,`gateway_token`),
  KEY `VAULT_PAYMENT_TOKEN_CUSTOMER_ID_CUSTOMER_ENTITY_ENTITY_ID` (`customer_id`),
  CONSTRAINT `VAULT_PAYMENT_TOKEN_CUSTOMER_ID_CUSTOMER_ENTITY_ENTITY_ID` FOREIGN KEY (`customer_id`) REFERENCES `customer_entity` (`entity_id`) ON DELETE CASCADE
) ENGINE=InnoDB DEFAULT CHARSET=utf8 COMMENT='Vault tokens of payment';

--
-- Dumping data for table `vault_payment_token`
--


--
-- Table structure for table `vault_payment_token_order_payment_link`
--

CREATE TABLE `vault_payment_token_order_payment_link` (
  `order_payment_id` int(10) unsigned NOT NULL COMMENT 'Order payment ID',
  `payment_token_id` int(10) unsigned NOT NULL COMMENT 'Payment token ID',
  PRIMARY KEY (`order_payment_id`,`payment_token_id`),
  KEY `FK_4ED894655446D385894580BECA993862` (`payment_token_id`),
  CONSTRAINT `FK_4ED894655446D385894580BECA993862` FOREIGN KEY (`payment_token_id`) REFERENCES `vault_payment_token` (`entity_id`) ON DELETE CASCADE,
  CONSTRAINT `FK_CF37B9D854256534BE23C818F6291CA2` FOREIGN KEY (`order_payment_id`) REFERENCES `sales_order_payment` (`entity_id`) ON DELETE CASCADE
) ENGINE=InnoDB DEFAULT CHARSET=utf8 COMMENT='Order payments to vault token';

--
-- Dumping data for table `vault_payment_token_order_payment_link`
--


--
-- Table structure for table `vertex_commodity_code_order_item`
--

CREATE TABLE `vertex_commodity_code_order_item` (
  `order_item_id` int(10) unsigned NOT NULL COMMENT 'Item ID',
  `code` varchar(255) DEFAULT NULL COMMENT 'Commodity Code',
  `type` varchar(255) DEFAULT NULL COMMENT 'Commodity Type',
  PRIMARY KEY (`order_item_id`)
) ENGINE=InnoDB DEFAULT CHARSET=utf8 COMMENT='Vertex Commodity Code';

--
-- Dumping data for table `vertex_commodity_code_order_item`
--


--
-- Table structure for table `vertex_commodity_code_product`
--

CREATE TABLE `vertex_commodity_code_product` (
  `product_id` int(10) unsigned NOT NULL COMMENT 'Product ID',
  `code` varchar(255) DEFAULT NULL COMMENT 'Commodity Code',
  `type` varchar(255) DEFAULT NULL COMMENT 'Commodity Type',
  PRIMARY KEY (`product_id`)
) ENGINE=InnoDB DEFAULT CHARSET=utf8 COMMENT='Vertex Commodity Code';

--
-- Dumping data for table `vertex_commodity_code_product`
--


--
-- Table structure for table `vertex_custom_option_flex_field`
--

CREATE TABLE `vertex_custom_option_flex_field` (
  `entity_id` int(11) NOT NULL AUTO_INCREMENT COMMENT 'Map Entity ID',
  `option_id` int(11) NOT NULL COMMENT 'Customizable Option ID',
  `website_id` int(11) NOT NULL DEFAULT '0' COMMENT 'Website ID',
  `flex_field` int(11) DEFAULT '0' COMMENT 'Customizable Option to Flex Field Map',
  PRIMARY KEY (`entity_id`),
  UNIQUE KEY `VERTEX_CUSTOM_OPTION_FLEX_FIELD_OPTION_ID_WEBSITE_ID` (`option_id`,`website_id`),
  KEY `VERTEX_CUSTOM_OPTION_FLEX_FIELD_OPTION_ID` (`option_id`),
  KEY `VERTEX_CUSTOM_OPTION_FLEX_FIELD_WEBSITE_ID` (`website_id`)
) ENGINE=InnoDB DEFAULT CHARSET=utf8 COMMENT='Customizable Option to Flex Field Map';

--
-- Dumping data for table `vertex_custom_option_flex_field`
--


--
-- Table structure for table `vertex_customer_code`
--

CREATE TABLE `vertex_customer_code` (
  `customer_id` int(10) unsigned NOT NULL COMMENT 'Customer ID',
  `customer_code` text COMMENT 'Customer Code for Vertex',
  PRIMARY KEY (`customer_id`)
) ENGINE=InnoDB DEFAULT CHARSET=utf8 COMMENT='Customer Code for Vertex';

--
-- Dumping data for table `vertex_customer_code`
--


--
-- Table structure for table `vertex_customer_country`
--

CREATE TABLE `vertex_customer_country` (
  `customer_id` int(10) unsigned NOT NULL COMMENT 'Customer ID',
  `customer_country` varchar(255) DEFAULT NULL COMMENT 'Customer Country',
  PRIMARY KEY (`customer_id`)
) ENGINE=InnoDB DEFAULT CHARSET=utf8 COMMENT='Country associated to Customer';

--
-- Dumping data for table `vertex_customer_country`
--


--
-- Table structure for table `vertex_invoice_sent`
--

CREATE TABLE `vertex_invoice_sent` (
  `invoice_id` int(10) unsigned NOT NULL COMMENT 'Invoice ID',
  `sent_to_vertex` tinyint(1) NOT NULL DEFAULT '0' COMMENT 'Invoice has been logged in Vertex',
  PRIMARY KEY (`invoice_id`)
) ENGINE=InnoDB DEFAULT CHARSET=utf8;

--
-- Dumping data for table `vertex_invoice_sent`
--


--
-- Table structure for table `vertex_order_invoice_status`
--

CREATE TABLE `vertex_order_invoice_status` (
  `order_id` int(10) unsigned NOT NULL COMMENT 'Order ID',
  `sent_to_vertex` tinyint(1) NOT NULL DEFAULT '0' COMMENT 'Invoice has been logged in Vertex',
  PRIMARY KEY (`order_id`)
) ENGINE=InnoDB DEFAULT CHARSET=utf8 COMMENT='Invoice has been logged in Vertex';

--
-- Dumping data for table `vertex_order_invoice_status`
--


--
-- Table structure for table `vertex_sales_creditmemo_item_invoice_text_code`
--

CREATE TABLE `vertex_sales_creditmemo_item_invoice_text_code` (
  `item_id` int(11) NOT NULL COMMENT 'Creditmemo Item ID',
  `invoice_text_code` varchar(100) NOT NULL COMMENT 'Invoice text code from Vertex',
  UNIQUE KEY `UNQ_4BC40DA748D7713ADA661D2DE1BCF161` (`item_id`,`invoice_text_code`),
  KEY `VERTEX_SALES_CREDITMEMO_ITEM_INVOICE_TEXT_CODE_ITEM_ID` (`item_id`),
  KEY `VERTEX_SALES_CREDITMEMO_ITEM_INVOICE_TEXT_CODE_INVOICE_TEXT_CODE` (`invoice_text_code`)
) ENGINE=InnoDB DEFAULT CHARSET=utf8 COMMENT='Creditmemo text code from Vertex';

--
-- Dumping data for table `vertex_sales_creditmemo_item_invoice_text_code`
--


--
-- Table structure for table `vertex_sales_creditmemo_item_tax_code`
--

CREATE TABLE `vertex_sales_creditmemo_item_tax_code` (
  `item_id` int(11) NOT NULL COMMENT 'Creditmemo Item ID',
  `tax_code` varchar(100) NOT NULL COMMENT 'Invoice text code from Vertex',
  UNIQUE KEY `VERTEX_SALES_CREDITMEMO_ITEM_TAX_CODE_ITEM_ID_TAX_CODE` (`item_id`,`tax_code`),
  KEY `VERTEX_SALES_CREDITMEMO_ITEM_TAX_CODE_ITEM_ID` (`item_id`),
  KEY `VERTEX_SALES_CREDITMEMO_ITEM_TAX_CODE_TAX_CODE` (`tax_code`)
) ENGINE=InnoDB DEFAULT CHARSET=utf8 COMMENT='Creditmemo tax code from Vertex';

--
-- Dumping data for table `vertex_sales_creditmemo_item_tax_code`
--


--
-- Table structure for table `vertex_sales_creditmemo_item_vertex_tax_code`
--

CREATE TABLE `vertex_sales_creditmemo_item_vertex_tax_code` (
  `item_id` int(11) NOT NULL COMMENT 'Creditmemo Item ID',
  `vertex_tax_code` varchar(100) NOT NULL COMMENT 'Invoice text code from Vertex',
  UNIQUE KEY `UNQ_31D7AADB3412BC7E7C1C98D5CC3A5D46` (`item_id`,`vertex_tax_code`),
  KEY `VERTEX_SALES_CREDITMEMO_ITEM_VERTEX_TAX_CODE_ITEM_ID` (`item_id`),
  KEY `VERTEX_SALES_CREDITMEMO_ITEM_VERTEX_TAX_CODE_VERTEX_TAX_CODE` (`vertex_tax_code`)
) ENGINE=InnoDB DEFAULT CHARSET=utf8 COMMENT='Creditmemo vertex tax code from Vertex';

--
-- Dumping data for table `vertex_sales_creditmemo_item_vertex_tax_code`
--


--
-- Table structure for table `vertex_sales_order_item_invoice_text_code`
--

CREATE TABLE `vertex_sales_order_item_invoice_text_code` (
  `item_id` int(10) unsigned NOT NULL COMMENT 'Order ID',
  `invoice_text_code` varchar(100) NOT NULL COMMENT 'Invoice text code from Vertex',
  UNIQUE KEY `UNQ_96F6BE3160A4185CEA4D866018EAF6DC` (`item_id`,`invoice_text_code`),
  KEY `VERTEX_SALES_ORDER_ITEM_INVOICE_TEXT_CODE_ITEM_ID` (`item_id`),
  KEY `VERTEX_SALES_ORDER_ITEM_INVOICE_TEXT_CODE_INVOICE_TEXT_CODE` (`invoice_text_code`)
) ENGINE=InnoDB DEFAULT CHARSET=utf8 COMMENT='Invoice text code from Vertex';

--
-- Dumping data for table `vertex_sales_order_item_invoice_text_code`
--


--
-- Table structure for table `vertex_sales_order_item_tax_code`
--

CREATE TABLE `vertex_sales_order_item_tax_code` (
  `item_id` int(11) NOT NULL COMMENT 'Creditmemo Item ID',
  `tax_code` varchar(100) NOT NULL COMMENT 'Invoice text code from Vertex',
  UNIQUE KEY `VERTEX_SALES_ORDER_ITEM_TAX_CODE_ITEM_ID_TAX_CODE` (`item_id`,`tax_code`),
  KEY `VERTEX_SALES_ORDER_ITEM_TAX_CODE_ITEM_ID` (`item_id`),
  KEY `VERTEX_SALES_ORDER_ITEM_TAX_CODE_TAX_CODE` (`tax_code`)
) ENGINE=InnoDB DEFAULT CHARSET=utf8 COMMENT='Invoice tax code from Vertex';

--
-- Dumping data for table `vertex_sales_order_item_tax_code`
--


--
-- Table structure for table `vertex_sales_order_item_vertex_tax_code`
--

CREATE TABLE `vertex_sales_order_item_vertex_tax_code` (
  `item_id` int(11) NOT NULL COMMENT 'Creditmemo Item ID',
  `vertex_tax_code` varchar(100) NOT NULL COMMENT 'Invoice text code from Vertex',
  UNIQUE KEY `VERTEX_SALES_ORDER_ITEM_VERTEX_TAX_CODE_ITEM_ID_VERTEX_TAX_CODE` (`item_id`,`vertex_tax_code`),
  KEY `VERTEX_SALES_ORDER_ITEM_VERTEX_TAX_CODE_ITEM_ID` (`item_id`),
  KEY `VERTEX_SALES_ORDER_ITEM_VERTEX_TAX_CODE_VERTEX_TAX_CODE` (`vertex_tax_code`)
) ENGINE=InnoDB DEFAULT CHARSET=utf8 COMMENT='Invoice Vertex tax code from Vertex';

--
-- Dumping data for table `vertex_sales_order_item_vertex_tax_code`
--


--
-- Table structure for table `vertex_taxrequest`
--

CREATE TABLE `vertex_taxrequest` (
  `request_id` bigint(20) NOT NULL AUTO_INCREMENT COMMENT 'Request Id',
  `request_type` varchar(255) NOT NULL COMMENT 'Request type',
  `quote_id` bigint(20) NOT NULL COMMENT 'Quote Id',
  `order_id` bigint(20) NOT NULL COMMENT 'Order Id',
  `total_tax` varchar(255) NOT NULL COMMENT 'Total Tax Amount',
  `source_path` varchar(255) NOT NULL COMMENT 'Source path controller_module_action',
  `tax_area_id` varchar(255) NOT NULL COMMENT 'Tax Jurisdictions Id',
  `sub_total` varchar(255) NOT NULL COMMENT 'Response Subtotal Amount',
  `total` varchar(255) NOT NULL COMMENT 'Response Total Amount',
  `lookup_result` varchar(255) NOT NULL COMMENT 'Tax Area Response Lookup Result',
  `request_date` timestamp NOT NULL DEFAULT CURRENT_TIMESTAMP COMMENT 'Request create date',
  `request_xml` text NOT NULL COMMENT 'Request XML',
  `response_xml` text NOT NULL COMMENT 'Response XML',
  `response_time` int(10) unsigned NOT NULL COMMENT 'Milliseconds taken for Vertex API call to complete',
  `module_name` varchar(255) NOT NULL COMMENT 'Request module name',
  `module_version` varchar(255) NOT NULL COMMENT 'Request module version',
  PRIMARY KEY (`request_id`),
  UNIQUE KEY `VERTEX_TAXREQUEST_REQUEST_ID` (`request_id`),
  KEY `VERTEX_TAXREQUEST_REQUEST_TYPE` (`request_type`),
  KEY `VERTEX_TAXREQUEST_ORDER_ID` (`order_id`)
) ENGINE=InnoDB DEFAULT CHARSET=utf8 COMMENT='The tax request table';

--
-- Dumping data for table `vertex_taxrequest`
--


--
-- Table structure for table `vertex_vat_country_code`
--

CREATE TABLE `vertex_vat_country_code` (
  `address_id` int(10) unsigned NOT NULL COMMENT 'Address ID',
  `customer_country` varchar(255) DEFAULT NULL COMMENT 'Customer Country',
  PRIMARY KEY (`address_id`)
) ENGINE=InnoDB DEFAULT CHARSET=utf8 COMMENT='Vat Country code associated to Order Address';

--
-- Dumping data for table `vertex_vat_country_code`
--


--
-- Table structure for table `ves_all_license`
--

CREATE TABLE `ves_all_license` (
  `license_id` smallint(6) NOT NULL AUTO_INCREMENT COMMENT 'License ID',
  `extension_code` varchar(255) NOT NULL COMMENT 'Extension Code',
  `extension_name` varchar(255) NOT NULL COMMENT 'Extension Name',
  `status` smallint(6) NOT NULL COMMENT 'Status',
  PRIMARY KEY (`license_id`),
  KEY `VES_ALL_LICENSE_LICENSE_ID` (`license_id`)
) ENGINE=InnoDB AUTO_INCREMENT=5 DEFAULT CHARSET=utf8 COMMENT='ves_all_license';

--
-- Dumping data for table `ves_all_license`
--

INSERT INTO `ves_all_license` VALUES (4,'magento-2-testimonials','Magento 2 Testimonial Extension',1);

--
-- Table structure for table `ves_testimonial_category`
--

CREATE TABLE `ves_testimonial_category` (
  `category_id` smallint(6) NOT NULL AUTO_INCREMENT COMMENT 'Category ID',
  `name` varchar(255) NOT NULL COMMENT 'Name',
  `create_time` timestamp NOT NULL DEFAULT CURRENT_TIMESTAMP ON UPDATE CURRENT_TIMESTAMP COMMENT 'Create Time',
  `is_active` smallint(6) NOT NULL COMMENT 'Number Column on Tablets',
  PRIMARY KEY (`category_id`)
) ENGINE=InnoDB AUTO_INCREMENT=2 DEFAULT CHARSET=utf8 COMMENT='ves_testimonial_category';

--
-- Dumping data for table `ves_testimonial_category`
--

INSERT INTO `ves_testimonial_category` VALUES (1,'Front page: Mnenja','2022-02-18 18:08:49',1);

--
-- Table structure for table `ves_testimonial_testimonial`
--

CREATE TABLE `ves_testimonial_testimonial` (
  `testimonial_id` int(11) NOT NULL AUTO_INCREMENT COMMENT 'Testimonial ID',
  `nick_name` text NOT NULL,
  `email` varchar(255) NOT NULL COMMENT 'Email',
  `image` varchar(255) NOT NULL COMMENT 'Image',
  `company_address` varchar(255) NOT NULL COMMENT 'Company Address',
  `company_name` varchar(255) NOT NULL COMMENT 'Company Name',
  `company_website` varchar(255) NOT NULL COMMENT 'Company Website',
  `position` varchar(255) NOT NULL COMMENT 'Position',
  `linkedin` varchar(255) NOT NULL COMMENT 'Linkedin',
  `facebook` varchar(255) NOT NULL COMMENT 'Facebook',
  `twitter` varchar(255) NOT NULL COMMENT 'Twitter',
  `youtube` varchar(255) NOT NULL COMMENT 'Youtube',
  `vimeo` varchar(255) NOT NULL COMMENT 'Vimeo',
  `googleplus` varchar(255) NOT NULL COMMENT 'Google Plus',
  `address` varchar(255) NOT NULL COMMENT 'Address',
  `testimonial` mediumtext NOT NULL COMMENT 'Testimonial',
  `create_time` timestamp NOT NULL DEFAULT CURRENT_TIMESTAMP ON UPDATE CURRENT_TIMESTAMP COMMENT 'Create Time',
  `rating` smallint(6) NOT NULL COMMENT 'Rating',
  `job` varchar(255) NOT NULL COMMENT 'Job',
  `is_active` smallint(6) NOT NULL COMMENT 'Number Column on Tablets',
  `title` varchar(255) NOT NULL COMMENT 'Title',
  PRIMARY KEY (`testimonial_id`),
  FULLTEXT KEY `VES_TESTIMONIAL_TESTIMONIAL_NAME_TESTIMONIAL_EMAIL` (`nick_name`,`testimonial`,`email`)
) ENGINE=InnoDB AUTO_INCREMENT=5 DEFAULT CHARSET=utf8 COMMENT='Testimonial - Testimonial Table';

--
-- Dumping data for table `ves_testimonial_testimonial`
--

INSERT INTO `ves_testimonial_testimonial` VALUES (1,'Bruno Glaser, najboljši slovenski Ironman triatlonec ','test@gmail.com','ves/testimonial/bruno-glaser.jpg','','','','','','','','','','','','Sredi največjih obremenitev v treningu pred Ironmann triatlonom Wales, ko tedenske količine treninga krepko presegajo od 20-25 ur treninga, sem si poškodoval mečno mišico. Po nekaj dneh počitka se zadeva ni sanirala sama po sebi, zato sem se napotil do Roka. Po 4 terapijah sem zopet tekel, kot da ne bi bilo nič. V dobrem tednu dni, sem lahko nogo obremenil na 100% in v miru zaključil pripravljalni ciklus. Hvala Rok za pomoč in strokovnost, ki mi je omogočila hitro in učinkovito sanacijo poškodbe.','2022-03-10 14:34:56',1,'',1,'Mnenje1'),(2,'Jerneja Smonkar, atletinja ','test@petka.eu','ves/testimonial/jerneja-smonkar.jpg','','','','2','','','','','','','','<p>Sem atletinja Jerneja Smonkar, natančneje tekačica na 400 in 800 metrov. V letu 2012 sem se od marca naprej borila s poškodbo plantarne fascije. Po treh mesecih rednih terapij, ki niso prinesle pričakovanega rezultata, mi je zdravnik predlagal zdravljenje s štirimi injekcijami Kenaloga in Xylocaina, katere sem po želji čim hitrejšega povratka na atletske steze sprejela. Injekcije so prekinile moje bolečine, vendar pa niso pozdravile izvora moje poškodbe. Po nekaj tednih prilagojenega treninga so se bolečina, napetost in mravljinci spet pojavili. Oktobra sem po predlogu trenerja Matije Šestaka in njegove žene Marije, začela sodelovati z Rokom. Pri njemu sem se prvič srečala s tehniko aktivnega sproščanja. Že na prvi masaži sva začela odstranjevati brazgotine starih poškodb, ki so bile posledica večletnega nabiranja kilometrov in vzrok moje poškodbe. Po dveh terapijah sem občutila velike spremembe. V stopalu in mišicah ni bilo več takšne napetosti in bolečine, povečana je bila gibljivost, prav tako pa stopalo ni bilo več tako šibko. Takoj sem lahko začela z normalnimi treningi.</p>\r\n<p>Tehnika aktivnega sproščanje je zadeva, ki resnično pomaga. Menim, da problem reši hitro in trajno. Rok pa je vsekakor strokovnjak na tem področju, ter je vedno pripravljen pomagati s svojim znanjem in izkušnjami.</p>','2022-03-10 14:35:09',1,'',1,'Jerneja Smonkar, atletinja '),(3,'Marija Šestak ','test@petka.eu','ves/testimonial/marija-sestak.jpg','','','','3','','','','','','','','<p>Več kot dvajset let sem v vrhunskem športu. Neredko sem imela težave s poškodbami in poskusila sem veliko različnih terapij. Moram priznati, da sem bila večkrat razočarana kot zadovoljna. Imam kronične težave s hrbtenico in po vsakem treningu se mišice zategnejo, športniki pa imamo močno muskulaturo in naše mišice je zelo težko sprostiti. Pred enim letom sem prvič poskusila terapijo, ki mi jo je predlagal kineziolog in športni terapevt Rok Deržanič. Tehnika aktivnega sproščanja je že takoj pokazala rezultate. Delala sva na odstranjevanju brazgotin, ki so se leta nabirale in provzročile resne težave, zaradi katerih sem izgubila dve sezoni. Po terapiji je bila moja hrbetnica veliko bolj gibljiva, bolečine so bile bistveno manjše in mišice sproščene. Nad rezultati sem bila navdušena.</p>\r\n<p>Zdaj z Rokom redno delava že pol leta in bolečine v hrbtu so le občasne. Že kar nekaj časa sem na atletski sceni in za mano je kar nekaj skokov, zato potrebujem reden “servis”. S terapijo aktivnega sproščanja lahko treniram redno in kvalitetno.</p>\r\n<p>Rok odlično opravlja svoje delo, je strokovnjak na področju športnih poškodb, rad ima svoje delo in si maksimalno prizadeva, da pomaga poškodovanim športnikom.</p>','2022-03-10 14:35:23',1,'',1,'Mnenja3');

--
-- Table structure for table `ves_testimonial_testimonial_category`
--

CREATE TABLE `ves_testimonial_testimonial_category` (
  `testimonial_id` int(11) NOT NULL COMMENT ' ID',
  `category_id` smallint(6) NOT NULL COMMENT 'Category ID',
  PRIMARY KEY (`testimonial_id`,`category_id`)
) ENGINE=InnoDB DEFAULT CHARSET=utf8 COMMENT='Ves Testimonial Category Table';

--
-- Dumping data for table `ves_testimonial_testimonial_category`
--

INSERT INTO `ves_testimonial_testimonial_category` VALUES (1,1),(2,1),(3,1),(4,1);

--
-- Table structure for table `ves_testimonial_testimonial_product`
--

CREATE TABLE `ves_testimonial_testimonial_product` (
  `testimonial_product_id` int(11) NOT NULL AUTO_INCREMENT COMMENT ' ID',
  `testimonial_id` int(11) NOT NULL COMMENT 'Testimonial ID',
  `product_id` int(11) NOT NULL COMMENT 'Product ID',
  `position` int(11) DEFAULT NULL COMMENT 'Position',
  PRIMARY KEY (`testimonial_product_id`)
) ENGINE=InnoDB DEFAULT CHARSET=utf8 COMMENT='Ves Testimonial To Product Linkage Table';

--
-- Dumping data for table `ves_testimonial_testimonial_product`
--


--
-- Table structure for table `ves_testimonial_testimonial_store`
--

CREATE TABLE `ves_testimonial_testimonial_store` (
  `testimonial_id` int(11) NOT NULL COMMENT 'Testimonial ID',
  `store_id` smallint(6) NOT NULL COMMENT 'Store ID',
  PRIMARY KEY (`testimonial_id`,`store_id`),
  KEY `VES_TESTIMONIAL_TESTIMONIAL_STORE_STORE_ID` (`store_id`)
) ENGINE=InnoDB DEFAULT CHARSET=utf8 COMMENT='Testimonial Store';

--
-- Dumping data for table `ves_testimonial_testimonial_store`
--

INSERT INTO `ves_testimonial_testimonial_store` VALUES (1,0),(2,0),(3,0),(4,0);

--
-- Table structure for table `weee_tax`
--

CREATE TABLE `weee_tax` (
  `value_id` int(11) NOT NULL AUTO_INCREMENT COMMENT 'Value ID',
  `website_id` smallint(5) unsigned NOT NULL DEFAULT '0' COMMENT 'Website ID',
  `entity_id` int(10) unsigned NOT NULL DEFAULT '0' COMMENT 'Entity ID',
  `country` varchar(2) DEFAULT NULL COMMENT 'Country',
  `value` decimal(12,4) NOT NULL DEFAULT '0.0000' COMMENT 'Value',
  `state` int(11) NOT NULL DEFAULT '0' COMMENT 'State',
  `attribute_id` smallint(5) unsigned NOT NULL COMMENT 'Attribute ID',
  PRIMARY KEY (`value_id`),
  KEY `WEEE_TAX_WEBSITE_ID` (`website_id`),
  KEY `WEEE_TAX_ENTITY_ID` (`entity_id`),
  KEY `WEEE_TAX_COUNTRY` (`country`),
  KEY `WEEE_TAX_ATTRIBUTE_ID` (`attribute_id`),
  CONSTRAINT `WEEE_TAX_ATTRIBUTE_ID_EAV_ATTRIBUTE_ATTRIBUTE_ID` FOREIGN KEY (`attribute_id`) REFERENCES `eav_attribute` (`attribute_id`) ON DELETE CASCADE,
  CONSTRAINT `WEEE_TAX_COUNTRY_DIRECTORY_COUNTRY_COUNTRY_ID` FOREIGN KEY (`country`) REFERENCES `directory_country` (`country_id`) ON DELETE CASCADE,
  CONSTRAINT `WEEE_TAX_ENTITY_ID_CATALOG_PRODUCT_ENTITY_ENTITY_ID` FOREIGN KEY (`entity_id`) REFERENCES `catalog_product_entity` (`entity_id`) ON DELETE CASCADE,
  CONSTRAINT `WEEE_TAX_WEBSITE_ID_STORE_WEBSITE_WEBSITE_ID` FOREIGN KEY (`website_id`) REFERENCES `store_website` (`website_id`) ON DELETE CASCADE
) ENGINE=InnoDB DEFAULT CHARSET=utf8 COMMENT='Weee Tax';

--
-- Dumping data for table `weee_tax`
--


--
-- Table structure for table `widget`
--

CREATE TABLE `widget` (
  `widget_id` int(10) unsigned NOT NULL AUTO_INCREMENT COMMENT 'Widget ID',
  `widget_code` varchar(255) DEFAULT NULL COMMENT 'Widget code for template directive',
  `widget_type` varchar(255) DEFAULT NULL COMMENT 'Widget Type',
  `parameters` text COMMENT 'Parameters',
  PRIMARY KEY (`widget_id`),
  KEY `WIDGET_WIDGET_CODE` (`widget_code`)
) ENGINE=InnoDB DEFAULT CHARSET=utf8 COMMENT='Preconfigured Widgets';

--
-- Dumping data for table `widget`
--


--
-- Table structure for table `widget_instance`
--

CREATE TABLE `widget_instance` (
  `instance_id` int(10) unsigned NOT NULL AUTO_INCREMENT COMMENT 'Instance ID',
  `instance_type` varchar(255) DEFAULT NULL COMMENT 'Instance Type',
  `theme_id` int(10) unsigned NOT NULL COMMENT 'Theme ID',
  `title` varchar(255) DEFAULT NULL COMMENT 'Widget Title',
  `store_ids` varchar(255) NOT NULL DEFAULT '0' COMMENT 'Store ids',
  `widget_parameters` text COMMENT 'Widget parameters',
  `sort_order` smallint(5) unsigned NOT NULL DEFAULT '0' COMMENT 'Sort order',
  PRIMARY KEY (`instance_id`),
  KEY `WIDGET_INSTANCE_THEME_ID_THEME_THEME_ID` (`theme_id`),
  CONSTRAINT `WIDGET_INSTANCE_THEME_ID_THEME_THEME_ID` FOREIGN KEY (`theme_id`) REFERENCES `theme` (`theme_id`) ON DELETE CASCADE
) ENGINE=InnoDB DEFAULT CHARSET=utf8 COMMENT='Instances of Widget for Package Theme';

--
-- Dumping data for table `widget_instance`
--


--
-- Table structure for table `widget_instance_page`
--

CREATE TABLE `widget_instance_page` (
  `page_id` int(10) unsigned NOT NULL AUTO_INCREMENT COMMENT 'Page ID',
  `instance_id` int(10) unsigned NOT NULL DEFAULT '0' COMMENT 'Instance ID',
  `page_group` varchar(25) DEFAULT NULL COMMENT 'Block Group Type',
  `layout_handle` varchar(255) DEFAULT NULL COMMENT 'Layout Handle',
  `block_reference` varchar(255) DEFAULT NULL COMMENT 'Container',
  `page_for` varchar(25) DEFAULT NULL COMMENT 'For instance entities',
  `entities` text COMMENT 'Catalog entities (comma separated)',
  `page_template` varchar(255) DEFAULT NULL COMMENT 'Path to widget template',
  PRIMARY KEY (`page_id`),
  KEY `WIDGET_INSTANCE_PAGE_INSTANCE_ID` (`instance_id`),
  CONSTRAINT `WIDGET_INSTANCE_PAGE_INSTANCE_ID_WIDGET_INSTANCE_INSTANCE_ID` FOREIGN KEY (`instance_id`) REFERENCES `widget_instance` (`instance_id`) ON DELETE CASCADE
) ENGINE=InnoDB DEFAULT CHARSET=utf8 COMMENT='Instance of Widget on Page';

--
-- Dumping data for table `widget_instance_page`
--


--
-- Table structure for table `widget_instance_page_layout`
--

CREATE TABLE `widget_instance_page_layout` (
  `page_id` int(10) unsigned NOT NULL DEFAULT '0' COMMENT 'Page ID',
  `layout_update_id` int(10) unsigned NOT NULL DEFAULT '0' COMMENT 'Layout Update ID',
  PRIMARY KEY (`layout_update_id`,`page_id`),
  KEY `WIDGET_INSTANCE_PAGE_LAYOUT_PAGE_ID` (`page_id`),
  CONSTRAINT `WIDGET_INSTANCE_PAGE_LAYOUT_PAGE_ID_WIDGET_INSTANCE_PAGE_PAGE_ID` FOREIGN KEY (`page_id`) REFERENCES `widget_instance_page` (`page_id`) ON DELETE CASCADE,
  CONSTRAINT `WIDGET_INSTANCE_PAGE_LYT_LYT_UPDATE_ID_LYT_UPDATE_LYT_UPDATE_ID` FOREIGN KEY (`layout_update_id`) REFERENCES `layout_update` (`layout_update_id`) ON DELETE CASCADE
) ENGINE=InnoDB DEFAULT CHARSET=utf8 COMMENT='Layout updates';

--
-- Dumping data for table `widget_instance_page_layout`
--


--
-- Table structure for table `wishlist`
--

CREATE TABLE `wishlist` (
  `wishlist_id` int(10) unsigned NOT NULL AUTO_INCREMENT COMMENT 'Wishlist ID',
  `customer_id` int(10) unsigned NOT NULL DEFAULT '0' COMMENT 'Customer ID',
  `shared` smallint(5) unsigned NOT NULL DEFAULT '0' COMMENT 'Sharing flag (0 or 1)',
  `sharing_code` varchar(32) DEFAULT NULL COMMENT 'Sharing encrypted code',
  `updated_at` timestamp NULL DEFAULT NULL COMMENT 'Last updated date',
  PRIMARY KEY (`wishlist_id`),
  UNIQUE KEY `WISHLIST_CUSTOMER_ID` (`customer_id`),
  KEY `WISHLIST_SHARED` (`shared`),
  CONSTRAINT `WISHLIST_CUSTOMER_ID_CUSTOMER_ENTITY_ENTITY_ID` FOREIGN KEY (`customer_id`) REFERENCES `customer_entity` (`entity_id`) ON DELETE CASCADE
) ENGINE=InnoDB AUTO_INCREMENT=2 DEFAULT CHARSET=utf8 COMMENT='Wishlist main Table';

--
-- Dumping data for table `wishlist`
--

INSERT INTO `wishlist` VALUES (1,1,0,'EocFwtzDkeK5yf189fUd8Jjqocj2hNPa','2022-02-21 10:29:50');

--
-- Table structure for table `wishlist_item`
--

CREATE TABLE `wishlist_item` (
  `wishlist_item_id` int(10) unsigned NOT NULL AUTO_INCREMENT COMMENT 'Wishlist item ID',
  `wishlist_id` int(10) unsigned NOT NULL DEFAULT '0' COMMENT 'Wishlist ID',
  `product_id` int(10) unsigned NOT NULL DEFAULT '0' COMMENT 'Product ID',
  `store_id` smallint(5) unsigned DEFAULT NULL COMMENT 'Store ID',
  `added_at` timestamp NULL DEFAULT NULL COMMENT 'Add date and time',
  `description` text COMMENT 'Short description of wish list item',
  `qty` decimal(12,4) NOT NULL COMMENT 'Qty',
  PRIMARY KEY (`wishlist_item_id`),
  KEY `WISHLIST_ITEM_WISHLIST_ID` (`wishlist_id`),
  KEY `WISHLIST_ITEM_PRODUCT_ID` (`product_id`),
  KEY `WISHLIST_ITEM_STORE_ID` (`store_id`),
  CONSTRAINT `WISHLIST_ITEM_PRODUCT_ID_CATALOG_PRODUCT_ENTITY_ENTITY_ID` FOREIGN KEY (`product_id`) REFERENCES `catalog_product_entity` (`entity_id`) ON DELETE CASCADE,
  CONSTRAINT `WISHLIST_ITEM_STORE_ID_STORE_STORE_ID` FOREIGN KEY (`store_id`) REFERENCES `store` (`store_id`) ON DELETE SET NULL,
  CONSTRAINT `WISHLIST_ITEM_WISHLIST_ID_WISHLIST_WISHLIST_ID` FOREIGN KEY (`wishlist_id`) REFERENCES `wishlist` (`wishlist_id`) ON DELETE CASCADE
) ENGINE=InnoDB DEFAULT CHARSET=utf8 COMMENT='Wishlist items';

--
-- Dumping data for table `wishlist_item`
--


--
-- Table structure for table `wishlist_item_option`
--

CREATE TABLE `wishlist_item_option` (
  `option_id` int(10) unsigned NOT NULL AUTO_INCREMENT COMMENT 'Option ID',
  `wishlist_item_id` int(10) unsigned NOT NULL COMMENT 'Wishlist Item ID',
  `product_id` int(10) unsigned NOT NULL COMMENT 'Product ID',
  `code` varchar(255) NOT NULL COMMENT 'Code',
  `value` text COMMENT 'Value',
  PRIMARY KEY (`option_id`),
  KEY `FK_A014B30B04B72DD0EAB3EECD779728D6` (`wishlist_item_id`),
  CONSTRAINT `FK_A014B30B04B72DD0EAB3EECD779728D6` FOREIGN KEY (`wishlist_item_id`) REFERENCES `wishlist_item` (`wishlist_item_id`) ON DELETE CASCADE
) ENGINE=InnoDB DEFAULT CHARSET=utf8 COMMENT='Wishlist Item Option Table';

--
-- Dumping data for table `wishlist_item_option`
--


--
-- Table structure for table `yotpo_order_status_history`
--

CREATE TABLE `yotpo_order_status_history` (
  `id` int(10) unsigned NOT NULL AUTO_INCREMENT COMMENT 'Id',
  `order_id` int(10) unsigned DEFAULT NULL COMMENT 'Order Id',
  `store_id` int(10) unsigned DEFAULT NULL COMMENT 'Store Id',
  `old_status` varchar(32) DEFAULT NULL COMMENT 'Old Status',
  `new_status` varchar(32) DEFAULT NULL COMMENT 'New Status',
  `created_at` datetime DEFAULT NULL COMMENT 'Created At',
  PRIMARY KEY (`id`)
) ENGINE=InnoDB DEFAULT CHARSET=utf8 COMMENT='yotpo_order_status_history';

--
-- Dumping data for table `yotpo_order_status_history`
--


--
-- Table structure for table `yotpo_rich_snippets`
--

CREATE TABLE `yotpo_rich_snippets` (
  `rich_snippet_id` int(11) NOT NULL AUTO_INCREMENT COMMENT 'Id',
  `product_id` int(11) NOT NULL COMMENT 'Product Id',
  `store_id` int(11) NOT NULL COMMENT 'Store Id',
  `average_score` decimal(10,2) NOT NULL COMMENT 'Average Score',
  `reviews_count` float(10,0) NOT NULL COMMENT 'Reviews Count',
  `expiration_time` timestamp NOT NULL DEFAULT CURRENT_TIMESTAMP ON UPDATE CURRENT_TIMESTAMP COMMENT 'Expiry Time',
  PRIMARY KEY (`rich_snippet_id`)
) ENGINE=InnoDB DEFAULT CHARSET=utf8 COMMENT='yotpo_rich_snippets';

--
-- Dumping data for table `yotpo_rich_snippets`
--


--
-- Table structure for table `yotpo_sync`
--

CREATE TABLE `yotpo_sync` (
  `sync_id` int(10) unsigned NOT NULL AUTO_INCREMENT COMMENT 'Id',
  `store_id` int(10) unsigned DEFAULT NULL COMMENT 'Store Id',
  `entity_type` varchar(50) DEFAULT NULL COMMENT 'Entity Type',
  `entity_id` int(10) unsigned DEFAULT NULL COMMENT 'Entity Id',
  `sync_flag` smallint(6) DEFAULT '0' COMMENT 'Sync Flag',
  `sync_date` datetime NOT NULL COMMENT 'Sync Date',
  PRIMARY KEY (`sync_id`),
  UNIQUE KEY `YOTPO_SYNC_STORE_ID_ENTITY_TYPE_ENTITY_ID` (`store_id`,`entity_type`,`entity_id`)
) ENGINE=InnoDB DEFAULT CHARSET=utf8 COMMENT='yotpo_sync';

--
-- Dumping data for table `yotpo_sync`
--


--
-- Final view structure for view `inventory_stock_1`
--

/*!50001 DROP VIEW IF EXISTS `inventory_stock_1`*/;
/*!50001 CREATE ALGORITHM=UNDEFINED */
/*!50013 SQL SECURITY INVOKER */
/*!50001 VIEW `inventory_stock_1` AS select distinct `legacy_stock_status`.`product_id` AS `product_id`,`legacy_stock_status`.`website_id` AS `website_id`,`legacy_stock_status`.`stock_id` AS `stock_id`,`legacy_stock_status`.`qty` AS `quantity`,`legacy_stock_status`.`stock_status` AS `is_salable`,`product`.`sku` AS `sku` from (`cataloginventory_stock_status` `legacy_stock_status` join `catalog_product_entity` `product` on((`legacy_stock_status`.`product_id` = `product`.`entity_id`))) */;


