-- Table structure for table `directory_currency_rate`
--

CREATE TABLE `directory_currency_rate` (
  `currency_from` varchar(3) NOT NULL COMMENT 'Currency Code Convert From',
  `currency_to` varchar(3) NOT NULL COMMENT 'Currency Code Convert To',
  `rate` decimal(24,12) NOT NULL DEFAULT '0.000000000000' COMMENT 'Currency Conversion Rate',
  PRIMARY KEY (`currency_from`,`currency_to`),
  KEY `DIRECTORY_CURRENCY_RATE_CURRENCY_TO` (`currency_to`)
) ENGINE=InnoDB DEFAULT CHARSET=utf8 COMMENT='Directory Currency Rate';

--
-- Dumping data for table `directory_currency_rate`
--

INSERT INTO `directory_currency_rate` VALUES ('EUR','EUR',1.000000000000),('EUR','USD',1.415000000000),('USD','EUR',0.706700000000),('USD','USD',1.000000000000);

--
-- Table structure for table `downloadable_link`
--

CREATE TABLE `downloadable_link` (
  `link_id` int(10) unsigned NOT NULL AUTO_INCREMENT COMMENT 'Link ID',
  `product_id` int(10) unsigned NOT NULL DEFAULT '0' COMMENT 'Product ID',
  `sort_order` int(10) unsigned NOT NULL DEFAULT '0' COMMENT 'Sort order',
  `number_of_downloads` int(11) DEFAULT NULL COMMENT 'Number of downloads',
  `is_shareable` smallint(5) unsigned NOT NULL DEFAULT '0' COMMENT 'Shareable flag',
  `link_url` varchar(255) DEFAULT NULL COMMENT 'Link Url',
  `link_file` varchar(255) DEFAULT NULL COMMENT 'Link File',
  `link_type` varchar(20) DEFAULT NULL COMMENT 'Link Type',
  `sample_url` varchar(255) DEFAULT NULL COMMENT 'Sample Url',
  `sample_file` varchar(255) DEFAULT NULL COMMENT 'Sample File',
  `sample_type` varchar(20) DEFAULT NULL COMMENT 'Sample Type',
  PRIMARY KEY (`link_id`),
  KEY `DOWNLOADABLE_LINK_PRODUCT_ID_SORT_ORDER` (`product_id`,`sort_order`),
  CONSTRAINT `DOWNLOADABLE_LINK_PRODUCT_ID_CATALOG_PRODUCT_ENTITY_ENTITY_ID` FOREIGN KEY (`product_id`) REFERENCES `catalog_product_entity` (`entity_id`) ON DELETE CASCADE
) ENGINE=InnoDB DEFAULT CHARSET=utf8 COMMENT='Downloadable Link Table';

--
-- Dumping data for table `downloadable_link`
--


--
-- Table structure for table `downloadable_link_price`
--

CREATE TABLE `downloadable_link_price` (
  `price_id` int(10) unsigned NOT NULL AUTO_INCREMENT COMMENT 'Price ID',
  `link_id` int(10) unsigned NOT NULL DEFAULT '0' COMMENT 'Link ID',
  `website_id` smallint(5) unsigned NOT NULL DEFAULT '0' COMMENT 'Website ID',
  `price` decimal(20,6) NOT NULL DEFAULT '0.000000' COMMENT 'Price',
  PRIMARY KEY (`price_id`),
  KEY `DOWNLOADABLE_LINK_PRICE_LINK_ID` (`link_id`),
  KEY `DOWNLOADABLE_LINK_PRICE_WEBSITE_ID` (`website_id`),
  CONSTRAINT `DOWNLOADABLE_LINK_PRICE_LINK_ID_DOWNLOADABLE_LINK_LINK_ID` FOREIGN KEY (`link_id`) REFERENCES `downloadable_link` (`link_id`) ON DELETE CASCADE,
  CONSTRAINT `DOWNLOADABLE_LINK_PRICE_WEBSITE_ID_STORE_WEBSITE_WEBSITE_ID` FOREIGN KEY (`website_id`) REFERENCES `store_website` (`website_id`) ON DELETE CASCADE
) ENGINE=InnoDB DEFAULT CHARSET=utf8 COMMENT='Downloadable Link Price Table';

--
-- Dumping data for table `downloadable_link_price`
--


--
-- Table structure for table `downloadable_link_purchased`
--

CREATE TABLE `downloadable_link_purchased` (
  `purchased_id` int(10) unsigned NOT NULL AUTO_INCREMENT COMMENT 'Purchased ID',
  `order_id` int(10) unsigned DEFAULT '0' COMMENT 'Order ID',
  `order_increment_id` varchar(50) DEFAULT NULL COMMENT 'Order Increment ID',
  `order_item_id` int(10) unsigned NOT NULL DEFAULT '0' COMMENT 'Order Item ID',
  `created_at` timestamp NOT NULL DEFAULT CURRENT_TIMESTAMP COMMENT 'Date of creation',
  `updated_at` timestamp NOT NULL DEFAULT CURRENT_TIMESTAMP ON UPDATE CURRENT_TIMESTAMP COMMENT 'Date of modification',
  `customer_id` int(10) unsigned DEFAULT '0' COMMENT 'Customer ID',
  `product_name` varchar(255) DEFAULT NULL COMMENT 'Product name',
  `product_sku` varchar(255) DEFAULT NULL COMMENT 'Product sku',
  `link_section_title` varchar(255) DEFAULT NULL COMMENT 'Link_section_title',
  PRIMARY KEY (`purchased_id`),
  KEY `DOWNLOADABLE_LINK_PURCHASED_ORDER_ID` (`order_id`),
  KEY `DOWNLOADABLE_LINK_PURCHASED_ORDER_ITEM_ID` (`order_item_id`),
  KEY `DOWNLOADABLE_LINK_PURCHASED_CUSTOMER_ID` (`customer_id`),
  CONSTRAINT `DL_LNK_PURCHASED_CSTR_ID_CSTR_ENTT_ENTT_ID` FOREIGN KEY (`customer_id`) REFERENCES `customer_entity` (`entity_id`) ON DELETE SET NULL,
  CONSTRAINT `DOWNLOADABLE_LINK_PURCHASED_ORDER_ID_SALES_ORDER_ENTITY_ID` FOREIGN KEY (`order_id`) REFERENCES `sales_order` (`entity_id`) ON DELETE SET NULL
) ENGINE=InnoDB DEFAULT CHARSET=utf8 COMMENT='Downloadable Link Purchased Table';

--
-- Dumping data for table `downloadable_link_purchased`
--


--
-- Table structure for table `downloadable_link_purchased_item`
--

CREATE TABLE `downloadable_link_purchased_item` (
  `item_id` int(10) unsigned NOT NULL AUTO_INCREMENT COMMENT 'Item ID',
  `purchased_id` int(10) unsigned NOT NULL DEFAULT '0' COMMENT 'Purchased ID',
  `order_item_id` int(10) unsigned DEFAULT '0' COMMENT 'Order Item ID',
  `product_id` int(10) unsigned DEFAULT '0' COMMENT 'Product ID',
  `link_hash` varchar(255) DEFAULT NULL COMMENT 'Link hash',
  `number_of_downloads_bought` int(10) unsigned NOT NULL DEFAULT '0' COMMENT 'Number of downloads bought',
  `number_of_downloads_used` int(10) unsigned NOT NULL DEFAULT '0' COMMENT 'Number of downloads used',
  `link_id` int(10) unsigned NOT NULL DEFAULT '0' COMMENT 'Link ID',
  `link_title` varchar(255) DEFAULT NULL COMMENT 'Link Title',
  `is_shareable` smallint(5) unsigned NOT NULL DEFAULT '0' COMMENT 'Shareable Flag',
  `link_url` varchar(255) DEFAULT NULL COMMENT 'Link Url',
  `link_file` varchar(255) DEFAULT NULL COMMENT 'Link File',
  `link_type` varchar(255) DEFAULT NULL COMMENT 'Link Type',
  `status` varchar(50) DEFAULT NULL COMMENT 'Status',
  `created_at` timestamp NOT NULL DEFAULT CURRENT_TIMESTAMP COMMENT 'Creation Time',
  `updated_at` timestamp NOT NULL DEFAULT CURRENT_TIMESTAMP ON UPDATE CURRENT_TIMESTAMP COMMENT 'Update Time',
  PRIMARY KEY (`item_id`),
  KEY `DOWNLOADABLE_LINK_PURCHASED_ITEM_LINK_HASH` (`link_hash`),
  KEY `DOWNLOADABLE_LINK_PURCHASED_ITEM_ORDER_ITEM_ID` (`order_item_id`),
  KEY `DOWNLOADABLE_LINK_PURCHASED_ITEM_PURCHASED_ID` (`purchased_id`),
  CONSTRAINT `DL_LNK_PURCHASED_ITEM_ORDER_ITEM_ID_SALES_ORDER_ITEM_ITEM_ID` FOREIGN KEY (`order_item_id`) REFERENCES `sales_order_item` (`item_id`) ON DELETE SET NULL,
  CONSTRAINT `DL_LNK_PURCHASED_ITEM_PURCHASED_ID_DL_LNK_PURCHASED_PURCHASED_ID` FOREIGN KEY (`purchased_id`) REFERENCES `downloadable_link_purchased` (`purchased_id`) ON DELETE CASCADE
) ENGINE=InnoDB DEFAULT CHARSET=utf8 COMMENT='Downloadable Link Purchased Item Table';

--
-- Dumping data for table `downloadable_link_purchased_item`
--


--
-- Table structure for table `downloadable_link_title`
--

CREATE TABLE `downloadable_link_title` (
  `title_id` int(10) unsigned NOT NULL AUTO_INCREMENT COMMENT 'Title ID',
  `link_id` int(10) unsigned NOT NULL DEFAULT '0' COMMENT 'Link ID',
  `store_id` smallint(5) unsigned NOT NULL DEFAULT '0' COMMENT 'Store ID',
  `title` varchar(255) DEFAULT NULL COMMENT 'Title',
  PRIMARY KEY (`title_id`),
  UNIQUE KEY `DOWNLOADABLE_LINK_TITLE_LINK_ID_STORE_ID` (`link_id`,`store_id`),
  KEY `DOWNLOADABLE_LINK_TITLE_STORE_ID` (`store_id`),
  CONSTRAINT `DOWNLOADABLE_LINK_TITLE_LINK_ID_DOWNLOADABLE_LINK_LINK_ID` FOREIGN KEY (`link_id`) REFERENCES `downloadable_link` (`link_id`) ON DELETE CASCADE,
  CONSTRAINT `DOWNLOADABLE_LINK_TITLE_STORE_ID_STORE_STORE_ID` FOREIGN KEY (`store_id`) REFERENCES `store` (`store_id`) ON DELETE CASCADE
) ENGINE=InnoDB DEFAULT CHARSET=utf8 COMMENT='Link Title Table';

--
-- Dumping data for table `downloadable_link_title`
--


--
-- Table structure for table `downloadable_sample`
--

CREATE TABLE `downloadable_sample` (
  `sample_id` int(10) unsigned NOT NULL AUTO_INCREMENT COMMENT 'Sample ID',
  `product_id` int(10) unsigned NOT NULL DEFAULT '0' COMMENT 'Product ID',
  `sample_url` varchar(255) DEFAULT NULL COMMENT 'Sample URL',
  `sample_file` varchar(255) DEFAULT NULL COMMENT 'Sample file',
  `sample_type` varchar(20) DEFAULT NULL COMMENT 'Sample Type',
  `sort_order` int(10) unsigned NOT NULL DEFAULT '0' COMMENT 'Sort Order',
  PRIMARY KEY (`sample_id`),
  KEY `DOWNLOADABLE_SAMPLE_PRODUCT_ID` (`product_id`),
  CONSTRAINT `DOWNLOADABLE_SAMPLE_PRODUCT_ID_CATALOG_PRODUCT_ENTITY_ENTITY_ID` FOREIGN KEY (`product_id`) REFERENCES `catalog_product_entity` (`entity_id`) ON DELETE CASCADE
) ENGINE=InnoDB DEFAULT CHARSET=utf8 COMMENT='Downloadable Sample Table';

--
-- Dumping data for table `downloadable_sample`
--


--
-- Table structure for table `downloadable_sample_title`
--

CREATE TABLE `downloadable_sample_title` (
  `title_id` int(10) unsigned NOT NULL AUTO_INCREMENT COMMENT 'Title ID',
  `sample_id` int(10) unsigned NOT NULL DEFAULT '0' COMMENT 'Sample ID',
  `store_id` smallint(5) unsigned NOT NULL DEFAULT '0' COMMENT 'Store ID',
  `title` varchar(255) DEFAULT NULL COMMENT 'Title',
  PRIMARY KEY (`title_id`),
  UNIQUE KEY `DOWNLOADABLE_SAMPLE_TITLE_SAMPLE_ID_STORE_ID` (`sample_id`,`store_id`),
  KEY `DOWNLOADABLE_SAMPLE_TITLE_STORE_ID` (`store_id`),
  CONSTRAINT `DL_SAMPLE_TTL_SAMPLE_ID_DL_SAMPLE_SAMPLE_ID` FOREIGN KEY (`sample_id`) REFERENCES `downloadable_sample` (`sample_id`) ON DELETE CASCADE,
  CONSTRAINT `DOWNLOADABLE_SAMPLE_TITLE_STORE_ID_STORE_STORE_ID` FOREIGN KEY (`store_id`) REFERENCES `store` (`store_id`) ON DELETE CASCADE
) ENGINE=InnoDB DEFAULT CHARSET=utf8 COMMENT='Downloadable Sample Title Table';

--
-- Dumping data for table `downloadable_sample_title`
--


--
-- Table structure for table `eav_attribute`
--

CREATE TABLE `eav_attribute` (
  `attribute_id` smallint(5) unsigned NOT NULL AUTO_INCREMENT COMMENT 'Attribute ID',
  `entity_type_id` smallint(5) unsigned NOT NULL DEFAULT '0' COMMENT 'Entity Type ID',
  `attribute_code` varchar(255) NOT NULL COMMENT 'Attribute Code',
  `attribute_model` varchar(255) DEFAULT NULL COMMENT 'Attribute Model',
  `backend_model` varchar(255) DEFAULT NULL COMMENT 'Backend Model',
  `backend_type` varchar(8) NOT NULL DEFAULT 'static' COMMENT 'Backend Type',
  `backend_table` varchar(255) DEFAULT NULL COMMENT 'Backend Table',
  `frontend_model` varchar(255) DEFAULT NULL COMMENT 'Frontend Model',
  `frontend_input` varchar(50) DEFAULT NULL COMMENT 'Frontend Input',
  `frontend_label` varchar(255) DEFAULT NULL COMMENT 'Frontend Label',
  `frontend_class` varchar(255) DEFAULT NULL COMMENT 'Frontend Class',
  `source_model` varchar(255) DEFAULT NULL COMMENT 'Source Model',
  `is_required` smallint(5) unsigned NOT NULL DEFAULT '0' COMMENT 'Defines Is Required',
  `is_user_defined` smallint(5) unsigned NOT NULL DEFAULT '0' COMMENT 'Defines Is User Defined',
  `default_value` text COMMENT 'Default Value',
  `is_unique` smallint(5) unsigned NOT NULL DEFAULT '0' COMMENT 'Defines Is Unique',
  `note` varchar(255) DEFAULT NULL COMMENT 'Note',
  PRIMARY KEY (`attribute_id`),
  UNIQUE KEY `EAV_ATTRIBUTE_ENTITY_TYPE_ID_ATTRIBUTE_CODE` (`entity_type_id`,`attribute_code`),
  KEY `EAV_ATTRIBUTE_FRONTEND_INPUT_ENTITY_TYPE_ID_IS_USER_DEFINED` (`frontend_input`,`entity_type_id`,`is_user_defined`),
  CONSTRAINT `EAV_ATTRIBUTE_ENTITY_TYPE_ID_EAV_ENTITY_TYPE_ENTITY_TYPE_ID` FOREIGN KEY (`entity_type_id`) REFERENCES `eav_entity_type` (`entity_type_id`) ON DELETE CASCADE
) ENGINE=InnoDB AUTO_INCREMENT=163 DEFAULT CHARSET=utf8 COMMENT='Eav Attribute';

--
-- Dumping data for table `eav_attribute`
--

INSERT INTO `eav_attribute` VALUES (1,1,'website_id',NULL,'Magento\\Customer\\Model\\Customer\\Attribute\\Backend\\Website','static',NULL,NULL,'select','Associate to Website',NULL,'Magento\\Customer\\Model\\Customer\\Attribute\\Source\\Website',1,0,NULL,0,NULL),(2,1,'store_id',NULL,'Magento\\Customer\\Model\\Customer\\Attribute\\Backend\\Store','static',NULL,NULL,'select','Create In',NULL,'Magento\\Customer\\Model\\Customer\\Attribute\\Source\\Store',1,0,NULL,0,NULL),(3,1,'created_in',NULL,NULL,'static',NULL,NULL,'text','Created From',NULL,NULL,0,0,NULL,0,NULL),(4,1,'prefix',NULL,NULL,'static',NULL,NULL,'text','Name Prefix',NULL,NULL,0,0,NULL,0,NULL),(5,1,'firstname',NULL,NULL,'static',NULL,NULL,'text','First Name',NULL,NULL,1,0,NULL,0,NULL),(6,1,'middlename',NULL,NULL,'static',NULL,NULL,'text','Middle Name/Initial',NULL,NULL,0,0,NULL,0,NULL),(7,1,'lastname',NULL,NULL,'static',NULL,NULL,'text','Last Name',NULL,NULL,1,0,NULL,0,NULL),(8,1,'suffix',NULL,NULL,'static',NULL,NULL,'text','Name Suffix',NULL,NULL,0,0,NULL,0,NULL),(9,1,'email',NULL,NULL,'static',NULL,NULL,'text','Email',NULL,NULL,1,0,NULL,0,NULL),(10,1,'group_id',NULL,NULL,'static',NULL,NULL,'select','Group',NULL,'Magento\\Customer\\Model\\Customer\\Attribute\\Source\\Group',1,0,NULL,0,NULL),(11,1,'dob',NULL,'Magento\\Eav\\Model\\Entity\\Attribute\\Backend\\Datetime','static',NULL,'Magento\\Eav\\Model\\Entity\\Attribute\\Frontend\\Datetime','date','Date of Birth',NULL,NULL,0,0,NULL,0,NULL),(12,1,'password_hash',NULL,'Magento\\Customer\\Model\\Customer\\Attribute\\Backend\\Password','static',NULL,NULL,'hidden',NULL,NULL,NULL,0,0,NULL,0,NULL),(13,1,'rp_token',NULL,NULL,'static',NULL,NULL,'hidden',NULL,NULL,NULL,0,0,NULL,0,NULL),(14,1,'rp_token_created_at',NULL,NULL,'static',NULL,NULL,'date',NULL,NULL,NULL,0,0,NULL,0,NULL),(15,1,'default_billing',NULL,'Magento\\Customer\\Model\\Customer\\Attribute\\Backend\\Billing','static',NULL,NULL,'text','Default Billing Address',NULL,NULL,0,0,NULL,0,NULL),(16,1,'default_shipping',NULL,'Magento\\Customer\\Model\\Customer\\Attribute\\Backend\\Shipping','static',NULL,NULL,'text','Default Shipping Address',NULL,NULL,0,0,NULL,0,NULL),(17,1,'taxvat',NULL,NULL,'static',NULL,NULL,'text','Tax/VAT Number',NULL,NULL,0,0,NULL,0,NULL),(18,1,'confirmation',NULL,NULL,'static',NULL,NULL,'text','Is Confirmed',NULL,NULL,0,0,NULL,0,NULL),(19,1,'created_at',NULL,NULL,'static',NULL,NULL,'date','Created At',NULL,NULL,0,0,NULL,0,NULL),(20,1,'gender',NULL,NULL,'static',NULL,NULL,'select','Gender',NULL,'Magento\\Eav\\Model\\Entity\\Attribute\\Source\\Table',0,0,NULL,0,NULL),(21,1,'disable_auto_group_change','Magento\\Customer\\Model\\Attribute','Magento\\Customer\\Model\\Attribute\\Backend\\Data\\Boolean','static',NULL,NULL,'boolean','Disable Automatic Group Change Based on VAT ID',NULL,NULL,0,0,NULL,0,NULL),(22,2,'prefix',NULL,NULL,'static',NULL,NULL,'text','Name Prefix',NULL,NULL,0,0,NULL,0,NULL),(23,2,'firstname',NULL,NULL,'static',NULL,NULL,'text','First Name',NULL,NULL,1,0,NULL,0,NULL),(24,2,'middlename',NULL,NULL,'static',NULL,NULL,'text','Middle Name/Initial',NULL,NULL,0,0,NULL,0,NULL),(25,2,'lastname',NULL,NULL,'static',NULL,NULL,'text','Last Name',NULL,NULL,1,0,NULL,0,NULL),(26,2,'suffix',NULL,NULL,'static',NULL,NULL,'text','Name Suffix',NULL,NULL,0,0,NULL,0,NULL),(27,2,'company',NULL,NULL,'static',NULL,NULL,'text','Company',NULL,NULL,0,0,NULL,0,NULL),(28,2,'street',NULL,'Magento\\Eav\\Model\\Entity\\Attribute\\Backend\\DefaultBackend','static',NULL,NULL,'multiline','Street Address',NULL,NULL,1,0,NULL,0,NULL),(29,2,'city',NULL,NULL,'static',NULL,NULL,'text','City',NULL,NULL,1,0,NULL,0,NULL),(30,2,'country_id',NULL,NULL,'static',NULL,NULL,'select','Country',NULL,'Magento\\Customer\\Model\\ResourceModel\\Address\\Attribute\\Source\\Country',1,0,NULL,0,NULL),(31,2,'region',NULL,'Magento\\Customer\\Model\\ResourceModel\\Address\\Attribute\\Backend\\Region','static',NULL,NULL,'text','State/Province',NULL,NULL,0,0,NULL,0,NULL),(32,2,'region_id',NULL,NULL,'static',NULL,NULL,'hidden','State/Province',NULL,'Magento\\Customer\\Model\\ResourceModel\\Address\\Attribute\\Source\\Region',0,0,NULL,0,NULL),(33,2,'postcode',NULL,NULL,'static',NULL,NULL,'text','Zip/Postal Code',NULL,NULL,0,0,NULL,0,NULL),(34,2,'telephone',NULL,NULL,'static',NULL,NULL,'text','Phone Number',NULL,NULL,1,0,NULL,0,NULL),(35,2,'fax',NULL,NULL,'static',NULL,NULL,'text','Fax',NULL,NULL,0,0,NULL,0,NULL),(36,2,'vat_id','Magento\\Customer\\Model\\Attribute',NULL,'static',NULL,NULL,'text','VAT Number',NULL,NULL,0,0,NULL,0,NULL),(37,2,'vat_is_valid',NULL,NULL,'static',NULL,NULL,'text','VAT number validity',NULL,NULL,0,0,NULL,0,NULL),(38,2,'vat_request_id',NULL,NULL,'static',NULL,NULL,'text','VAT number validation request ID',NULL,NULL,0,0,NULL,0,NULL),(39,2,'vat_request_date',NULL,NULL,'static',NULL,NULL,'text','VAT number validation request date',NULL,NULL,0,0,NULL,0,NULL),(40,2,'vat_request_success',NULL,NULL,'static',NULL,NULL,'text','VAT number validation request success',NULL,NULL,0,0,NULL,0,NULL),(41,1,'updated_at',NULL,NULL,'static',NULL,NULL,'date','Updated At',NULL,NULL,0,0,NULL,0,NULL),(42,1,'failures_num',NULL,NULL,'static',NULL,NULL,'hidden','Failures Number',NULL,NULL,0,0,NULL,0,NULL),(43,1,'first_failure',NULL,NULL,'static',NULL,NULL,'date','First Failure Date',NULL,NULL,0,0,NULL,0,NULL),(44,1,'lock_expires',NULL,NULL,'static',NULL,NULL,'date','Failures Number',NULL,NULL,0,0,NULL,0,NULL),(45,3,'name',NULL,NULL,'varchar',NULL,NULL,'text','Name',NULL,NULL,1,0,NULL,0,NULL),(46,3,'is_active',NULL,NULL,'int',NULL,NULL,'select','Is Active',NULL,'Magento\\Eav\\Model\\Entity\\Attribute\\Source\\Boolean',1,0,NULL,0,NULL),(47,3,'description',NULL,NULL,'text',NULL,NULL,'textarea','Description',NULL,NULL,0,0,NULL,0,NULL),(48,3,'image',NULL,'Magento\\Catalog\\Model\\Category\\Attribute\\Backend\\Image','varchar',NULL,NULL,'image','Image',NULL,NULL,0,0,NULL,0,NULL),(49,3,'meta_title',NULL,NULL,'varchar',NULL,NULL,'text','Page Title',NULL,NULL,0,0,NULL,0,NULL),(50,3,'meta_keywords',NULL,NULL,'text',NULL,NULL,'textarea','Meta Keywords',NULL,NULL,0,0,NULL,0,NULL),(51,3,'meta_description',NULL,NULL,'text',NULL,NULL,'textarea','Meta Description',NULL,NULL,0,0,NULL,0,NULL),(52,3,'display_mode',NULL,NULL,'varchar',NULL,NULL,'select','Display Mode',NULL,'Magento\\Catalog\\Model\\Category\\Attribute\\Source\\Mode',0,0,NULL,0,NULL),(53,3,'landing_page',NULL,NULL,'int',NULL,NULL,'select','CMS Block',NULL,'Magento\\Catalog\\Model\\Category\\Attribute\\Source\\Page',0,0,NULL,0,NULL),(54,3,'is_anchor',NULL,NULL,'int',NULL,NULL,'select','Is Anchor',NULL,'Magento\\Eav\\Model\\Entity\\Attribute\\Source\\Boolean',0,0,'1',0,NULL),(55,3,'path',NULL,NULL,'static',NULL,NULL,'text','Path',NULL,NULL,0,0,NULL,0,NULL),(56,3,'position',NULL,NULL,'static',NULL,NULL,'text','Position',NULL,NULL,0,0,NULL,0,NULL),(57,3,'all_children',NULL,NULL,'text',NULL,NULL,'text',NULL,NULL,NULL,0,0,NULL,0,NULL),(58,3,'path_in_store',NULL,NULL,'text',NULL,NULL,'text',NULL,NULL,NULL,0,0,NULL,0,NULL),(59,3,'children',NULL,NULL,'text',NULL,NULL,'text',NULL,NULL,NULL,0,0,NULL,0,NULL),(60,3,'custom_design',NULL,NULL,'varchar',NULL,NULL,'select','Custom Design',NULL,'Magento\\Theme\\Model\\Theme\\Source\\Theme',0,0,NULL,0,NULL),(61,3,'custom_design_from','Magento\\Catalog\\Model\\ResourceModel\\Eav\\Attribute','Magento\\Catalog\\Model\\Attribute\\Backend\\Startdate','datetime',NULL,'Magento\\Eav\\Model\\Entity\\Attribute\\Frontend\\Datetime','date','Active From',NULL,NULL,0,0,NULL,0,NULL),(62,3,'custom_design_to',NULL,'Magento\\Eav\\Model\\Entity\\Attribute\\Backend\\Datetime','datetime',NULL,NULL,'date','Active To',NULL,NULL,0,0,NULL,0,NULL),(63,3,'page_layout',NULL,NULL,'varchar',NULL,NULL,'select','Page Layout',NULL,'Magento\\Catalog\\Model\\Category\\Attribute\\Source\\Layout',0,0,NULL,0,NULL),(64,3,'custom_layout_update',NULL,'Magento\\Catalog\\Model\\Attribute\\Backend\\Customlayoutupdate','text',NULL,NULL,'textarea','Custom Layout Update',NULL,NULL,0,0,NULL,0,NULL),(65,3,'level',NULL,NULL,'static',NULL,NULL,'text','Level',NULL,NULL,0,0,NULL,0,NULL),(66,3,'children_count',NULL,NULL,'static',NULL,NULL,'text','Children Count',NULL,NULL,0,0,NULL,0,NULL),(67,3,'available_sort_by',NULL,'Magento\\Catalog\\Model\\Category\\Attribute\\Backend\\Sortby','text',NULL,NULL,'multiselect','Available Product Listing Sort By',NULL,'Magento\\Catalog\\Model\\Category\\Attribute\\Source\\Sortby',1,0,NULL,0,NULL),(68,3,'default_sort_by',NULL,'Magento\\Catalog\\Model\\Category\\Attribute\\Backend\\Sortby','varchar',NULL,NULL,'select','Default Product Listing Sort By',NULL,'Magento\\Catalog\\Model\\Category\\Attribute\\Source\\Sortby',1,0,NULL,0,NULL),(69,3,'include_in_menu',NULL,NULL,'int',NULL,NULL,'select','Include in Navigation Menu',NULL,'Magento\\Eav\\Model\\Entity\\Attribute\\Source\\Boolean',1,0,'1',0,NULL),(70,3,'custom_use_parent_settings',NULL,NULL,'int',NULL,NULL,'select','Use Parent Category Settings',NULL,'Magento\\Eav\\Model\\Entity\\Attribute\\Source\\Boolean',0,0,NULL,0,NULL),(71,3,'custom_apply_to_products',NULL,NULL,'int',NULL,NULL,'select','Apply To Products',NULL,'Magento\\Eav\\Model\\Entity\\Attribute\\Source\\Boolean',0,0,NULL,0,NULL),(72,3,'filter_price_range',NULL,NULL,'decimal',NULL,NULL,'text','Layered Navigation Price Step',NULL,NULL,0,0,NULL,0,NULL),(73,4,'name','Magento\\Catalog\\Model\\ResourceModel\\Eav\\Attribute',NULL,'varchar',NULL,NULL,'text','Product Name','validate-length maximum-length-255',NULL,1,0,NULL,0,NULL),(74,4,'sku','Magento\\Catalog\\Model\\ResourceModel\\Eav\\Attribute','Magento\\Catalog\\Model\\Product\\Attribute\\Backend\\Sku','static',NULL,NULL,'text','SKU','validate-length maximum-length-64',NULL,1,0,NULL,1,NULL),(75,4,'description',NULL,NULL,'text',NULL,NULL,'textarea','Description',NULL,NULL,0,0,NULL,0,NULL),(76,4,'short_description',NULL,NULL,'text',NULL,NULL,'textarea','Short Description',NULL,NULL,0,0,NULL,0,NULL),(77,4,'price','Magento\\Catalog\\Model\\ResourceModel\\Eav\\Attribute','Magento\\Catalog\\Model\\Product\\Attribute\\Backend\\Price','decimal',NULL,NULL,'price','Price',NULL,NULL,1,0,NULL,0,NULL),(78,4,'special_price','Magento\\Catalog\\Model\\ResourceModel\\Eav\\Attribute','Magento\\Catalog\\Model\\Product\\Attribute\\Backend\\Price','decimal',NULL,NULL,'price','Special Price',NULL,NULL,0,0,NULL,0,NULL),(79,4,'special_from_date',NULL,'Magento\\Catalog\\Model\\Attribute\\Backend\\Startdate','datetime',NULL,NULL,'date','Special Price From Date',NULL,NULL,0,0,NULL,0,NULL),(80,4,'special_to_date',NULL,'Magento\\Eav\\Model\\Entity\\Attribute\\Backend\\Datetime','datetime',NULL,NULL,'date','Special Price To Date',NULL,NULL,0,0,NULL,0,NULL),(81,4,'cost',NULL,'Magento\\Catalog\\Model\\Product\\Attribute\\Backend\\Price','decimal',NULL,NULL,'price','Cost',NULL,NULL,0,1,NULL,0,NULL),(82,4,'weight',NULL,'Magento\\Catalog\\Model\\Product\\Attribute\\Backend\\Weight','decimal',NULL,NULL,'weight','Weight',NULL,NULL,0,0,NULL,0,NULL),(83,4,'manufacturer',NULL,NULL,'int',NULL,NULL,'select','Manufacturer',NULL,NULL,0,1,NULL,0,NULL),(84,4,'meta_title',NULL,NULL,'varchar',NULL,NULL,'text','Meta Title',NULL,NULL,0,0,NULL,0,NULL),(85,4,'meta_keyword',NULL,NULL,'text',NULL,NULL,'textarea','Meta Keywords',NULL,NULL,0,0,NULL,0,NULL),(86,4,'meta_description',NULL,NULL,'varchar',NULL,NULL,'textarea','Meta Description',NULL,NULL,0,0,NULL,0,'Maximum 255 chars. Meta Description should optimally be between 150-160 characters'),(87,4,'image',NULL,NULL,'varchar',NULL,'Magento\\Catalog\\Model\\Product\\Attribute\\Frontend\\Image','media_image','Base',NULL,NULL,0,0,NULL,0,NULL),(88,4,'small_image',NULL,NULL,'varchar',NULL,'Magento\\Catalog\\Model\\Product\\Attribute\\Frontend\\Image','media_image','Small',NULL,NULL,0,0,NULL,0,NULL),(89,4,'thumbnail',NULL,NULL,'varchar',NULL,'Magento\\Catalog\\Model\\Product\\Attribute\\Frontend\\Image','media_image','Thumbnail',NULL,NULL,0,0,NULL,0,NULL),(90,4,'media_gallery',NULL,NULL,'static',NULL,NULL,'gallery','Media Gallery',NULL,NULL,0,0,NULL,0,NULL),(91,4,'old_id',NULL,NULL,'int',NULL,NULL,'text',NULL,NULL,NULL,0,0,NULL,0,NULL),(92,4,'tier_price',NULL,'Magento\\Catalog\\Model\\Product\\Attribute\\Backend\\Tierprice','decimal',NULL,NULL,'text','Tier Price',NULL,NULL,0,0,NULL,0,NULL),(93,4,'color',NULL,NULL,'int',NULL,NULL,'select','Color',NULL,NULL,0,1,NULL,0,NULL),(94,4,'news_from_date',NULL,'Magento\\Catalog\\Model\\Attribute\\Backend\\Startdate','datetime',NULL,NULL,'date','Set Product as New from Date',NULL,NULL,0,0,NULL,0,NULL),(95,4,'news_to_date',NULL,'Magento\\Eav\\Model\\Entity\\Attribute\\Backend\\Datetime','datetime',NULL,NULL,'date','Set Product as New to Date',NULL,NULL,0,0,NULL,0,NULL),(96,4,'gallery',NULL,NULL,'varchar',NULL,NULL,'gallery','Image Gallery',NULL,NULL,0,0,NULL,0,NULL),(97,4,'status',NULL,NULL,'int',NULL,NULL,'select','Enable Product',NULL,'Magento\\Catalog\\Model\\Product\\Attribute\\Source\\Status',0,0,'1',0,NULL),(98,4,'minimal_price','Magento\\Catalog\\Model\\ResourceModel\\Eav\\Attribute','Magento\\Catalog\\Model\\Product\\Attribute\\Backend\\Price','decimal',NULL,NULL,'price','Minimal Price',NULL,NULL,0,0,NULL,0,NULL),(99,4,'visibility',NULL,NULL,'int',NULL,NULL,'select','Visibility',NULL,'Magento\\Catalog\\Model\\Product\\Visibility',0,0,'4',0,NULL),(100,4,'custom_design',NULL,NULL,'varchar',NULL,NULL,'select','New Theme',NULL,'Magento\\Theme\\Model\\Theme\\Source\\Theme',0,0,NULL,0,NULL),(101,4,'custom_design_from',NULL,'Magento\\Catalog\\Model\\Attribute\\Backend\\Startdate','datetime',NULL,NULL,'date','Active From',NULL,NULL,0,0,NULL,0,NULL),(102,4,'custom_design_to',NULL,'Magento\\Eav\\Model\\Entity\\Attribute\\Backend\\Datetime','datetime',NULL,NULL,'date','Active To',NULL,NULL,0,0,NULL,0,NULL),(103,4,'custom_layout_update',NULL,'Magento\\Catalog\\Model\\Attribute\\Backend\\Customlayoutupdate','text',NULL,NULL,'textarea','Layout Update XML',NULL,NULL,0,0,NULL,0,NULL),(104,4,'page_layout',NULL,NULL,'varchar',NULL,NULL,'select','Layout',NULL,'Magento\\Catalog\\Model\\Product\\Attribute\\Source\\Layout',0,0,NULL,0,NULL),(105,4,'category_ids',NULL,'Magento\\Catalog\\Model\\Product\\Attribute\\Backend\\Category','static',NULL,NULL,'text','Categories',NULL,NULL,0,0,NULL,0,NULL),(106,4,'options_container',NULL,NULL,'varchar',NULL,NULL,'select','Display Product Options In',NULL,'Magento\\Catalog\\Model\\Entity\\Product\\Attribute\\Design\\Options\\Container',0,0,'container2',0,NULL),(107,4,'required_options',NULL,NULL,'static',NULL,NULL,'text',NULL,NULL,NULL,0,0,NULL,0,NULL),(108,4,'has_options',NULL,NULL,'static',NULL,NULL,'text',NULL,NULL,NULL,0,0,NULL,0,NULL),(109,4,'image_label',NULL,NULL,'varchar',NULL,NULL,'text','Image Label',NULL,NULL,0,0,NULL,0,NULL),(110,4,'small_image_label',NULL,NULL,'varchar',NULL,NULL,'text','Small Image Label',NULL,NULL,0,0,NULL,0,NULL),(111,4,'thumbnail_label',NULL,NULL,'varchar',NULL,NULL,'text','Thumbnail Label',NULL,NULL,0,0,NULL,0,NULL),(112,4,'created_at',NULL,NULL,'static',NULL,NULL,'date',NULL,NULL,NULL,1,0,NULL,0,NULL),(113,4,'updated_at',NULL,NULL,'static',NULL,NULL,'date',NULL,NULL,NULL,1,0,NULL,0,NULL),(114,4,'country_of_manufacture',NULL,NULL,'varchar',NULL,NULL,'select','Country of Manufacture',NULL,'Magento\\Catalog\\Model\\Product\\Attribute\\Source\\Countryofmanufacture',0,0,NULL,0,NULL),(115,4,'quantity_and_stock_status',NULL,'Magento\\Catalog\\Model\\Product\\Attribute\\Backend\\Stock','int',NULL,NULL,'select','Quantity',NULL,'Magento\\CatalogInventory\\Model\\Source\\Stock',0,0,'1',0,NULL),(116,4,'custom_layout',NULL,NULL,'varchar',NULL,NULL,'select','New Layout',NULL,'Magento\\Catalog\\Model\\Product\\Attribute\\Source\\Layout',0,0,NULL,0,NULL),(117,4,'custom_layout_update_file',NULL,'Magento\\Catalog\\Model\\Product\\Attribute\\Backend\\LayoutUpdate','varchar',NULL,NULL,'select','Custom Layout Update',NULL,'Magento\\Catalog\\Model\\Product\\Attribute\\Source\\LayoutUpdate',0,0,NULL,0,NULL),(118,3,'custom_layout_update_file',NULL,'Magento\\Catalog\\Model\\Category\\Attribute\\Backend\\LayoutUpdate','varchar',NULL,NULL,'select','Custom Layout Update',NULL,'Magento\\Catalog\\Model\\Category\\Attribute\\Source\\LayoutUpdate',0,0,NULL,0,NULL),(119,4,'msrp','Magento\\Catalog\\Model\\ResourceModel\\Eav\\Attribute','Magento\\Catalog\\Model\\Product\\Attribute\\Backend\\Price','decimal',NULL,NULL,'price','Minimum Advertised Price',NULL,NULL,0,0,NULL,0,NULL),(120,4,'msrp_display_actual_price_type',NULL,'Magento\\Catalog\\Model\\Product\\Attribute\\Backend\\Boolean','varchar',NULL,NULL,'select','Display Actual Price',NULL,'Magento\\Msrp\\Model\\Product\\Attribute\\Source\\Type\\Price',0,0,'0',0,NULL),(121,3,'url_key',NULL,NULL,'varchar',NULL,NULL,'text','URL Key',NULL,NULL,0,0,NULL,0,NULL),(122,3,'url_path',NULL,NULL,'varchar',NULL,NULL,'text',NULL,NULL,NULL,0,0,NULL,0,NULL),(123,4,'url_key',NULL,NULL,'varchar',NULL,NULL,'text','URL Key',NULL,NULL,0,0,NULL,0,NULL),(124,4,'url_path',NULL,NULL,'varchar',NULL,NULL,'text',NULL,NULL,NULL,0,0,NULL,0,NULL),(125,4,'links_purchased_separately',NULL,NULL,'int',NULL,NULL,NULL,'Links can be purchased separately',NULL,NULL,1,0,NULL,0,NULL),(126,4,'samples_title',NULL,NULL,'varchar',NULL,NULL,NULL,'Samples title',NULL,NULL,1,0,NULL,0,NULL),(127,4,'links_title',NULL,NULL,'varchar',NULL,NULL,NULL,'Links title',NULL,NULL,1,0,NULL,0,NULL),(128,4,'links_exist',NULL,NULL,'int',NULL,NULL,NULL,NULL,NULL,NULL,0,0,NULL,0,NULL),(129,4,'price_type',NULL,NULL,'int',NULL,NULL,'boolean','Dynamic Price',NULL,NULL,1,0,'0',0,NULL),(130,4,'sku_type',NULL,NULL,'int',NULL,NULL,'boolean','Dynamic SKU',NULL,NULL,1,0,'0',0,NULL),(131,4,'weight_type',NULL,NULL,'int',NULL,NULL,'boolean','Dynamic Weight',NULL,NULL,1,0,'0',0,NULL),(132,4,'price_view',NULL,NULL,'int',NULL,NULL,'select','Price View',NULL,'Magento\\Bundle\\Model\\Product\\Attribute\\Source\\Price\\View',1,0,NULL,0,NULL),(133,4,'shipment_type',NULL,NULL,'int',NULL,NULL,'select','Ship Bundle Items',NULL,'Magento\\Bundle\\Model\\Product\\Attribute\\Source\\Shipment\\Type',1,0,'0',0,NULL),(134,4,'gift_message_available',NULL,'Magento\\Catalog\\Model\\Product\\Attribute\\Backend\\Boolean','varchar',NULL,NULL,'select','Allow Gift Message',NULL,'Magento\\Catalog\\Model\\Product\\Attribute\\Source\\Boolean',0,0,NULL,0,NULL),(135,4,'swatch_image',NULL,NULL,'varchar',NULL,'Magento\\Catalog\\Model\\Product\\Attribute\\Frontend\\Image','media_image','Swatch',NULL,NULL,0,0,NULL,0,NULL),(136,4,'tax_class_id',NULL,NULL,'int',NULL,NULL,'select','Tax Class',NULL,'Magento\\Tax\\Model\\TaxClass\\Source\\Product',0,0,'2',0,NULL),(137,4,'rating',NULL,NULL,'int',NULL,NULL,'select','Rating',NULL,'Bss\\LayerNavigation\\Model\\Config\\Source\\Rating',0,0,NULL,0,NULL),(138,1,'mp_smtp_is_synced',NULL,NULL,'int',NULL,NULL,'hidden','Mp SMTP is synced',NULL,NULL,0,0,NULL,0,NULL),(139,3,'redirect_url',NULL,NULL,'varchar',NULL,NULL,'text','Redirect to another URL',NULL,NULL,0,0,NULL,0,NULL),(140,9,'author_id',NULL,NULL,'static',NULL,NULL,'select','Author Id',NULL,NULL,1,0,NULL,0,NULL),(141,9,'type',NULL,NULL,'static',NULL,NULL,'text','Type',NULL,NULL,1,0,NULL,0,NULL),(142,9,'name',NULL,NULL,'varchar',NULL,NULL,'text','Name',NULL,NULL,1,0,NULL,0,NULL),(143,9,'url_key',NULL,NULL,'varchar',NULL,NULL,'text','Url Key',NULL,NULL,1,0,NULL,0,NULL),(144,9,'status',NULL,NULL,'int',NULL,NULL,'select','Status',NULL,'Mirasvit\\Blog\\Model\\Post\\Attribute\\Source\\Status',1,0,NULL,0,NULL),(145,9,'content',NULL,NULL,'text',NULL,NULL,'textarea','Content',NULL,NULL,1,0,NULL,0,NULL),(146,9,'short_content',NULL,NULL,'text',NULL,NULL,'textarea','Short Content',NULL,NULL,1,0,NULL,0,NULL),(147,9,'featured_image',NULL,NULL,'text',NULL,NULL,'text','Featured Image',NULL,NULL,1,0,NULL,0,NULL),(148,9,'is_pinned',NULL,NULL,'int',NULL,NULL,'text','Is pinned?',NULL,NULL,1,0,NULL,0,NULL),(149,9,'meta_title',NULL,NULL,'varchar',NULL,NULL,'text','Meta Title',NULL,NULL,1,0,NULL,0,NULL),(150,9,'meta_keywords',NULL,NULL,'text',NULL,NULL,'textarea','Meta Keywords',NULL,NULL,1,0,NULL,0,NULL),(151,9,'meta_description',NULL,NULL,'varchar',NULL,NULL,'textarea','Meta Description',NULL,NULL,1,0,NULL,0,NULL),(152,10,'name',NULL,NULL,'varchar',NULL,NULL,'text','Name',NULL,NULL,1,0,NULL,0,NULL),(153,10,'url_key',NULL,NULL,'varchar',NULL,NULL,'text','Url Key',NULL,NULL,1,0,NULL,0,NULL),(154,10,'status',NULL,NULL,'int',NULL,NULL,'select','Status',NULL,'Magento\\Eav\\Model\\Entity\\Attribute\\Source\\Boolean',1,0,NULL,0,NULL),(155,10,'content',NULL,NULL,'text',NULL,NULL,'textarea','Content',NULL,NULL,1,0,NULL,0,NULL),(156,10,'meta_title',NULL,NULL,'varchar',NULL,NULL,'text','Meta Title',NULL,NULL,1,0,NULL,0,NULL),(157,10,'meta_keywords',NULL,NULL,'text',NULL,NULL,'textarea','Meta Keywords',NULL,NULL,1,0,NULL,0,NULL),(158,10,'meta_description',NULL,NULL,'varchar',NULL,NULL,'textarea','Meta Description',NULL,NULL,1,0,NULL,0,NULL),(159,9,'featured_alt',NULL,NULL,'varchar',NULL,NULL,'text','Alt',NULL,NULL,1,0,NULL,0,NULL),(160,9,'featured_show_on_home',NULL,NULL,'int',NULL,NULL,'text','Is show on Blog Home page',NULL,NULL,1,0,'1',0,NULL),(161,4,'mere',NULL,NULL,'varchar',NULL,NULL,'text','Mere',NULL,NULL,0,1,NULL,0,NULL),(162,4,'barva',NULL,NULL,'int',NULL,NULL,'select','barva',NULL,'Magento\\Eav\\Model\\Entity\\Attribute\\Source\\Table',0,1,'',0,NULL);

--
-- Table structure for table `eav_attribute_group`
--

CREATE TABLE `eav_attribute_group` (
  `attribute_group_id` smallint(5) unsigned NOT NULL AUTO_INCREMENT COMMENT 'Attribute Group ID',
  `attribute_set_id` smallint(5) unsigned NOT NULL DEFAULT '0' COMMENT 'Attribute Set ID',
  `attribute_group_name` varchar(255) DEFAULT NULL COMMENT 'Attribute Group Name',
  `sort_order` smallint(6) NOT NULL DEFAULT '0' COMMENT 'Sort Order',
  `default_id` smallint(5) unsigned DEFAULT '0' COMMENT 'Default ID',
  `attribute_group_code` varchar(255) NOT NULL COMMENT 'Attribute Group Code',
  `tab_group_code` varchar(255) DEFAULT NULL COMMENT 'Tab Group Code',
  PRIMARY KEY (`attribute_group_id`),
  UNIQUE KEY `EAV_ATTRIBUTE_GROUP_ATTRIBUTE_SET_ID_ATTRIBUTE_GROUP_CODE` (`attribute_set_id`,`attribute_group_code`),
  UNIQUE KEY `EAV_ATTRIBUTE_GROUP_ATTRIBUTE_SET_ID_ATTRIBUTE_GROUP_NAME` (`attribute_set_id`,`attribute_group_name`),
  KEY `EAV_ATTRIBUTE_GROUP_ATTRIBUTE_SET_ID_SORT_ORDER` (`attribute_set_id`,`sort_order`),
  CONSTRAINT `EAV_ATTR_GROUP_ATTR_SET_ID_EAV_ATTR_SET_ATTR_SET_ID` FOREIGN KEY (`attribute_set_id`) REFERENCES `eav_attribute_set` (`attribute_set_id`) ON DELETE CASCADE
) ENGINE=InnoDB AUTO_INCREMENT=23 DEFAULT CHARSET=utf8 COMMENT='Eav Attribute Group';

--
-- Dumping data for table `eav_attribute_group`
--

INSERT INTO `eav_attribute_group` VALUES (1,1,'General',1,1,'general',NULL),(2,2,'General',1,1,'general',NULL),(3,3,'General',10,1,'general',NULL),(4,3,'General Information',2,0,'general-information',NULL),(5,3,'Display Settings',20,0,'display-settings',NULL),(6,3,'Custom Design',30,0,'custom-design',NULL),(7,4,'Product Details',1,1,'product-details','basic'),(8,4,'Advanced Pricing',6,0,'advanced-pricing','advanced'),(9,4,'Search Engine Optimization',5,0,'search-engine-optimization','basic'),(10,4,'Images',4,0,'image-management','basic'),(11,4,'Design',7,0,'design','advanced'),(12,4,'Autosettings',9,0,'autosettings','advanced'),(13,4,'Content',2,0,'content','basic'),(14,4,'Schedule Design Update',8,0,'schedule-design-update','advanced'),(15,5,'General',1,1,'general',NULL),(16,6,'General',1,1,'general',NULL),(17,7,'General',1,1,'general',NULL),(18,8,'General',1,1,'general',NULL),(19,4,'Bundle Items',3,0,'bundle-items',NULL),(20,4,'Gift Options',10,0,'gift-options',NULL),(21,9,'General',1,1,'general',NULL),(22,10,'General',1,1,'general',NULL);

--
-- Table structure for table `eav_attribute_label`
--

CREATE TABLE `eav_attribute_label` (
  `attribute_label_id` int(10) unsigned NOT NULL AUTO_INCREMENT COMMENT 'Attribute Label ID',
  `attribute_id` smallint(5) unsigned NOT NULL DEFAULT '0' COMMENT 'Attribute ID',
  `store_id` smallint(5) unsigned NOT NULL DEFAULT '0' COMMENT 'Store ID',
  `value` varchar(255) DEFAULT NULL COMMENT 'Value',
  PRIMARY KEY (`attribute_label_id`),
  KEY `EAV_ATTRIBUTE_LABEL_STORE_ID` (`store_id`),
  KEY `EAV_ATTRIBUTE_LABEL_ATTRIBUTE_ID_STORE_ID` (`attribute_id`,`store_id`),
  CONSTRAINT `EAV_ATTRIBUTE_LABEL_ATTRIBUTE_ID_EAV_ATTRIBUTE_ATTRIBUTE_ID` FOREIGN KEY (`attribute_id`) REFERENCES `eav_attribute` (`attribute_id`) ON DELETE CASCADE,
  CONSTRAINT `EAV_ATTRIBUTE_LABEL_STORE_ID_STORE_STORE_ID` FOREIGN KEY (`store_id`) REFERENCES `store` (`store_id`) ON DELETE CASCADE
) ENGINE=InnoDB DEFAULT CHARSET=utf8 COMMENT='Eav Attribute Label';

--
-- Dumping data for table `eav_attribute_label`
--


--
-- Table structure for table `eav_attribute_option`
--

CREATE TABLE `eav_attribute_option` (
  `option_id` int(10) unsigned NOT NULL AUTO_INCREMENT COMMENT 'Option ID',
  `attribute_id` smallint(5) unsigned NOT NULL DEFAULT '0' COMMENT 'Attribute ID',
  `sort_order` smallint(5) unsigned NOT NULL DEFAULT '0' COMMENT 'Sort Order',
  PRIMARY KEY (`option_id`),
  KEY `EAV_ATTRIBUTE_OPTION_ATTRIBUTE_ID` (`attribute_id`),
  CONSTRAINT `EAV_ATTRIBUTE_OPTION_ATTRIBUTE_ID_EAV_ATTRIBUTE_ATTRIBUTE_ID` FOREIGN KEY (`attribute_id`) REFERENCES `eav_attribute` (`attribute_id`) ON DELETE CASCADE
) ENGINE=InnoDB AUTO_INCREMENT=8 DEFAULT CHARSET=utf8 COMMENT='Eav Attribute Option';

--
-- Dumping data for table `eav_attribute_option`
--

INSERT INTO `eav_attribute_option` VALUES (1,20,0),(2,20,1),(3,20,3),(4,162,1),(5,162,2),(6,162,3),(7,162,4);

--
-- Table structure for table `eav_attribute_option_swatch`
--

CREATE TABLE `eav_attribute_option_swatch` (
  `swatch_id` int(10) unsigned NOT NULL AUTO_INCREMENT COMMENT 'Swatch ID',
  `option_id` int(10) unsigned NOT NULL COMMENT 'Option ID',
  `store_id` smallint(5) unsigned NOT NULL COMMENT 'Store ID',
  `type` smallint(5) unsigned NOT NULL COMMENT 'Swatch type: 0 - text, 1 - visual color, 2 - visual image',
  `value` varchar(255) DEFAULT NULL COMMENT 'Swatch Value',
  PRIMARY KEY (`swatch_id`),
  UNIQUE KEY `EAV_ATTRIBUTE_OPTION_SWATCH_STORE_ID_OPTION_ID` (`store_id`,`option_id`),
  KEY `EAV_ATTR_OPT_SWATCH_OPT_ID_EAV_ATTR_OPT_OPT_ID` (`option_id`),
  KEY `EAV_ATTRIBUTE_OPTION_SWATCH_SWATCH_ID` (`swatch_id`),
  CONSTRAINT `EAV_ATTRIBUTE_OPTION_SWATCH_STORE_ID_STORE_STORE_ID` FOREIGN KEY (`store_id`) REFERENCES `store` (`store_id`) ON DELETE CASCADE,
  CONSTRAINT `EAV_ATTR_OPT_SWATCH_OPT_ID_EAV_ATTR_OPT_OPT_ID` FOREIGN KEY (`option_id`) REFERENCES `eav_attribute_option` (`option_id`) ON DELETE CASCADE
) ENGINE=InnoDB AUTO_INCREMENT=5 DEFAULT CHARSET=utf8 COMMENT='Magento Swatches table';

--
-- Dumping data for table `eav_attribute_option_swatch`
--

INSERT INTO `eav_attribute_option_swatch` VALUES (1,4,0,1,'#fa0f0f'),(2,5,0,1,'#000000'),(3,6,0,1,'#a8a8a8'),(4,7,0,1,'#3cba30');

--
-- Table structure for table `eav_attribute_option_value`
--

CREATE TABLE `eav_attribute_option_value` (
  `value_id` int(10) unsigned NOT NULL AUTO_INCREMENT COMMENT 'Value ID',
  `option_id` int(10) unsigned NOT NULL DEFAULT '0' COMMENT 'Option ID',
  `store_id` smallint(5) unsigned NOT NULL DEFAULT '0' COMMENT 'Store ID',
  `value` varchar(255) DEFAULT NULL COMMENT 'Value',
  PRIMARY KEY (`value_id`),
  KEY `EAV_ATTRIBUTE_OPTION_VALUE_OPTION_ID` (`option_id`),
  KEY `EAV_ATTRIBUTE_OPTION_VALUE_STORE_ID` (`store_id`),
  CONSTRAINT `EAV_ATTRIBUTE_OPTION_VALUE_STORE_ID_STORE_STORE_ID` FOREIGN KEY (`store_id`) REFERENCES `store` (`store_id`) ON DELETE CASCADE,
  CONSTRAINT `EAV_ATTR_OPT_VAL_OPT_ID_EAV_ATTR_OPT_OPT_ID` FOREIGN KEY (`option_id`) REFERENCES `eav_attribute_option` (`option_id`) ON DELETE CASCADE
) ENGINE=InnoDB AUTO_INCREMENT=28 DEFAULT CHARSET=utf8 COMMENT='Eav Attribute Option Value';

--
-- Dumping data for table `eav_attribute_option_value`
--

INSERT INTO `eav_attribute_option_value` VALUES (1,1,0,'Male'),(2,2,0,'Female'),(3,3,0,'Not Specified'),(16,4,1,'rdeca'),(17,4,0,'rdeča'),(18,4,2,'red'),(19,5,1,'črna'),(20,5,0,'črna'),(21,5,2,'black'),(22,6,1,'siva'),(23,6,0,'siva'),(24,6,2,'grey'),(25,7,1,'zelena'),(26,7,0,'zelena'),(27,7,2,'green');

--
-- Table structure for table `eav_attribute_set`
--

CREATE TABLE `eav_attribute_set` (
  `attribute_set_id` smallint(5) unsigned NOT NULL AUTO_INCREMENT COMMENT 'Attribute Set ID',
  `entity_type_id` smallint(5) unsigned NOT NULL DEFAULT '0' COMMENT 'Entity Type ID',
  `attribute_set_name` varchar(255) DEFAULT NULL COMMENT 'Attribute Set Name',
  `sort_order` smallint(6) NOT NULL DEFAULT '0' COMMENT 'Sort Order',
  PRIMARY KEY (`attribute_set_id`),
  UNIQUE KEY `EAV_ATTRIBUTE_SET_ENTITY_TYPE_ID_ATTRIBUTE_SET_NAME` (`entity_type_id`,`attribute_set_name`),
  KEY `EAV_ATTRIBUTE_SET_ENTITY_TYPE_ID_SORT_ORDER` (`entity_type_id`,`sort_order`),
  CONSTRAINT `EAV_ATTRIBUTE_SET_ENTITY_TYPE_ID_EAV_ENTITY_TYPE_ENTITY_TYPE_ID` FOREIGN KEY (`entity_type_id`) REFERENCES `eav_entity_type` (`entity_type_id`) ON DELETE CASCADE
) ENGINE=InnoDB AUTO_INCREMENT=11 DEFAULT CHARSET=utf8 COMMENT='Eav Attribute Set';

--
-- Dumping data for table `eav_attribute_set`
--

INSERT INTO `eav_attribute_set` VALUES (1,1,'Default',2),(2,2,'Default',2),(3,3,'Default',1),(4,4,'Default',1),(5,5,'Default',1),(6,6,'Default',1),(7,7,'Default',1),(8,8,'Default',1),(9,9,'Default',1),(10,10,'Default',1);

--
-- Table structure for table `eav_entity`
--

CREATE TABLE `eav_entity` (
  `entity_id` int(10) unsigned NOT NULL AUTO_INCREMENT COMMENT 'Entity ID',
  `entity_type_id` smallint(5) unsigned NOT NULL DEFAULT '0' COMMENT 'Entity Type ID',
  `attribute_set_id` smallint(5) unsigned NOT NULL DEFAULT '0' COMMENT 'Attribute Set ID',
  `increment_id` varchar(50) DEFAULT NULL COMMENT 'Increment ID',
  `parent_id` int(10) unsigned NOT NULL DEFAULT '0' COMMENT 'Parent ID',
  `store_id` smallint(5) unsigned NOT NULL DEFAULT '0' COMMENT 'Store ID',
  `created_at` timestamp NOT NULL DEFAULT CURRENT_TIMESTAMP COMMENT 'Created At',
  `updated_at` timestamp NOT NULL DEFAULT CURRENT_TIMESTAMP ON UPDATE CURRENT_TIMESTAMP COMMENT 'Updated At',
  `is_active` smallint(5) unsigned NOT NULL DEFAULT '1' COMMENT 'Defines Is Entity Active',
  PRIMARY KEY (`entity_id`),
  KEY `EAV_ENTITY_ENTITY_TYPE_ID` (`entity_type_id`),
  KEY `EAV_ENTITY_STORE_ID` (`store_id`),
  CONSTRAINT `EAV_ENTITY_ENTITY_TYPE_ID_EAV_ENTITY_TYPE_ENTITY_TYPE_ID` FOREIGN KEY (`entity_type_id`) REFERENCES `eav_entity_type` (`entity_type_id`) ON DELETE CASCADE,
  CONSTRAINT `EAV_ENTITY_STORE_ID_STORE_STORE_ID` FOREIGN KEY (`store_id`) REFERENCES `store` (`store_id`) ON DELETE CASCADE
) ENGINE=InnoDB DEFAULT CHARSET=utf8 COMMENT='Eav Entity';

--
-- Dumping data for table `eav_entity`
--


--
-- Table structure for table `eav_entity_attribute`
--

CREATE TABLE `eav_entity_attribute` (
  `entity_attribute_id` int(10) unsigned NOT NULL AUTO_INCREMENT COMMENT 'Entity Attribute ID',
  `entity_type_id` smallint(5) unsigned NOT NULL DEFAULT '0' COMMENT 'Entity Type ID',
  `attribute_set_id` smallint(5) unsigned NOT NULL DEFAULT '0' COMMENT 'Attribute Set ID',
  `attribute_group_id` smallint(5) unsigned NOT NULL DEFAULT '0' COMMENT 'Attribute Group ID',
  `attribute_id` smallint(5) unsigned NOT NULL DEFAULT '0' COMMENT 'Attribute ID',
  `sort_order` smallint(6) NOT NULL DEFAULT '0' COMMENT 'Sort Order',
  PRIMARY KEY (`entity_attribute_id`),
  UNIQUE KEY `EAV_ENTITY_ATTRIBUTE_ATTRIBUTE_SET_ID_ATTRIBUTE_ID` (`attribute_set_id`,`attribute_id`),
  UNIQUE KEY `EAV_ENTITY_ATTRIBUTE_ATTRIBUTE_GROUP_ID_ATTRIBUTE_ID` (`attribute_group_id`,`attribute_id`),
  KEY `EAV_ENTITY_ATTRIBUTE_ATTRIBUTE_SET_ID_SORT_ORDER` (`attribute_set_id`,`sort_order`),
  KEY `EAV_ENTITY_ATTRIBUTE_ATTRIBUTE_ID` (`attribute_id`),
  CONSTRAINT `EAV_ENTITY_ATTRIBUTE_ATTRIBUTE_ID_EAV_ATTRIBUTE_ATTRIBUTE_ID` FOREIGN KEY (`attribute_id`) REFERENCES `eav_attribute` (`attribute_id`) ON DELETE CASCADE,
  CONSTRAINT `EAV_ENTT_ATTR_ATTR_GROUP_ID_EAV_ATTR_GROUP_ATTR_GROUP_ID` FOREIGN KEY (`attribute_group_id`) REFERENCES `eav_attribute_group` (`attribute_group_id`) ON DELETE CASCADE
) ENGINE=InnoDB AUTO_INCREMENT=254 DEFAULT CHARSET=utf8 COMMENT='Eav Entity Attributes';

--
-- Dumping data for table `eav_entity_attribute`
--

INSERT INTO `eav_entity_attribute` VALUES (1,1,1,1,1,10),(2,1,1,1,2,20),(3,1,1,1,3,20),(4,1,1,1,4,30),(5,1,1,1,5,40),(6,1,1,1,6,50),(7,1,1,1,7,60),(8,1,1,1,8,70),(9,1,1,1,9,80),(10,1,1,1,10,25),(11,1,1,1,11,90),(12,1,1,1,12,81),(13,1,1,1,13,115),(14,1,1,1,14,120),(15,1,1,1,15,82),(16,1,1,1,16,83),(17,1,1,1,17,100),(18,1,1,1,18,0),(19,1,1,1,19,0),(20,1,1,1,20,110),(21,1,1,1,21,28),(22,2,2,2,22,10),(23,2,2,2,23,20),(24,2,2,2,24,30),(25,2,2,2,25,40),(26,2,2,2,26,50),(27,2,2,2,27,60),(28,2,2,2,28,70),(29,2,2,2,29,100),(30,2,2,2,30,80),(31,2,2,2,31,90),(32,2,2,2,32,90),(33,2,2,2,33,110),(34,2,2,2,34,120),(35,2,2,2,35,130),(36,2,2,2,36,140),(37,2,2,2,37,132),(38,2,2,2,38,133),(39,2,2,2,39,134),(40,2,2,2,40,135),(41,1,1,1,41,87),(42,1,1,1,42,100),(43,1,1,1,43,110),(44,1,1,1,44,120),(45,3,3,4,45,1),(46,3,3,4,46,2),(47,3,3,4,47,4),(48,3,3,4,48,5),(49,3,3,4,49,6),(50,3,3,4,50,7),(51,3,3,4,51,8),(52,3,3,5,52,10),(53,3,3,5,53,20),(54,3,3,5,54,30),(55,3,3,4,55,12),(56,3,3,4,56,13),(57,3,3,4,57,14),(58,3,3,4,58,15),(59,3,3,4,59,16),(60,3,3,6,60,10),(61,3,3,6,61,30),(62,3,3,6,62,40),(63,3,3,6,63,50),(64,3,3,6,64,60),(65,3,3,4,65,24),(66,3,3,4,66,25),(67,3,3,5,67,40),(68,3,3,5,68,50),(69,3,3,4,69,10),(70,3,3,6,70,5),(71,3,3,6,71,6),(72,3,3,5,72,51),(90,4,4,7,91,6),(96,4,4,8,98,8),(101,4,4,11,103,10),(105,4,4,7,107,14),(106,4,4,7,108,15),(107,4,4,7,109,16),(108,4,4,7,110,17),(109,4,4,7,111,18),(110,4,4,7,112,19),(111,4,4,7,113,20),(116,3,3,6,118,51),(119,3,3,4,121,3),(120,3,3,4,122,17),(122,4,4,7,124,11),(123,4,4,7,125,111),(124,4,4,7,126,112),(125,4,4,7,127,113),(126,4,4,7,128,114),(138,1,1,1,138,90),(139,3,3,3,139,2),(140,9,9,21,140,1),(141,9,9,21,141,2),(142,9,9,21,142,3),(143,9,9,21,143,4),(144,9,9,21,144,5),(145,9,9,21,145,6),(146,9,9,21,146,7),(147,9,9,21,147,8),(148,9,9,21,148,9),(149,9,9,21,149,10),(150,9,9,21,150,11),(151,9,9,21,151,12),(152,10,10,22,152,1),(153,10,10,22,153,2),(154,10,10,22,154,3),(155,10,10,22,155,4),(156,10,10,22,156,5),(157,10,10,22,157,6),(158,10,10,22,158,7),(159,9,9,21,159,13),(160,9,9,21,160,14),(207,4,4,7,73,2),(208,4,4,7,74,3),(209,4,4,7,77,5),(210,4,4,7,82,9),(211,4,4,7,94,13),(212,4,4,7,95,14),(213,4,4,7,97,1),(214,4,4,7,99,11),(215,4,4,7,105,12),(216,4,4,7,114,15),(217,4,4,7,115,8),(218,4,4,7,129,6),(219,4,4,7,130,4),(220,4,4,7,131,10),(221,4,4,7,136,7),(222,4,4,7,137,16),(223,4,4,7,161,18),(224,4,4,7,162,17),(225,4,4,13,75,2),(226,4,4,13,76,1),(227,4,4,19,133,1),(228,4,4,10,87,1),(229,4,4,10,88,2),(230,4,4,10,89,3),(231,4,4,10,90,5),(232,4,4,10,96,6),(233,4,4,10,135,4),(234,4,4,9,84,2),(235,4,4,9,85,3),(236,4,4,9,86,4),(237,4,4,9,123,1),(238,4,4,8,78,1),(239,4,4,8,79,2),(240,4,4,8,80,3),(241,4,4,8,81,4),(242,4,4,8,92,5),(243,4,4,8,119,6),(244,4,4,8,120,7),(245,4,4,8,132,8),(246,4,4,11,104,1),(247,4,4,11,106,2),(248,4,4,11,117,3),(249,4,4,14,100,3),(250,4,4,14,101,1),(251,4,4,14,102,2),(252,4,4,14,116,4),(253,4,4,20,134,1);

--
-- Table structure for table `eav_entity_datetime`
--

CREATE TABLE `eav_entity_datetime` (
  `value_id` int(11) NOT NULL AUTO_INCREMENT COMMENT 'Value ID',
  `entity_type_id` smallint(5) unsigned NOT NULL DEFAULT '0' COMMENT 'Entity Type ID',
  `attribute_id` smallint(5) unsigned NOT NULL DEFAULT '0' COMMENT 'Attribute ID',
  `store_id` smallint(5) unsigned NOT NULL DEFAULT '0' COMMENT 'Store ID',
  `entity_id` int(10) unsigned NOT NULL DEFAULT '0' COMMENT 'Entity ID',
  `value` datetime DEFAULT NULL COMMENT 'Attribute Value',
  PRIMARY KEY (`value_id`),
  UNIQUE KEY `EAV_ENTITY_DATETIME_ENTITY_ID_ATTRIBUTE_ID_STORE_ID` (`entity_id`,`attribute_id`,`store_id`),
  KEY `EAV_ENTITY_DATETIME_STORE_ID` (`store_id`),
  KEY `EAV_ENTITY_DATETIME_ATTRIBUTE_ID_VALUE` (`attribute_id`,`value`),
  KEY `EAV_ENTITY_DATETIME_ENTITY_TYPE_ID_VALUE` (`entity_type_id`,`value`),
  CONSTRAINT `EAV_ENTITY_DATETIME_ENTITY_ID_EAV_ENTITY_ENTITY_ID` FOREIGN KEY (`entity_id`) REFERENCES `eav_entity` (`entity_id`) ON DELETE CASCADE,
  CONSTRAINT `EAV_ENTITY_DATETIME_STORE_ID_STORE_STORE_ID` FOREIGN KEY (`store_id`) REFERENCES `store` (`store_id`) ON DELETE CASCADE,
  CONSTRAINT `EAV_ENTT_DTIME_ENTT_TYPE_ID_EAV_ENTT_TYPE_ENTT_TYPE_ID` FOREIGN KEY (`entity_type_id`) REFERENCES `eav_entity_type` (`entity_type_id`) ON DELETE CASCADE
) ENGINE=InnoDB DEFAULT CHARSET=utf8 COMMENT='Eav Entity Value Prefix';

--
-- Dumping data for table `eav_entity_datetime`
--


--
-- Table structure for table `eav_entity_decimal`
--

CREATE TABLE `eav_entity_decimal` (
  `value_id` int(11) NOT NULL AUTO_INCREMENT COMMENT 'Value ID',
  `entity_type_id` smallint(5) unsigned NOT NULL DEFAULT '0' COMMENT 'Entity Type ID',
  `attribute_id` smallint(5) unsigned NOT NULL DEFAULT '0' COMMENT 'Attribute ID',
  `store_id` smallint(5) unsigned NOT NULL DEFAULT '0' COMMENT 'Store ID',
  `entity_id` int(10) unsigned NOT NULL DEFAULT '0' COMMENT 'Entity ID',
  `value` decimal(12,4) NOT NULL DEFAULT '0.0000' COMMENT 'Attribute Value',
  PRIMARY KEY (`value_id`),
  UNIQUE KEY `EAV_ENTITY_DECIMAL_ENTITY_ID_ATTRIBUTE_ID_STORE_ID` (`entity_id`,`attribute_id`,`store_id`),
  KEY `EAV_ENTITY_DECIMAL_STORE_ID` (`store_id`),
  KEY `EAV_ENTITY_DECIMAL_ATTRIBUTE_ID_VALUE` (`attribute_id`,`value`),
  KEY `EAV_ENTITY_DECIMAL_ENTITY_TYPE_ID_VALUE` (`entity_type_id`,`value`),
  CONSTRAINT `EAV_ENTITY_DECIMAL_ENTITY_ID_EAV_ENTITY_ENTITY_ID` FOREIGN KEY (`entity_id`) REFERENCES `eav_entity` (`entity_id`) ON DELETE CASCADE,
  CONSTRAINT `EAV_ENTITY_DECIMAL_ENTITY_TYPE_ID_EAV_ENTITY_TYPE_ENTITY_TYPE_ID` FOREIGN KEY (`entity_type_id`) REFERENCES `eav_entity_type` (`entity_type_id`) ON DELETE CASCADE,
  CONSTRAINT `EAV_ENTITY_DECIMAL_STORE_ID_STORE_STORE_ID` FOREIGN KEY (`store_id`) REFERENCES `store` (`store_id`) ON DELETE CASCADE
) ENGINE=InnoDB DEFAULT CHARSET=utf8 COMMENT='Eav Entity Value Prefix';

--
-- Dumping data for table `eav_entity_decimal`
--


--
-- Table structure for table `eav_entity_int`
--

CREATE TABLE `eav_entity_int` (
  `value_id` int(11) NOT NULL AUTO_INCREMENT COMMENT 'Value ID',
  `entity_type_id` smallint(5) unsigned NOT NULL DEFAULT '0' COMMENT 'Entity Type ID',
  `attribute_id` smallint(5) unsigned NOT NULL DEFAULT '0' COMMENT 'Attribute ID',
  `store_id` smallint(5) unsigned NOT NULL DEFAULT '0' COMMENT 'Store ID',
  `entity_id` int(10) unsigned NOT NULL DEFAULT '0' COMMENT 'Entity ID',
  `value` int(11) NOT NULL DEFAULT '0' COMMENT 'Attribute Value',
  PRIMARY KEY (`value_id`),
  UNIQUE KEY `EAV_ENTITY_INT_ENTITY_ID_ATTRIBUTE_ID_STORE_ID` (`entity_id`,`attribute_id`,`store_id`),
  KEY `EAV_ENTITY_INT_STORE_ID` (`store_id`),
  KEY `EAV_ENTITY_INT_ATTRIBUTE_ID_VALUE` (`attribute_id`,`value`),
  KEY `EAV_ENTITY_INT_ENTITY_TYPE_ID_VALUE` (`entity_type_id`,`value`),
  CONSTRAINT `EAV_ENTITY_INT_ENTITY_ID_EAV_ENTITY_ENTITY_ID` FOREIGN KEY (`entity_id`) REFERENCES `eav_entity` (`entity_id`) ON DELETE CASCADE,
  CONSTRAINT `EAV_ENTITY_INT_ENTITY_TYPE_ID_EAV_ENTITY_TYPE_ENTITY_TYPE_ID` FOREIGN KEY (`entity_type_id`) REFERENCES `eav_entity_type` (`entity_type_id`) ON DELETE CASCADE,
  CONSTRAINT `EAV_ENTITY_INT_STORE_ID_STORE_STORE_ID` FOREIGN KEY (`store_id`) REFERENCES `store` (`store_id`) ON DELETE CASCADE
) ENGINE=InnoDB DEFAULT CHARSET=utf8 COMMENT='Eav Entity Value Prefix';

--
-- Dumping data for table `eav_entity_int`
--


--
-- Table structure for table `eav_entity_store`
--

CREATE TABLE `eav_entity_store` (
  `entity_store_id` int(10) unsigned NOT NULL AUTO_INCREMENT COMMENT 'Entity Store ID',
  `entity_type_id` smallint(5) unsigned NOT NULL DEFAULT '0' COMMENT 'Entity Type ID',
  `store_id` smallint(5) unsigned NOT NULL DEFAULT '0' COMMENT 'Store ID',
  `increment_prefix` varchar(20) DEFAULT NULL COMMENT 'Increment Prefix',
  `increment_last_id` varchar(50) DEFAULT NULL COMMENT 'Last Incremented ID',
  PRIMARY KEY (`entity_store_id`),
  KEY `EAV_ENTITY_STORE_ENTITY_TYPE_ID` (`entity_type_id`),
  KEY `EAV_ENTITY_STORE_STORE_ID` (`store_id`),
  CONSTRAINT `EAV_ENTITY_STORE_ENTITY_TYPE_ID_EAV_ENTITY_TYPE_ENTITY_TYPE_ID` FOREIGN KEY (`entity_type_id`) REFERENCES `eav_entity_type` (`entity_type_id`) ON DELETE CASCADE,
  CONSTRAINT `EAV_ENTITY_STORE_STORE_ID_STORE_STORE_ID` FOREIGN KEY (`store_id`) REFERENCES `store` (`store_id`) ON DELETE CASCADE
) ENGINE=InnoDB DEFAULT CHARSET=utf8 COMMENT='Eav Entity Store';

--
-- Dumping data for table `eav_entity_store`
--


--
-- Table structure for table `eav_entity_text`
--

CREATE TABLE `eav_entity_text` (
  `value_id` int(11) NOT NULL AUTO_INCREMENT COMMENT 'Value ID',
  `entity_type_id` smallint(5) unsigned NOT NULL DEFAULT '0' COMMENT 'Entity Type ID',
  `attribute_id` smallint(5) unsigned NOT NULL DEFAULT '0' COMMENT 'Attribute ID',
  `store_id` smallint(5) unsigned NOT NULL DEFAULT '0' COMMENT 'Store ID',
  `entity_id` int(10) unsigned NOT NULL DEFAULT '0' COMMENT 'Entity ID',
  `value` text NOT NULL COMMENT 'Attribute Value',
  PRIMARY KEY (`value_id`),
  UNIQUE KEY `EAV_ENTITY_TEXT_ENTITY_ID_ATTRIBUTE_ID_STORE_ID` (`entity_id`,`attribute_id`,`store_id`),
  KEY `EAV_ENTITY_TEXT_ENTITY_TYPE_ID` (`entity_type_id`),
  KEY `EAV_ENTITY_TEXT_ATTRIBUTE_ID` (`attribute_id`),
  KEY `EAV_ENTITY_TEXT_STORE_ID` (`store_id`),
  CONSTRAINT `EAV_ENTITY_TEXT_ENTITY_ID_EAV_ENTITY_ENTITY_ID` FOREIGN KEY (`entity_id`) REFERENCES `eav_entity` (`entity_id`) ON DELETE CASCADE,
  CONSTRAINT `EAV_ENTITY_TEXT_ENTITY_TYPE_ID_EAV_ENTITY_TYPE_ENTITY_TYPE_ID` FOREIGN KEY (`entity_type_id`) REFERENCES `eav_entity_type` (`entity_type_id`) ON DELETE CASCADE,
  CONSTRAINT `EAV_ENTITY_TEXT_STORE_ID_STORE_STORE_ID` FOREIGN KEY (`store_id`) REFERENCES `store` (`store_id`) ON DELETE CASCADE
) ENGINE=InnoDB DEFAULT CHARSET=utf8 COMMENT='Eav Entity Value Prefix';

--
-- Dumping data for table `eav_entity_text`
--


--
-- Table structure for table `eav_entity_type`
--

CREATE TABLE `eav_entity_type` (
  `entity_type_id` smallint(5) unsigned NOT NULL AUTO_INCREMENT COMMENT 'Entity Type ID',
  `entity_type_code` varchar(50) NOT NULL COMMENT 'Entity Type Code',
  `entity_model` varchar(255) NOT NULL COMMENT 'Entity Model',
  `attribute_model` varchar(255) DEFAULT NULL COMMENT 'Attribute Model',
  `entity_table` varchar(255) DEFAULT NULL COMMENT 'Entity Table',
  `value_table_prefix` varchar(255) DEFAULT NULL COMMENT 'Value Table Prefix',
  `entity_id_field` varchar(255) DEFAULT NULL COMMENT 'Entity ID Field',
  `is_data_sharing` smallint(5) unsigned NOT NULL DEFAULT '1' COMMENT 'Defines Is Data Sharing',
  `data_sharing_key` varchar(100) DEFAULT 'default' COMMENT 'Data Sharing Key',
  `default_attribute_set_id` smallint(5) unsigned NOT NULL DEFAULT '0' COMMENT 'Default Attribute Set ID',
  `increment_model` varchar(255) DEFAULT NULL COMMENT 'Increment Model',
  `increment_per_store` smallint(5) unsigned NOT NULL DEFAULT '0' COMMENT 'Increment Per Store',
  `increment_pad_length` smallint(5) unsigned NOT NULL DEFAULT '8' COMMENT 'Increment Pad Length',
  `increment_pad_char` varchar(1) NOT NULL DEFAULT '0' COMMENT 'Increment Pad Char',
  `additional_attribute_table` varchar(255) DEFAULT NULL COMMENT 'Additional Attribute Table',
  `entity_attribute_collection` varchar(255) DEFAULT NULL COMMENT 'Entity Attribute Collection',
  PRIMARY KEY (`entity_type_id`),
  KEY `EAV_ENTITY_TYPE_ENTITY_TYPE_CODE` (`entity_type_code`)
) ENGINE=InnoDB AUTO_INCREMENT=11 DEFAULT CHARSET=utf8 COMMENT='Eav Entity Type';

--
-- Dumping data for table `eav_entity_type`
--

INSERT INTO `eav_entity_type` VALUES (1,'customer','Magento\\Customer\\Model\\ResourceModel\\Customer','Magento\\Customer\\Model\\Attribute','customer_entity',NULL,NULL,1,'default',1,'Magento\\Eav\\Model\\Entity\\Increment\\NumericValue',0,8,'0','customer_eav_attribute','Magento\\Customer\\Model\\ResourceModel\\Attribute\\Collection'),(2,'customer_address','Magento\\Customer\\Model\\ResourceModel\\Address','Magento\\Customer\\Model\\Attribute','customer_address_entity',NULL,NULL,1,'default',2,NULL,0,8,'0','customer_eav_attribute','Magento\\Customer\\Model\\ResourceModel\\Address\\Attribute\\Collection'),(3,'catalog_category','Magento\\Catalog\\Model\\ResourceModel\\Category','Magento\\Catalog\\Model\\ResourceModel\\Eav\\Attribute','catalog_category_entity',NULL,NULL,1,'default',3,NULL,0,8,'0','catalog_eav_attribute','Magento\\Catalog\\Model\\ResourceModel\\Category\\Attribute\\Collection'),(4,'catalog_product','Magento\\Catalog\\Model\\ResourceModel\\Product','Magento\\Catalog\\Model\\ResourceModel\\Eav\\Attribute','catalog_product_entity',NULL,NULL,1,'default',4,NULL,0,8,'0','catalog_eav_attribute','Magento\\Catalog\\Model\\ResourceModel\\Product\\Attribute\\Collection'),(5,'order','Magento\\Sales\\Model\\ResourceModel\\Order',NULL,'sales_order',NULL,NULL,1,'default',5,'Magento\\Eav\\Model\\Entity\\Increment\\NumericValue',1,8,'0',NULL,NULL),(6,'invoice','Magento\\Sales\\Model\\ResourceModel\\Order\\Invoice',NULL,'sales_invoice',NULL,NULL,1,'default',6,'Magento\\Eav\\Model\\Entity\\Increment\\NumericValue',1,8,'0',NULL,NULL),(7,'creditmemo','Magento\\Sales\\Model\\ResourceModel\\Order\\Creditmemo',NULL,'sales_creditmemo',NULL,NULL,1,'default',7,'Magento\\Eav\\Model\\Entity\\Increment\\NumericValue',1,8,'0',NULL,NULL),(8,'shipment','Magento\\Sales\\Model\\ResourceModel\\Order\\Shipment',NULL,'sales_shipment',NULL,NULL,1,'default',8,'Magento\\Eav\\Model\\Entity\\Increment\\NumericValue',1,8,'0',NULL,NULL),(9,'blog_post','Mirasvit\\Blog\\Model\\ResourceModel\\Post',NULL,'mst_blog_post_entity',NULL,NULL,1,'default',9,NULL,0,8,'0',NULL,NULL),(10,'blog_category','Mirasvit\\Blog\\Model\\ResourceModel\\Category',NULL,'mst_blog_category_entity',NULL,NULL,1,'default',10,NULL,0,8,'0',NULL,NULL);

--
-- Table structure for table `eav_entity_varchar`
--

CREATE TABLE `eav_entity_varchar` (
  `value_id` int(11) NOT NULL AUTO_INCREMENT COMMENT 'Value ID',
  `entity_type_id` smallint(5) unsigned NOT NULL DEFAULT '0' COMMENT 'Entity Type ID',
  `attribute_id` smallint(5) unsigned NOT NULL DEFAULT '0' COMMENT 'Attribute ID',
  `store_id` smallint(5) unsigned NOT NULL DEFAULT '0' COMMENT 'Store ID',
  `entity_id` int(10) unsigned NOT NULL DEFAULT '0' COMMENT 'Entity ID',
  `value` varchar(255) DEFAULT NULL COMMENT 'Attribute Value',
  PRIMARY KEY (`value_id`),
  UNIQUE KEY `EAV_ENTITY_VARCHAR_ENTITY_ID_ATTRIBUTE_ID_STORE_ID` (`entity_id`,`attribute_id`,`store_id`),
  KEY `EAV_ENTITY_VARCHAR_STORE_ID` (`store_id`),
  KEY `EAV_ENTITY_VARCHAR_ATTRIBUTE_ID_VALUE` (`attribute_id`,`value`),
  KEY `EAV_ENTITY_VARCHAR_ENTITY_TYPE_ID_VALUE` (`entity_type_id`,`value`),
  CONSTRAINT `EAV_ENTITY_VARCHAR_ENTITY_ID_EAV_ENTITY_ENTITY_ID` FOREIGN KEY (`entity_id`) REFERENCES `eav_entity` (`entity_id`) ON DELETE CASCADE,
  CONSTRAINT `EAV_ENTITY_VARCHAR_ENTITY_TYPE_ID_EAV_ENTITY_TYPE_ENTITY_TYPE_ID` FOREIGN KEY (`entity_type_id`) REFERENCES `eav_entity_type` (`entity_type_id`) ON DELETE CASCADE,
  CONSTRAINT `EAV_ENTITY_VARCHAR_STORE_ID_STORE_STORE_ID` FOREIGN KEY (`store_id`) REFERENCES `store` (`store_id`) ON DELETE CASCADE
) ENGINE=InnoDB DEFAULT CHARSET=utf8 COMMENT='Eav Entity Value Prefix';

--
-- Dumping data for table `eav_entity_varchar`
--


--
-- Table structure for table `eav_form_element`
--

CREATE TABLE `eav_form_element` (
  `element_id` int(10) unsigned NOT NULL AUTO_INCREMENT COMMENT 'Element ID',
  `type_id` smallint(5) unsigned NOT NULL COMMENT 'Type ID',
  `fieldset_id` smallint(5) unsigned DEFAULT NULL COMMENT 'Fieldset ID',
  `attribute_id` smallint(5) unsigned NOT NULL COMMENT 'Attribute ID',
  `sort_order` int(11) NOT NULL DEFAULT '0' COMMENT 'Sort Order',
  PRIMARY KEY (`element_id`),
  UNIQUE KEY `EAV_FORM_ELEMENT_TYPE_ID_ATTRIBUTE_ID` (`type_id`,`attribute_id`),
  KEY `EAV_FORM_ELEMENT_FIELDSET_ID` (`fieldset_id`),
  KEY `EAV_FORM_ELEMENT_ATTRIBUTE_ID` (`attribute_id`),
  CONSTRAINT `EAV_FORM_ELEMENT_ATTRIBUTE_ID_EAV_ATTRIBUTE_ATTRIBUTE_ID` FOREIGN KEY (`attribute_id`) REFERENCES `eav_attribute` (`attribute_id`) ON DELETE CASCADE,
  CONSTRAINT `EAV_FORM_ELEMENT_FIELDSET_ID_EAV_FORM_FIELDSET_FIELDSET_ID` FOREIGN KEY (`fieldset_id`) REFERENCES `eav_form_fieldset` (`fieldset_id`) ON DELETE SET NULL,
  CONSTRAINT `EAV_FORM_ELEMENT_TYPE_ID_EAV_FORM_TYPE_TYPE_ID` FOREIGN KEY (`type_id`) REFERENCES `eav_form_type` (`type_id`) ON DELETE CASCADE
) ENGINE=InnoDB AUTO_INCREMENT=43 DEFAULT CHARSET=utf8 COMMENT='Eav Form Element';

--
-- Dumping data for table `eav_form_element`
--

INSERT INTO `eav_form_element` VALUES (1,1,NULL,23,0),(2,1,NULL,25,1),(3,1,NULL,27,2),(4,1,NULL,9,3),(5,1,NULL,28,4),(6,1,NULL,29,5),(7,1,NULL,31,6),(8,1,NULL,33,7),(9,1,NULL,30,8),(10,1,NULL,34,9),(11,1,NULL,35,10),(12,2,NULL,23,0),(13,2,NULL,25,1),(14,2,NULL,27,2),(15,2,NULL,9,3),(16,2,NULL,28,4),(17,2,NULL,29,5),(18,2,NULL,31,6),(19,2,NULL,33,7),(20,2,NULL,30,8),(21,2,NULL,34,9),(22,2,NULL,35,10),(23,3,NULL,23,0),(24,3,NULL,25,1),(25,3,NULL,27,2),(26,3,NULL,28,3),(27,3,NULL,29,4),(28,3,NULL,31,5),(29,3,NULL,33,6),(30,3,NULL,30,7),(31,3,NULL,34,8),(32,3,NULL,35,9),(33,4,NULL,23,0),(34,4,NULL,25,1),(35,4,NULL,27,2),(36,4,NULL,28,3),(37,4,NULL,29,4),(38,4,NULL,31,5),(39,4,NULL,33,6),(40,4,NULL,30,7),(41,4,NULL,34,8),(42,4,NULL,35,9);

--
-- Table structure for table `eav_form_fieldset`
--

CREATE TABLE `eav_form_fieldset` (
  `fieldset_id` smallint(5) unsigned NOT NULL AUTO_INCREMENT COMMENT 'Fieldset ID',
  `type_id` smallint(5) unsigned NOT NULL COMMENT 'Type ID',
  `code` varchar(64) NOT NULL COMMENT 'Code',
  `sort_order` int(11) NOT NULL DEFAULT '0' COMMENT 'Sort Order',
  PRIMARY KEY (`fieldset_id`),
  UNIQUE KEY `EAV_FORM_FIELDSET_TYPE_ID_CODE` (`type_id`,`code`),
  CONSTRAINT `EAV_FORM_FIELDSET_TYPE_ID_EAV_FORM_TYPE_TYPE_ID` FOREIGN KEY (`type_id`) REFERENCES `eav_form_type` (`type_id`) ON DELETE CASCADE
) ENGINE=InnoDB DEFAULT CHARSET=utf8 COMMENT='Eav Form Fieldset';

--
-- Dumping data for table `eav_form_fieldset`
--


--
-- Table structure for table `eav_form_fieldset_label`
--

CREATE TABLE `eav_form_fieldset_label` (
  `fieldset_id` smallint(5) unsigned NOT NULL COMMENT 'Fieldset ID',
  `store_id` smallint(5) unsigned NOT NULL COMMENT 'Store ID',
  `label` varchar(255) NOT NULL COMMENT 'Label',
  PRIMARY KEY (`fieldset_id`,`store_id`),
  KEY `EAV_FORM_FIELDSET_LABEL_STORE_ID` (`store_id`),
  CONSTRAINT `EAV_FORM_FIELDSET_LABEL_STORE_ID_STORE_STORE_ID` FOREIGN KEY (`store_id`) REFERENCES `store` (`store_id`) ON DELETE CASCADE,
  CONSTRAINT `EAV_FORM_FSET_LBL_FSET_ID_EAV_FORM_FSET_FSET_ID` FOREIGN KEY (`fieldset_id`) REFERENCES `eav_form_fieldset` (`fieldset_id`) ON DELETE CASCADE
) ENGINE=InnoDB DEFAULT CHARSET=utf8 COMMENT='Eav Form Fieldset Label';

--
-- Dumping data for table `eav_form_fieldset_label`
--


--
-- Table structure for table `eav_form_type`
--

CREATE TABLE `eav_form_type` (
  `type_id` smallint(5) unsigned NOT NULL AUTO_INCREMENT COMMENT 'Type ID',
  `code` varchar(64) NOT NULL COMMENT 'Code',
  `label` varchar(255) NOT NULL COMMENT 'Label',
  `is_system` smallint(5) unsigned NOT NULL DEFAULT '0' COMMENT 'Is System',
  `theme` varchar(64) DEFAULT NULL COMMENT 'Theme',
  `store_id` smallint(5) unsigned NOT NULL COMMENT 'Store ID',
  PRIMARY KEY (`type_id`),
  UNIQUE KEY `EAV_FORM_TYPE_CODE_THEME_STORE_ID` (`code`,`theme`,`store_id`),
  KEY `EAV_FORM_TYPE_STORE_ID` (`store_id`),
  CONSTRAINT `EAV_FORM_TYPE_STORE_ID_STORE_STORE_ID` FOREIGN KEY (`store_id`) REFERENCES `store` (`store_id`) ON DELETE CASCADE
) ENGINE=InnoDB AUTO_INCREMENT=5 DEFAULT CHARSET=utf8 COMMENT='Eav Form Type';

--
-- Dumping data for table `eav_form_type`
--

INSERT INTO `eav_form_type` VALUES (1,'checkout_onepage_register','checkout_onepage_register',1,'',0),(2,'checkout_onepage_register_guest','checkout_onepage_register_guest',1,'',0),(3,'checkout_onepage_billing_address','checkout_onepage_billing_address',1,'',0),(4,'checkout_onepage_shipping_address','checkout_onepage_shipping_address',1,'',0);

--
-- Table structure for table `eav_form_type_entity`
--

CREATE TABLE `eav_form_type_entity` (
  `type_id` smallint(5) unsigned NOT NULL COMMENT 'Type ID',
  `entity_type_id` smallint(5) unsigned NOT NULL COMMENT 'Entity Type ID',
  PRIMARY KEY (`type_id`,`entity_type_id`),
  KEY `EAV_FORM_TYPE_ENTITY_ENTITY_TYPE_ID` (`entity_type_id`),
  CONSTRAINT `EAV_FORM_TYPE_ENTITY_TYPE_ID_EAV_FORM_TYPE_TYPE_ID` FOREIGN KEY (`type_id`) REFERENCES `eav_form_type` (`type_id`) ON DELETE CASCADE,
  CONSTRAINT `EAV_FORM_TYPE_ENTT_ENTT_TYPE_ID_EAV_ENTT_TYPE_ENTT_TYPE_ID` FOREIGN KEY (`entity_type_id`) REFERENCES `eav_entity_type` (`entity_type_id`) ON DELETE CASCADE
) ENGINE=InnoDB DEFAULT CHARSET=utf8 COMMENT='Eav Form Type Entity';

--
-- Dumping data for table `eav_form_type_entity`
--

INSERT INTO `eav_form_type_entity` VALUES (1,1),(2,1),(1,2),(2,2),(3,2),(4,2);

--
-- Table structure for table `email_abandoned_cart`
--

CREATE TABLE `email_abandoned_cart` (
  `id` int(10) unsigned NOT NULL AUTO_INCREMENT COMMENT 'Primary Key',
  `quote_id` int(10) unsigned DEFAULT NULL COMMENT 'Quote Id',
  `store_id` smallint(5) unsigned DEFAULT NULL COMMENT 'Store Id',
  `customer_id` int(10) unsigned DEFAULT NULL COMMENT 'Customer ID',
  `email` varchar(255) NOT NULL DEFAULT '' COMMENT 'Email',
  `status` varchar(255) NOT NULL DEFAULT '' COMMENT 'Contact Status',
  `is_active` smallint(5) unsigned NOT NULL DEFAULT '1' COMMENT 'Quote Active',
  `quote_updated_at` timestamp NULL DEFAULT NULL COMMENT 'Quote updated at',
  `abandoned_cart_number` smallint(5) unsigned NOT NULL DEFAULT '0' COMMENT 'Abandoned Cart number',
  `items_count` smallint(5) unsigned DEFAULT '0' COMMENT 'Quote items count',
  `items_ids` varchar(255) DEFAULT NULL COMMENT 'Quote item ids',
  `created_at` timestamp NULL DEFAULT NULL COMMENT 'Created At',
  `updated_at` timestamp NULL DEFAULT NULL COMMENT 'Updated at',
  PRIMARY KEY (`id`),
  KEY `EMAIL_ABANDONED_CART_QUOTE_ID` (`quote_id`),
  KEY `EMAIL_ABANDONED_CART_STORE_ID` (`store_id`),
  KEY `EMAIL_ABANDONED_CART_CUSTOMER_ID` (`customer_id`),
  KEY `EMAIL_ABANDONED_CART_EMAIL` (`email`)
) ENGINE=InnoDB DEFAULT CHARSET=utf8 COMMENT='Abandoned Carts Table';

--
-- Dumping data for table `email_abandoned_cart`
--


--
-- Table structure for table `email_automation`
--

CREATE TABLE `email_automation` (
  `id` int(10) unsigned NOT NULL AUTO_INCREMENT COMMENT 'Primary Key',
  `automation_type` varchar(255) DEFAULT NULL COMMENT 'Automation Type',
  `store_name` varchar(255) DEFAULT NULL COMMENT 'Automation Type',
  `enrolment_status` varchar(255) NOT NULL COMMENT 'Enrolment Status',
  `email` varchar(255) DEFAULT NULL COMMENT 'Email',
  `type_id` varchar(255) DEFAULT NULL COMMENT 'Type ID',
  `program_id` varchar(255) DEFAULT NULL COMMENT 'Program ID',
  `website_id` smallint(5) unsigned NOT NULL COMMENT 'Website Id',
  `message` varchar(255) NOT NULL COMMENT 'Message',
  `created_at` timestamp NULL DEFAULT NULL COMMENT 'Creation Time',
  `updated_at` timestamp NULL DEFAULT NULL COMMENT 'Update Time',
  PRIMARY KEY (`id`),
  KEY `EMAIL_AUTOMATION_AUTOMATION_TYPE` (`automation_type`),
  KEY `EMAIL_AUTOMATION_ENROLMENT_STATUS` (`enrolment_status`),
  KEY `EMAIL_AUTOMATION_TYPE_ID` (`type_id`),
  KEY `EMAIL_AUTOMATION_EMAIL` (`email`),
  KEY `EMAIL_AUTOMATION_PROGRAM_ID` (`program_id`),
  KEY `EMAIL_AUTOMATION_CREATED_AT` (`created_at`),
  KEY `EMAIL_AUTOMATION_UPDATED_AT` (`updated_at`),
  KEY `EMAIL_AUTOMATION_WEBSITE_ID` (`website_id`)
) ENGINE=InnoDB DEFAULT CHARSET=utf8 COMMENT='Automation Status';

--
-- Dumping data for table `email_automation`
--


--
-- Table structure for table `email_campaign`
--

CREATE TABLE `email_campaign` (
  `id` int(10) unsigned NOT NULL AUTO_INCREMENT COMMENT 'Primary Key',
  `campaign_id` int(10) unsigned NOT NULL COMMENT 'Campaign ID',
  `email` varchar(255) NOT NULL DEFAULT '' COMMENT 'Contact Email',
  `customer_id` int(10) unsigned NOT NULL COMMENT 'Customer ID',
  `sent_at` timestamp NULL DEFAULT NULL COMMENT 'Send Date',
  `order_increment_id` varchar(50) NOT NULL COMMENT 'Order Increment ID',
  `quote_id` int(10) unsigned NOT NULL COMMENT 'Sales Quote ID',
  `message` varchar(255) NOT NULL DEFAULT '' COMMENT 'Error Message',
  `checkout_method` varchar(255) NOT NULL DEFAULT '' COMMENT 'Checkout Method Used',
  `store_id` smallint(5) unsigned NOT NULL DEFAULT '0' COMMENT 'Store ID',
  `event_name` varchar(255) NOT NULL DEFAULT '' COMMENT 'Event Name',
  `send_id` varchar(255) NOT NULL DEFAULT '' COMMENT 'Send Id',
  `send_status` smallint(6) NOT NULL DEFAULT '0' COMMENT 'Campaign send status',
  `created_at` timestamp NULL DEFAULT NULL COMMENT 'Creation Time',
  `updated_at` timestamp NULL DEFAULT NULL COMMENT 'Update Time',
  PRIMARY KEY (`id`),
  KEY `EMAIL_CAMPAIGN_STORE_ID` (`store_id`),
  KEY `EMAIL_CAMPAIGN_CAMPAIGN_ID` (`campaign_id`),
  KEY `EMAIL_CAMPAIGN_EMAIL` (`email`),
  KEY `EMAIL_CAMPAIGN_SEND_ID` (`send_id`),
  KEY `EMAIL_CAMPAIGN_SEND_STATUS` (`send_status`),
  KEY `EMAIL_CAMPAIGN_CREATED_AT` (`created_at`),
  KEY `EMAIL_CAMPAIGN_UPDATED_AT` (`updated_at`),
  KEY `EMAIL_CAMPAIGN_SENT_AT` (`sent_at`),
  KEY `EMAIL_CAMPAIGN_EVENT_NAME` (`event_name`),
  KEY `EMAIL_CAMPAIGN_MESSAGE` (`message`),
  KEY `EMAIL_CAMPAIGN_QUOTE_ID` (`quote_id`),
  KEY `EMAIL_CAMPAIGN_CUSTOMER_ID` (`customer_id`),
  CONSTRAINT `EMAIL_CAMPAIGN_STORE_ID_CORE/STORE_STORE_ID` FOREIGN KEY (`store_id`) REFERENCES `store` (`store_id`) ON DELETE CASCADE
) ENGINE=InnoDB DEFAULT CHARSET=utf8 COMMENT='Connector Campaigns';

--
-- Dumping data for table `email_campaign`
--


--
-- Table structure for table `email_catalog`
--

CREATE TABLE `email_catalog` (
  `id` int(10) unsigned NOT NULL AUTO_INCREMENT COMMENT 'Primary Key',
  `product_id` int(10) unsigned NOT NULL COMMENT 'Product Id',
  `processed` smallint(5) unsigned NOT NULL COMMENT 'Product processed',
  `created_at` timestamp NULL DEFAULT NULL COMMENT 'Creation Time',
  `updated_at` timestamp NULL DEFAULT NULL COMMENT 'Update Time',
  `last_imported_at` timestamp NULL DEFAULT NULL COMMENT 'Last imported date',
  PRIMARY KEY (`id`),
  KEY `EMAIL_CATALOG_PRODUCT_ID` (`product_id`),
  KEY `EMAIL_CATALOG_PROCESSED` (`processed`),
  KEY `EMAIL_CATALOG_CREATED_AT` (`created_at`),
  KEY `EMAIL_CATALOG_UPDATED_AT` (`updated_at`),
  KEY `EMAIL_CATALOG_LAST_IMPORTED_AT` (`last_imported_at`),
  CONSTRAINT `EMAIL_CATALOG_PRODUCT_ID_CATALOG_PRODUCT_ENTITY_ENTITY_ID` FOREIGN KEY (`product_id`) REFERENCES `catalog_product_entity` (`entity_id`) ON DELETE CASCADE
) ENGINE=InnoDB AUTO_INCREMENT=8 DEFAULT CHARSET=utf8 COMMENT='Connector Catalog';

--
-- Dumping data for table `email_catalog`
--

INSERT INTO `email_catalog` VALUES (2,2,0,'2022-02-19 09:27:32','2022-02-28 13:13:55',NULL),(5,5,0,'2022-02-28 13:13:57','2022-02-28 13:14:21',NULL),(6,6,0,'2022-02-28 13:14:24','2022-02-28 13:14:42',NULL),(7,7,0,'2022-02-28 13:16:37','2022-02-28 13:19:06',NULL);

--
-- Table structure for table `email_contact`
--

CREATE TABLE `email_contact` (
  `email_contact_id` int(10) unsigned NOT NULL AUTO_INCREMENT COMMENT 'Primary Key',
  `is_guest` smallint(5) unsigned DEFAULT NULL COMMENT 'Is Guest',
  `contact_id` varchar(15) DEFAULT NULL COMMENT 'Connector Contact ID',
  `customer_id` int(10) unsigned NOT NULL COMMENT 'Customer ID',
  `website_id` smallint(5) unsigned NOT NULL DEFAULT '0' COMMENT 'Website ID',
  `store_id` smallint(5) unsigned NOT NULL DEFAULT '0' COMMENT 'Store ID',
  `email` varchar(255) NOT NULL DEFAULT '' COMMENT 'Customer Email',
  `is_subscriber` smallint(5) unsigned DEFAULT NULL COMMENT 'Is Subscriber',
  `subscriber_status` smallint(5) unsigned DEFAULT NULL COMMENT 'Subscriber status',
  `email_imported` smallint(5) unsigned NOT NULL DEFAULT '0' COMMENT 'Is Imported',
  `subscriber_imported` smallint(5) unsigned NOT NULL DEFAULT '0' COMMENT 'Is Subscriber Imported',
  `suppressed` smallint(5) unsigned DEFAULT NULL COMMENT 'Is Suppressed',
  `last_subscribed_at` timestamp NULL DEFAULT NULL COMMENT 'Last time user subscribed',
  PRIMARY KEY (`email_contact_id`),
  KEY `EMAIL_CONTACT_EMAIL_CONTACT_ID` (`email_contact_id`),
  KEY `EMAIL_CONTACT_IS_GUEST` (`is_guest`),
  KEY `EMAIL_CONTACT_CUSTOMER_ID` (`customer_id`),
  KEY `EMAIL_CONTACT_WEBSITE_ID` (`website_id`),
  KEY `EMAIL_CONTACT_IS_SUBSCRIBER` (`is_subscriber`),
  KEY `EMAIL_CONTACT_SUBSCRIBER_STATUS` (`subscriber_status`),
  KEY `EMAIL_CONTACT_EMAIL_IMPORTED` (`email_imported`),
  KEY `EMAIL_CONTACT_SUBSCRIBER_IMPORTED` (`subscriber_imported`),
  KEY `EMAIL_CONTACT_SUPPRESSED` (`suppressed`),
  KEY `EMAIL_CONTACT_EMAIL` (`email`),
  KEY `EMAIL_CONTACT_CONTACT_ID` (`contact_id`),
  CONSTRAINT `EMAIL_CONTACT_WEBSITE_ID_STORE_WEBSITE_WEBSITE_ID` FOREIGN KEY (`website_id`) REFERENCES `store_website` (`website_id`) ON DELETE CASCADE
) ENGINE=InnoDB DEFAULT CHARSET=utf8 COMMENT='Connector Contacts';

--
-- Dumping data for table `email_contact`
--


--
-- Table structure for table `email_contact_consent`
--

CREATE TABLE `email_contact_consent` (
  `id` int(10) unsigned NOT NULL AUTO_INCREMENT COMMENT 'Primary Key',
  `email_contact_id` int(10) unsigned DEFAULT NULL COMMENT 'Email Contact Id',
  `consent_url` varchar(255) DEFAULT NULL COMMENT 'Contact consent url',
  `consent_datetime` datetime DEFAULT NULL COMMENT 'Contact consent datetime',
  `consent_ip` varchar(255) DEFAULT NULL COMMENT 'Contact consent ip',
  `consent_user_agent` varchar(255) DEFAULT NULL COMMENT 'Contact consent user agent',
  PRIMARY KEY (`id`),
  KEY `EMAIL_CONTACT_CONSENT_EMAIL_CONTACT_ID` (`email_contact_id`),
  CONSTRAINT `FK_17E9EA0C469163E550BC6B732AC49FDB` FOREIGN KEY (`email_contact_id`) REFERENCES `email_contact` (`email_contact_id`) ON DELETE CASCADE
) ENGINE=InnoDB DEFAULT CHARSET=utf8 COMMENT='Email contact consent table.';

--
-- Dumping data for table `email_contact_consent`
--


--
-- Table structure for table `email_coupon_attribute`
--

CREATE TABLE `email_coupon_attribute` (
  `id` int(10) unsigned NOT NULL AUTO_INCREMENT COMMENT 'Primary Key',
  `salesrule_coupon_id` int(10) unsigned NOT NULL COMMENT 'Coupon ID',
  `email` varchar(255) DEFAULT NULL COMMENT 'Email',
  `expires_at` timestamp NULL DEFAULT NULL COMMENT 'Coupon expiration date',
  PRIMARY KEY (`id`),
  KEY `EMAIL_COUPON_ATTRIBUTE_COUPON_ID` (`salesrule_coupon_id`),
  KEY `EMAIL_COUPON_ATTRIBUTE_EMAIL` (`email`),
  CONSTRAINT `EMAIL_COUPON_ATTRIBUTE_COUPON_ID_SALESRULE_COUPON_COUPON_ID` FOREIGN KEY (`salesrule_coupon_id`) REFERENCES `salesrule_coupon` (`coupon_id`) ON DELETE CASCADE
) ENGINE=InnoDB DEFAULT CHARSET=utf8 COMMENT='Dotdigital coupon attributes table';

--
-- Dumping data for table `email_coupon_attribute`
--


--
-- Table structure for table `email_failed_auth`
--

CREATE TABLE `email_failed_auth` (
  `id` int(10) unsigned NOT NULL AUTO_INCREMENT COMMENT 'Primary Key',
  `failures_num` int(10) unsigned DEFAULT NULL COMMENT 'Number of fails',
  `first_attempt_date` datetime DEFAULT NULL COMMENT 'First attempt date',
  `last_attempt_date` datetime DEFAULT NULL COMMENT 'Last attempt date',
  `url` varchar(255) DEFAULT NULL COMMENT 'URL',
  `store_id` int(10) unsigned DEFAULT NULL COMMENT 'Store Id',
  PRIMARY KEY (`id`),
  KEY `EMAIL_AUTH_EDC_STORE_ID` (`store_id`)
) ENGINE=InnoDB DEFAULT CHARSET=utf8 COMMENT='Email Failed Auth Table.';

--
-- Dumping data for table `email_failed_auth`
--


--
-- Table structure for table `email_importer`
--

CREATE TABLE `email_importer` (
  `id` int(10) unsigned NOT NULL AUTO_INCREMENT COMMENT 'Primary Key',
  `import_type` varchar(255) NOT NULL DEFAULT '' COMMENT 'Import Type',
  `website_id` smallint(6) NOT NULL DEFAULT '0' COMMENT 'Website Id',
  `import_status` smallint(6) NOT NULL DEFAULT '0' COMMENT 'Import Status',
  `import_id` varchar(255) NOT NULL DEFAULT '' COMMENT 'Import Id',
  `import_data` mediumblob NOT NULL COMMENT 'Import Data',
  `import_mode` varchar(255) NOT NULL DEFAULT '' COMMENT 'Import Mode',
  `import_file` text NOT NULL COMMENT 'Import File',
  `message` varchar(255) NOT NULL DEFAULT '' COMMENT 'Error Message',
  `created_at` timestamp NULL DEFAULT NULL COMMENT 'Creation Time',
  `updated_at` timestamp NULL DEFAULT NULL COMMENT 'Update Time',
  `import_started` timestamp NULL DEFAULT NULL COMMENT 'Import Started',
  `import_finished` timestamp NULL DEFAULT NULL COMMENT 'Import Finished',
  PRIMARY KEY (`id`),
  KEY `EMAIL_IMPORTER_IMPORT_TYPE` (`import_type`),
  KEY `EMAIL_IMPORTER_WEBSITE_ID` (`website_id`),
  KEY `EMAIL_IMPORTER_IMPORT_STATUS` (`import_status`),
  KEY `EMAIL_IMPORTER_IMPORT_MODE` (`import_mode`),
  KEY `EMAIL_IMPORTER_CREATED_AT` (`created_at`),
  KEY `EMAIL_IMPORTER_UPDATED_AT` (`updated_at`),
  KEY `EMAIL_IMPORTER_IMPORT_ID` (`import_id`),
  KEY `EMAIL_IMPORTER_IMPORT_STARTED` (`import_started`),
  KEY `EMAIL_IMPORTER_IMPORT_FINISHED` (`import_finished`)
) ENGINE=InnoDB DEFAULT CHARSET=utf8 COMMENT='Email Importer';

--
-- Dumping data for table `email_importer`
--


--
-- Table structure for table `email_order`
--

CREATE TABLE `email_order` (
  `email_order_id` int(10) unsigned NOT NULL AUTO_INCREMENT COMMENT 'Primary Key',
  `order_id` int(10) unsigned NOT NULL COMMENT 'Order ID',
  `order_status` varchar(255) NOT NULL COMMENT 'Order Status',
  `quote_id` int(10) unsigned NOT NULL COMMENT 'Sales Quote ID',
  `store_id` smallint(5) unsigned NOT NULL DEFAULT '0' COMMENT 'Store ID',
  `email_imported` smallint(5) unsigned NOT NULL DEFAULT '0' COMMENT 'Is Order Imported',
  `modified` smallint(5) unsigned DEFAULT NULL COMMENT 'Is Order Modified',
  `created_at` timestamp NULL DEFAULT NULL COMMENT 'Creation Time',
  `updated_at` timestamp NULL DEFAULT NULL COMMENT 'Update Time',
  PRIMARY KEY (`email_order_id`),
  KEY `EMAIL_ORDER_STORE_ID` (`store_id`),
  KEY `EMAIL_ORDER_QUOTE_ID` (`quote_id`),
  KEY `EMAIL_ORDER_EMAIL_IMPORTED` (`email_imported`),
  KEY `EMAIL_ORDER_ORDER_STATUS` (`order_status`),
  KEY `EMAIL_ORDER_MODIFIED` (`modified`),
  KEY `EMAIL_ORDER_UPDATED_AT` (`updated_at`),
  KEY `EMAIL_ORDER_CREATED_AT` (`created_at`),
  KEY `EMAIL_ORDER_ORDER_ID_SALES_ORDER_ENTITY_ID` (`order_id`),
  CONSTRAINT `EMAIL_ORDER_ORDER_ID_SALES_ORDER_ENTITY_ID` FOREIGN KEY (`order_id`) REFERENCES `sales_order` (`entity_id`) ON DELETE CASCADE,
  CONSTRAINT `EMAIL_ORDER_STORE_ID_STORE_STORE_ID` FOREIGN KEY (`store_id`) REFERENCES `store` (`store_id`) ON DELETE CASCADE
) ENGINE=InnoDB DEFAULT CHARSET=utf8 COMMENT='Transactional Order Data';

--
-- Dumping data for table `email_order`
--


--
-- Table structure for table `email_review`
--

CREATE TABLE `email_review` (
  `id` int(10) unsigned NOT NULL AUTO_INCREMENT COMMENT 'Primary Key',
  `review_id` int(10) unsigned NOT NULL COMMENT 'Review Id',
  `customer_id` int(10) unsigned NOT NULL COMMENT 'Customer ID',
  `store_id` smallint(5) unsigned NOT NULL COMMENT 'Store Id',
  `review_imported` smallint(5) unsigned NOT NULL DEFAULT '0' COMMENT 'Review Imported',
  `created_at` timestamp NULL DEFAULT NULL COMMENT 'Creation Time',
  `updated_at` timestamp NULL DEFAULT NULL COMMENT 'Update Time',
  PRIMARY KEY (`id`),
  KEY `EMAIL_REVIEW_REVIEW_ID` (`review_id`),
  KEY `EMAIL_REVIEW_CUSTOMER_ID` (`customer_id`),
  KEY `EMAIL_REVIEW_STORE_ID` (`store_id`),
  KEY `EMAIL_REVIEW_REVIEW_IMPORTED` (`review_imported`),
  KEY `EMAIL_REVIEW_CREATED_AT` (`created_at`),
  KEY `EMAIL_REVIEW_UPDATED_AT` (`updated_at`)
) ENGINE=InnoDB DEFAULT CHARSET=utf8 COMMENT='Connector Reviews';

--
-- Dumping data for table `email_review`
--


--
-- Table structure for table `email_rules`
--

CREATE TABLE `email_rules` (
  `id` int(10) unsigned NOT NULL AUTO_INCREMENT COMMENT 'Primary Key',
  `name` varchar(255) NOT NULL DEFAULT '' COMMENT 'Rule Name',
  `website_ids` varchar(255) NOT NULL DEFAULT '0' COMMENT 'Website Id',
  `type` smallint(6) NOT NULL DEFAULT '0' COMMENT 'Rule Type',
  `status` smallint(6) NOT NULL DEFAULT '0' COMMENT 'Status',
  `combination` smallint(6) NOT NULL DEFAULT '1' COMMENT 'Rule Condition',
  `conditions` blob NOT NULL COMMENT 'Rule Conditions',
  `created_at` timestamp NULL DEFAULT NULL COMMENT 'Creation Time',
  `updated_at` timestamp NULL DEFAULT NULL COMMENT 'Update Time',
  PRIMARY KEY (`id`)
) ENGINE=InnoDB DEFAULT CHARSET=utf8 COMMENT='Connector Rules';

--
-- Dumping data for table `email_rules`
--


--
-- Table structure for table `email_sms_order_queue`
--

CREATE TABLE `email_sms_order_queue` (
  `id` int(10) unsigned NOT NULL AUTO_INCREMENT COMMENT 'Primary key',
  `website_id` smallint(5) unsigned NOT NULL DEFAULT '0' COMMENT 'Website ID',
  `store_id` smallint(5) unsigned NOT NULL DEFAULT '0' COMMENT 'Store ID',
  `type_id` smallint(5) unsigned NOT NULL DEFAULT '0' COMMENT 'Type ID',
  `order_id` smallint(5) unsigned NOT NULL COMMENT 'Order ID',
  `phone_number` varchar(255) DEFAULT NULL COMMENT 'Phone number',
  `email` varchar(255) DEFAULT NULL COMMENT 'Customer email',
  `additional_data` text COMMENT 'Additional data',
  `status` smallint(6) DEFAULT NULL COMMENT 'Status',
  `content` text COMMENT 'Message content',
  `message_id` varchar(255) DEFAULT NULL COMMENT 'Message ID',
  `message` text COMMENT 'Delivery message',
  `sent_at` timestamp NULL DEFAULT NULL COMMENT 'Sent at date',
  `created_at` timestamp NOT NULL DEFAULT CURRENT_TIMESTAMP COMMENT 'Creation time',
  `updated_at` timestamp NULL DEFAULT NULL COMMENT 'Update time',
  PRIMARY KEY (`id`),
  KEY `EMAIL_SMS_ORDER_QUEUE_WEBSITE_ID` (`website_id`),
  KEY `EMAIL_SMS_ORDER_QUEUE_STORE_ID` (`store_id`),
  CONSTRAINT `EMAIL_SMS_ORDER_QUEUE_STORE_ID_STORE_STORE_ID` FOREIGN KEY (`store_id`) REFERENCES `store` (`store_id`) ON DELETE CASCADE,
  CONSTRAINT `EMAIL_SMS_ORDER_QUEUE_WEBSITE_ID_STORE_WEBSITE_WEBSITE_ID` FOREIGN KEY (`website_id`) REFERENCES `store_website` (`website_id`) ON DELETE CASCADE
) ENGINE=InnoDB DEFAULT CHARSET=utf8 COMMENT='Dotdigital SMS order queue table';

--
-- Dumping data for table `email_sms_order_queue`
--


--
-- Table structure for table `email_template`
--

CREATE TABLE `email_template` (
  `template_id` int(10) unsigned NOT NULL AUTO_INCREMENT COMMENT 'Template ID',
  `template_code` varchar(150) NOT NULL COMMENT 'Template Name',
  `template_text` text NOT NULL COMMENT 'Template Content',
  `template_styles` text COMMENT 'Templste Styles',
  `template_type` int(10) unsigned DEFAULT NULL COMMENT 'Template Type',
  `template_subject` varchar(200) NOT NULL COMMENT 'Template Subject',
  `template_sender_name` varchar(200) DEFAULT NULL COMMENT 'Template Sender Name',
  `template_sender_email` varchar(200) DEFAULT NULL COMMENT 'Template Sender Email',
  `added_at` timestamp NOT NULL DEFAULT CURRENT_TIMESTAMP COMMENT 'Date of Template Creation',
  `modified_at` timestamp NOT NULL DEFAULT CURRENT_TIMESTAMP ON UPDATE CURRENT_TIMESTAMP COMMENT 'Date of Template Modification',
  `orig_template_code` varchar(200) DEFAULT NULL COMMENT 'Original Template Code',
  `orig_template_variables` text COMMENT 'Original Template Variables',
  `is_legacy` tinyint(1) NOT NULL DEFAULT '0' COMMENT 'Should the template render in legacy mode',
  PRIMARY KEY (`template_id`),
  UNIQUE KEY `EMAIL_TEMPLATE_TEMPLATE_CODE` (`template_code`),
  KEY `EMAIL_TEMPLATE_ADDED_AT` (`added_at`),
  KEY `EMAIL_TEMPLATE_MODIFIED_AT` (`modified_at`)
) ENGINE=InnoDB DEFAULT CHARSET=utf8 COMMENT='Email Templates';

--
-- Dumping data for table `email_template`
--


--
-- Table structure for table `email_wishlist`
--

CREATE TABLE `email_wishlist` (
  `id` int(10) unsigned NOT NULL AUTO_INCREMENT COMMENT 'Primary Key',
  `wishlist_id` int(10) unsigned NOT NULL COMMENT 'Wishlist Id',
  `item_count` int(10) unsigned NOT NULL COMMENT 'Item Count',
  `customer_id` int(10) unsigned DEFAULT NULL COMMENT 'Customer ID',
  `store_id` smallint(5) unsigned NOT NULL COMMENT 'Store Id',
  `wishlist_imported` smallint(5) unsigned NOT NULL DEFAULT '0' COMMENT 'Wishlist Imported',
  `wishlist_modified` smallint(5) unsigned DEFAULT NULL COMMENT 'Wishlist Modified [deprecated]',
  `created_at` timestamp NULL DEFAULT NULL COMMENT 'Creation Time',
  `updated_at` timestamp NULL DEFAULT NULL COMMENT 'Update Time',
  PRIMARY KEY (`id`),
  KEY `EMAIL_WISHLIST_WISHLIST_ID` (`wishlist_id`),
  KEY `EMAIL_WISHLIST_ITEM_COUNT` (`item_count`),
  KEY `EMAIL_WISHLIST_CUSTOMER_ID` (`customer_id`),
  KEY `EMAIL_WISHLIST_WISHLIST_MODIFIED` (`wishlist_modified`),
  KEY `EMAIL_WISHLIST_WISHLIST_IMPORTED` (`wishlist_imported`),
  KEY `EMAIL_WISHLIST_CREATED_AT` (`created_at`),
  KEY `EMAIL_WISHLIST_UPDATED_AT` (`updated_at`),
  KEY `EMAIL_WISHLIST_STORE_ID` (`store_id`),
  CONSTRAINT `EMAIL_WISHLIST_CUSTOMER_ID_CUSTOMER_ENTITY_ENTITY_ID` FOREIGN KEY (`customer_id`) REFERENCES `customer_entity` (`entity_id`) ON DELETE CASCADE,
  CONSTRAINT `EMAIL_WISHLIST_WISHLIST_ID_WISHLIST_WISHLIST_ID` FOREIGN KEY (`wishlist_id`) REFERENCES `wishlist` (`wishlist_id`) ON DELETE CASCADE
) ENGINE=InnoDB DEFAULT CHARSET=utf8 COMMENT='Connector Wishlist';

--
-- Dumping data for table `email_wishlist`
--


--
-- Table structure for table `flag`
--

CREATE TABLE `flag` (
  `flag_id` int(10) unsigned NOT NULL AUTO_INCREMENT COMMENT 'Flag Id',
  `flag_code` varchar(255) NOT NULL COMMENT 'Flag Code',
  `state` smallint(5) unsigned NOT NULL DEFAULT '0' COMMENT 'Flag State',
  `flag_data` mediumtext COMMENT 'Flag Data',
  `last_update` timestamp NOT NULL DEFAULT CURRENT_TIMESTAMP ON UPDATE CURRENT_TIMESTAMP COMMENT 'Date of Last Flag Update',
  PRIMARY KEY (`flag_id`),
  KEY `FLAG_LAST_UPDATE` (`last_update`)
) ENGINE=InnoDB AUTO_INCREMENT=10 DEFAULT CHARSET=utf8 COMMENT='Flag';

--
-- Dumping data for table `flag`
--

INSERT INTO `flag` VALUES (2,'catalog_website_attribute_is_sync_required',0,'0','2022-02-16 18:00:06'),(3,'report_bestsellers_aggregated',0,NULL,'2022-03-11 23:00:28'),(4,'report_coupons_aggregated',0,NULL,'2022-03-11 23:00:29'),(5,'report_invoiced_aggregated',0,NULL,'2022-03-11 23:00:29'),(6,'report_order_aggregated',0,NULL,'2022-03-11 23:00:29'),(7,'report_refunded_aggregated',0,NULL,'2022-03-11 23:00:29'),(8,'report_shipping_aggregated',0,NULL,'2022-03-11 23:00:29'),(9,'report_tax_aggregated',0,NULL,'2022-03-11 23:00:29');

--
-- Table structure for table `gift_message`
--

CREATE TABLE `gift_message` (
  `gift_message_id` int(10) unsigned NOT NULL AUTO_INCREMENT COMMENT 'GiftMessage ID',
  `customer_id` int(10) unsigned NOT NULL DEFAULT '0' COMMENT 'Customer ID',
  `sender` varchar(255) DEFAULT NULL COMMENT 'Sender',
  `recipient` varchar(255) DEFAULT NULL COMMENT 'Registrant',
  `message` text COMMENT 'Message',
  PRIMARY KEY (`gift_message_id`)
) ENGINE=InnoDB DEFAULT CHARSET=utf8 COMMENT='Gift Message';

--
-- Dumping data for table `gift_message`
--


--
-- Table structure for table `googleoptimizer_code`
--

CREATE TABLE `googleoptimizer_code` (
  `code_id` int(10) unsigned NOT NULL AUTO_INCREMENT COMMENT 'Google experiment code ID',
  `entity_id` int(10) unsigned NOT NULL COMMENT 'Optimized entity ID product ID or catalog ID',
  `entity_type` varchar(50) DEFAULT NULL COMMENT 'Optimized entity type',
  `store_id` smallint(5) unsigned NOT NULL COMMENT 'Store ID',
  `experiment_script` text COMMENT 'Google experiment script',
  PRIMARY KEY (`code_id`),
  UNIQUE KEY `GOOGLEOPTIMIZER_CODE_STORE_ID_ENTITY_ID_ENTITY_TYPE` (`store_id`,`entity_id`,`entity_type`),
  CONSTRAINT `GOOGLEOPTIMIZER_CODE_STORE_ID_STORE_STORE_ID` FOREIGN KEY (`store_id`) REFERENCES `store` (`store_id`) ON DELETE CASCADE
) ENGINE=InnoDB DEFAULT CHARSET=utf8 COMMENT='Google Experiment code';

--
-- Dumping data for table `googleoptimizer_code`
--


--
-- Table structure for table `import_history`
--

CREATE TABLE `import_history` (
  `history_id` int(10) unsigned NOT NULL AUTO_INCREMENT COMMENT 'History record ID',
  `started_at` timestamp NOT NULL DEFAULT CURRENT_TIMESTAMP COMMENT 'Started at',
  `user_id` int(10) unsigned NOT NULL DEFAULT '0' COMMENT 'User ID',
  `imported_file` varchar(255) DEFAULT NULL COMMENT 'Imported file',
  `execution_time` varchar(255) DEFAULT NULL COMMENT 'Execution time',
  `summary` varchar(255) DEFAULT NULL COMMENT 'Summary',
  `error_file` varchar(255) NOT NULL COMMENT 'Imported file with errors',
  PRIMARY KEY (`history_id`)
) ENGINE=InnoDB DEFAULT CHARSET=utf8 COMMENT='Import history table';

--
-- Dumping data for table `import_history`
--


--
-- Table structure for table `importexport_importdata`
--

CREATE TABLE `importexport_importdata` (
  `id` int(10) unsigned NOT NULL AUTO_INCREMENT COMMENT 'ID',
  `entity` varchar(50) NOT NULL COMMENT 'Entity',
  `behavior` varchar(10) NOT NULL DEFAULT 'append' COMMENT 'Behavior',
  `data` longtext COMMENT 'Data',
  PRIMARY KEY (`id`)
) ENGINE=InnoDB DEFAULT CHARSET=utf8 COMMENT='Import Data Table';

--
-- Dumping data for table `importexport_importdata`
--


--
-- Table structure for table `indexer_state`
--

CREATE TABLE `indexer_state` (
  `state_id` int(10) unsigned NOT NULL AUTO_INCREMENT COMMENT 'Indexer State ID',
  `indexer_id` varchar(255) DEFAULT NULL COMMENT 'Indexer ID',
  `status` varchar(16) DEFAULT 'invalid' COMMENT 'Indexer Status',
  `updated` datetime DEFAULT NULL COMMENT 'Indexer Status',
  `hash_config` varchar(32) NOT NULL COMMENT 'Hash of indexer config',
  PRIMARY KEY (`state_id`),
  KEY `INDEXER_STATE_INDEXER_ID` (`indexer_id`)
) ENGINE=InnoDB AUTO_INCREMENT=12 DEFAULT CHARSET=utf8 COMMENT='Indexer State';

--
-- Dumping data for table `indexer_state`
--

INSERT INTO `indexer_state` VALUES (1,'design_config_grid','valid','2022-02-17 10:17:01','1deda657784a76bbd5b34f43b1af448c'),(2,'customer_grid','valid','2022-02-16 17:32:00','0d27217cd24c2d04c2393eeba21f5e1a'),(3,'catalog_category_product','valid','2022-03-12 00:00:16','c961b6709ffd423381c0b06f1922543d'),(4,'catalog_product_category','valid','2022-03-12 00:00:16','982869a42bc5980b35f7c7aec59d68d7'),(5,'catalogrule_rule','valid','2022-03-12 00:00:16','351ec22ce2e4054d3e22409b4e31fc0e'),(6,'catalog_product_attribute','valid','2022-02-16 18:00:18','543dc91914d173d0a4b640658162e9d2'),(7,'cataloginventory_stock','valid','2022-03-12 00:00:17','81c4ee91345025263e2559fdccf3f4c7'),(8,'inventory','valid','2022-03-12 00:00:17','de4f3ff6d406047676c61722af722596'),(9,'catalogrule_product','valid','2022-03-12 00:00:16','7ff32722f9c249229f68af4b8763eed1'),(10,'catalog_product_price','valid','2022-03-12 00:00:18','1b1aad4c3665d3111e29bc5f10653dbb'),(11,'catalogsearch_fulltext','valid','2022-03-12 00:00:22','3d5b3534a9c35c84381dc08cc5f28a45');

--
-- Table structure for table `integration`
--

CREATE TABLE `integration` (
  `integration_id` int(10) unsigned NOT NULL AUTO_INCREMENT COMMENT 'Integration ID',
  `name` varchar(255) NOT NULL COMMENT 'Integration name is displayed in the admin interface',
  `email` varchar(255) NOT NULL COMMENT 'Email address of the contact person',
  `endpoint` varchar(255) DEFAULT NULL COMMENT 'Endpoint for posting consumer credentials',
  `status` smallint(5) unsigned NOT NULL COMMENT 'Integration status',
  `consumer_id` int(10) unsigned DEFAULT NULL COMMENT 'Oauth consumer',
  `created_at` timestamp NOT NULL DEFAULT CURRENT_TIMESTAMP COMMENT 'Creation Time',
  `updated_at` timestamp NOT NULL DEFAULT CURRENT_TIMESTAMP ON UPDATE CURRENT_TIMESTAMP COMMENT 'Update Time',
  `setup_type` smallint(5) unsigned NOT NULL DEFAULT '0' COMMENT 'Integration type - manual or config file',
  `identity_link_url` varchar(255) DEFAULT NULL COMMENT 'Identity linking Url',
  PRIMARY KEY (`integration_id`),
  UNIQUE KEY `INTEGRATION_NAME` (`name`),
  UNIQUE KEY `INTEGRATION_CONSUMER_ID` (`consumer_id`),
  CONSTRAINT `INTEGRATION_CONSUMER_ID_OAUTH_CONSUMER_ENTITY_ID` FOREIGN KEY (`consumer_id`) REFERENCES `oauth_consumer` (`entity_id`) ON DELETE CASCADE
) ENGINE=InnoDB AUTO_INCREMENT=2 DEFAULT CHARSET=utf8 COMMENT='integration';

--
-- Dumping data for table `integration`
--

INSERT INTO `integration` VALUES (1,'Magento Analytics user','',NULL,1,1,'2022-02-16 18:00:07','2022-02-16 18:00:09',0,NULL);

--
-- Table structure for table `inventory_geoname`
--

CREATE TABLE `inventory_geoname` (
  `entity_id` int(10) unsigned NOT NULL AUTO_INCREMENT COMMENT 'entity id',
  `country_code` varchar(64) NOT NULL,
  `postcode` varchar(64) NOT NULL,
  `city` varchar(180) NOT NULL,
  `region` varchar(100) NOT NULL,
  `province` varchar(64) NOT NULL,
  `latitude` double NOT NULL,
  `longitude` double NOT NULL,
  PRIMARY KEY (`entity_id`)
) ENGINE=InnoDB DEFAULT CHARSET=utf8;

--
-- Dumping data for table `inventory_geoname`
--


--
-- Table structure for table `inventory_low_stock_notification_configuration`
--

CREATE TABLE `inventory_low_stock_notification_configuration` (
  `source_code` varchar(255) NOT NULL,
  `sku` varchar(64) NOT NULL,
  `notify_stock_qty` decimal(12,4) DEFAULT NULL,
  PRIMARY KEY (`source_code`,`sku`)
) ENGINE=InnoDB DEFAULT CHARSET=utf8;

--
-- Dumping data for table `inventory_low_stock_notification_configuration`
--

INSERT INTO `inventory_low_stock_notification_configuration` VALUES ('default','4324',NULL),('default','43243',NULL),('default','4326456',NULL),('default','4326456-1',NULL),('default','4326456-2',NULL),('default','4326456-c',NULL),('default','Produkt',NULL);

--
-- Table structure for table `inventory_order_notification`
--

CREATE TABLE `inventory_order_notification` (
  `order_id` int(10) unsigned NOT NULL AUTO_INCREMENT COMMENT 'Order ID',
  `notification_sent` smallint(6) NOT NULL COMMENT 'Has Notification Been Sent For Order',
  `send_notification` smallint(6) NOT NULL COMMENT 'Should Notification Be Send For Order',
  PRIMARY KEY (`order_id`),
  CONSTRAINT `INVENTORY_ORDER_NOTIFICATION_ORDER_ID_SALES_ORDER_ENTITY_ID` FOREIGN KEY (`order_id`) REFERENCES `sales_order` (`entity_id`) ON DELETE CASCADE
) ENGINE=InnoDB DEFAULT CHARSET=utf8;

--
-- Dumping data for table `inventory_order_notification`
--


--
-- Table structure for table `inventory_pickup_location_order`
--

CREATE TABLE `inventory_pickup_location_order` (
  `order_id` int(10) unsigned NOT NULL AUTO_INCREMENT COMMENT 'Order ID',
  `pickup_location_code` varchar(255) NOT NULL COMMENT 'Pickup Location Code',
  PRIMARY KEY (`order_id`),
  CONSTRAINT `INVENTORY_PICKUP_LOCATION_ORDER_ORDER_ID_SALES_ORDER_ENTITY_ID` FOREIGN KEY (`order_id`) REFERENCES `sales_order` (`entity_id`) ON DELETE CASCADE
) ENGINE=InnoDB DEFAULT CHARSET=utf8;

--
-- Dumping data for table `inventory_pickup_location_order`
--


--
-- Table structure for table `inventory_pickup_location_quote_address`
--

CREATE TABLE `inventory_pickup_location_quote_address` (
  `address_id` int(10) unsigned NOT NULL AUTO_INCREMENT COMMENT 'Quote Address ID',
  `pickup_location_code` varchar(255) NOT NULL COMMENT 'Pickup Location Code',
  PRIMARY KEY (`address_id`),
  CONSTRAINT `INV_PICKUP_LOCATION_QUOTE_ADDR_ADDR_ID_QUOTE_ADDR_ADDR_ID` FOREIGN KEY (`address_id`) REFERENCES `quote_address` (`address_id`) ON DELETE CASCADE
) ENGINE=InnoDB DEFAULT CHARSET=utf8;

--
-- Dumping data for table `inventory_pickup_location_quote_address`
--


--
-- Table structure for table `inventory_reservation`
--

CREATE TABLE `inventory_reservation` (
  `reservation_id` int(10) unsigned NOT NULL AUTO_INCREMENT,
  `stock_id` int(10) unsigned NOT NULL,
  `sku` varchar(64) NOT NULL,
  `quantity` decimal(10,4) NOT NULL DEFAULT '0.0000',
  `metadata` varchar(255) DEFAULT NULL,
  PRIMARY KEY (`reservation_id`),
  KEY `INVENTORY_RESERVATION_STOCK_ID_SKU_QUANTITY` (`stock_id`,`sku`,`quantity`)
) ENGINE=InnoDB DEFAULT CHARSET=utf8;

--
-- Dumping data for table `inventory_reservation`
--


--
-- Table structure for table `inventory_shipment_source`
--

CREATE TABLE `inventory_shipment_source` (
  `shipment_id` int(10) unsigned NOT NULL,
  `source_code` varchar(255) NOT NULL,
  PRIMARY KEY (`shipment_id`)
) ENGINE=InnoDB DEFAULT CHARSET=utf8;

--
-- Dumping data for table `inventory_shipment_source`
--


--
-- Table structure for table `inventory_source`
--

CREATE TABLE `inventory_source` (
  `source_code` varchar(255) NOT NULL,
  `name` varchar(255) NOT NULL,
  `enabled` smallint(5) unsigned NOT NULL DEFAULT '1',
  `description` text,
  `latitude` decimal(8,6) DEFAULT NULL,
  `longitude` decimal(9,6) DEFAULT NULL,
  `country_id` varchar(2) NOT NULL,
  `region_id` int(10) unsigned DEFAULT NULL,
  `region` varchar(255) DEFAULT NULL,
  `city` varchar(255) DEFAULT NULL,
  `street` varchar(255) DEFAULT NULL,
  `postcode` varchar(255) NOT NULL,
  `contact_name` varchar(255) DEFAULT NULL,
  `email` varchar(255) DEFAULT NULL,
  `phone` varchar(255) DEFAULT NULL,
  `fax` varchar(255) DEFAULT NULL,
  `use_default_carrier_config` smallint(5) unsigned NOT NULL DEFAULT '1',
  `is_pickup_location_active` tinyint(1) NOT NULL DEFAULT '0',
  `frontend_name` varchar(255) DEFAULT '',
  `frontend_description` text,
  PRIMARY KEY (`source_code`)
) ENGINE=InnoDB DEFAULT CHARSET=utf8;

--
-- Dumping data for table `inventory_source`
--

INSERT INTO `inventory_source` VALUES ('default','Default Source',1,'Default Source',0.000000,0.000000,'US',NULL,NULL,NULL,NULL,'00000',NULL,NULL,NULL,NULL,1,0,'',NULL);

--
-- Table structure for table `inventory_source_carrier_link`
--

CREATE TABLE `inventory_source_carrier_link` (
  `link_id` int(10) unsigned NOT NULL AUTO_INCREMENT,
  `source_code` varchar(255) NOT NULL,
  `carrier_code` varchar(255) NOT NULL,
  `position` smallint(5) unsigned DEFAULT NULL,
  PRIMARY KEY (`link_id`),
  KEY `INV_SOURCE_CARRIER_LNK_SOURCE_CODE_INV_SOURCE_SOURCE_CODE` (`source_code`),
  CONSTRAINT `INV_SOURCE_CARRIER_LNK_SOURCE_CODE_INV_SOURCE_SOURCE_CODE` FOREIGN KEY (`source_code`) REFERENCES `inventory_source` (`source_code`) ON DELETE CASCADE
) ENGINE=InnoDB DEFAULT CHARSET=utf8;

--
-- Dumping data for table `inventory_source_carrier_link`
--


--
-- Table structure for table `inventory_source_item`
--

CREATE TABLE `inventory_source_item` (
  `source_item_id` int(10) unsigned NOT NULL AUTO_INCREMENT,
  `source_code` varchar(255) NOT NULL,
  `sku` varchar(64) NOT NULL,
  `quantity` decimal(12,4) NOT NULL DEFAULT '0.0000',
  `status` smallint(5) unsigned NOT NULL DEFAULT '0',
  PRIMARY KEY (`source_item_id`),
  UNIQUE KEY `INVENTORY_SOURCE_ITEM_SOURCE_CODE_SKU` (`source_code`,`sku`),
  KEY `INVENTORY_SOURCE_ITEM_SKU_SOURCE_CODE_QUANTITY` (`sku`,`source_code`,`quantity`),
  CONSTRAINT `INVENTORY_SOURCE_ITEM_SOURCE_CODE_INVENTORY_SOURCE_SOURCE_CODE` FOREIGN KEY (`source_code`) REFERENCES `inventory_source` (`source_code`) ON DELETE CASCADE
) ENGINE=InnoDB AUTO_INCREMENT=50 DEFAULT CHARSET=utf8;

--
-- Dumping data for table `inventory_source_item`
--

INSERT INTO `inventory_source_item` VALUES (1,'default','4324',100.0000,1),(5,'default','4324-1',100.0000,1),(7,'default','4326456',100.0000,1),(9,'default','4326456-1',100.0000,1),(11,'default','43243',100.0000,1),(41,'default','4326456-2',100.0000,1),(45,'default','4326456-2-1',100.0000,1),(47,'default','4326456-c',100.0000,1),(49,'default','Produkt',0.0000,1);

--
-- Table structure for table `inventory_source_stock_link`
--

CREATE TABLE `inventory_source_stock_link` (
  `link_id` int(10) unsigned NOT NULL AUTO_INCREMENT,
  `stock_id` int(10) unsigned NOT NULL,
  `source_code` varchar(255) NOT NULL,
  `priority` smallint(5) unsigned NOT NULL,
  PRIMARY KEY (`link_id`),
  UNIQUE KEY `INVENTORY_SOURCE_STOCK_LINK_STOCK_ID_SOURCE_CODE` (`stock_id`,`source_code`),
  KEY `INV_SOURCE_STOCK_LNK_SOURCE_CODE_INV_SOURCE_SOURCE_CODE` (`source_code`),
  KEY `INVENTORY_SOURCE_STOCK_LINK_STOCK_ID_PRIORITY` (`stock_id`,`priority`),
  CONSTRAINT `INVENTORY_SOURCE_STOCK_LINK_STOCK_ID_INVENTORY_STOCK_STOCK_ID` FOREIGN KEY (`stock_id`) REFERENCES `inventory_stock` (`stock_id`) ON DELETE CASCADE,
  CONSTRAINT `INV_SOURCE_STOCK_LNK_SOURCE_CODE_INV_SOURCE_SOURCE_CODE` FOREIGN KEY (`source_code`) REFERENCES `inventory_source` (`source_code`) ON DELETE CASCADE
) ENGINE=InnoDB AUTO_INCREMENT=2 DEFAULT CHARSET=utf8;

--
-- Dumping data for table `inventory_source_stock_link`
--

INSERT INTO `inventory_source_stock_link` VALUES (1,1,'default',1);

--
-- Table structure for table `inventory_stock`
--

CREATE TABLE `inventory_stock` (
  `stock_id` int(10) unsigned NOT NULL AUTO_INCREMENT,
  `name` varchar(255) NOT NULL,
  PRIMARY KEY (`stock_id`)
) ENGINE=InnoDB AUTO_INCREMENT=2 DEFAULT CHARSET=utf8;

--
-- Dumping data for table `inventory_stock`
--

INSERT INTO `inventory_stock` VALUES (1,'Default Stock');

--
-- Temporary view structure for view `inventory_stock_1`
--

/*!50001 DROP VIEW IF EXISTS `inventory_stock_1`*/;
/*!50001 CREATE VIEW `inventory_stock_1` AS SELECT 
 1 AS `product_id`,
 1 AS `website_id`,
 1 AS `stock_id`,
 1 AS `quantity`,
 1 AS `is_salable`,
 1 AS `sku`*/;

--
-- Table structure for table `inventory_stock_sales_channel`
--

CREATE TABLE `inventory_stock_sales_channel` (
  `type` varchar(64) NOT NULL,
  `code` varchar(64) NOT NULL,
  `stock_id` int(10) unsigned NOT NULL,
  PRIMARY KEY (`type`,`code`),
  KEY `INVENTORY_STOCK_SALES_CHANNEL_STOCK_ID_INVENTORY_STOCK_STOCK_ID` (`stock_id`),
  CONSTRAINT `INVENTORY_STOCK_SALES_CHANNEL_STOCK_ID_INVENTORY_STOCK_STOCK_ID` FOREIGN KEY (`stock_id`) REFERENCES `inventory_stock` (`stock_id`) ON DELETE CASCADE
) ENGINE=InnoDB DEFAULT CHARSET=utf8;

--
-- Dumping data for table `inventory_stock_sales_channel`
--

INSERT INTO `inventory_stock_sales_channel` VALUES ('website','base',1);

--
-- Table structure for table `klarna_core_order`
--

CREATE TABLE `klarna_core_order` (
  `id` int(10) unsigned NOT NULL AUTO_INCREMENT COMMENT 'Entity Id',
  `klarna_order_id` varchar(255) DEFAULT NULL COMMENT 'Klarna Order Id',
  `session_id` varchar(255) DEFAULT NULL COMMENT 'Session Id',
  `reservation_id` varchar(255) DEFAULT NULL COMMENT 'Reservation Id',
  `order_id` int(10) unsigned NOT NULL COMMENT 'Order Id',
  `is_acknowledged` smallint(6) NOT NULL DEFAULT '0' COMMENT 'Is Acknowledged',
  PRIMARY KEY (`id`),
  KEY `KLARNA_CORE_ORDER_IS_ACKNOWLEDGED` (`is_acknowledged`),
  KEY `KLARNA_CORE_ORDER_ORDER_ID` (`order_id`)
) ENGINE=InnoDB DEFAULT CHARSET=utf8 COMMENT='Klarna Order';

--
-- Dumping data for table `klarna_core_order`
--


--
-- Table structure for table `klarna_logs`
--

CREATE TABLE `klarna_logs` (
  `log_id` smallint(6) NOT NULL AUTO_INCREMENT COMMENT 'Log Id',
  `status` varchar(255) NOT NULL COMMENT 'Status',
  `action` varchar(255) DEFAULT NULL COMMENT 'Action',
  `klarna_id` varchar(255) DEFAULT NULL COMMENT 'Klarna Id',
  `increment_id` varchar(255) DEFAULT NULL COMMENT 'Increment Id',
  `url` varchar(255) NOT NULL COMMENT 'Url',
  `method` varchar(255) NOT NULL COMMENT 'Method',
  `service` varchar(255) NOT NULL COMMENT 'Service',
  `request` text COMMENT 'Request',
  `response` text COMMENT 'Response',
  `created_at` datetime NOT NULL DEFAULT CURRENT_TIMESTAMP COMMENT 'Created at',
  PRIMARY KEY (`log_id`),
  KEY `KLARNA_LOGS_KLARNA_ID` (`klarna_id`),
  FULLTEXT KEY `KLARNA_LOGS_ACTION_KLARNA_ID_INCREMENT_ID_URL` (`action`,`klarna_id`,`increment_id`,`url`)
) ENGINE=InnoDB DEFAULT CHARSET=utf8 COMMENT='Klarna Logs';

--
-- Dumping data for table `klarna_logs`
--


--
-- Table structure for table `klarna_payments_quote`
--

CREATE TABLE `klarna_payments_quote` (
  `payments_quote_id` int(10) unsigned NOT NULL AUTO_INCREMENT COMMENT 'Payments Id',
  `session_id` varchar(255) DEFAULT NULL COMMENT 'Klarna Session Id',
  `client_token` text COMMENT 'Klarna Client Token',
  `authorization_token` varchar(255) DEFAULT NULL COMMENT 'Authorization Token',
  `is_active` smallint(6) NOT NULL DEFAULT '0' COMMENT 'Is Active',
  `quote_id` int(10) unsigned NOT NULL COMMENT 'Quote Id',
  `payment_methods` varchar(255) DEFAULT NULL COMMENT 'Payment Method Categories',
  `payment_method_info` text COMMENT 'Payment Method Category Info',
  PRIMARY KEY (`payments_quote_id`),
  KEY `KLARNA_PAYMENTS_QUOTE_QUOTE_ID` (`quote_id`),
  KEY `KLARNA_PAYMENTS_QUOTE_SESSION_ID` (`session_id`),
  CONSTRAINT `KLARNA_PAYMENTS_QUOTE_QUOTE_ID_QUOTE_ENTITY_ID` FOREIGN KEY (`quote_id`) REFERENCES `quote` (`entity_id`) ON DELETE CASCADE
) ENGINE=InnoDB DEFAULT CHARSET=utf8 COMMENT='Klarna Payments Quote';

--
-- Dumping data for table `klarna_payments_quote`
--


--
-- Table structure for table `layout_link`
--

CREATE TABLE `layout_link` (
  `layout_link_id` int(10) unsigned NOT NULL AUTO_INCREMENT COMMENT 'Link ID',
  `store_id` smallint(5) unsigned NOT NULL DEFAULT '0' COMMENT 'Store ID',
  `theme_id` int(10) unsigned NOT NULL COMMENT 'Theme ID',
  `layout_update_id` int(10) unsigned NOT NULL DEFAULT '0' COMMENT 'Layout Update ID',
  `is_temporary` tinyint(1) NOT NULL DEFAULT '0' COMMENT 'Defines whether Layout Update is Temporary',
  PRIMARY KEY (`layout_link_id`),
  KEY `LAYOUT_LINK_THEME_ID_THEME_THEME_ID` (`theme_id`),
  KEY `LAYOUT_LINK_LAYOUT_UPDATE_ID` (`layout_update_id`),
  KEY `LAYOUT_LINK_STORE_ID_THEME_ID_LAYOUT_UPDATE_ID_IS_TEMPORARY` (`store_id`,`theme_id`,`layout_update_id`,`is_temporary`),
  CONSTRAINT `LAYOUT_LINK_LAYOUT_UPDATE_ID_LAYOUT_UPDATE_LAYOUT_UPDATE_ID` FOREIGN KEY (`layout_update_id`) REFERENCES `layout_update` (`layout_update_id`) ON DELETE CASCADE,
  CONSTRAINT `LAYOUT_LINK_STORE_ID_STORE_STORE_ID` FOREIGN KEY (`store_id`) REFERENCES `store` (`store_id`) ON DELETE CASCADE,
  CONSTRAINT `LAYOUT_LINK_THEME_ID_THEME_THEME_ID` FOREIGN KEY (`theme_id`) REFERENCES `theme` (`theme_id`) ON DELETE CASCADE
) ENGINE=InnoDB DEFAULT CHARSET=utf8 COMMENT='Layout Link';

--
-- Dumping data for table `layout_link`
--


--
-- Table structure for table `layout_update`
--

CREATE TABLE `layout_update` (
  `layout_update_id` int(10) unsigned NOT NULL AUTO_INCREMENT COMMENT 'Layout Update ID',
  `handle` varchar(255) DEFAULT NULL COMMENT 'Handle',
  `xml` text COMMENT 'Xml',
  `sort_order` smallint(6) NOT NULL DEFAULT '0' COMMENT 'Sort Order',
  `updated_at` timestamp NULL DEFAULT '0000-00-00 00:00:00' ON UPDATE CURRENT_TIMESTAMP COMMENT 'Last Update Timestamp',
  PRIMARY KEY (`layout_update_id`),
  KEY `LAYOUT_UPDATE_HANDLE` (`handle`)
) ENGINE=InnoDB DEFAULT CHARSET=utf8 COMMENT='Layout Updates';

--
-- Dumping data for table `layout_update`
--


--
-- Table structure for table `login_as_customer`
--

CREATE TABLE `login_as_customer` (
  `secret` varchar(64) NOT NULL COMMENT 'Login Secret',
  `customer_id` int(11) NOT NULL COMMENT 'Customer ID',
  `admin_id` int(11) NOT NULL COMMENT 'Admin ID',
  `created_at` timestamp NULL DEFAULT NULL COMMENT 'Creation Time',
  PRIMARY KEY (`secret`),
  KEY `LOGIN_AS_CUSTOMER_CREATED_AT` (`created_at`)
) ENGINE=InnoDB DEFAULT CHARSET=utf8 COMMENT='Magento Login as Customer Table';

--
-- Dumping data for table `login_as_customer`
--


--
-- Table structure for table `login_as_customer_assistance_allowed`
--

CREATE TABLE `login_as_customer_assistance_allowed` (
  `customer_id` int(10) unsigned NOT NULL COMMENT 'Customer ID',
  PRIMARY KEY (`customer_id`),
  CONSTRAINT `LOGIN_AS_CSTR_ASSISTANCE_ALLOWED_CSTR_ID_CSTR_ENTT_ENTT_ID` FOREIGN KEY (`customer_id`) REFERENCES `customer_entity` (`entity_id`) ON DELETE CASCADE
) ENGINE=InnoDB DEFAULT CHARSET=utf8 COMMENT='Magento Login as Customer Assistance Allowed Table';

--
-- Dumping data for table `login_as_customer_assistance_allowed`
--


--
-- Table structure for table `magento_acknowledged_bulk`
--

CREATE TABLE `magento_acknowledged_bulk` (
  `id` int(10) unsigned NOT NULL AUTO_INCREMENT COMMENT 'Internal ID',
  `bulk_uuid` varbinary(39) DEFAULT NULL COMMENT 'Related Bulk UUID',
  PRIMARY KEY (`id`),
  UNIQUE KEY `MAGENTO_ACKNOWLEDGED_BULK_BULK_UUID` (`bulk_uuid`),
  CONSTRAINT `MAGENTO_ACKNOWLEDGED_BULK_BULK_UUID_MAGENTO_BULK_UUID` FOREIGN KEY (`bulk_uuid`) REFERENCES `magento_bulk` (`uuid`) ON DELETE CASCADE
) ENGINE=InnoDB DEFAULT CHARSET=utf8 COMMENT='Bulk that was viewed by user from notification area';

--
-- Dumping data for table `magento_acknowledged_bulk`
--


--
-- Table structure for table `magento_bulk`
--

CREATE TABLE `magento_bulk` (
  `id` int(10) unsigned NOT NULL AUTO_INCREMENT COMMENT 'Bulk Internal ID (must not be exposed)',
  `uuid` varbinary(39) DEFAULT NULL COMMENT 'Bulk UUID (can be exposed to reference bulk entity)',
  `user_id` int(10) unsigned DEFAULT NULL COMMENT 'ID of the WebAPI user that performed an action',
  `user_type` int(11) DEFAULT NULL COMMENT 'Which type of user',
  `description` varchar(255) DEFAULT NULL COMMENT 'Bulk Description',
  `operation_count` int(10) unsigned NOT NULL COMMENT 'Total number of operations scheduled within this bulk',
  `start_time` timestamp NOT NULL DEFAULT CURRENT_TIMESTAMP COMMENT 'Bulk start time',
  PRIMARY KEY (`id`),
  UNIQUE KEY `MAGENTO_BULK_UUID` (`uuid`),
  KEY `MAGENTO_BULK_USER_ID` (`user_id`),
  KEY `MAGENTO_BULK_START_TIME` (`start_time`)
) ENGINE=InnoDB AUTO_INCREMENT=3 DEFAULT CHARSET=utf8 COMMENT='Bulk entity that represents set of related asynchronous operations';

--
-- Dumping data for table `magento_bulk`
--

INSERT INTO `magento_bulk` VALUES (1,_binary '6ef14c7a-0d50-4638-b384-a36cbca72b90',2,2,'Update attributes for 4 selected products',1,'2022-02-21 07:56:02'),(2,_binary '87f4ca46-bd28-4029-b1d5-fbd6ebc05249',2,2,'Update attributes for 4 selected products',1,'2022-02-21 08:20:44');

--
-- Table structure for table `magento_login_as_customer_log`
--

CREATE TABLE `magento_login_as_customer_log` (
  `log_id` int(11) NOT NULL AUTO_INCREMENT COMMENT 'Log Id',
  `time` timestamp NULL DEFAULT NULL COMMENT 'Event Date',
  `user_id` int(10) unsigned DEFAULT NULL COMMENT 'User Id',
  `user_name` varchar(40) DEFAULT NULL COMMENT 'User Name',
  `customer_id` int(10) unsigned DEFAULT NULL COMMENT 'Customer Id',
  `customer_email` varchar(40) DEFAULT NULL COMMENT 'Customer email',
  PRIMARY KEY (`log_id`),
  KEY `MAGENTO_LOGIN_AS_CUSTOMER_LOG_USER_ID` (`user_id`)
) ENGINE=InnoDB DEFAULT CHARSET=utf8 COMMENT='Login as Customer Logging';

--
-- Dumping data for table `magento_login_as_customer_log`
--


--
-- Table structure for table `magento_operation`
--

CREATE TABLE `magento_operation` (
  `id` int(10) unsigned NOT NULL AUTO_INCREMENT COMMENT 'Operation ID',
  `operation_key` int(10) unsigned DEFAULT NULL COMMENT 'Operation Key',
  `bulk_uuid` varbinary(39) DEFAULT NULL COMMENT 'Related Bulk UUID',
  `topic_name` varchar(255) DEFAULT NULL COMMENT 'Name of the related message queue topic',
  `serialized_data` blob COMMENT 'Data (serialized) required to perform an operation',
  `result_serialized_data` blob COMMENT 'Result data (serialized) after perform an operation',
  `status` smallint(6) DEFAULT '0' COMMENT 'Operation status (OPEN | COMPLETE | RETRIABLY_FAILED | NOT_RETRIABLY_FAILED)',
  `error_code` smallint(6) DEFAULT NULL COMMENT 'Code of the error that appeared during operation execution (used to aggregate related failed operations)',
  `result_message` varchar(255) DEFAULT NULL COMMENT 'Operation result message',
  PRIMARY KEY (`id`),
  KEY `MAGENTO_OPERATION_BULK_UUID_ERROR_CODE` (`bulk_uuid`,`error_code`),
  CONSTRAINT `MAGENTO_OPERATION_BULK_UUID_MAGENTO_BULK_UUID` FOREIGN KEY (`bulk_uuid`) REFERENCES `magento_bulk` (`uuid`) ON DELETE CASCADE
) ENGINE=InnoDB AUTO_INCREMENT=3 DEFAULT CHARSET=utf8 COMMENT='Operation entity';

--
-- Dumping data for table `magento_operation`
--

INSERT INTO `magento_operation` VALUES (1,NULL,_binary '6ef14c7a-0d50-4638-b384-a36cbca72b90','product_action_attribute.update',_binary '{\"meta_information\":\"Update product attributes\",\"product_ids\":[\"1\",\"2\",\"3\",\"4\"],\"store_id\":0,\"website_id\":\"0\",\"attributes\":{\"description\":\"Lorem ipsum dolor sit amet, consectetur adipiscing elit. Duis faucibus justo ultrices orci imperdiet interdum. Phasellus a mollis libero, at consequat ligula. Morbi pharetra porttitor porttitor. Nullam commodo dolor nec massa vehicula vulputate. Integer vulputate ac lacus vitae maximus. Duis non elementum tortor, eget tempus arcu. Donec eget feugiat ante, in pellentesque enim. Etiam condimentum ligula consequat, dignissim justo eu, sodales lacus.\\r\\n\\r\\nMauris ac risus sem. Nam consequat magna et dui eleifend lacinia. Praesent ac turpis dictum, bibendum odio ac, venenatis ante. Donec consequat nunc in arcu ornare mattis. Pellentesque consectetur lacus sed est pulvinar efficitur. Vivamus ac ornare ex. Sed bibendum fringilla eros, at egestas velit sodales vitae.\"}}',NULL,1,NULL,NULL),(2,NULL,_binary '87f4ca46-bd28-4029-b1d5-fbd6ebc05249','product_action_attribute.update',_binary '{\"meta_information\":\"Update product attributes\",\"product_ids\":[\"1\",\"2\",\"3\",\"4\"],\"store_id\":0,\"website_id\":\"0\",\"attributes\":{\"mere\":\"Do\\u017eina x vi\\u0161ina x \\u0161irina\"}}',NULL,1,NULL,NULL);

--
-- Table structure for table `mageplaza_smtp_abandonedcart`
--

CREATE TABLE `mageplaza_smtp_abandonedcart` (
  `id` int(10) unsigned NOT NULL AUTO_INCREMENT COMMENT 'Log Id',
  `log_ids` varchar(255) DEFAULT NULL COMMENT 'Log Ids',
  `token` varchar(255) DEFAULT NULL COMMENT 'Token',
  `quote_id` int(10) unsigned NOT NULL DEFAULT '0' COMMENT 'Quote Id',
  `status` smallint(6) NOT NULL COMMENT 'Status',
  `created_at` timestamp NULL DEFAULT CURRENT_TIMESTAMP COMMENT 'Created At',
  PRIMARY KEY (`id`),
  KEY `MAGEPLAZA_SMTP_ABANDONEDCART_QUOTE_ID_QUOTE_ENTITY_ID` (`quote_id`),
  CONSTRAINT `MAGEPLAZA_SMTP_ABANDONEDCART_QUOTE_ID_QUOTE_ENTITY_ID` FOREIGN KEY (`quote_id`) REFERENCES `quote` (`entity_id`) ON DELETE CASCADE
) ENGINE=InnoDB DEFAULT CHARSET=utf8 COMMENT='SMTP Abandoned Cart';

--
-- Dumping data for table `mageplaza_smtp_abandonedcart`
--


--
-- Table structure for table `mageplaza_smtp_log`
--

CREATE TABLE `mageplaza_smtp_log` (
  `id` int(10) unsigned NOT NULL AUTO_INCREMENT COMMENT 'Log ID',
  `subject` varchar(255) DEFAULT NULL COMMENT 'Email Subject',
  `email_content` text COMMENT 'Email Content',
  `status` smallint(6) NOT NULL COMMENT 'Status',
  `created_at` timestamp NULL DEFAULT NULL COMMENT 'Created At',
  `sender` varchar(255) DEFAULT NULL COMMENT 'Sender',
  `recipient` varchar(255) DEFAULT NULL COMMENT 'Recipient',
  `cc` varchar(255) DEFAULT NULL COMMENT 'Cc',
  `bcc` varchar(255) DEFAULT NULL COMMENT 'Bcc',
  PRIMARY KEY (`id`),
  KEY `MAGEPLAZA_SMTP_LOG_STATUS` (`status`)
) ENGINE=InnoDB DEFAULT CHARSET=utf8 COMMENT='mageplaza_smtp_log';

--
-- Dumping data for table `mageplaza_smtp_log`
--


--
-- Table structure for table `media_content_asset`
--

CREATE TABLE `media_content_asset` (
  `asset_id` int(10) unsigned NOT NULL COMMENT 'Entity ID',
  `entity_type` varchar(255) NOT NULL COMMENT 'Content type',
  `entity_id` varchar(255) NOT NULL COMMENT 'Content entity id',
  `field` varchar(255) NOT NULL COMMENT 'Content field',
  PRIMARY KEY (`entity_type`,`entity_id`,`field`,`asset_id`),
  KEY `MEDIA_CONTENT_ASSET_ASSET_ID` (`asset_id`)
) ENGINE=InnoDB DEFAULT CHARSET=utf8 COMMENT='Relation between media content and media asset';

--
-- Dumping data for table `media_content_asset`
--


--
-- Table structure for table `media_gallery_asset`
--

CREATE TABLE `media_gallery_asset` (
  `id` int(10) unsigned NOT NULL AUTO_INCREMENT COMMENT 'Entity ID',
  `path` text COMMENT 'Path',
  `title` varchar(255) DEFAULT NULL COMMENT 'Title',
  `description` text COMMENT 'Description',
  `source` varchar(255) DEFAULT NULL COMMENT 'Source',
  `hash` varchar(255) DEFAULT NULL COMMENT 'File hash',
  `content_type` varchar(255) DEFAULT NULL COMMENT 'Content Type',
  `width` int(10) unsigned NOT NULL DEFAULT '0' COMMENT 'Width',
  `height` int(10) unsigned NOT NULL DEFAULT '0' COMMENT 'Height',
  `size` int(10) unsigned NOT NULL COMMENT 'Asset file size in bytes',
  `created_at` timestamp NOT NULL DEFAULT CURRENT_TIMESTAMP COMMENT 'Created At',
  `updated_at` timestamp NOT NULL DEFAULT CURRENT_TIMESTAMP ON UPDATE CURRENT_TIMESTAMP COMMENT 'Updated At',
  PRIMARY KEY (`id`),
  KEY `MEDIA_GALLERY_ASSET_ID` (`id`),
  FULLTEXT KEY `MEDIA_GALLERY_ASSET_TITLE` (`title`)
) ENGINE=InnoDB DEFAULT CHARSET=utf8 COMMENT='Media Gallery Asset';

--
-- Dumping data for table `media_gallery_asset`
--


--
-- Table structure for table `media_gallery_asset_keyword`
--

CREATE TABLE `media_gallery_asset_keyword` (
  `keyword_id` int(10) unsigned NOT NULL COMMENT 'Keyword Id',
  `asset_id` int(10) unsigned NOT NULL COMMENT 'Asset ID',
  PRIMARY KEY (`keyword_id`,`asset_id`),
  KEY `MEDIA_GALLERY_ASSET_KEYWORD_ASSET_ID` (`asset_id`),
  KEY `MEDIA_GALLERY_ASSET_KEYWORD_KEYWORD_ID` (`keyword_id`),
  CONSTRAINT `MEDIA_GALLERY_ASSET_KEYWORD_ASSET_ID_MEDIA_GALLERY_ASSET_ID` FOREIGN KEY (`asset_id`) REFERENCES `media_gallery_asset` (`id`) ON DELETE CASCADE,
  CONSTRAINT `MEDIA_GALLERY_ASSET_KEYWORD_KEYWORD_ID_MEDIA_GALLERY_KEYWORD_ID` FOREIGN KEY (`keyword_id`) REFERENCES `media_gallery_keyword` (`id`) ON DELETE CASCADE
) ENGINE=InnoDB DEFAULT CHARSET=utf8 COMMENT='Media Gallery Asset Keyword';

--
-- Dumping data for table `media_gallery_asset_keyword`
--


--
-- Table structure for table `media_gallery_keyword`
--

CREATE TABLE `media_gallery_keyword` (
  `id` int(10) unsigned NOT NULL AUTO_INCREMENT COMMENT 'Keyword ID',
  `keyword` varchar(255) NOT NULL COMMENT 'Keyword',
  PRIMARY KEY (`id`),
  UNIQUE KEY `MEDIA_GALLERY_KEYWORD_KEYWORD` (`keyword`),
  KEY `MEDIA_GALLERY_KEYWORD_ID` (`id`)
) ENGINE=InnoDB DEFAULT CHARSET=utf8 COMMENT='Media Gallery Keyword';

--
-- Dumping data for table `media_gallery_keyword`
--


--
-- Table structure for table `mst_blog_author`
--

CREATE TABLE `mst_blog_author` (
  `author_id` int(10) unsigned NOT NULL DEFAULT '0' COMMENT 'Author Id',
  `user_id` int(10) unsigned NOT NULL DEFAULT '0' COMMENT 'User Id',
  `display_name` varchar(255) DEFAULT NULL COMMENT 'Display name',
  `image` varchar(255) DEFAULT NULL COMMENT 'Image',
  `bio` text COMMENT 'Bio',
  PRIMARY KEY (`author_id`,`user_id`),
  KEY `MST_BLOG_AUTHOR_USER_ID_ADMIN_USER_USER_ID` (`user_id`),
  CONSTRAINT `MST_BLOG_AUTHOR_USER_ID_ADMIN_USER_USER_ID` FOREIGN KEY (`user_id`) REFERENCES `admin_user` (`user_id`) ON DELETE CASCADE
) ENGINE=InnoDB DEFAULT CHARSET=utf8 COMMENT='Authors';

--
-- Dumping data for table `mst_blog_author`
--


--
-- Table structure for table `mst_blog_category_entity`
--

CREATE TABLE `mst_blog_category_entity` (
  `entity_id` int(10) unsigned NOT NULL AUTO_INCREMENT COMMENT 'Entity ID',
  `parent_id` int(10) unsigned NOT NULL DEFAULT '0' COMMENT 'Parent Id',
  `path` varchar(255) NOT NULL COMMENT 'Path',
  `position` int(10) unsigned NOT NULL DEFAULT '0' COMMENT 'Position',
  `level` int(10) unsigned NOT NULL DEFAULT '0' COMMENT 'Level',
  `children_count` int(10) unsigned NOT NULL DEFAULT '0' COMMENT 'Children count',
  `created_at` timestamp NOT NULL DEFAULT CURRENT_TIMESTAMP COMMENT 'Created At',
  `updated_at` timestamp NOT NULL DEFAULT CURRENT_TIMESTAMP ON UPDATE CURRENT_TIMESTAMP COMMENT 'Updated At',
  `sort_order` int(10) unsigned NOT NULL DEFAULT '0' COMMENT 'Order',
  PRIMARY KEY (`entity_id`)
) ENGINE=InnoDB AUTO_INCREMENT=2 DEFAULT CHARSET=utf8 COMMENT='mst_blog_category_entity';

--
-- Dumping data for table `mst_blog_category_entity`
--

INSERT INTO `mst_blog_category_entity` VALUES (1,0,'1',0,0,0,'2022-02-16 17:32:00','2022-02-16 17:32:00',0);

--
-- Table structure for table `mst_blog_category_entity_datetime`
--

CREATE TABLE `mst_blog_category_entity_datetime` (
  `value_id` int(11) NOT NULL AUTO_INCREMENT COMMENT 'Value ID',
  `attribute_id` smallint(5) unsigned NOT NULL DEFAULT '0' COMMENT 'Attribute ID',
  `store_id` smallint(5) unsigned NOT NULL DEFAULT '0' COMMENT 'Store ID',
  `entity_id` int(10) unsigned NOT NULL DEFAULT '0' COMMENT 'Entity ID',
  `value` datetime DEFAULT NULL COMMENT 'Value',
  PRIMARY KEY (`value_id`),
  UNIQUE KEY `MST_BLOG_CTGR_ENTT_DTIME_ENTT_ID_ATTR_ID_STORE_ID` (`entity_id`,`attribute_id`,`store_id`),
  KEY `MST_BLOG_CATEGORY_ENTITY_DATETIME_ATTRIBUTE_ID` (`attribute_id`),
  KEY `MST_BLOG_CATEGORY_ENTITY_DATETIME_STORE_ID` (`store_id`),
  CONSTRAINT `MST_BLOG_CATEGORY_ENTITY_DATETIME_STORE_ID_STORE_STORE_ID` FOREIGN KEY (`store_id`) REFERENCES `store` (`store_id`) ON DELETE CASCADE,
  CONSTRAINT `MST_BLOG_CTGR_ENTT_DTIME_ATTR_ID_EAV_ATTR_ATTR_ID` FOREIGN KEY (`attribute_id`) REFERENCES `eav_attribute` (`attribute_id`) ON DELETE CASCADE,
  CONSTRAINT `MST_BLOG_CTGR_ENTT_DTIME_ENTT_ID_MST_BLOG_CTGR_ENTT_ENTT_ID` FOREIGN KEY (`entity_id`) REFERENCES `mst_blog_category_entity` (`entity_id`) ON DELETE CASCADE
) ENGINE=InnoDB DEFAULT CHARSET=utf8 COMMENT='Blog Category Datetime Attribute Backend Table';

--
-- Dumping data for table `mst_blog_category_entity_datetime`
--


--
-- Table structure for table `mst_blog_category_entity_decimal`
--

CREATE TABLE `mst_blog_category_entity_decimal` (
  `value_id` int(11) NOT NULL AUTO_INCREMENT COMMENT 'Value ID',
  `attribute_id` smallint(5) unsigned NOT NULL DEFAULT '0' COMMENT 'Attribute ID',
  `store_id` smallint(5) unsigned NOT NULL DEFAULT '0' COMMENT 'Store ID',
  `entity_id` int(10) unsigned NOT NULL DEFAULT '0' COMMENT 'Entity ID',
  `value` decimal(12,4) DEFAULT NULL COMMENT 'Value',
  PRIMARY KEY (`value_id`),
  UNIQUE KEY `MST_BLOG_CATEGORY_ENTITY_DECIMAL_ENTITY_ID_ATTRIBUTE_ID_STORE_ID` (`entity_id`,`attribute_id`,`store_id`),
  KEY `MST_BLOG_CATEGORY_ENTITY_DECIMAL_STORE_ID` (`store_id`),
  KEY `MST_BLOG_CATEGORY_ENTITY_DECIMAL_ATTRIBUTE_ID` (`attribute_id`),
  CONSTRAINT `MST_BLOG_CATEGORY_ENTITY_DECIMAL_STORE_ID_STORE_STORE_ID` FOREIGN KEY (`store_id`) REFERENCES `store` (`store_id`) ON DELETE CASCADE,
  CONSTRAINT `MST_BLOG_CTGR_ENTT_DEC_ATTR_ID_EAV_ATTR_ATTR_ID` FOREIGN KEY (`attribute_id`) REFERENCES `eav_attribute` (`attribute_id`) ON DELETE CASCADE,
  CONSTRAINT `MST_BLOG_CTGR_ENTT_DEC_ENTT_ID_MST_BLOG_CTGR_ENTT_ENTT_ID` FOREIGN KEY (`entity_id`) REFERENCES `mst_blog_category_entity` (`entity_id`) ON DELETE CASCADE
) ENGINE=InnoDB DEFAULT CHARSET=utf8 COMMENT='Blog Category Decimal Attribute Backend Table';

--
-- Dumping data for table `mst_blog_category_entity_decimal`
--


--
-- Table structure for table `mst_blog_category_entity_gallery`
--

CREATE TABLE `mst_blog_category_entity_gallery` (
  `value_id` int(11) NOT NULL AUTO_INCREMENT COMMENT 'Value ID',
  `attribute_id` smallint(5) unsigned NOT NULL DEFAULT '0' COMMENT 'Attribute ID',
  `store_id` smallint(5) unsigned NOT NULL DEFAULT '0' COMMENT 'Store ID',
  `entity_id` int(10) unsigned NOT NULL DEFAULT '0' COMMENT 'Entity ID',
  `position` int(11) NOT NULL DEFAULT '0' COMMENT 'Position',
  `value` varchar(255) DEFAULT NULL COMMENT 'Value',
  PRIMARY KEY (`value_id`),
  UNIQUE KEY `MST_BLOG_CATEGORY_ENTITY_GALLERY_ENTITY_ID_ATTRIBUTE_ID_STORE_ID` (`entity_id`,`attribute_id`,`store_id`),
  KEY `MST_BLOG_CATEGORY_ENTITY_GALLERY_ENTITY_ID` (`entity_id`),
  KEY `MST_BLOG_CATEGORY_ENTITY_GALLERY_ATTRIBUTE_ID` (`attribute_id`),
  KEY `MST_BLOG_CATEGORY_ENTITY_GALLERY_STORE_ID` (`store_id`),
  CONSTRAINT `MST_BLOG_CATEGORY_ENTITY_GALLERY_STORE_ID_STORE_STORE_ID` FOREIGN KEY (`store_id`) REFERENCES `store` (`store_id`) ON DELETE CASCADE,
  CONSTRAINT `MST_BLOG_CTGR_ENTT_GLR_ATTR_ID_EAV_ATTR_ATTR_ID` FOREIGN KEY (`attribute_id`) REFERENCES `eav_attribute` (`attribute_id`) ON DELETE CASCADE,
  CONSTRAINT `MST_BLOG_CTGR_ENTT_GLR_ENTT_ID_MST_BLOG_CTGR_ENTT_ENTT_ID` FOREIGN KEY (`entity_id`) REFERENCES `mst_blog_category_entity` (`entity_id`) ON DELETE CASCADE
) ENGINE=InnoDB DEFAULT CHARSET=utf8 COMMENT='Blog Category Gallery Attribute Backend Table';

--
-- Dumping data for table `mst_blog_category_entity_gallery`
--


--
-- Table structure for table `mst_blog_category_entity_int`
--

CREATE TABLE `mst_blog_category_entity_int` (
  `value_id` int(11) NOT NULL AUTO_INCREMENT COMMENT 'Value ID',
  `attribute_id` smallint(5) unsigned NOT NULL DEFAULT '0' COMMENT 'Attribute ID',
  `store_id` smallint(5) unsigned NOT NULL DEFAULT '0' COMMENT 'Store ID',
  `entity_id` int(10) unsigned NOT NULL DEFAULT '0' COMMENT 'Entity ID',
  `value` int(11) DEFAULT NULL COMMENT 'Value',
  PRIMARY KEY (`value_id`),
  UNIQUE KEY `MST_BLOG_CATEGORY_ENTITY_INT_ENTITY_ID_ATTRIBUTE_ID_STORE_ID` (`entity_id`,`attribute_id`,`store_id`),
  KEY `MST_BLOG_CATEGORY_ENTITY_INT_ATTRIBUTE_ID` (`attribute_id`),
  KEY `MST_BLOG_CATEGORY_ENTITY_INT_STORE_ID` (`store_id`),
  CONSTRAINT `MST_BLOG_CATEGORY_ENTITY_INT_STORE_ID_STORE_STORE_ID` FOREIGN KEY (`store_id`) REFERENCES `store` (`store_id`) ON DELETE CASCADE,
  CONSTRAINT `MST_BLOG_CTGR_ENTT_INT_ATTR_ID_EAV_ATTR_ATTR_ID` FOREIGN KEY (`attribute_id`) REFERENCES `eav_attribute` (`attribute_id`) ON DELETE CASCADE,
  CONSTRAINT `MST_BLOG_CTGR_ENTT_INT_ENTT_ID_MST_BLOG_CTGR_ENTT_ENTT_ID` FOREIGN KEY (`entity_id`) REFERENCES `mst_blog_category_entity` (`entity_id`) ON DELETE CASCADE
) ENGINE=InnoDB AUTO_INCREMENT=2 DEFAULT CHARSET=utf8 COMMENT='Blog Category Integer Attribute Backend Table';

--
-- Dumping data for table `mst_blog_category_entity_int`
--

INSERT INTO `mst_blog_category_entity_int` VALUES (1,154,0,1,1);

--
-- Table structure for table `mst_blog_category_entity_text`
--

CREATE TABLE `mst_blog_category_entity_text` (
  `value_id` int(11) NOT NULL AUTO_INCREMENT COMMENT 'Value ID',
  `attribute_id` smallint(5) unsigned NOT NULL DEFAULT '0' COMMENT 'Attribute ID',
  `store_id` smallint(5) unsigned NOT NULL DEFAULT '0' COMMENT 'Store ID',
  `entity_id` int(10) unsigned NOT NULL DEFAULT '0' COMMENT 'Entity ID',
  `value` text COMMENT 'Value',
  PRIMARY KEY (`value_id`),
  UNIQUE KEY `MST_BLOG_CATEGORY_ENTITY_TEXT_ENTITY_ID_ATTRIBUTE_ID_STORE_ID` (`entity_id`,`attribute_id`,`store_id`),
  KEY `MST_BLOG_CATEGORY_ENTITY_TEXT_ATTRIBUTE_ID` (`attribute_id`),
  KEY `MST_BLOG_CATEGORY_ENTITY_TEXT_STORE_ID` (`store_id`),
  CONSTRAINT `MST_BLOG_CATEGORY_ENTITY_TEXT_STORE_ID_STORE_STORE_ID` FOREIGN KEY (`store_id`) REFERENCES `store` (`store_id`) ON DELETE CASCADE,
  CONSTRAINT `MST_BLOG_CTGR_ENTT_TEXT_ATTR_ID_EAV_ATTR_ATTR_ID` FOREIGN KEY (`attribute_id`) REFERENCES `eav_attribute` (`attribute_id`) ON DELETE CASCADE,
  CONSTRAINT `MST_BLOG_CTGR_ENTT_TEXT_ENTT_ID_MST_BLOG_CTGR_ENTT_ENTT_ID` FOREIGN KEY (`entity_id`) REFERENCES `mst_blog_category_entity` (`entity_id`) ON DELETE CASCADE
) ENGINE=InnoDB DEFAULT CHARSET=utf8 COMMENT='Blog Category Text Attribute Backend Table';

--
-- Dumping data for table `mst_blog_category_entity_text`
--


--
-- Table structure for table `mst_blog_category_entity_varchar`
--

CREATE TABLE `mst_blog_category_entity_varchar` (
  `value_id` int(11) NOT NULL AUTO_INCREMENT COMMENT 'Value ID',
  `attribute_id` smallint(5) unsigned NOT NULL DEFAULT '0' COMMENT 'Attribute ID',
  `store_id` smallint(5) unsigned NOT NULL DEFAULT '0' COMMENT 'Store ID',
  `entity_id` int(10) unsigned NOT NULL DEFAULT '0' COMMENT 'Entity ID',
  `value` varchar(255) DEFAULT NULL COMMENT 'Value',
  PRIMARY KEY (`value_id`),
  UNIQUE KEY `CATALOG_PRODUCT_ENTITY_VARCHAR_ENTITY_ID_ATTRIBUTE_ID_STORE_ID` (`entity_id`,`attribute_id`,`store_id`),
  KEY `MST_BLOG_CATEGORY_ENTITY_VARCHAR_ATTRIBUTE_ID` (`attribute_id`),
  KEY `MST_BLOG_CATEGORY_ENTITY_VARCHAR_STORE_ID` (`store_id`),
  CONSTRAINT `MST_BLOG_CATEGORY_ENTITY_VARCHAR_STORE_ID_STORE_STORE_ID` FOREIGN KEY (`store_id`) REFERENCES `store` (`store_id`) ON DELETE CASCADE,
  CONSTRAINT `MST_BLOG_CTGR_ENTT_VCHR_ATTR_ID_EAV_ATTR_ATTR_ID` FOREIGN KEY (`attribute_id`) REFERENCES `eav_attribute` (`attribute_id`) ON DELETE CASCADE,
  CONSTRAINT `MST_BLOG_CTGR_ENTT_VCHR_ENTT_ID_MST_BLOG_CTGR_ENTT_ENTT_ID` FOREIGN KEY (`entity_id`) REFERENCES `mst_blog_category_entity` (`entity_id`) ON DELETE CASCADE
) ENGINE=InnoDB AUTO_INCREMENT=3 DEFAULT CHARSET=utf8 COMMENT='Blog Category Varchar Attribute Backend Table';

--
-- Dumping data for table `mst_blog_category_entity_varchar`
--

INSERT INTO `mst_blog_category_entity_varchar` VALUES (1,152,0,1,'Blog'),(2,153,0,1,'blog');

--
-- Table structure for table `mst_blog_category_post`
--

CREATE TABLE `mst_blog_category_post` (
  `category_id` int(10) unsigned NOT NULL DEFAULT '0' COMMENT 'Category ID',
  `post_id` int(10) unsigned NOT NULL DEFAULT '0' COMMENT 'Post ID',
  PRIMARY KEY (`category_id`,`post_id`),
  KEY `MST_BLOG_CATEGORY_POST_POST_ID` (`post_id`),
  CONSTRAINT `MST_BLOG_CATEGORY_POST_POST_ID_MST_BLOG_POST_ENTITY_ENTITY_ID` FOREIGN KEY (`post_id`) REFERENCES `mst_blog_post_entity` (`entity_id`) ON DELETE CASCADE,
  CONSTRAINT `MST_BLOG_CTGR_POST_CTGR_ID_MST_BLOG_CTGR_ENTT_ENTT_ID` FOREIGN KEY (`category_id`) REFERENCES `mst_blog_category_entity` (`entity_id`) ON DELETE CASCADE
) ENGINE=InnoDB DEFAULT CHARSET=utf8 COMMENT='Blog Post To Category Linkage Table';

--
-- Dumping data for table `mst_blog_category_post`
--

INSERT INTO `mst_blog_category_post` VALUES (1,1),(1,2),(1,3);

--
-- Table structure for table `mst_blog_post_entity`
--

CREATE TABLE `mst_blog_post_entity` (
  `entity_id` int(10) unsigned NOT NULL AUTO_INCREMENT COMMENT 'Entity ID',
  `author_id` int(10) unsigned DEFAULT NULL COMMENT 'Author Id',
  `type` varchar(255) DEFAULT NULL COMMENT 'Post type',
  `parent_id` int(10) unsigned NOT NULL DEFAULT '0' COMMENT 'Parent Post Id',
  `created_at` timestamp NOT NULL DEFAULT CURRENT_TIMESTAMP COMMENT 'Created At',
  `updated_at` timestamp NOT NULL DEFAULT CURRENT_TIMESTAMP ON UPDATE CURRENT_TIMESTAMP COMMENT 'Updated At',
  PRIMARY KEY (`entity_id`)
) ENGINE=InnoDB AUTO_INCREMENT=4 DEFAULT CHARSET=utf8 COMMENT='mst_blog_post_entity';

--
-- Dumping data for table `mst_blog_post_entity`
--

INSERT INTO `mst_blog_post_entity` VALUES (1,1,'post',0,'2022-02-16 18:17:33','2022-02-16 18:17:33'),(2,1,'post',0,'2022-02-16 18:18:38','2022-02-16 18:18:38'),(3,1,'post',0,'2022-02-16 18:19:00','2022-02-18 17:05:35');

--
-- Table structure for table `mst_blog_post_entity_datetime`
--

CREATE TABLE `mst_blog_post_entity_datetime` (
  `value_id` int(11) NOT NULL AUTO_INCREMENT COMMENT 'Value ID',
  `attribute_id` smallint(5) unsigned NOT NULL DEFAULT '0' COMMENT 'Attribute ID',
  `store_id` smallint(5) unsigned NOT NULL DEFAULT '0' COMMENT 'Store ID',
  `entity_id` int(10) unsigned NOT NULL DEFAULT '0' COMMENT 'Entity ID',
  `value` datetime DEFAULT NULL COMMENT 'Value',
  PRIMARY KEY (`value_id`),
  UNIQUE KEY `MST_BLOG_POST_ENTITY_DATETIME_ENTITY_ID_ATTRIBUTE_ID_STORE_ID` (`entity_id`,`attribute_id`,`store_id`),
  KEY `MST_BLOG_POST_ENTITY_DATETIME_ATTRIBUTE_ID` (`attribute_id`),
  KEY `MST_BLOG_POST_ENTITY_DATETIME_STORE_ID` (`store_id`),
  CONSTRAINT `MST_BLOG_POST_ENTITY_DATETIME_STORE_ID_STORE_STORE_ID` FOREIGN KEY (`store_id`) REFERENCES `store` (`store_id`) ON DELETE CASCADE,
  CONSTRAINT `MST_BLOG_POST_ENTT_DTIME_ATTR_ID_EAV_ATTR_ATTR_ID` FOREIGN KEY (`attribute_id`) REFERENCES `eav_attribute` (`attribute_id`) ON DELETE CASCADE,
  CONSTRAINT `MST_BLOG_POST_ENTT_DTIME_ENTT_ID_MST_BLOG_POST_ENTT_ENTT_ID` FOREIGN KEY (`entity_id`) REFERENCES `mst_blog_post_entity` (`entity_id`) ON DELETE CASCADE
) ENGINE=InnoDB DEFAULT CHARSET=utf8 COMMENT='Blog Post Datetime Attribute Backend Table';

--
-- Dumping data for table `mst_blog_post_entity_datetime`
--


--
-- Table structure for table `mst_blog_post_entity_decimal`
--

CREATE TABLE `mst_blog_post_entity_decimal` (
  `value_id` int(11) NOT NULL AUTO_INCREMENT COMMENT 'Value ID',
  `attribute_id` smallint(5) unsigned NOT NULL DEFAULT '0' COMMENT 'Attribute ID',
  `store_id` smallint(5) unsigned NOT NULL DEFAULT '0' COMMENT 'Store ID',
  `entity_id` int(10) unsigned NOT NULL DEFAULT '0' COMMENT 'Entity ID',
  `value` decimal(12,4) DEFAULT NULL COMMENT 'Value',
  PRIMARY KEY (`value_id`),
  UNIQUE KEY `MST_BLOG_POST_ENTITY_DECIMAL_ENTITY_ID_ATTRIBUTE_ID_STORE_ID` (`entity_id`,`attribute_id`,`store_id`),
  KEY `MST_BLOG_POST_ENTITY_DECIMAL_STORE_ID` (`store_id`),
  KEY `MST_BLOG_POST_ENTITY_DECIMAL_ATTRIBUTE_ID` (`attribute_id`),
  CONSTRAINT `MST_BLOG_POST_ENTITY_DECIMAL_STORE_ID_STORE_STORE_ID` FOREIGN KEY (`store_id`) REFERENCES `store` (`store_id`) ON DELETE CASCADE,
  CONSTRAINT `MST_BLOG_POST_ENTT_DEC_ATTR_ID_EAV_ATTR_ATTR_ID` FOREIGN KEY (`attribute_id`) REFERENCES `eav_attribute` (`attribute_id`) ON DELETE CASCADE,
  CONSTRAINT `MST_BLOG_POST_ENTT_DEC_ENTT_ID_MST_BLOG_POST_ENTT_ENTT_ID` FOREIGN KEY (`entity_id`) REFERENCES `mst_blog_post_entity` (`entity_id`) ON DELETE CASCADE
) ENGINE=InnoDB DEFAULT CHARSET=utf8 COMMENT='Blog Post Decimal Attribute Backend Table';

--
-- Dumping data for table `mst_blog_post_entity_decimal`
--


--
-- Table structure for table `mst_blog_post_entity_gallery`
--

CREATE TABLE `mst_blog_post_entity_gallery` (
  `value_id` int(11) NOT NULL AUTO_INCREMENT COMMENT 'Value ID',
  `attribute_id` smallint(5) unsigned NOT NULL DEFAULT '0' COMMENT 'Attribute ID',
  `store_id` smallint(5) unsigned NOT NULL DEFAULT '0' COMMENT 'Store ID',
  `entity_id` int(10) unsigned NOT NULL DEFAULT '0' COMMENT 'Entity ID',
  `position` int(11) NOT NULL DEFAULT '0' COMMENT 'Position',
  `value` varchar(255) DEFAULT NULL COMMENT 'Value',
  PRIMARY KEY (`value_id`),
  UNIQUE KEY `MST_BLOG_POST_ENTITY_GALLERY_ENTITY_ID_ATTRIBUTE_ID_STORE_ID` (`entity_id`,`attribute_id`,`store_id`),
  KEY `MST_BLOG_POST_ENTITY_GALLERY_ENTITY_ID` (`entity_id`),
  KEY `MST_BLOG_POST_ENTITY_GALLERY_ATTRIBUTE_ID` (`attribute_id`),
  KEY `MST_BLOG_POST_ENTITY_GALLERY_STORE_ID` (`store_id`),
  CONSTRAINT `MST_BLOG_POST_ENTITY_GALLERY_STORE_ID_STORE_STORE_ID` FOREIGN KEY (`store_id`) REFERENCES `store` (`store_id`) ON DELETE CASCADE,
  CONSTRAINT `MST_BLOG_POST_ENTT_GLR_ATTR_ID_EAV_ATTR_ATTR_ID` FOREIGN KEY (`attribute_id`) REFERENCES `eav_attribute` (`attribute_id`) ON DELETE CASCADE,
  CONSTRAINT `MST_BLOG_POST_ENTT_GLR_ENTT_ID_MST_BLOG_POST_ENTT_ENTT_ID` FOREIGN KEY (`entity_id`) REFERENCES `mst_blog_post_entity` (`entity_id`) ON DELETE CASCADE
) ENGINE=InnoDB DEFAULT CHARSET=utf8 COMMENT='Blog Post Gallery Attribute Backend Table';

--
-- Dumping data for table `mst_blog_post_entity_gallery`
--


--
-- Table structure for table `mst_blog_post_entity_int`
--

CREATE TABLE `mst_blog_post_entity_int` (
  `value_id` int(11) NOT NULL AUTO_INCREMENT COMMENT 'Value ID',
  `attribute_id` smallint(5) unsigned NOT NULL DEFAULT '0' COMMENT 'Attribute ID',
  `store_id` smallint(5) unsigned NOT NULL DEFAULT '0' COMMENT 'Store ID',
  `entity_id` int(10) unsigned NOT NULL DEFAULT '0' COMMENT 'Entity ID',
  `value` int(11) DEFAULT NULL COMMENT 'Value',
  PRIMARY KEY (`value_id`),
  UNIQUE KEY `MST_BLOG_POST_ENTITY_INT_ENTITY_ID_ATTRIBUTE_ID_STORE_ID` (`entity_id`,`attribute_id`,`store_id`),
  KEY `MST_BLOG_POST_ENTITY_INT_ATTRIBUTE_ID` (`attribute_id`),
  KEY `MST_BLOG_POST_ENTITY_INT_STORE_ID` (`store_id`),
  CONSTRAINT `MST_BLOG_POST_ENTITY_INT_ATTRIBUTE_ID_EAV_ATTRIBUTE_ATTRIBUTE_ID` FOREIGN KEY (`attribute_id`) REFERENCES `eav_attribute` (`attribute_id`) ON DELETE CASCADE,
  CONSTRAINT `MST_BLOG_POST_ENTITY_INT_STORE_ID_STORE_STORE_ID` FOREIGN KEY (`store_id`) REFERENCES `store` (`store_id`) ON DELETE CASCADE,
  CONSTRAINT `MST_BLOG_POST_ENTT_INT_ENTT_ID_MST_BLOG_POST_ENTT_ENTT_ID` FOREIGN KEY (`entity_id`) REFERENCES `mst_blog_post_entity` (`entity_id`) ON DELETE CASCADE
) ENGINE=InnoDB AUTO_INCREMENT=10 DEFAULT CHARSET=utf8 COMMENT='Blog Post Integer Attribute Backend Table';

--
-- Dumping data for table `mst_blog_post_entity_int`
--

INSERT INTO `mst_blog_post_entity_int` VALUES (1,148,0,1,0),(2,144,0,1,2),(3,160,0,1,1),(4,148,0,2,0),(5,144,0,2,2),(6,160,0,2,1),(7,148,0,3,0),(8,144,0,3,2),(9,160,0,3,1);

--
-- Table structure for table `mst_blog_post_entity_text`
--

CREATE TABLE `mst_blog_post_entity_text` (
  `value_id` int(11) NOT NULL AUTO_INCREMENT COMMENT 'Value ID',
  `attribute_id` smallint(5) unsigned NOT NULL DEFAULT '0' COMMENT 'Attribute ID',
  `store_id` smallint(5) unsigned NOT NULL DEFAULT '0' COMMENT 'Store ID',
  `entity_id` int(10) unsigned NOT NULL DEFAULT '0' COMMENT 'Entity ID',
  `value` text COMMENT 'Value',
  PRIMARY KEY (`value_id`),
  UNIQUE KEY `MST_BLOG_POST_ENTITY_TEXT_ENTITY_ID_ATTRIBUTE_ID_STORE_ID` (`entity_id`,`attribute_id`,`store_id`),
  KEY `MST_BLOG_POST_ENTITY_TEXT_ATTRIBUTE_ID` (`attribute_id`),
  KEY `MST_BLOG_POST_ENTITY_TEXT_STORE_ID` (`store_id`),
  CONSTRAINT `MST_BLOG_POST_ENTITY_TEXT_STORE_ID_STORE_STORE_ID` FOREIGN KEY (`store_id`) REFERENCES `store` (`store_id`) ON DELETE CASCADE,
  CONSTRAINT `MST_BLOG_POST_ENTT_TEXT_ATTR_ID_EAV_ATTR_ATTR_ID` FOREIGN KEY (`attribute_id`) REFERENCES `eav_attribute` (`attribute_id`) ON DELETE CASCADE,
  CONSTRAINT `MST_BLOG_POST_ENTT_TEXT_ENTT_ID_MST_BLOG_POST_ENTT_ENTT_ID` FOREIGN KEY (`entity_id`) REFERENCES `mst_blog_post_entity` (`entity_id`) ON DELETE CASCADE
) ENGINE=InnoDB AUTO_INCREMENT=10 DEFAULT CHARSET=utf8 COMMENT='Blog Post Text Attribute Backend Table';

--
-- Dumping data for table `mst_blog_post_entity_text`
--

INSERT INTO `mst_blog_post_entity_text` VALUES (1,146,0,1,'<p>Lorem ipsum dolor sit amet, consectetur adipiscing elit. Fusce rutrum hendrerit dui, sed semper augue volutpat vel. Nam vitae risus nisl. Pellentesque condimentum felis tellus, a consectetur ipsum consectetur a. Nulla libero leo, sodales sit amet vehicula ut, auctor at eros. Donec in lectus egestas, faucibus turpis in, ornare libero. Nulla in sollicitudin enim, at pharetra elit.</p>'),(2,147,0,1,'blog_slika.jpg'),(3,145,0,1,'<style>#html-body [data-pb-style=R7FHCT9]{justify-content:flex-start;display:flex;flex-direction:column;background-position:left top;background-size:cover;background-repeat:no-repeat;background-attachment:scroll}</style><div data-content-type=\"row\" data-appearance=\"contained\" data-element=\"main\"><div data-enable-parallax=\"0\" data-parallax-speed=\"0.5\" data-background-images=\"{}\" data-background-type=\"image\" data-video-loop=\"true\" data-video-play-only-visible=\"true\" data-video-lazy-load=\"true\" data-video-fallback-src=\"\" data-element=\"inner\" data-pb-style=\"R7FHCT9\"><div data-content-type=\"text\" data-appearance=\"default\" data-element=\"main\"><p>Duis blandit magna ut dolor commodo, a porta justo pulvinar. Nam ac ex efficitur, efficitur nunc ac, aliquet elit. Integer sed sem ac augue consectetur malesuada. Duis eros sapien, condimentum laoreet nisi eu, efficitur semper ipsum. Vivamus lectus nisi, dapibus eget ex mollis, vehicula mattis quam. Sed placerat tristique hendrerit.</p>\r\n<p>Sed quis nulla iaculis, condimentum turpis at, porta elit. Mauris hendrerit arcu odio, id blandit lacus semper quis. Vestibulum sit amet nibh in tortor convallis placerat. Nunc id dolor vehicula, laoreet velit et, dictum nunc. Nunc consectetur ligula tincidunt felis efficitur auctor. Aenean sit amet luctus risus, quis tristique justo. Donec suscipit sapien sed nulla rhoncus, eu eleifend lacus eleifend. Nulla et luctus nisl. Nunc scelerisque elementum laoreet. Vestibulum ante ipsum primis in faucibus orci luctus et ultrices posuere cubilia curae; Quisque sodales tellus nec fringilla bibendum. Ut id posuere quam, eu pharetra urna. Aliquam auctor venenatis dui. Sed diam nulla, consectetur eget laoreet nec, fringilla sit amet libero.</p></div></div></div>'),(4,146,0,2,'<p>Lorem ipsum dolor sit amet, consectetur adipiscing elit. Fusce rutrum hendrerit dui, sed semper augue volutpat vel. Nam vitae risus nisl. Pellentesque condimentum felis tellus, a consectetur ipsum consectetur a. Nulla libero leo, sodales sit amet vehicula ut, auctor at eros. Donec in lectus egestas, faucibus turpis in, ornare libero. Nulla in sollicitudin enim, at pharetra elit. Duis blandit magna ut dolor commodo, a porta justo pulvinar</p>'),(5,147,0,2,'blog_slika_1.jpg'),(6,145,0,2,'<style>#html-body [data-pb-style=RXXQQA9]{justify-content:flex-start;display:flex;flex-direction:column;background-position:left top;background-size:cover;background-repeat:no-repeat;background-attachment:scroll}</style><div data-content-type=\"row\" data-appearance=\"contained\" data-element=\"main\"><div data-enable-parallax=\"0\" data-parallax-speed=\"0.5\" data-background-images=\"{}\" data-background-type=\"image\" data-video-loop=\"true\" data-video-play-only-visible=\"true\" data-video-lazy-load=\"true\" data-video-fallback-src=\"\" data-element=\"inner\" data-pb-style=\"RXXQQA9\"><div data-content-type=\"text\" data-appearance=\"default\" data-element=\"main\"><p>Nam ac ex efficitur, efficitur nunc ac, aliquet elit. Integer sed sem ac augue consectetur malesuada. Duis eros sapien, condimentum laoreet nisi eu, efficitur semper ipsum. Vivamus lectus nisi, dapibus eget ex mollis, vehicula mattis quam. Sed placerat tristique hendrerit.</p>\r\n<p>Sed quis nulla iaculis, condimentum turpis at, porta elit. Mauris hendrerit arcu odio, id blandit lacus semper quis. Vestibulum sit amet nibh in tortor convallis placerat. Nunc id dolor vehicula, laoreet velit et, dictum nunc. Nunc consectetur ligula tincidunt felis efficitur auctor. Aenean sit amet luctus risus, quis tristique justo. Donec suscipit sapien sed nulla rhoncus, eu eleifend lacus eleifend. Nulla et luctus nisl. Nunc scelerisque elementum laoreet. Vestibulum ante ipsum primis in faucibus orci luctus et ultrices posuere cubilia curae; Quisque sodales tellus nec fringilla bibendum. Ut id posuere quam, eu pharetra urna. Aliquam auctor venenatis dui. Sed diam nulla, consectetur eget laoreet nec, fringilla sit amet libero.</p>\r\n<p>Curabitur egestas pellentesque tellus vitae pharetra. Donec maximus, dui eu porta convallis, dolor velit vestibulum massa, ac blandit odio quam eget metus. Curabitur et elit tincidunt, elementum massa nec, iaculis purus. Donec metus ligula, eleifend eget elementum vitae, cursus non urna. Pellentesque habitant morbi tristique senectus et netus et malesuada fames ac turpis egestas. Nullam a libero enim. Sed vulputate massa vitae enim laoreet sodales. Orci varius natoque penatibus et magnis dis parturient montes, nascetur ridiculus mus. Aenean vehicula est massa, in elementum sapien euismod at. Praesent fermentum enim nisl, at condimentum nibh lobortis nec. Nunc in erat tellus. Vivamus auctor sodales lacus et dapibus. Quisque quis ullamcorper dolor. Morbi consectetur facilisis ipsum, commodo tempor lorem molestie vel. Cras iaculis in neque vitae interdum. Donec molestie lectus egestas fermentum vehicula.</p></div></div></div>'),(7,147,0,3,'blog_slika_2.jpg'),(8,146,0,3,'<p>Lorem ipsum dolor sit amet, consectetur adipiscing elit. Fusce rutrum hendrerit dui, sed semper augue volutpat vel. Nam vitae risus nisl. Pellentesque condimentum felis tellus, a consectetur ipsum consectetur a.</p>'),(9,145,0,3,'<style>#html-body [data-pb-style=XX79CSQ]{justify-content:flex-start;display:flex;flex-direction:column;background-position:left top;background-size:cover;background-repeat:no-repeat;background-attachment:scroll}</style><div data-content-type=\"row\" data-appearance=\"contained\" data-element=\"main\"><div data-enable-parallax=\"0\" data-parallax-speed=\"0.5\" data-background-images=\"{}\" data-background-type=\"image\" data-video-loop=\"true\" data-video-play-only-visible=\"true\" data-video-lazy-load=\"true\" data-video-fallback-src=\"\" data-element=\"inner\" data-pb-style=\"XX79CSQ\"><div data-content-type=\"text\" data-appearance=\"default\" data-element=\"main\"><p>Lorem ipsum dolor sit amet, consectetur adipiscing elit. Fusce rutrum hendrerit dui, sed semper augue volutpat vel. Nam vitae risus nisl. Pellentesque condimentum felis tellus, a consectetur ipsum consectetur a. Nulla libero leo, sodales sit amet vehicula ut, auctor at eros. Donec in lectus egestas, faucibus turpis in, ornare libero. Nulla in sollicitudin enim, at pharetra elit. Duis blandit magna ut dolor commodo, a porta justo pulvinar. Nam ac ex efficitur, efficitur nunc ac, aliquet elit. Integer sed sem ac augue consectetur malesuada. Duis eros sapien, condimentum laoreet nisi eu, efficitur semper ipsum. Vivamus lectus nisi, dapibus eget ex mollis, vehicula mattis quam. Sed placerat tristique hendrerit.</p>\r\n<p>Sed quis nulla iaculis, condimentum turpis at, porta elit. Mauris hendrerit arcu odio, id blandit lacus semper quis. Vestibulum sit amet nibh in tortor convallis placerat. Nunc id dolor vehicula, laoreet velit et, dictum nunc. Nunc consectetur ligula tincidunt felis efficitur auctor. Aenean sit amet luctus risus, quis tristique justo. Donec suscipit sapien sed nulla rhoncus, eu eleifend lacus eleifend. Nulla et luctus nisl. Nunc scelerisque elementum laoreet. Vestibulum ante ipsum primis in faucibus orci luctus et ultrices posuere cubilia curae; Quisque sodales tellus nec fringilla bibendum. Ut id posuere quam, eu pharetra urna. Aliquam auctor venenatis dui. Sed diam nulla, consectetur eget laoreet nec, fringilla sit amet libero.</p>\r\n<p>Curabitur egestas pellentesque tellus vitae pharetra. Donec maximus, dui eu porta convallis, dolor velit vestibulum massa, ac blandit odio quam eget metus. Curabitur et elit tincidunt, elementum massa nec, iaculis purus. Donec metus ligula, eleifend eget elementum vitae, cursus non urna. Pellentesque habitant morbi tristique senectus et netus et malesuada fames ac turpis egestas. Nullam a libero enim. Sed vulputate massa vitae enim laoreet sodales. Orci varius natoque penatibus et magnis dis parturient montes, nascetur ridiculus mus. Aenean vehicula est massa, in elementum sapien euismod at. Praesent fermentum enim nisl, at condimentum nibh lobortis nec. Nunc in erat tellus. Vivamus auctor sodales lacus et dapibus. Quisque quis ullamcorper dolor. Morbi consectetur facilisis ipsum, commodo tempor lorem molestie vel. Cras iaculis in neque vitae interdum. Donec molestie lectus egestas fermentum vehicula.</p>\r\n<p>Morbi hendrerit tortor in purus fringilla finibus. Etiam leo lorem, convallis at tincidunt mattis, imperdiet eget dolor. Sed massa nulla, aliquet quis pharetra ut, lobortis ut sem. Phasellus consectetur consequat arcu, id scelerisque urna ultricies eu. Pellentesque eu iaculis nibh. Donec ante velit, euismod vel porttitor fermentum, feugiat nec velit. Curabitur enim nibh, eleifend vitae semper eget, varius quis ante. Pellentesque habitant morbi tristique senectus et netus et malesuada fames ac turpis egestas.</p></div></div></div>');

--
-- Table structure for table `mst_blog_post_entity_varchar`
--

CREATE TABLE `mst_blog_post_entity_varchar` (
  `value_id` int(11) NOT NULL AUTO_INCREMENT COMMENT 'Value ID',
  `attribute_id` smallint(5) unsigned NOT NULL DEFAULT '0' COMMENT 'Attribute ID',
  `store_id` smallint(5) unsigned NOT NULL DEFAULT '0' COMMENT 'Store ID',
  `entity_id` int(10) unsigned NOT NULL DEFAULT '0' COMMENT 'Entity ID',
  `value` varchar(255) DEFAULT NULL COMMENT 'Value',
  PRIMARY KEY (`value_id`),
  UNIQUE KEY `CATALOG_PRODUCT_ENTITY_VARCHAR_ENTITY_ID_ATTRIBUTE_ID_STORE_ID` (`entity_id`,`attribute_id`,`store_id`),
  KEY `MST_BLOG_POST_ENTITY_VARCHAR_ATTRIBUTE_ID` (`attribute_id`),
  KEY `MST_BLOG_POST_ENTITY_VARCHAR_STORE_ID` (`store_id`),
  CONSTRAINT `MST_BLOG_POST_ENTITY_VARCHAR_STORE_ID_STORE_STORE_ID` FOREIGN KEY (`store_id`) REFERENCES `store` (`store_id`) ON DELETE CASCADE,
  CONSTRAINT `MST_BLOG_POST_ENTT_VCHR_ATTR_ID_EAV_ATTR_ATTR_ID` FOREIGN KEY (`attribute_id`) REFERENCES `eav_attribute` (`attribute_id`) ON DELETE CASCADE,
  CONSTRAINT `MST_BLOG_POST_ENTT_VCHR_ENTT_ID_MST_BLOG_POST_ENTT_ENTT_ID` FOREIGN KEY (`entity_id`) REFERENCES `mst_blog_post_entity` (`entity_id`) ON DELETE CASCADE
) ENGINE=InnoDB AUTO_INCREMENT=7 DEFAULT CHARSET=utf8 COMMENT='Blog Post Varchar Attribute Backend Table';

--
-- Dumping data for table `mst_blog_post_entity_varchar`
--

INSERT INTO `mst_blog_post_entity_varchar` VALUES (1,142,0,1,'Lorem ipsum dolor sit amet'),(2,143,0,1,'lorem-ipsum-dolor-sit-amet'),(3,142,0,2,' Lorem ipsum dolor consectetur adipiscing elit'),(4,143,0,2,'lorem-ipsum-dolor-consectetur-adipiscing-elit'),(5,142,0,3,'Lorem ipsum dolor sit amet, consectetur adipiscing elit'),(6,143,0,3,'lorem-ipsum-dolor-sit-amet-consectetur-adipiscing-elit');

--
-- Table structure for table `mst_blog_post_product`
--

CREATE TABLE `mst_blog_post_product` (
  `post_id` int(10) unsigned NOT NULL DEFAULT '0' COMMENT 'Post ID',
  `product_id` int(10) unsigned NOT NULL DEFAULT '0' COMMENT 'Product ID',
  `position` int(10) unsigned DEFAULT '0' COMMENT 'Position',
  PRIMARY KEY (`post_id`,`product_id`),
  KEY `MST_BLOG_POST_PRODUCT_POST_ID` (`post_id`),
  KEY `MST_BLOG_POST_PRODUCT_PRODUCT_ID` (`product_id`),
  CONSTRAINT `MST_BLOG_POST_PRD_PRD_ID_CAT_PRD_ENTT_ENTT_ID` FOREIGN KEY (`product_id`) REFERENCES `catalog_product_entity` (`entity_id`) ON DELETE CASCADE,
  CONSTRAINT `MST_BLOG_POST_PRODUCT_POST_ID_MST_BLOG_POST_ENTITY_ENTITY_ID` FOREIGN KEY (`post_id`) REFERENCES `mst_blog_post_entity` (`entity_id`) ON DELETE CASCADE
) ENGINE=InnoDB DEFAULT CHARSET=utf8 COMMENT='Blog Post To Product Linkage Table';

--
-- Dumping data for table `mst_blog_post_product`
--


--
-- Table structure for table `mst_blog_store_post`
--

CREATE TABLE `mst_blog_store_post` (
  `store_id` smallint(5) unsigned NOT NULL DEFAULT '0' COMMENT 'Store ID',
  `post_id` int(10) unsigned NOT NULL DEFAULT '0' COMMENT 'Post ID',
  PRIMARY KEY (`store_id`,`post_id`),
  KEY `MST_BLOG_STORE_POST_POST_ID` (`post_id`),
  CONSTRAINT `MST_BLOG_STORE_POST_POST_ID_MST_BLOG_POST_ENTITY_ENTITY_ID` FOREIGN KEY (`post_id`) REFERENCES `mst_blog_post_entity` (`entity_id`) ON DELETE CASCADE,
  CONSTRAINT `MST_BLOG_STORE_POST_STORE_ID_STORE_STORE_ID` FOREIGN KEY (`store_id`) REFERENCES `store` (`store_id`) ON DELETE CASCADE
) ENGINE=InnoDB DEFAULT CHARSET=utf8 COMMENT='Blog Post To Store Linkage Table';

--
-- Dumping data for table `mst_blog_store_post`
--


--
-- Table structure for table `mst_blog_tag`
--

CREATE TABLE `mst_blog_tag` (
  `tag_id` int(11) NOT NULL AUTO_INCREMENT COMMENT 'Tag ID',
  `name` varchar(255) DEFAULT NULL COMMENT 'Name',
  `url_key` varchar(255) DEFAULT NULL COMMENT 'Url Key',
  PRIMARY KEY (`tag_id`)
) ENGINE=InnoDB DEFAULT CHARSET=utf8 COMMENT='Tag Table';

--
-- Dumping data for table `mst_blog_tag`
--


--
-- Table structure for table `mst_blog_tag_post`
--

CREATE TABLE `mst_blog_tag_post` (
  `tag_id` int(10) unsigned NOT NULL DEFAULT '0' COMMENT 'Tag ID',
  `post_id` int(10) unsigned NOT NULL DEFAULT '0' COMMENT 'Post ID',
  `store_id` smallint(5) unsigned NOT NULL DEFAULT '0' COMMENT 'Store ID',
  PRIMARY KEY (`tag_id`,`post_id`),
  KEY `MST_BLOG_TAG_POST_POST_ID` (`post_id`),
  CONSTRAINT `MST_BLOG_TAG_POST_POST_ID_MST_BLOG_POST_ENTITY_ENTITY_ID` FOREIGN KEY (`post_id`) REFERENCES `mst_blog_post_entity` (`entity_id`) ON DELETE CASCADE
) ENGINE=InnoDB DEFAULT CHARSET=utf8 COMMENT='Blog Post To Tag Linkage Table';

--
-- Dumping data for table `mst_blog_tag_post`
--


--
-- Table structure for table `mview_state`
--

CREATE TABLE `mview_state` (
  `state_id` int(10) unsigned NOT NULL AUTO_INCREMENT COMMENT 'View State ID',
  `view_id` varchar(255) DEFAULT NULL COMMENT 'View ID',
  `mode` varchar(16) DEFAULT 'disabled' COMMENT 'View Mode',
  `status` varchar(16) DEFAULT 'idle' COMMENT 'View Status',
  `updated` datetime DEFAULT NULL COMMENT 'View updated time',
  `version_id` int(10) unsigned DEFAULT NULL COMMENT 'View Version ID',
  PRIMARY KEY (`state_id`),
  KEY `MVIEW_STATE_VIEW_ID` (`view_id`),
  KEY `MVIEW_STATE_MODE` (`mode`)
) ENGINE=InnoDB DEFAULT CHARSET=utf8 COMMENT='View State';

--
-- Dumping data for table `mview_state`
--


--
-- Table structure for table `newsletter_problem`
--

CREATE TABLE `newsletter_problem` (
  `problem_id` int(10) unsigned NOT NULL AUTO_INCREMENT COMMENT 'Problem ID',
  `subscriber_id` int(10) unsigned DEFAULT NULL COMMENT 'Subscriber ID',
  `queue_id` int(10) unsigned NOT NULL DEFAULT '0' COMMENT 'Queue ID',
  `problem_error_code` int(10) unsigned DEFAULT '0' COMMENT 'Problem Error Code',
  `problem_error_text` varchar(200) DEFAULT NULL COMMENT 'Problem Error Text',
  PRIMARY KEY (`problem_id`),
  KEY `NEWSLETTER_PROBLEM_SUBSCRIBER_ID` (`subscriber_id`),
  KEY `NEWSLETTER_PROBLEM_QUEUE_ID` (`queue_id`),
  CONSTRAINT `NEWSLETTER_PROBLEM_QUEUE_ID_NEWSLETTER_QUEUE_QUEUE_ID` FOREIGN KEY (`queue_id`) REFERENCES `newsletter_queue` (`queue_id`) ON DELETE CASCADE,
  CONSTRAINT `NLTTR_PROBLEM_SUBSCRIBER_ID_NLTTR_SUBSCRIBER_SUBSCRIBER_ID` FOREIGN KEY (`subscriber_id`) REFERENCES `newsletter_subscriber` (`subscriber_id`) ON DELETE CASCADE
) ENGINE=InnoDB DEFAULT CHARSET=utf8 COMMENT='Newsletter Problems';

--
-- Dumping data for table `newsletter_problem`
--


--
-- Table structure for table `newsletter_queue`
--

CREATE TABLE `newsletter_queue` (
  `queue_id` int(10) unsigned NOT NULL AUTO_INCREMENT COMMENT 'Queue ID',
  `template_id` int(10) unsigned NOT NULL DEFAULT '0' COMMENT 'Template ID',
  `newsletter_type` int(11) DEFAULT NULL COMMENT 'Newsletter Type',
  `newsletter_text` text COMMENT 'Newsletter Text',
  `newsletter_styles` text COMMENT 'Newsletter Styles',
  `newsletter_subject` varchar(200) DEFAULT NULL COMMENT 'Newsletter Subject',
  `newsletter_sender_name` varchar(200) DEFAULT NULL COMMENT 'Newsletter Sender Name',
  `newsletter_sender_email` varchar(200) DEFAULT NULL COMMENT 'Newsletter Sender Email',
  `queue_status` int(10) unsigned NOT NULL DEFAULT '0' COMMENT 'Queue Status',
  `queue_start_at` timestamp NULL DEFAULT NULL COMMENT 'Queue Start At',
  `queue_finish_at` timestamp NULL DEFAULT NULL COMMENT 'Queue Finish At',
  PRIMARY KEY (`queue_id`),
  KEY `NEWSLETTER_QUEUE_TEMPLATE_ID` (`template_id`),
  CONSTRAINT `NEWSLETTER_QUEUE_TEMPLATE_ID_NEWSLETTER_TEMPLATE_TEMPLATE_ID` FOREIGN KEY (`template_id`) REFERENCES `newsletter_template` (`template_id`) ON DELETE CASCADE
) ENGINE=InnoDB DEFAULT CHARSET=utf8 COMMENT='Newsletter Queue';

--
-- Dumping data for table `newsletter_queue`
--


--
-- Table structure for table `newsletter_queue_link`
--

CREATE TABLE `newsletter_queue_link` (
  `queue_link_id` int(10) unsigned NOT NULL AUTO_INCREMENT COMMENT 'Queue Link ID',
  `queue_id` int(10) unsigned NOT NULL DEFAULT '0' COMMENT 'Queue ID',
  `subscriber_id` int(10) unsigned NOT NULL DEFAULT '0' COMMENT 'Subscriber ID',
  `letter_sent_at` timestamp NULL DEFAULT NULL COMMENT 'Letter Sent At',
  PRIMARY KEY (`queue_link_id`),
  KEY `NEWSLETTER_QUEUE_LINK_SUBSCRIBER_ID` (`subscriber_id`),
  KEY `NEWSLETTER_QUEUE_LINK_QUEUE_ID_LETTER_SENT_AT` (`queue_id`,`letter_sent_at`),
  CONSTRAINT `NEWSLETTER_QUEUE_LINK_QUEUE_ID_NEWSLETTER_QUEUE_QUEUE_ID` FOREIGN KEY (`queue_id`) REFERENCES `newsletter_queue` (`queue_id`) ON DELETE CASCADE,
  CONSTRAINT `NLTTR_QUEUE_LNK_SUBSCRIBER_ID_NLTTR_SUBSCRIBER_SUBSCRIBER_ID` FOREIGN KEY (`subscriber_id`) REFERENCES `newsletter_subscriber` (`subscriber_id`) ON DELETE CASCADE
) ENGINE=InnoDB DEFAULT CHARSET=utf8 COMMENT='Newsletter Queue Link';

--
-- Dumping data for table `newsletter_queue_link`
--


--
-- Table structure for table `newsletter_queue_store_link`
--

CREATE TABLE `newsletter_queue_store_link` (
  `queue_id` int(10) unsigned NOT NULL DEFAULT '0' COMMENT 'Queue ID',
  `store_id` smallint(5) unsigned NOT NULL DEFAULT '0' COMMENT 'Store ID',
  PRIMARY KEY (`queue_id`,`store_id`),
  KEY `NEWSLETTER_QUEUE_STORE_LINK_STORE_ID` (`store_id`),
  CONSTRAINT `NEWSLETTER_QUEUE_STORE_LINK_QUEUE_ID_NEWSLETTER_QUEUE_QUEUE_ID` FOREIGN KEY (`queue_id`) REFERENCES `newsletter_queue` (`queue_id`) ON DELETE CASCADE,
  CONSTRAINT `NEWSLETTER_QUEUE_STORE_LINK_STORE_ID_STORE_STORE_ID` FOREIGN KEY (`store_id`) REFERENCES `store` (`store_id`) ON DELETE CASCADE
) ENGINE=InnoDB DEFAULT CHARSET=utf8 COMMENT='Newsletter Queue Store Link';

--
-- Dumping data for table `newsletter_queue_store_link`
--


--
-- Table structure for table `newsletter_subscriber`
--

CREATE TABLE `newsletter_subscriber` (
  `subscriber_id` int(10) unsigned NOT NULL AUTO_INCREMENT COMMENT 'Subscriber ID',
  `store_id` smallint(5) unsigned DEFAULT '0' COMMENT 'Store ID',
  `change_status_at` timestamp NULL DEFAULT NULL COMMENT 'Change Status At',
  `customer_id` int(10) unsigned NOT NULL DEFAULT '0' COMMENT 'Customer ID',
  `subscriber_email` varchar(150) DEFAULT NULL COMMENT 'Subscriber Email',
  `subscriber_status` int(11) NOT NULL DEFAULT '0' COMMENT 'Subscriber Status',
  `subscriber_confirm_code` varchar(32) DEFAULT 'NULL' COMMENT 'Subscriber Confirm Code',
  `mp_smtp_email_marketing_synced` smallint(6) DEFAULT '0' COMMENT 'Mp SMTP Email Marketing synced',
  PRIMARY KEY (`subscriber_id`),
  KEY `NEWSLETTER_SUBSCRIBER_CUSTOMER_ID` (`customer_id`),
  KEY `NEWSLETTER_SUBSCRIBER_STORE_ID` (`store_id`),
  KEY `NEWSLETTER_SUBSCRIBER_SUBSCRIBER_EMAIL` (`subscriber_email`),
  CONSTRAINT `NEWSLETTER_SUBSCRIBER_STORE_ID_STORE_STORE_ID` FOREIGN KEY (`store_id`) REFERENCES `store` (`store_id`) ON DELETE SET NULL
) ENGINE=InnoDB DEFAULT CHARSET=utf8 COMMENT='Newsletter Subscriber';

--
-- Dumping data for table `newsletter_subscriber`
--


--
-- Table structure for table `newsletter_template`
--

CREATE TABLE `newsletter_template` (
  `template_id` int(10) unsigned NOT NULL AUTO_INCREMENT COMMENT 'Template ID',
  `template_code` varchar(150) DEFAULT NULL COMMENT 'Template Code',
  `template_text` text COMMENT 'Template Text',
  `template_styles` text COMMENT 'Template Styles',
  `template_type` int(10) unsigned DEFAULT NULL COMMENT 'Template Type',
  `template_subject` varchar(200) DEFAULT NULL COMMENT 'Template Subject',
  `template_sender_name` varchar(200) DEFAULT NULL COMMENT 'Template Sender Name',
  `template_sender_email` varchar(200) DEFAULT NULL COMMENT 'Template Sender Email',
  `template_actual` smallint(5) unsigned DEFAULT '1' COMMENT 'Template Actual',
  `added_at` timestamp NULL DEFAULT NULL COMMENT 'Added At',
  `modified_at` timestamp NULL DEFAULT NULL COMMENT 'Modified At',
  `is_legacy` tinyint(1) NOT NULL DEFAULT '0' COMMENT 'Should the template render in legacy mode',
  PRIMARY KEY (`template_id`),
  KEY `NEWSLETTER_TEMPLATE_TEMPLATE_ACTUAL` (`template_actual`),
  KEY `NEWSLETTER_TEMPLATE_ADDED_AT` (`added_at`),
  KEY `NEWSLETTER_TEMPLATE_MODIFIED_AT` (`modified_at`)
) ENGINE=InnoDB DEFAULT CHARSET=utf8 COMMENT='Newsletter Template';

--
-- Dumping data for table `newsletter_template`
--


--
-- Table structure for table `oauth_consumer`
--

CREATE TABLE `oauth_consumer` (
  `entity_id` int(10) unsigned NOT NULL AUTO_INCREMENT COMMENT 'Entity ID',
  `created_at` timestamp NOT NULL DEFAULT CURRENT_TIMESTAMP COMMENT 'Created At',
  `updated_at` timestamp NULL DEFAULT '0000-00-00 00:00:00' ON UPDATE CURRENT_TIMESTAMP COMMENT 'Updated At',
  `name` varchar(255) NOT NULL COMMENT 'Name of consumer',
  `key` varchar(32) NOT NULL COMMENT 'Key code',
  `secret` varchar(32) NOT NULL COMMENT 'Secret code',
  `callback_url` text COMMENT 'Callback URL',
  `rejected_callback_url` text NOT NULL COMMENT 'Rejected callback URL',
  PRIMARY KEY (`entity_id`),
  UNIQUE KEY `OAUTH_CONSUMER_KEY` (`key`),
  UNIQUE KEY `OAUTH_CONSUMER_SECRET` (`secret`),
  KEY `OAUTH_CONSUMER_CREATED_AT` (`created_at`),
  KEY `OAUTH_CONSUMER_UPDATED_AT` (`updated_at`)
) ENGINE=InnoDB AUTO_INCREMENT=2 DEFAULT CHARSET=utf8 COMMENT='OAuth Consumers';

--
-- Dumping data for table `oauth_consumer`
--

INSERT INTO `oauth_consumer` VALUES (1,'2022-02-16 18:00:07','0000-00-00 00:00:00','Integration1','82cst2lzzzva8eg1yhfkh9vcgffwzkj3','nwsoo5x2t8hb1fi4yssnp44rp6ldadfe',NULL,'');

--
-- Table structure for table `oauth_nonce`
--

CREATE TABLE `oauth_nonce` (
  `nonce` varchar(32) NOT NULL COMMENT 'Nonce String',
  `timestamp` int(10) unsigned NOT NULL COMMENT 'Nonce Timestamp',
  `consumer_id` int(10) unsigned NOT NULL COMMENT 'Consumer ID',
  PRIMARY KEY (`nonce`,`consumer_id`),
  KEY `OAUTH_NONCE_CONSUMER_ID_OAUTH_CONSUMER_ENTITY_ID` (`consumer_id`),
  KEY `OAUTH_NONCE_TIMESTAMP` (`timestamp`),
  CONSTRAINT `OAUTH_NONCE_CONSUMER_ID_OAUTH_CONSUMER_ENTITY_ID` FOREIGN KEY (`consumer_id`) REFERENCES `oauth_consumer` (`entity_id`) ON DELETE CASCADE
) ENGINE=InnoDB DEFAULT CHARSET=utf8 COMMENT='OAuth Nonce';

--
-- Dumping data for table `oauth_nonce`
--


--
-- Table structure for table `oauth_token`
--

CREATE TABLE `oauth_token` (
  `entity_id` int(10) unsigned NOT NULL AUTO_INCREMENT COMMENT 'Entity ID',
  `consumer_id` int(10) unsigned DEFAULT NULL COMMENT 'Oauth Consumer ID',
  `admin_id` int(10) unsigned DEFAULT NULL COMMENT 'Admin user ID',
  `customer_id` int(10) unsigned DEFAULT NULL COMMENT 'Customer user ID',
  `type` varchar(16) NOT NULL COMMENT 'Token Type',
  `token` varchar(32) NOT NULL COMMENT 'Token',
  `secret` varchar(32) NOT NULL COMMENT 'Token Secret',
  `verifier` varchar(32) DEFAULT NULL COMMENT 'Token Verifier',
  `callback_url` text NOT NULL COMMENT 'Token Callback URL',
  `revoked` smallint(5) unsigned NOT NULL DEFAULT '0' COMMENT 'Is Token revoked',
  `authorized` smallint(5) unsigned NOT NULL DEFAULT '0' COMMENT 'Is Token authorized',
  `user_type` int(11) DEFAULT NULL COMMENT 'User type',
  `created_at` timestamp NOT NULL DEFAULT CURRENT_TIMESTAMP COMMENT 'Token creation timestamp',
  PRIMARY KEY (`entity_id`),
  UNIQUE KEY `OAUTH_TOKEN_TOKEN` (`token`),
  KEY `OAUTH_TOKEN_ADMIN_ID_ADMIN_USER_USER_ID` (`admin_id`),
  KEY `OAUTH_TOKEN_CUSTOMER_ID_CUSTOMER_ENTITY_ENTITY_ID` (`customer_id`),
  KEY `OAUTH_TOKEN_CONSUMER_ID` (`consumer_id`),
  CONSTRAINT `OAUTH_TOKEN_ADMIN_ID_ADMIN_USER_USER_ID` FOREIGN KEY (`admin_id`) REFERENCES `admin_user` (`user_id`) ON DELETE CASCADE,
  CONSTRAINT `OAUTH_TOKEN_CONSUMER_ID_OAUTH_CONSUMER_ENTITY_ID` FOREIGN KEY (`consumer_id`) REFERENCES `oauth_consumer` (`entity_id`) ON DELETE CASCADE,
  CONSTRAINT `OAUTH_TOKEN_CUSTOMER_ID_CUSTOMER_ENTITY_ENTITY_ID` FOREIGN KEY (`customer_id`) REFERENCES `customer_entity` (`entity_id`) ON DELETE CASCADE
) ENGINE=InnoDB AUTO_INCREMENT=2 DEFAULT CHARSET=utf8 COMMENT='OAuth Tokens';

--
-- Dumping data for table `oauth_token`
--

INSERT INTO `oauth_token` VALUES (1,1,NULL,NULL,'access','wx0lj6lcei45u0f5bn7pog2epswz7qle','p4hw2wpmtjhhfnjk7vs4ptbpoymrfvx8','hmrgsyxrxv3jlal47al48c9fwglx4hg9','oob',0,0,1,'2022-02-16 18:00:09');

--
-- Table structure for table `oauth_token_request_log`
--

CREATE TABLE `oauth_token_request_log` (
  `log_id` int(10) unsigned NOT NULL AUTO_INCREMENT COMMENT 'Log ID',
  `user_name` varchar(255) NOT NULL COMMENT 'Customer email or admin login',
  `user_type` smallint(5) unsigned NOT NULL COMMENT 'User type (admin or customer)',
  `failures_count` smallint(5) unsigned DEFAULT '0' COMMENT 'Number of failed authentication attempts in a row',
  `lock_expires_at` timestamp NOT NULL DEFAULT CURRENT_TIMESTAMP ON UPDATE CURRENT_TIMESTAMP COMMENT 'Lock expiration time',
  PRIMARY KEY (`log_id`),
  UNIQUE KEY `OAUTH_TOKEN_REQUEST_LOG_USER_NAME_USER_TYPE` (`user_name`,`user_type`)
) ENGINE=InnoDB DEFAULT CHARSET=utf8 COMMENT='Log of token request authentication failures.';

--
-- Dumping data for table `oauth_token_request_log`
--


--
-- Table structure for table `pagebuilder_template`
--

CREATE TABLE `pagebuilder_template` (
  `template_id` int(11) NOT NULL AUTO_INCREMENT COMMENT 'Template ID Auto Increment',
  `name` varchar(1024) NOT NULL COMMENT 'Template Name',
  `preview_image` varchar(1024) DEFAULT NULL COMMENT 'Template Preview Image',
  `template` longtext NOT NULL COMMENT 'Master Format HTML',
  `created_for` varchar(255) DEFAULT NULL COMMENT 'Created For',
  `created_at` timestamp NOT NULL DEFAULT CURRENT_TIMESTAMP COMMENT 'Creation Time',
  `updated_at` timestamp NOT NULL DEFAULT CURRENT_TIMESTAMP ON UPDATE CURRENT_TIMESTAMP COMMENT 'Update Time',
  PRIMARY KEY (`template_id`),
  FULLTEXT KEY `PAGEBUILDER_TEMPLATE_NAME` (`name`)
) ENGINE=InnoDB DEFAULT CHARSET=utf8 COMMENT='Page Builder Templates';

--
-- Dumping data for table `pagebuilder_template`
--


--
-- Table structure for table `password_reset_request_event`
--

CREATE TABLE `password_reset_request_event` (
  `id` int(10) unsigned NOT NULL AUTO_INCREMENT COMMENT 'Entity ID',
  `request_type` smallint(5) unsigned NOT NULL COMMENT 'Type of the event under a security control',
  `account_reference` varchar(255) DEFAULT NULL COMMENT 'An identifier for existing account or another target',
  `created_at` timestamp NOT NULL DEFAULT CURRENT_TIMESTAMP COMMENT 'Timestamp when the event occurs',
  `ip` varchar(15) NOT NULL COMMENT 'Remote user IP',
  PRIMARY KEY (`id`),
  KEY `PASSWORD_RESET_REQUEST_EVENT_ACCOUNT_REFERENCE` (`account_reference`),
  KEY `PASSWORD_RESET_REQUEST_EVENT_CREATED_AT` (`created_at`)
) ENGINE=InnoDB DEFAULT CHARSET=utf8 COMMENT='Password Reset Request Event under a security control';

--
-- Dumping data for table `password_reset_request_event`
--


--
-- Table structure for table `patch_list`
--

CREATE TABLE `patch_list` (
  `patch_id` int(11) NOT NULL AUTO_INCREMENT COMMENT 'Patch Auto Increment',
  `patch_name` varchar(1024) NOT NULL COMMENT 'Patch Class Name',
  PRIMARY KEY (`patch_id`)
) ENGINE=InnoDB AUTO_INCREMENT=185 DEFAULT CHARSET=utf8 COMMENT='List of data/schema patches';

--
-- Dumping data for table `patch_list`
--

INSERT INTO `patch_list` VALUES (1,'Magento\\Store\\Setup\\Patch\\Schema\\InitializeStoresAndWebsites'),(2,'Magento\\Catalog\\Setup\\Patch\\Schema\\EnableSegmentation'),(3,'Magento\\Bundle\\Setup\\Patch\\Schema\\UpdateBundleRelatedSchema'),(4,'Magento\\InventoryCatalog\\Setup\\Patch\\Schema\\CreateLegacyStockStatusView'),(5,'Magento\\InventoryCatalog\\Setup\\Patch\\Schema\\InitializeDefaultStock'),(6,'Magento\\InventoryCatalog\\Setup\\Patch\\Schema\\UpdateInventorySourceItem'),(7,'Magento\\InventoryCatalog\\Setup\\Patch\\Schema\\ReindexDefaultSource'),(8,'Magento\\InventorySales\\Setup\\Patch\\Schema\\InitializeWebsiteDefaultSock'),(9,'Magento\\Review\\Setup\\Patch\\Schema\\AddUniqueConstraintToReviewEntitySummary'),(10,'Magento\\TwoFactorAuth\\Setup\\Patch\\Schema\\CopyTablesFromOldModule'),(11,'Temando\\ShippingRemover\\Setup\\Patch\\Schema\\EmptyTablesRemoval'),(12,'Magento\\Store\\Setup\\Patch\\Data\\DisableSid'),(13,'Magento\\Store\\Setup\\Patch\\Data\\UpdateStoreGroupCodes'),(14,'Magento\\Directory\\Setup\\Patch\\Data\\InitializeDirectoryData'),(15,'Magento\\Directory\\Setup\\Patch\\Data\\AddCountriesCaribbeanCuracaoKosovoSintMaarten'),(16,'Magento\\Directory\\Setup\\Patch\\Data\\AddDataForAlbania'),(17,'Magento\\Directory\\Setup\\Patch\\Data\\AddDataForArgentina'),(18,'Magento\\Directory\\Setup\\Patch\\Data\\AddDataForCroatia'),(19,'Magento\\Directory\\Setup\\Patch\\Data\\AddDataForIndia'),(20,'Magento\\Directory\\Setup\\Patch\\Data\\AddDataForAustralia'),(21,'Magento\\Directory\\Setup\\Patch\\Data\\AddDataForBelgium'),(22,'Magento\\Directory\\Setup\\Patch\\Data\\AddDataForBolivia'),(23,'Magento\\Directory\\Setup\\Patch\\Data\\AddDataForBulgaria'),(24,'Magento\\Directory\\Setup\\Patch\\Data\\AddDataForChile'),(25,'Magento\\Directory\\Setup\\Patch\\Data\\AddDataForChina'),(26,'Magento\\Directory\\Setup\\Patch\\Data\\AddDataForColombia'),(27,'Magento\\Directory\\Setup\\Patch\\Data\\AddDataForDenmark'),(28,'Magento\\Directory\\Setup\\Patch\\Data\\AddDataForEcuador'),(29,'Magento\\Directory\\Setup\\Patch\\Data\\AddDataForGreece'),(30,'Magento\\Directory\\Setup\\Patch\\Data\\AddDataForGuyana'),(31,'Magento\\Directory\\Setup\\Patch\\Data\\AddDataForIceland'),(32,'Magento\\Directory\\Setup\\Patch\\Data\\AddDataForItaly'),(33,'Magento\\Directory\\Setup\\Patch\\Data\\AddDataForMexico'),(34,'Magento\\Directory\\Setup\\Patch\\Data\\AddDataForParaguay'),(35,'Magento\\Directory\\Setup\\Patch\\Data\\AddDataForPeru'),(36,'Magento\\Directory\\Setup\\Patch\\Data\\AddDataForPoland'),(37,'Magento\\Directory\\Setup\\Patch\\Data\\AddDataForPortugal'),(38,'Magento\\Directory\\Setup\\Patch\\Data\\AddDataForSuriname'),(39,'Magento\\Directory\\Setup\\Patch\\Data\\AddDataForSweden'),(40,'Magento\\Directory\\Setup\\Patch\\Data\\AddDataForUruguay'),(41,'Magento\\Directory\\Setup\\Patch\\Data\\AddDataForVenezuela'),(42,'Magento\\Theme\\Setup\\Patch\\Data\\RegisterThemes'),(43,'Magento\\Theme\\Setup\\Patch\\Data\\ConvertSerializedData'),(44,'Magento\\Config\\Setup\\Patch\\Data\\UnsetTinymce3'),(45,'Magento\\Config\\Setup\\Patch\\Data\\UpdateClassAliases'),(46,'Magento\\Authorization\\Setup\\Patch\\Data\\InitializeAuthRoles'),(47,'Magento\\Eav\\Setup\\Patch\\Data\\InitializeAttributeModels'),(48,'Magento\\Customer\\Setup\\Patch\\Data\\DefaultCustomerGroupsAndAttributes'),(49,'Magento\\Customer\\Setup\\Patch\\Data\\UpdateCustomerAttributesMetadata'),(50,'Magento\\Customer\\Setup\\Patch\\Data\\AddNonSpecifiedGenderAttributeOption'),(51,'Magento\\Customer\\Setup\\Patch\\Data\\UpdateIdentifierCustomerAttributesVisibility'),(52,'Magento\\Customer\\Setup\\Patch\\Data\\AddCustomerUpdatedAtAttribute'),(53,'Magento\\Customer\\Setup\\Patch\\Data\\UpgradePasswordHashAndAddress'),(54,'Magento\\Customer\\Setup\\Patch\\Data\\RemoveCheckoutRegisterAndUpdateAttributes'),(55,'Magento\\Customer\\Setup\\Patch\\Data\\AddSecurityTrackingAttributes'),(56,'Magento\\Customer\\Setup\\Patch\\Data\\UpdateAutocompleteOnStorefrontConfigPath'),(57,'Magento\\Customer\\Setup\\Patch\\Data\\MigrateStoresAllowedCountriesToWebsite'),(58,'Magento\\Customer\\Setup\\Patch\\Data\\ConvertValidationRulesFromSerializedToJson'),(59,'Magento\\Customer\\Setup\\Patch\\Data\\SessionIDColumnCleanUp'),(60,'Magento\\Customer\\Setup\\Patch\\Data\\UpdateCustomerAddressAttributesSortOrder'),(61,'Magento\\Customer\\Setup\\Patch\\Data\\UpdateVATNumber'),(62,'Magento\\Customer\\Setup\\Patch\\Data\\UpdateCustomerAttributeInputFilters'),(63,'Magento\\Customer\\Setup\\Patch\\Data\\UpdateDefaultCustomerGroupInConfig'),(64,'Magento\\Indexer\\Setup\\Patch\\Data\\InitializeIndexerState'),(65,'Magento\\Cms\\Setup\\Patch\\Data\\CreateDefaultPages'),(66,'Magento\\Cms\\Setup\\Patch\\Data\\UpdatePrivacyPolicyPage'),(67,'Magento\\Cms\\Setup\\Patch\\Data\\ConvertWidgetConditionsToJson'),(68,'Magento\\Security\\Setup\\Patch\\Data\\SessionIDColumnCleanUp'),(69,'Magento\\Catalog\\Setup\\Patch\\Data\\InstallDefaultCategories'),(70,'Magento\\Catalog\\Setup\\Patch\\Data\\SetNewResourceModelsPaths'),(71,'Magento\\Catalog\\Setup\\Patch\\Data\\UpdateDefaultAttributeValue'),(72,'Magento\\Catalog\\Setup\\Patch\\Data\\UpdateMediaAttributesBackendTypes'),(73,'Magento\\Catalog\\Setup\\Patch\\Data\\UpdateProductAttributes'),(74,'Magento\\Catalog\\Setup\\Patch\\Data\\UpdateProductMetaDescription'),(75,'Magento\\Catalog\\Setup\\Patch\\Data\\ChangePriceAttributeDefaultScope'),(76,'Magento\\Catalog\\Setup\\Patch\\Data\\DisallowUsingHtmlForProductName'),(77,'Magento\\Catalog\\Setup\\Patch\\Data\\EnableDirectiveParsing'),(78,'Magento\\Catalog\\Setup\\Patch\\Data\\EnableSegmentation'),(79,'Magento\\Catalog\\Setup\\Patch\\Data\\UpdateCustomLayoutAttributes'),(80,'Magento\\Catalog\\Setup\\Patch\\Data\\UpdateProductDescriptionOrder'),(81,'Magento\\Catalog\\Setup\\Patch\\Data\\UpgradeWidgetData'),(82,'Magento\\Catalog\\Setup\\Patch\\Data\\UpgradeWebsiteAttributes'),(83,'Magento\\CatalogInventory\\Setup\\Patch\\Data\\CreateDefaultStock'),(84,'Magento\\CatalogInventory\\Setup\\Patch\\Data\\UpdateStockItemsWebsite'),(85,'Magento\\CatalogInventory\\Setup\\Patch\\Data\\ConvertSerializedDataToJson'),(86,'Magento\\CatalogRule\\Setup\\Patch\\Data\\UpdateClassAliasesForCatalogRules'),(87,'Magento\\CatalogRule\\Setup\\Patch\\Data\\ConvertSerializedDataToJson'),(88,'Magento\\Msrp\\Setup\\Patch\\Data\\InitializeMsrpAttributes'),(89,'Magento\\Msrp\\Setup\\Patch\\Data\\ChangeMsrpAttributeLabel'),(90,'Magento\\Msrp\\Setup\\Patch\\Data\\ChangePriceAttributeDefaultScope'),(91,'Magento\\CatalogSearch\\Setup\\Patch\\Data\\MySQLSearchRemovalNotification'),(92,'Magento\\CatalogSearch\\Setup\\Patch\\Data\\SetInitialSearchWeightForAttributes'),(93,'Magento\\CatalogUrlRewrite\\Setup\\Patch\\Data\\CreateUrlAttributes'),(94,'Magento\\CatalogUrlRewrite\\Setup\\Patch\\Data\\UpdateUrlKeyForProducts'),(95,'Magento\\CatalogUrlRewrite\\Setup\\Patch\\Data\\UpdateUrlKeySearchable'),(96,'Magento\\Quote\\Setup\\Patch\\Data\\InstallEntityTypes'),(97,'Magento\\Quote\\Setup\\Patch\\Data\\ConvertSerializedDataToJson'),(98,'Magento\\Quote\\Setup\\Patch\\Data\\WishlistDataCleanUp'),(99,'Magento\\MediaGalleryUi\\Setup\\Patch\\Data\\AddMediaGalleryPermissions'),(100,'Magento\\User\\Setup\\Patch\\Data\\UpgradePasswordHashes'),(101,'Magento\\User\\Setup\\Patch\\Data\\UpgradeSerializedFields'),(102,'Magento\\Sales\\Setup\\Patch\\Data\\InstallOrderStatusesAndInitialSalesConfig'),(103,'Magento\\Sales\\Setup\\Patch\\Data\\UpdateEntityTypes'),(104,'Magento\\Sales\\Setup\\Patch\\Data\\ConvertSerializedDataToJson'),(105,'Magento\\Sales\\Setup\\Patch\\Data\\FillQuoteAddressIdInSalesOrderAddress'),(106,'Magento\\Sales\\Setup\\Patch\\Data\\UpdateEntityTypeModelForInvoice'),(107,'Magento\\Sales\\Setup\\Patch\\Data\\WishlistDataCleanUp'),(108,'Magento\\Checkout\\Setup\\Patch\\Data\\PrepareInitialCheckoutConfiguration'),(109,'Magento\\Widget\\Setup\\Patch\\Data\\UpgradeModelInstanceClassAliases'),(110,'Magento\\Widget\\Setup\\Patch\\Data\\ConvertSerializedData'),(111,'Magento\\Integration\\Setup\\Patch\\Data\\RemoveInactiveTokens'),(112,'Magento\\Downloadable\\Setup\\Patch\\Data\\AddDownloadableHostsConfig'),(113,'Magento\\Downloadable\\Setup\\Patch\\Data\\InstallDownloadableAttributes'),(114,'Magento\\Downloadable\\Setup\\Patch\\Data\\UpdateLinksExistDefaultAttributeValue'),(115,'Magento\\Dhl\\Setup\\Patch\\Data\\PrepareShipmentDays'),(116,'Magento\\Bundle\\Setup\\Patch\\Data\\ApplyAttributesUpdate'),(117,'Magento\\Bundle\\Setup\\Patch\\Data\\UpdateBundleRelatedEntityTypes'),(118,'Magento\\Elasticsearch\\Setup\\Patch\\Data\\InvalidateIndex'),(119,'Magento\\Email\\Setup\\Patch\\Data\\FlagLegacyTemplates'),(120,'Magento\\EncryptionKey\\Setup\\Patch\\Data\\SodiumChachaPatch'),(121,'Magento\\Fedex\\Setup\\Patch\\Data\\ConfigureFedexDefaults'),(122,'Magento\\GiftMessage\\Setup\\Patch\\Data\\AddGiftMessageAttributes'),(123,'Magento\\GiftMessage\\Setup\\Patch\\Data\\MoveGiftMessageToGiftOptionsGroup'),(124,'Magento\\GiftMessage\\Setup\\Patch\\Data\\UpdateGiftMessageAttribute'),(125,'Magento\\GroupedProduct\\Setup\\Patch\\Data\\InitializeGroupedProductLinks'),(126,'Magento\\GroupedProduct\\Setup\\Patch\\Data\\UpdateProductRelations'),(127,'Magento\\Analytics\\Setup\\Patch\\Data\\PrepareInitialConfig'),(128,'Magento\\Analytics\\Setup\\Patch\\Data\\ActivateDataCollection'),(129,'Magento\\ConfigurableProduct\\Setup\\Patch\\Data\\InstallInitialConfigurableAttributes'),(130,'Magento\\ConfigurableProduct\\Setup\\Patch\\Data\\UpdateManufacturerAttribute'),(131,'Magento\\ConfigurableProduct\\Setup\\Patch\\Data\\UpdateTierPriceAttribute'),(132,'Magento\\InventoryLowQuantityNotification\\Setup\\Patch\\Data\\MigrateCatalogInventoryNotifyStockQuantityData'),(133,'Magento\\Reports\\Setup\\Patch\\Data\\InitializeReportEntityTypesAndPages'),(134,'Magento\\Reports\\Setup\\Patch\\Data\\ReportDisableNotification'),(135,'Magento\\Newsletter\\Setup\\Patch\\Data\\FlagLegacyTemplates'),(136,'Magento\\SalesRule\\Setup\\Patch\\Data\\PrepareRuleModelSerializedData'),(137,'Magento\\SalesRule\\Setup\\Patch\\Data\\ConvertSerializedDataToJson'),(138,'Magento\\SalesRule\\Setup\\Patch\\Data\\FillSalesRuleProductAttributeTable'),(139,'Magento\\PageBuilder\\Setup\\Patch\\Data\\UpdateProductAttribute'),(140,'Magento\\PageBuilder\\Setup\\Patch\\Data\\UpgradePageBuilderStripStyles'),(141,'Magento\\Vault\\Setup\\Patch\\Data\\SetCreditCardAsDefaultTokenType'),(142,'Magento\\Paypal\\Setup\\Patch\\Data\\AddPaypalOrderStatuses'),(143,'Magento\\Paypal\\Setup\\Patch\\Data\\UpdateBmltoPayLater'),(144,'Magento\\Paypal\\Setup\\Patch\\Data\\UpdatePaypalCreditOption'),(145,'Magento\\Paypal\\Setup\\Patch\\Data\\UpdateSmartButtonLabel'),(146,'Magento\\Paypal\\Setup\\Patch\\Data\\UpdateSmartButtonSize'),(147,'Magento\\ReCaptchaMigration\\Setup\\Patch\\Data\\MigrateConfigToRecaptchaModules'),(148,'Magento\\Review\\Setup\\Patch\\Data\\InitReviewStatusesAndData'),(149,'Magento\\OfflineShipping\\Setup\\Patch\\Data\\UpdateQuoteShippingAddresses'),(150,'Magento\\OfflineShipping\\Setup\\Patch\\Data\\UpdateShippingTablerate'),(151,'Magento\\UrlRewrite\\Setup\\Patch\\Data\\ConvertSerializedDataToJson'),(152,'Magento\\Swatches\\Setup\\Patch\\Data\\AddSwatchImageAttribute'),(153,'Magento\\Swatches\\Setup\\Patch\\Data\\AddSwatchImageToDefaultAttribtueSet'),(154,'Magento\\Swatches\\Setup\\Patch\\Data\\UpdateAdminTextSwatchValues'),(155,'Magento\\Swatches\\Setup\\Patch\\Data\\ConvertAdditionalDataToJson'),(156,'Magento\\Tax\\Setup\\Patch\\Data\\AddTaxAttributeAndTaxClasses'),(157,'Magento\\Tax\\Setup\\Patch\\Data\\UpdateTaxClassAttributeVisibility'),(158,'Magento\\Tax\\Setup\\Patch\\Data\\UpdateTaxRegionId'),(159,'Magento\\TwoFactorAuth\\Setup\\Patch\\Data\\CopyConfigFromOldModule'),(160,'Magento\\TwoFactorAuth\\Setup\\Patch\\Data\\EncryptConfiguration'),(161,'Magento\\TwoFactorAuth\\Setup\\Patch\\Data\\EncryptGoogleSecrets'),(162,'Magento\\TwoFactorAuth\\Setup\\Patch\\Data\\EncryptSecrets'),(163,'Magento\\TwoFactorAuth\\Setup\\Patch\\Data\\GenerateDuoSecurityKey'),(164,'Magento\\TwoFactorAuth\\Setup\\Patch\\Data\\PopulateCountryTable'),(165,'Magento\\TwoFactorAuth\\Setup\\Patch\\Data\\ResetU2fConfig'),(166,'Magento\\SampleData\\Setup\\Patch\\Data\\ClearSampleDataState'),(167,'Magento\\Usps\\Setup\\Patch\\Data\\UpdateAllowedMethods'),(168,'Magento\\Weee\\Setup\\Patch\\Data\\InitQuoteAndOrderAttributes'),(169,'Magento\\CurrencySymbol\\Setup\\Patch\\Data\\ConvertSerializedCustomCurrencySymbolToJson'),(170,'Magento\\Wishlist\\Setup\\Patch\\Data\\ConvertSerializedData'),(171,'Magento\\Wishlist\\Setup\\Patch\\Data\\WishlistDataCleanUp'),(172,'Klarna\\Core\\Setup\\Patch\\Data\\UpdateKcoApiPathsInCoreConfig'),(173,'Klarna\\Core\\Setup\\Patch\\Data\\UpdateKlarnaApiVersionInCoreConfig'),(174,'Klarna\\Kp\\Setup\\Patch\\Data\\RemoveHtmlTag'),(175,'Klarna\\Kp\\Setup\\Patch\\Data\\ResetIsActive'),(176,'Temando\\ShippingRemover\\Setup\\Patch\\Data\\AttributesRemoval'),(177,'Temando\\ShippingRemover\\Setup\\Patch\\Data\\BookmarkCleaner'),(178,'Temando\\ShippingRemover\\Setup\\Patch\\Data\\ConfigRemoval'),(179,'Vertex\\Tax\\Setup\\Patch\\Data\\DetermineCurrentConfigForShippingOriginUse'),(180,'Vertex\\Tax\\Setup\\Patch\\Data\\EnableCacheType'),(181,'Vertex\\Tax\\Setup\\Patch\\Data\\ExpandDefaultTaxClassesPatch'),(182,'Vertex\\Tax\\Setup\\Patch\\Data\\MigrateCustomerCodeFromEav'),(183,'Vertex\\Tax\\Setup\\Patch\\Data\\UpdateCronConfiguration'),(184,'Vertex\\RequestLogging\\Setup\\Patch\\Data\\UpdateCronConfiguration');

--
-- Table structure for table `paypal_billing_agreement`
--

CREATE TABLE `paypal_billing_agreement` (
  `agreement_id` int(10) unsigned NOT NULL AUTO_INCREMENT COMMENT 'Agreement ID',
  `customer_id` int(10) unsigned NOT NULL COMMENT 'Customer ID',
  `method_code` varchar(32) NOT NULL COMMENT 'Method Code',
  `reference_id` varchar(32) NOT NULL COMMENT 'Reference ID',
  `status` varchar(20) NOT NULL COMMENT 'Status',
  `created_at` timestamp NOT NULL DEFAULT CURRENT_TIMESTAMP COMMENT 'Created At',
  `updated_at` timestamp NULL DEFAULT NULL COMMENT 'Updated At',
  `store_id` smallint(5) unsigned DEFAULT NULL COMMENT 'Store ID',
  `agreement_label` varchar(255) DEFAULT NULL COMMENT 'Agreement Label',
  PRIMARY KEY (`agreement_id`),
  KEY `PAYPAL_BILLING_AGREEMENT_CUSTOMER_ID` (`customer_id`),
  KEY `PAYPAL_BILLING_AGREEMENT_STORE_ID` (`store_id`),
  CONSTRAINT `PAYPAL_BILLING_AGREEMENT_CUSTOMER_ID_CUSTOMER_ENTITY_ENTITY_ID` FOREIGN KEY (`customer_id`) REFERENCES `customer_entity` (`entity_id`) ON DELETE CASCADE,
  CONSTRAINT `PAYPAL_BILLING_AGREEMENT_STORE_ID_STORE_STORE_ID` FOREIGN KEY (`store_id`) REFERENCES `store` (`store_id`) ON DELETE SET NULL
) ENGINE=InnoDB DEFAULT CHARSET=utf8 COMMENT='Sales Billing Agreement';

--
-- Dumping data for table `paypal_billing_agreement`
--


--
-- Table structure for table `paypal_billing_agreement_order`
--

CREATE TABLE `paypal_billing_agreement_order` (
  `agreement_id` int(10) unsigned NOT NULL COMMENT 'Agreement ID',
  `order_id` int(10) unsigned NOT NULL COMMENT 'Order ID',
  PRIMARY KEY (`agreement_id`,`order_id`),
  KEY `PAYPAL_BILLING_AGREEMENT_ORDER_ORDER_ID` (`order_id`),
  CONSTRAINT `PAYPAL_BILLING_AGREEMENT_ORDER_ORDER_ID_SALES_ORDER_ENTITY_ID` FOREIGN KEY (`order_id`) REFERENCES `sales_order` (`entity_id`) ON DELETE CASCADE,
  CONSTRAINT `PAYPAL_BILLING_AGRT_ORDER_AGRT_ID_PAYPAL_BILLING_AGRT_AGRT_ID` FOREIGN KEY (`agreement_id`) REFERENCES `paypal_billing_agreement` (`agreement_id`) ON DELETE CASCADE
) ENGINE=InnoDB DEFAULT CHARSET=utf8 COMMENT='Sales Billing Agreement Order';

--
-- Dumping data for table `paypal_billing_agreement_order`
--


--
-- Table structure for table `paypal_cert`
--

CREATE TABLE `paypal_cert` (
  `cert_id` smallint(5) unsigned NOT NULL AUTO_INCREMENT COMMENT 'Cert ID',
  `website_id` smallint(5) unsigned NOT NULL DEFAULT '0' COMMENT 'Website ID',
  `content` text COMMENT 'Content',
  `updated_at` timestamp NULL DEFAULT NULL COMMENT 'Updated At',
  PRIMARY KEY (`cert_id`),
  KEY `PAYPAL_CERT_WEBSITE_ID` (`website_id`),
  CONSTRAINT `PAYPAL_CERT_WEBSITE_ID_STORE_WEBSITE_WEBSITE_ID` FOREIGN KEY (`website_id`) REFERENCES `store_website` (`website_id`) ON DELETE CASCADE
) ENGINE=InnoDB DEFAULT CHARSET=utf8 COMMENT='Paypal Certificate Table';

--
-- Dumping data for table `paypal_cert`
--


--
-- Table structure for table `paypal_payment_transaction`
--

CREATE TABLE `paypal_payment_transaction` (
  `transaction_id` int(10) unsigned NOT NULL AUTO_INCREMENT COMMENT 'Entity ID',
  `txn_id` varchar(100) DEFAULT NULL COMMENT 'Txn ID',
  `additional_information` blob COMMENT 'Additional Information',
  `created_at` timestamp NULL DEFAULT NULL COMMENT 'Created At',
  PRIMARY KEY (`transaction_id`),
  UNIQUE KEY `PAYPAL_PAYMENT_TRANSACTION_TXN_ID` (`txn_id`)
) ENGINE=InnoDB DEFAULT CHARSET=utf8 COMMENT='PayPal Payflow Link Payment Transaction';

--
-- Dumping data for table `paypal_payment_transaction`
--


--
-- Table structure for table `paypal_settlement_report`
--

CREATE TABLE `paypal_settlement_report` (
  `report_id` int(10) unsigned NOT NULL AUTO_INCREMENT COMMENT 'Report ID',
  `report_date` date DEFAULT NULL COMMENT 'Report Date',
  `account_id` varchar(64) DEFAULT NULL COMMENT 'Account ID',
  `filename` varchar(24) DEFAULT NULL COMMENT 'Filename',
  `last_modified` timestamp NULL DEFAULT NULL COMMENT 'Last Modified',
  PRIMARY KEY (`report_id`),
  UNIQUE KEY `PAYPAL_SETTLEMENT_REPORT_REPORT_DATE_ACCOUNT_ID` (`report_date`,`account_id`)
) ENGINE=InnoDB DEFAULT CHARSET=utf8 COMMENT='Paypal Settlement Report Table';

--
-- Dumping data for table `paypal_settlement_report`
--


--
-- Table structure for table `paypal_settlement_report_row`
--

CREATE TABLE `paypal_settlement_report_row` (
  `row_id` int(10) unsigned NOT NULL AUTO_INCREMENT COMMENT 'Row ID',
  `report_id` int(10) unsigned NOT NULL COMMENT 'Report ID',
  `transaction_id` varchar(19) DEFAULT NULL COMMENT 'Transaction ID',
  `invoice_id` varchar(127) DEFAULT NULL COMMENT 'Invoice ID',
  `paypal_reference_id` varchar(19) DEFAULT NULL COMMENT 'Paypal Reference ID',
  `paypal_reference_id_type` varchar(3) DEFAULT NULL COMMENT 'Paypal Reference ID Type',
  `transaction_event_code` varchar(5) DEFAULT NULL COMMENT 'Transaction Event Code',
  `transaction_initiation_date` timestamp NULL DEFAULT NULL COMMENT 'Transaction Initiation Date',
  `transaction_completion_date` timestamp NULL DEFAULT NULL COMMENT 'Transaction Completion Date',
  `transaction_debit_or_credit` varchar(2) NOT NULL DEFAULT 'CR' COMMENT 'Transaction Debit Or Credit',
  `gross_transaction_amount` decimal(20,6) NOT NULL DEFAULT '0.000000' COMMENT 'Gross Transaction Amount',
  `gross_transaction_currency` varchar(3) DEFAULT NULL COMMENT 'Gross Transaction Currency',
  `fee_debit_or_credit` varchar(2) DEFAULT NULL COMMENT 'Fee Debit Or Credit',
  `fee_amount` decimal(20,6) NOT NULL DEFAULT '0.000000' COMMENT 'Fee Amount',
  `fee_currency` varchar(3) DEFAULT NULL COMMENT 'Fee Currency',
  `custom_field` varchar(255) DEFAULT NULL COMMENT 'Custom Field',
  `consumer_id` varchar(127) DEFAULT NULL COMMENT 'Consumer ID',
  `payment_tracking_id` varchar(255) DEFAULT NULL COMMENT 'Payment Tracking ID',
  `store_id` varchar(50) DEFAULT NULL COMMENT 'Store ID',
  PRIMARY KEY (`row_id`),
  KEY `PAYPAL_SETTLEMENT_REPORT_ROW_REPORT_ID` (`report_id`),
  CONSTRAINT `FK_E183E488F593E0DE10C6EBFFEBAC9B55` FOREIGN KEY (`report_id`) REFERENCES `paypal_settlement_report` (`report_id`) ON DELETE CASCADE
) ENGINE=InnoDB DEFAULT CHARSET=utf8 COMMENT='Paypal Settlement Report Row Table';

--
-- Dumping data for table `paypal_settlement_report_row`
--


--
-- Table structure for table `persistent_session`
--

CREATE TABLE `persistent_session` (
  `persistent_id` int(10) unsigned NOT NULL AUTO_INCREMENT COMMENT 'Session ID',
  `key` varchar(50) NOT NULL COMMENT 'Unique cookie key',
  `customer_id` int(10) unsigned DEFAULT NULL COMMENT 'Customer ID',
  `website_id` smallint(5) unsigned NOT NULL DEFAULT '0' COMMENT 'Website ID',
  `info` text COMMENT 'Session Data',
  `updated_at` timestamp NOT NULL DEFAULT CURRENT_TIMESTAMP ON UPDATE CURRENT_TIMESTAMP COMMENT 'Updated At',
  PRIMARY KEY (`persistent_id`),
  UNIQUE KEY `PERSISTENT_SESSION_KEY` (`key`),
  UNIQUE KEY `PERSISTENT_SESSION_CUSTOMER_ID` (`customer_id`),
  KEY `PERSISTENT_SESSION_WEBSITE_ID_STORE_WEBSITE_WEBSITE_ID` (`website_id`),
  KEY `PERSISTENT_SESSION_UPDATED_AT` (`updated_at`),
  CONSTRAINT `PERSISTENT_SESSION_CUSTOMER_ID_CUSTOMER_ENTITY_ENTITY_ID` FOREIGN KEY (`customer_id`) REFERENCES `customer_entity` (`entity_id`) ON DELETE CASCADE,
  CONSTRAINT `PERSISTENT_SESSION_WEBSITE_ID_STORE_WEBSITE_WEBSITE_ID` FOREIGN KEY (`website_id`) REFERENCES `store_website` (`website_id`) ON DELETE CASCADE
) ENGINE=InnoDB DEFAULT CHARSET=utf8 COMMENT='Persistent Session';

--
-- Dumping data for table `persistent_session`
--


--
-- Table structure for table `product_alert_price`
--

CREATE TABLE `product_alert_price` (
  `alert_price_id` int(10) unsigned NOT NULL AUTO_INCREMENT COMMENT 'Product alert price ID',
  `customer_id` int(10) unsigned NOT NULL DEFAULT '0' COMMENT 'Customer ID',
  `product_id` int(10) unsigned NOT NULL DEFAULT '0' COMMENT 'Product ID',
  `price` decimal(20,6) NOT NULL DEFAULT '0.000000' COMMENT 'Price amount',
  `website_id` smallint(5) unsigned NOT NULL DEFAULT '0' COMMENT 'Website ID',
  `store_id` smallint(5) unsigned DEFAULT '0' COMMENT 'Store ID',
  `add_date` timestamp NOT NULL DEFAULT CURRENT_TIMESTAMP COMMENT 'Product alert add date',
  `last_send_date` timestamp NULL DEFAULT NULL COMMENT 'Product alert last send date',
  `send_count` smallint(5) unsigned NOT NULL DEFAULT '0' COMMENT 'Product alert send count',
  `status` smallint(5) unsigned NOT NULL DEFAULT '0' COMMENT 'Product alert status',
  PRIMARY KEY (`alert_price_id`),
  KEY `PRODUCT_ALERT_PRICE_CUSTOMER_ID` (`customer_id`),
  KEY `PRODUCT_ALERT_PRICE_PRODUCT_ID` (`product_id`),
  KEY `PRODUCT_ALERT_PRICE_WEBSITE_ID` (`website_id`),
  KEY `PRODUCT_ALERT_PRICE_STORE_ID` (`store_id`),
  CONSTRAINT `PRODUCT_ALERT_PRICE_CUSTOMER_ID_CUSTOMER_ENTITY_ENTITY_ID` FOREIGN KEY (`customer_id`) REFERENCES `customer_entity` (`entity_id`) ON DELETE CASCADE,
  CONSTRAINT `PRODUCT_ALERT_PRICE_PRODUCT_ID_CATALOG_PRODUCT_ENTITY_ENTITY_ID` FOREIGN KEY (`product_id`) REFERENCES `catalog_product_entity` (`entity_id`) ON DELETE CASCADE,
  CONSTRAINT `PRODUCT_ALERT_PRICE_STORE_ID_STORE_STORE_ID` FOREIGN KEY (`store_id`) REFERENCES `store` (`store_id`) ON DELETE CASCADE,
  CONSTRAINT `PRODUCT_ALERT_PRICE_WEBSITE_ID_STORE_WEBSITE_WEBSITE_ID` FOREIGN KEY (`website_id`) REFERENCES `store_website` (`website_id`) ON DELETE CASCADE
) ENGINE=InnoDB DEFAULT CHARSET=utf8 COMMENT='Product Alert Price';

--
-- Dumping data for table `product_alert_price`
--


--
-- Table structure for table `product_alert_stock`
--

CREATE TABLE `product_alert_stock` (
  `alert_stock_id` int(10) unsigned NOT NULL AUTO_INCREMENT COMMENT 'Product alert stock ID',
  `customer_id` int(10) unsigned NOT NULL DEFAULT '0' COMMENT 'Customer ID',
  `product_id` int(10) unsigned NOT NULL DEFAULT '0' COMMENT 'Product ID',
  `website_id` smallint(5) unsigned NOT NULL DEFAULT '0' COMMENT 'Website ID',
  `store_id` smallint(5) unsigned DEFAULT '0' COMMENT 'Store ID',
  `add_date` timestamp NOT NULL DEFAULT CURRENT_TIMESTAMP COMMENT 'Product alert add date',
  `send_date` timestamp NULL DEFAULT NULL COMMENT 'Product alert send date',
  `send_count` smallint(5) unsigned NOT NULL DEFAULT '0' COMMENT 'Send Count',
  `status` smallint(5) unsigned NOT NULL DEFAULT '0' COMMENT 'Product alert status',
  PRIMARY KEY (`alert_stock_id`),
  KEY `PRODUCT_ALERT_STOCK_CUSTOMER_ID` (`customer_id`),
  KEY `PRODUCT_ALERT_STOCK_PRODUCT_ID` (`product_id`),
  KEY `PRODUCT_ALERT_STOCK_WEBSITE_ID` (`website_id`),
  KEY `PRODUCT_ALERT_STOCK_STORE_ID` (`store_id`),
  CONSTRAINT `PRODUCT_ALERT_STOCK_CUSTOMER_ID_CUSTOMER_ENTITY_ENTITY_ID` FOREIGN KEY (`customer_id`) REFERENCES `customer_entity` (`entity_id`) ON DELETE CASCADE,
  CONSTRAINT `PRODUCT_ALERT_STOCK_PRODUCT_ID_CATALOG_PRODUCT_ENTITY_ENTITY_ID` FOREIGN KEY (`product_id`) REFERENCES `catalog_product_entity` (`entity_id`) ON DELETE CASCADE,
  CONSTRAINT `PRODUCT_ALERT_STOCK_STORE_ID_STORE_STORE_ID` FOREIGN KEY (`store_id`) REFERENCES `store` (`store_id`) ON DELETE CASCADE,
  CONSTRAINT `PRODUCT_ALERT_STOCK_WEBSITE_ID_STORE_WEBSITE_WEBSITE_ID` FOREIGN KEY (`website_id`) REFERENCES `store_website` (`website_id`) ON DELETE CASCADE
) ENGINE=InnoDB DEFAULT CHARSET=utf8 COMMENT='Product Alert Stock';

--
-- Dumping data for table `product_alert_stock`
--


--
-- Table structure for table `queue`
--

CREATE TABLE `queue` (
  `id` int(10) unsigned NOT NULL AUTO_INCREMENT COMMENT 'Queue ID',
  `name` varchar(255) DEFAULT NULL COMMENT 'Queue name',
  PRIMARY KEY (`id`),
  UNIQUE KEY `QUEUE_NAME` (`name`)
) ENGINE=InnoDB AUTO_INCREMENT=18 DEFAULT CHARSET=utf8 COMMENT='Table storing unique queues';

--
-- Dumping data for table `queue`
--

INSERT INTO `queue` VALUES (17,'async.operations.all'),(15,'codegenerator'),(4,'export'),(10,'inventory.indexer.sourceItem'),(11,'inventory.indexer.stock'),(6,'inventory.mass.update'),(7,'inventory.reservations.cleanup'),(8,'inventory.reservations.update'),(9,'inventory.reservations.updateSalabilityStatus'),(5,'inventory.source.items.cleanup'),(12,'media.content.synchronization'),(13,'media.gallery.renditions.update'),(14,'media.gallery.synchronization'),(3,'media.storage.catalog.image.resize'),(1,'product_action_attribute.update'),(2,'product_action_attribute.website.update'),(16,'sales.rule.update.coupon.usage');

--
-- Table structure for table `queue_lock`
--

CREATE TABLE `queue_lock` (
  `id` int(10) unsigned NOT NULL AUTO_INCREMENT COMMENT 'Message ID',
  `message_code` varchar(255) NOT NULL DEFAULT '' COMMENT 'Message Code',
  `created_at` timestamp NOT NULL DEFAULT CURRENT_TIMESTAMP ON UPDATE CURRENT_TIMESTAMP COMMENT 'Created At',
  PRIMARY KEY (`id`),
  UNIQUE KEY `QUEUE_LOCK_MESSAGE_CODE` (`message_code`)
) ENGINE=InnoDB DEFAULT CHARSET=utf8 COMMENT='Messages that were processed are inserted here to be locked.';

--
-- Dumping data for table `queue_lock`
--


--
-- Table structure for table `queue_message`
--

CREATE TABLE `queue_message` (
  `id` bigint(20) unsigned NOT NULL AUTO_INCREMENT COMMENT 'Message ID',
  `topic_name` varchar(255) DEFAULT NULL COMMENT 'Message topic',
  `body` longtext COMMENT 'Message body',
  PRIMARY KEY (`id`)
) ENGINE=InnoDB DEFAULT CHARSET=utf8 COMMENT='Queue messages';

--
-- Dumping data for table `queue_message`
--


--
-- Table structure for table `queue_message_status`
--

CREATE TABLE `queue_message_status` (
  `id` bigint(20) unsigned NOT NULL AUTO_INCREMENT COMMENT 'Relation ID',
  `queue_id` int(10) unsigned NOT NULL COMMENT 'Queue ID',
  `message_id` bigint(20) unsigned NOT NULL COMMENT 'Message ID',
  `updated_at` timestamp NOT NULL DEFAULT CURRENT_TIMESTAMP ON UPDATE CURRENT_TIMESTAMP COMMENT 'Updated At',
  `status` smallint(5) unsigned NOT NULL COMMENT 'Message status in particular queue',
  `number_of_trials` smallint(5) unsigned NOT NULL DEFAULT '0' COMMENT 'Number of trials to processed failed message processing',
  PRIMARY KEY (`id`),
  UNIQUE KEY `QUEUE_MESSAGE_STATUS_QUEUE_ID_MESSAGE_ID` (`queue_id`,`message_id`),
  KEY `QUEUE_MESSAGE_STATUS_MESSAGE_ID_QUEUE_MESSAGE_ID` (`message_id`),
  KEY `QUEUE_MESSAGE_STATUS_STATUS_UPDATED_AT` (`status`,`updated_at`),
  CONSTRAINT `QUEUE_MESSAGE_STATUS_MESSAGE_ID_QUEUE_MESSAGE_ID` FOREIGN KEY (`message_id`) REFERENCES `queue_message` (`id`) ON DELETE CASCADE,
  CONSTRAINT `QUEUE_MESSAGE_STATUS_QUEUE_ID_QUEUE_ID` FOREIGN KEY (`queue_id`) REFERENCES `queue` (`id`) ON DELETE CASCADE
) ENGINE=InnoDB DEFAULT CHARSET=utf8 COMMENT='Relation table to keep associations between queues and messages';

--
-- Dumping data for table `queue_message_status`
--


--
-- Table structure for table `queue_poison_pill`
--

CREATE TABLE `queue_poison_pill` (
  `version` varchar(255) NOT NULL COMMENT 'Poison Pill version.'
) ENGINE=InnoDB DEFAULT CHARSET=utf8 COMMENT='Sequence table for poison pill versions';

--
-- Dumping data for table `queue_poison_pill`
--

INSERT INTO `queue_poison_pill` VALUES ('version-621fd5c722eb1');

--
-- Table structure for table `quote`
--

CREATE TABLE `quote` (
  `entity_id` int(10) unsigned NOT NULL AUTO_INCREMENT COMMENT 'Entity ID',
  `store_id` smallint(5) unsigned NOT NULL DEFAULT '0' COMMENT 'Store ID',
  `created_at` timestamp NOT NULL DEFAULT CURRENT_TIMESTAMP COMMENT 'Created At',
  `updated_at` timestamp NOT NULL DEFAULT CURRENT_TIMESTAMP ON UPDATE CURRENT_TIMESTAMP,
  `converted_at` timestamp NULL DEFAULT NULL COMMENT 'Converted At',
  `is_active` smallint(5) unsigned DEFAULT '1' COMMENT 'Is Active',
  `is_virtual` smallint(5) unsigned DEFAULT '0' COMMENT 'Is Virtual',
  `is_multi_shipping` smallint(5) unsigned DEFAULT '0' COMMENT 'Is Multi Shipping',
  `items_count` int(10) unsigned DEFAULT '0' COMMENT 'Items Count',
  `items_qty` decimal(12,4) DEFAULT '0.0000' COMMENT 'Items Qty',
  `orig_order_id` int(10) unsigned DEFAULT '0' COMMENT 'Orig Order ID',
  `store_to_base_rate` decimal(12,4) DEFAULT '0.0000' COMMENT 'Store To Base Rate',
  `store_to_quote_rate` decimal(12,4) DEFAULT '0.0000' COMMENT 'Store To Quote Rate',
  `base_currency_code` varchar(255) DEFAULT NULL COMMENT 'Base Currency Code',
  `store_currency_code` varchar(255) DEFAULT NULL COMMENT 'Store Currency Code',
  `quote_currency_code` varchar(255) DEFAULT NULL COMMENT 'Quote Currency Code',
  `grand_total` decimal(20,4) DEFAULT '0.0000' COMMENT 'Grand Total',
  `base_grand_total` decimal(20,4) DEFAULT '0.0000' COMMENT 'Base Grand Total',
  `checkout_method` varchar(255) DEFAULT NULL COMMENT 'Checkout Method',
  `customer_id` int(10) unsigned DEFAULT NULL COMMENT 'Customer ID',
  `customer_tax_class_id` int(10) unsigned DEFAULT NULL COMMENT 'Customer Tax Class ID',
  `customer_group_id` int(10) unsigned DEFAULT '0' COMMENT 'Customer Group ID',
  `customer_email` varchar(255) DEFAULT NULL COMMENT 'Customer Email',
  `customer_prefix` varchar(40) DEFAULT NULL COMMENT 'Customer Prefix',
  `customer_firstname` varchar(255) DEFAULT NULL COMMENT 'Customer Firstname',
  `customer_middlename` varchar(40) DEFAULT NULL COMMENT 'Customer Middlename',
  `customer_lastname` varchar(255) DEFAULT NULL COMMENT 'Customer Lastname',
  `customer_suffix` varchar(40) DEFAULT NULL COMMENT 'Customer Suffix',
  `customer_dob` datetime DEFAULT NULL COMMENT 'Customer Dob',
  `customer_note` text COMMENT 'Customer Note',
  `customer_note_notify` smallint(5) unsigned DEFAULT '1' COMMENT 'Customer Note Notify',
  `customer_is_guest` smallint(5) unsigned DEFAULT '0' COMMENT 'Customer Is Guest',
  `remote_ip` varchar(45) DEFAULT NULL COMMENT 'Remote Ip',
  `applied_rule_ids` varchar(255) DEFAULT NULL COMMENT 'Applied Rule Ids',
  `reserved_order_id` varchar(64) DEFAULT NULL COMMENT 'Reserved Order ID',
  `password_hash` varchar(255) DEFAULT NULL COMMENT 'Password Hash',
  `coupon_code` varchar(255) DEFAULT NULL COMMENT 'Coupon Code',
  `global_currency_code` varchar(255) DEFAULT NULL COMMENT 'Global Currency Code',
  `base_to_global_rate` decimal(20,4) DEFAULT NULL COMMENT 'Base To Global Rate',
  `base_to_quote_rate` decimal(20,4) DEFAULT NULL COMMENT 'Base To Quote Rate',
  `customer_taxvat` varchar(255) DEFAULT NULL COMMENT 'Customer Taxvat',
  `customer_gender` varchar(255) DEFAULT NULL COMMENT 'Customer Gender',
  `subtotal` decimal(20,4) DEFAULT NULL COMMENT 'Subtotal',
  `base_subtotal` decimal(20,4) DEFAULT NULL COMMENT 'Base Subtotal',
  `subtotal_with_discount` decimal(20,4) DEFAULT NULL COMMENT 'Subtotal With Discount',
  `base_subtotal_with_discount` decimal(20,4) DEFAULT NULL COMMENT 'Base Subtotal With Discount',
  `is_changed` int(10) unsigned DEFAULT NULL COMMENT 'Is Changed',
  `trigger_recollect` smallint(6) NOT NULL DEFAULT '0' COMMENT 'Trigger Recollect',
  `ext_shipping_info` text COMMENT 'Ext Shipping Info',
  `gift_message_id` int(11) DEFAULT NULL COMMENT 'Gift Message ID',
  `is_persistent` smallint(5) unsigned DEFAULT '0' COMMENT 'Is Quote Persistent',
  `mp_smtp_ace_token` varchar(255) DEFAULT NULL COMMENT 'ACE Token',
  `mp_smtp_ace_sent` smallint(6) DEFAULT '0' COMMENT 'ACE Sent',
  `mp_smtp_ace_log_ids` text COMMENT 'ACE Log Ids',
  `mp_smtp_ace_log_data` text COMMENT 'ACE Log Data',
  PRIMARY KEY (`entity_id`),
  KEY `QUOTE_CUSTOMER_ID_STORE_ID_IS_ACTIVE` (`customer_id`,`store_id`,`is_active`),
  KEY `QUOTE_STORE_ID` (`store_id`),
  CONSTRAINT `QUOTE_STORE_ID_STORE_STORE_ID` FOREIGN KEY (`store_id`) REFERENCES `store` (`store_id`) ON DELETE CASCADE
) ENGINE=InnoDB AUTO_INCREMENT=13 DEFAULT CHARSET=utf8 COMMENT='Sales Flat Quote';

--
-- Dumping data for table `quote`
--

INSERT INTO `quote` VALUES (1,1,'2022-02-21 08:56:04','2022-02-21 09:10:59',NULL,1,0,0,0,0.0000,0,0.0000,0.0000,'EUR','EUR','EUR',99.9900,99.9900,NULL,NULL,3,0,NULL,NULL,NULL,NULL,NULL,NULL,NULL,NULL,1,1,'193.77.225.176',NULL,NULL,NULL,NULL,'EUR',1.0000,1.0000,NULL,NULL,99.9900,99.9900,99.9900,99.9900,1,0,NULL,NULL,0,'jtpM2VFsodYfFahfkOAHNc6yXPRoAgsH',0,NULL,NULL),(2,1,'2022-02-21 09:53:11','2022-02-21 09:53:11',NULL,1,0,0,0,0.0000,0,0.0000,0.0000,'EUR','EUR','EUR',30.0000,30.0000,NULL,NULL,3,0,NULL,NULL,NULL,NULL,NULL,NULL,NULL,NULL,1,1,'193.77.225.176',NULL,NULL,NULL,NULL,'EUR',1.0000,1.0000,NULL,NULL,30.0000,30.0000,30.0000,30.0000,1,0,NULL,NULL,0,'AYaziYXGus31lmxN7wWN5UhyjVmIxnnT',0,NULL,NULL),(4,1,'2022-02-21 09:57:44','2022-02-21 09:57:44',NULL,1,0,0,0,0.0000,0,0.0000,0.0000,'EUR','EUR','EUR',69.9900,69.9900,NULL,NULL,3,0,NULL,NULL,NULL,NULL,NULL,NULL,NULL,NULL,1,1,'193.77.225.176',NULL,NULL,NULL,NULL,'EUR',1.0000,1.0000,NULL,NULL,69.9900,69.9900,69.9900,69.9900,1,0,NULL,NULL,0,'qJYnZEUqFwsBZfbjISXJ3vm2VjC2Nyin',0,NULL,NULL),(5,1,'2022-02-21 10:03:03','2022-02-21 10:03:03',NULL,1,0,0,0,0.0000,0,0.0000,0.0000,'EUR','EUR','EUR',69.9900,69.9900,NULL,NULL,3,0,NULL,NULL,NULL,NULL,NULL,NULL,NULL,NULL,1,1,'193.77.225.176',NULL,NULL,NULL,NULL,'EUR',1.0000,1.0000,NULL,NULL,69.9900,69.9900,69.9900,69.9900,1,0,NULL,NULL,0,'6tIbUmNgsYk9xWNHr4frtubR710ktSGb',0,NULL,NULL),(6,1,'2022-02-21 10:29:50','2022-02-21 12:06:29',NULL,1,0,0,1,1.0000,0,0.0000,0.0000,'EUR','EUR','EUR',90.0000,90.0000,NULL,1,3,1,'nastja@petka.eu',NULL,'5ka',NULL,'Test Uporabniik',NULL,NULL,NULL,1,0,'193.77.225.176',NULL,NULL,NULL,NULL,'EUR',1.0000,1.0000,NULL,NULL,90.0000,90.0000,90.0000,90.0000,1,0,NULL,NULL,0,'HigMxCKRv7TuRNKyZ3FWsurpZoEmUhn6',0,NULL,NULL),(8,1,'2022-02-22 08:36:07','2022-02-22 08:36:07',NULL,1,0,0,1,1.0000,0,0.0000,0.0000,'EUR','EUR','EUR',30.0000,30.0000,NULL,NULL,3,0,NULL,NULL,NULL,NULL,NULL,NULL,NULL,NULL,1,1,'193.77.225.176',NULL,NULL,NULL,NULL,'EUR',1.0000,1.0000,NULL,NULL,30.0000,30.0000,30.0000,30.0000,1,0,NULL,NULL,0,'cigqd4Ruelxyb1txZ2Dpkbqg1JG4qbR0',0,NULL,NULL),(9,1,'2022-02-28 10:13:23','2022-02-28 10:13:23',NULL,1,0,0,1,1.0000,0,0.0000,0.0000,'EUR','EUR','EUR',30.0000,30.0000,NULL,NULL,3,0,NULL,NULL,NULL,NULL,NULL,NULL,NULL,NULL,1,1,'193.77.225.176',NULL,NULL,NULL,NULL,'EUR',1.0000,1.0000,NULL,NULL,30.0000,30.0000,30.0000,30.0000,1,0,NULL,NULL,0,'sh17cuMqz4FYSFQ7x5XnJIYeOWkLcqTo',0,NULL,NULL),(10,1,'2022-02-28 10:13:48','2022-02-28 10:13:48',NULL,1,0,0,1,1.0000,0,0.0000,0.0000,'EUR','EUR','EUR',30.0000,30.0000,NULL,NULL,3,0,NULL,NULL,NULL,NULL,NULL,NULL,NULL,NULL,1,1,'193.77.225.176',NULL,NULL,NULL,NULL,'EUR',1.0000,1.0000,NULL,NULL,30.0000,30.0000,30.0000,30.0000,1,0,NULL,NULL,0,'dO3xV60oslWSx3M9EQ5A2wC9i9NnjXKY',0,NULL,NULL),(11,1,'2022-02-28 13:46:48','2022-02-28 13:46:48',NULL,1,0,0,1,1.0000,0,0.0000,0.0000,'EUR','EUR','EUR',30.0000,30.0000,NULL,NULL,3,0,NULL,NULL,NULL,NULL,NULL,NULL,NULL,NULL,1,1,'193.77.225.176',NULL,NULL,NULL,NULL,'EUR',1.0000,1.0000,NULL,NULL,30.0000,30.0000,30.0000,30.0000,1,0,NULL,NULL,0,'pZNAGUjWvDO9BnKxyR61oDte2shmKRAl',0,NULL,NULL),(12,1,'2022-03-02 20:26:25','2022-03-02 20:41:16',NULL,1,0,0,1,1.0000,0,0.0000,0.0000,'EUR','EUR','EUR',35.0000,35.0000,NULL,NULL,3,0,NULL,NULL,NULL,NULL,NULL,NULL,NULL,NULL,1,1,'193.77.225.176',NULL,NULL,NULL,NULL,'EUR',1.0000,1.0000,NULL,NULL,30.0000,30.0000,30.0000,30.0000,1,0,NULL,NULL,0,'xxOIFiW3h6cMwGcbHi2nHJed0crAMKDR',0,NULL,NULL);

--
-- Table structure for table `quote_address`
--

CREATE TABLE `quote_address` (
  `address_id` int(10) unsigned NOT NULL AUTO_INCREMENT COMMENT 'Address ID',
  `quote_id` int(10) unsigned NOT NULL DEFAULT '0' COMMENT 'Quote ID',
  `created_at` timestamp NOT NULL DEFAULT CURRENT_TIMESTAMP COMMENT 'Created At',
  `updated_at` timestamp NOT NULL DEFAULT CURRENT_TIMESTAMP ON UPDATE CURRENT_TIMESTAMP COMMENT 'Updated At',
  `customer_id` int(10) unsigned DEFAULT NULL COMMENT 'Customer ID',
  `save_in_address_book` smallint(6) DEFAULT '0' COMMENT 'Save In Address Book',
  `customer_address_id` int(10) unsigned DEFAULT NULL COMMENT 'Customer Address ID',
  `address_type` varchar(10) DEFAULT NULL COMMENT 'Address Type',
  `email` varchar(255) DEFAULT NULL COMMENT 'Email',
  `prefix` varchar(40) DEFAULT NULL COMMENT 'Prefix',
  `firstname` varchar(255) DEFAULT NULL,
  `middlename` varchar(40) DEFAULT NULL,
  `lastname` varchar(255) DEFAULT NULL,
  `suffix` varchar(40) DEFAULT NULL COMMENT 'Suffix',
  `company` varchar(255) DEFAULT NULL COMMENT 'Company',
  `street` varchar(255) DEFAULT NULL COMMENT 'Street',
  `city` varchar(255) DEFAULT NULL,
  `region` varchar(255) DEFAULT NULL,
  `region_id` int(10) unsigned DEFAULT NULL COMMENT 'Region ID',
  `postcode` varchar(20) DEFAULT NULL COMMENT 'Postcode',
  `country_id` varchar(30) DEFAULT NULL COMMENT 'Country ID',
  `telephone` varchar(255) DEFAULT NULL,
  `fax` varchar(255) DEFAULT NULL,
  `same_as_billing` smallint(5) unsigned NOT NULL DEFAULT '0' COMMENT 'Same As Billing',
  `collect_shipping_rates` smallint(5) unsigned NOT NULL DEFAULT '0' COMMENT 'Collect Shipping Rates',
  `shipping_method` varchar(120) DEFAULT NULL,
  `shipping_description` varchar(255) DEFAULT NULL COMMENT 'Shipping Description',
  `weight` decimal(12,4) NOT NULL DEFAULT '0.0000' COMMENT 'Weight',
  `subtotal` decimal(20,4) NOT NULL DEFAULT '0.0000' COMMENT 'Subtotal',
  `base_subtotal` decimal(20,4) NOT NULL DEFAULT '0.0000' COMMENT 'Base Subtotal',
  `subtotal_with_discount` decimal(20,4) NOT NULL DEFAULT '0.0000' COMMENT 'Subtotal With Discount',
  `base_subtotal_with_discount` decimal(20,4) NOT NULL DEFAULT '0.0000' COMMENT 'Base Subtotal With Discount',
  `tax_amount` decimal(20,4) NOT NULL DEFAULT '0.0000' COMMENT 'Tax Amount',
  `base_tax_amount` decimal(20,4) NOT NULL DEFAULT '0.0000' COMMENT 'Base Tax Amount',
  `shipping_amount` decimal(20,4) NOT NULL DEFAULT '0.0000' COMMENT 'Shipping Amount',
  `base_shipping_amount` decimal(20,4) NOT NULL DEFAULT '0.0000' COMMENT 'Base Shipping Amount',
  `shipping_tax_amount` decimal(20,4) DEFAULT NULL COMMENT 'Shipping Tax Amount',
  `base_shipping_tax_amount` decimal(20,4) DEFAULT NULL COMMENT 'Base Shipping Tax Amount',
  `discount_amount` decimal(20,4) NOT NULL DEFAULT '0.0000' COMMENT 'Discount Amount',
  `base_discount_amount` decimal(20,4) NOT NULL DEFAULT '0.0000' COMMENT 'Base Discount Amount',
  `grand_total` decimal(20,4) NOT NULL DEFAULT '0.0000' COMMENT 'Grand Total',
  `base_grand_total` decimal(20,4) NOT NULL DEFAULT '0.0000' COMMENT 'Base Grand Total',
  `customer_notes` text COMMENT 'Customer Notes',
  `applied_taxes` text COMMENT 'Applied Taxes',
  `discount_description` varchar(255) DEFAULT NULL COMMENT 'Discount Description',
  `shipping_discount_amount` decimal(20,4) DEFAULT NULL COMMENT 'Shipping Discount Amount',
  `base_shipping_discount_amount` decimal(20,4) DEFAULT NULL COMMENT 'Base Shipping Discount Amount',
  `subtotal_incl_tax` decimal(20,4) DEFAULT NULL COMMENT 'Subtotal Incl Tax',
  `base_subtotal_total_incl_tax` decimal(20,4) DEFAULT NULL COMMENT 'Base Subtotal Total Incl Tax',
  `discount_tax_compensation_amount` decimal(20,4) DEFAULT NULL COMMENT 'Discount Tax Compensation Amount',
  `base_discount_tax_compensation_amount` decimal(20,4) DEFAULT NULL COMMENT 'Base Discount Tax Compensation Amount',
  `shipping_discount_tax_compensation_amount` decimal(20,4) DEFAULT NULL COMMENT 'Shipping Discount Tax Compensation Amount',
  `base_shipping_discount_tax_compensation_amnt` decimal(20,4) DEFAULT NULL COMMENT 'Base Shipping Discount Tax Compensation Amount',
  `shipping_incl_tax` decimal(20,4) DEFAULT NULL COMMENT 'Shipping Incl Tax',
  `base_shipping_incl_tax` decimal(20,4) DEFAULT NULL COMMENT 'Base Shipping Incl Tax',
  `vat_id` text COMMENT 'Vat ID',
  `vat_is_valid` smallint(6) DEFAULT NULL COMMENT 'Vat Is Valid',
  `vat_request_id` text COMMENT 'Vat Request ID',
  `vat_request_date` text COMMENT 'Vat Request Date',
  `vat_request_success` smallint(6) DEFAULT NULL COMMENT 'Vat Request Success',
  `validated_country_code` text COMMENT 'Validated Country Code',
  `validated_vat_number` text COMMENT 'Validated Vat Number',
  `gift_message_id` int(11) DEFAULT NULL COMMENT 'Gift Message ID',
  `free_shipping` smallint(5) unsigned NOT NULL DEFAULT '0' COMMENT 'Free Shipping',
  PRIMARY KEY (`address_id`),
  KEY `QUOTE_ADDRESS_QUOTE_ID` (`quote_id`),
  CONSTRAINT `QUOTE_ADDRESS_QUOTE_ID_QUOTE_ENTITY_ID` FOREIGN KEY (`quote_id`) REFERENCES `quote` (`entity_id`) ON DELETE CASCADE
) ENGINE=InnoDB AUTO_INCREMENT=31 DEFAULT CHARSET=utf8 COMMENT='Sales Flat Quote Address';

--
-- Dumping data for table `quote_address`
--

INSERT INTO `quote_address` VALUES (7,1,'2022-02-21 09:06:55','2022-02-21 09:06:55',NULL,0,NULL,'billing',NULL,NULL,NULL,NULL,NULL,NULL,NULL,NULL,NULL,NULL,NULL,NULL,NULL,NULL,NULL,0,0,NULL,NULL,0.0000,0.0000,0.0000,0.0000,0.0000,0.0000,0.0000,0.0000,0.0000,0.0000,0.0000,0.0000,0.0000,0.0000,0.0000,NULL,'null',NULL,0.0000,0.0000,0.0000,NULL,0.0000,0.0000,0.0000,NULL,0.0000,0.0000,NULL,NULL,NULL,NULL,NULL,NULL,NULL,NULL,0),(8,1,'2022-02-21 09:06:55','2022-02-21 09:06:55',NULL,0,NULL,'shipping',NULL,NULL,NULL,NULL,NULL,NULL,NULL,NULL,NULL,NULL,NULL,NULL,NULL,NULL,NULL,1,1,NULL,NULL,2.0000,99.9900,99.9900,99.9900,99.9900,0.0000,0.0000,0.0000,0.0000,0.0000,0.0000,0.0000,0.0000,99.9900,99.9900,NULL,'[]',NULL,0.0000,0.0000,99.9900,99.9900,0.0000,0.0000,0.0000,NULL,0.0000,0.0000,NULL,NULL,NULL,NULL,NULL,NULL,NULL,NULL,0),(9,2,'2022-02-21 09:53:11','2022-02-21 09:53:11',NULL,0,NULL,'billing',NULL,NULL,NULL,NULL,NULL,NULL,NULL,NULL,NULL,NULL,NULL,NULL,NULL,NULL,NULL,0,0,NULL,NULL,0.0000,0.0000,0.0000,0.0000,0.0000,0.0000,0.0000,0.0000,0.0000,0.0000,0.0000,0.0000,0.0000,0.0000,0.0000,NULL,'null',NULL,0.0000,0.0000,0.0000,NULL,0.0000,0.0000,0.0000,NULL,0.0000,0.0000,NULL,NULL,NULL,NULL,NULL,NULL,NULL,NULL,0),(10,2,'2022-02-21 09:53:11','2022-02-21 09:53:11',NULL,0,NULL,'shipping',NULL,NULL,NULL,NULL,NULL,NULL,NULL,NULL,NULL,NULL,NULL,NULL,NULL,NULL,NULL,1,0,NULL,NULL,1.0000,30.0000,30.0000,30.0000,30.0000,0.0000,0.0000,0.0000,0.0000,0.0000,0.0000,0.0000,0.0000,30.0000,30.0000,NULL,'[]',NULL,0.0000,0.0000,30.0000,30.0000,0.0000,0.0000,0.0000,NULL,0.0000,0.0000,NULL,NULL,NULL,NULL,NULL,NULL,NULL,NULL,0),(13,4,'2022-02-21 09:57:44','2022-02-21 09:57:44',NULL,0,NULL,'billing',NULL,NULL,NULL,NULL,NULL,NULL,NULL,NULL,NULL,NULL,NULL,NULL,NULL,NULL,NULL,0,0,NULL,NULL,0.0000,0.0000,0.0000,0.0000,0.0000,0.0000,0.0000,0.0000,0.0000,0.0000,0.0000,0.0000,0.0000,0.0000,0.0000,NULL,'null',NULL,0.0000,0.0000,0.0000,NULL,0.0000,0.0000,0.0000,NULL,0.0000,0.0000,NULL,NULL,NULL,NULL,NULL,NULL,NULL,NULL,0),(14,4,'2022-02-21 09:57:44','2022-02-21 09:57:44',NULL,0,NULL,'shipping',NULL,NULL,NULL,NULL,NULL,NULL,NULL,NULL,NULL,NULL,NULL,NULL,NULL,NULL,NULL,1,0,NULL,NULL,1.0000,69.9900,69.9900,69.9900,69.9900,0.0000,0.0000,0.0000,0.0000,0.0000,0.0000,0.0000,0.0000,69.9900,69.9900,NULL,'[]',NULL,0.0000,0.0000,69.9900,69.9900,0.0000,0.0000,0.0000,NULL,0.0000,0.0000,NULL,NULL,NULL,NULL,NULL,NULL,NULL,NULL,0),(15,5,'2022-02-21 10:03:03','2022-02-21 10:03:03',NULL,0,NULL,'billing',NULL,NULL,NULL,NULL,NULL,NULL,NULL,NULL,NULL,NULL,NULL,NULL,NULL,NULL,NULL,0,0,NULL,NULL,0.0000,0.0000,0.0000,0.0000,0.0000,0.0000,0.0000,0.0000,0.0000,0.0000,0.0000,0.0000,0.0000,0.0000,0.0000,NULL,'null',NULL,0.0000,0.0000,0.0000,NULL,0.0000,0.0000,0.0000,NULL,0.0000,0.0000,NULL,NULL,NULL,NULL,NULL,NULL,NULL,NULL,0),(16,5,'2022-02-21 10:03:03','2022-02-21 10:03:03',NULL,0,NULL,'shipping',NULL,NULL,NULL,NULL,NULL,NULL,NULL,NULL,NULL,NULL,NULL,NULL,NULL,NULL,NULL,1,0,NULL,NULL,1.0000,69.9900,69.9900,69.9900,69.9900,0.0000,0.0000,0.0000,0.0000,0.0000,0.0000,0.0000,0.0000,69.9900,69.9900,NULL,'[]',NULL,0.0000,0.0000,69.9900,69.9900,0.0000,0.0000,0.0000,NULL,0.0000,0.0000,NULL,NULL,NULL,NULL,NULL,NULL,NULL,NULL,0),(17,6,'2022-02-21 10:29:50','2022-02-21 10:29:50',1,0,NULL,'billing','nastja@petka.eu',NULL,NULL,NULL,NULL,NULL,NULL,NULL,NULL,NULL,NULL,NULL,NULL,NULL,NULL,0,0,NULL,NULL,0.0000,0.0000,0.0000,0.0000,0.0000,0.0000,0.0000,0.0000,0.0000,0.0000,0.0000,0.0000,0.0000,0.0000,0.0000,NULL,'null',NULL,0.0000,0.0000,0.0000,NULL,0.0000,0.0000,0.0000,NULL,0.0000,0.0000,NULL,NULL,NULL,NULL,NULL,NULL,NULL,NULL,0),(18,6,'2022-02-21 10:29:50','2022-02-21 10:29:50',1,0,NULL,'shipping','nastja@petka.eu',NULL,NULL,NULL,NULL,NULL,NULL,NULL,NULL,NULL,NULL,NULL,NULL,NULL,NULL,1,1,NULL,NULL,3.0000,90.0000,90.0000,90.0000,90.0000,0.0000,0.0000,0.0000,0.0000,0.0000,0.0000,0.0000,0.0000,90.0000,90.0000,NULL,'[]',NULL,0.0000,0.0000,90.0000,90.0000,0.0000,0.0000,0.0000,NULL,0.0000,0.0000,NULL,NULL,NULL,NULL,NULL,NULL,NULL,NULL,0),(21,8,'2022-02-22 08:36:07','2022-02-22 08:36:07',NULL,0,NULL,'billing',NULL,NULL,NULL,NULL,NULL,NULL,NULL,NULL,NULL,NULL,NULL,NULL,NULL,NULL,NULL,0,0,NULL,NULL,0.0000,0.0000,0.0000,0.0000,0.0000,0.0000,0.0000,0.0000,0.0000,0.0000,0.0000,0.0000,0.0000,0.0000,0.0000,NULL,'null',NULL,0.0000,0.0000,0.0000,NULL,0.0000,0.0000,0.0000,NULL,0.0000,0.0000,NULL,NULL,NULL,NULL,NULL,NULL,NULL,NULL,0),(22,8,'2022-02-22 08:36:07','2022-02-22 08:36:07',NULL,0,NULL,'shipping',NULL,NULL,NULL,NULL,NULL,NULL,NULL,NULL,NULL,NULL,NULL,NULL,NULL,NULL,NULL,1,0,NULL,NULL,1.0000,30.0000,30.0000,30.0000,30.0000,0.0000,0.0000,0.0000,0.0000,0.0000,0.0000,0.0000,0.0000,30.0000,30.0000,NULL,'[]',NULL,0.0000,0.0000,30.0000,30.0000,0.0000,0.0000,0.0000,NULL,0.0000,0.0000,NULL,NULL,NULL,NULL,NULL,NULL,NULL,NULL,0),(23,9,'2022-02-28 10:13:23','2022-02-28 10:13:23',NULL,0,NULL,'billing',NULL,NULL,NULL,NULL,NULL,NULL,NULL,NULL,NULL,NULL,NULL,NULL,NULL,NULL,NULL,0,0,NULL,NULL,0.0000,0.0000,0.0000,0.0000,0.0000,0.0000,0.0000,0.0000,0.0000,0.0000,0.0000,0.0000,0.0000,0.0000,0.0000,NULL,'null',NULL,0.0000,0.0000,0.0000,NULL,0.0000,0.0000,0.0000,NULL,0.0000,0.0000,NULL,NULL,NULL,NULL,NULL,NULL,NULL,NULL,0),(24,9,'2022-02-28 10:13:23','2022-02-28 10:13:23',NULL,0,NULL,'shipping',NULL,NULL,NULL,NULL,NULL,NULL,NULL,NULL,NULL,NULL,NULL,NULL,NULL,NULL,NULL,1,0,NULL,NULL,1.0000,30.0000,30.0000,30.0000,30.0000,0.0000,0.0000,0.0000,0.0000,0.0000,0.0000,0.0000,0.0000,30.0000,30.0000,NULL,'[]',NULL,0.0000,0.0000,30.0000,30.0000,0.0000,0.0000,0.0000,NULL,0.0000,0.0000,NULL,NULL,NULL,NULL,NULL,NULL,NULL,NULL,0),(25,10,'2022-02-28 10:13:48','2022-02-28 10:13:48',NULL,0,NULL,'billing',NULL,NULL,NULL,NULL,NULL,NULL,NULL,NULL,NULL,NULL,NULL,NULL,NULL,NULL,NULL,0,0,NULL,NULL,0.0000,0.0000,0.0000,0.0000,0.0000,0.0000,0.0000,0.0000,0.0000,0.0000,0.0000,0.0000,0.0000,0.0000,0.0000,NULL,'null',NULL,0.0000,0.0000,0.0000,NULL,0.0000,0.0000,0.0000,NULL,0.0000,0.0000,NULL,NULL,NULL,NULL,NULL,NULL,NULL,NULL,0),(26,10,'2022-02-28 10:13:48','2022-02-28 10:13:48',NULL,0,NULL,'shipping',NULL,NULL,NULL,NULL,NULL,NULL,NULL,NULL,NULL,NULL,NULL,NULL,NULL,NULL,NULL,1,0,NULL,NULL,1.0000,30.0000,30.0000,30.0000,30.0000,0.0000,0.0000,0.0000,0.0000,0.0000,0.0000,0.0000,0.0000,30.0000,30.0000,NULL,'[]',NULL,0.0000,0.0000,30.0000,30.0000,0.0000,0.0000,0.0000,NULL,0.0000,0.0000,NULL,NULL,NULL,NULL,NULL,NULL,NULL,NULL,0),(27,11,'2022-02-28 13:46:48','2022-02-28 13:46:48',NULL,0,NULL,'billing',NULL,NULL,NULL,NULL,NULL,NULL,NULL,NULL,NULL,NULL,NULL,NULL,NULL,NULL,NULL,0,0,NULL,NULL,0.0000,0.0000,0.0000,0.0000,0.0000,0.0000,0.0000,0.0000,0.0000,0.0000,0.0000,0.0000,0.0000,0.0000,0.0000,NULL,'null',NULL,0.0000,0.0000,0.0000,NULL,0.0000,0.0000,0.0000,NULL,0.0000,0.0000,NULL,NULL,NULL,NULL,NULL,NULL,NULL,NULL,0),(28,11,'2022-02-28 13:46:48','2022-02-28 13:46:48',NULL,0,NULL,'shipping',NULL,NULL,NULL,NULL,NULL,NULL,NULL,NULL,NULL,NULL,NULL,NULL,NULL,NULL,NULL,1,0,NULL,NULL,1.0000,30.0000,30.0000,30.0000,30.0000,0.0000,0.0000,0.0000,0.0000,0.0000,0.0000,0.0000,0.0000,30.0000,30.0000,NULL,'[]',NULL,0.0000,0.0000,30.0000,30.0000,0.0000,0.0000,0.0000,NULL,0.0000,0.0000,NULL,NULL,NULL,NULL,NULL,NULL,NULL,NULL,0),(29,12,'2022-03-02 20:26:25','2022-03-02 20:26:25',NULL,0,NULL,'billing','mail@example.com',NULL,NULL,NULL,NULL,NULL,NULL,NULL,NULL,NULL,NULL,NULL,'US',NULL,NULL,0,0,NULL,NULL,0.0000,0.0000,0.0000,0.0000,0.0000,0.0000,0.0000,0.0000,0.0000,0.0000,0.0000,0.0000,0.0000,0.0000,0.0000,NULL,'null',NULL,0.0000,0.0000,0.0000,NULL,0.0000,0.0000,0.0000,NULL,0.0000,0.0000,NULL,NULL,NULL,NULL,NULL,NULL,NULL,NULL,0),(30,12,'2022-03-02 20:26:25','2022-03-02 20:41:16',NULL,0,NULL,'shipping',NULL,NULL,NULL,NULL,NULL,NULL,NULL,NULL,NULL,NULL,NULL,NULL,'US',NULL,NULL,0,0,'flatrate_flatrate','Flat Rate - Fixed',1.0000,30.0000,30.0000,30.0000,30.0000,0.0000,0.0000,5.0000,5.0000,0.0000,0.0000,0.0000,0.0000,35.0000,35.0000,NULL,'[]',NULL,0.0000,0.0000,30.0000,30.0000,0.0000,0.0000,0.0000,NULL,5.0000,5.0000,NULL,NULL,NULL,NULL,NULL,NULL,NULL,NULL,0);

--
