INSERT INTO `cron_schedule` VALUES (551707,'sales_grid_order_creditmemo_async_insert','missed','Cron Job sales_grid_order_creditmemo_async_insert is missed at 2022-03-12 09:58:00','2022-03-12 09:45:05','2022-03-12 09:58:00',NULL,NULL),(551708,'sales_grid_order_creditmemo_async_insert','missed','Cron Job sales_grid_order_creditmemo_async_insert is missed at 2022-03-12 09:59:00','2022-03-12 09:45:05','2022-03-12 09:59:00',NULL,NULL),(551709,'sales_grid_order_creditmemo_async_insert','missed','Cron Job sales_grid_order_creditmemo_async_insert is missed at 2022-03-12 10:00:00','2022-03-12 09:45:05','2022-03-12 10:00:00',NULL,NULL),(551710,'sales_grid_order_creditmemo_async_insert','success',NULL,'2022-03-12 09:45:05','2022-03-12 10:01:00','2022-03-12 10:15:11','2022-03-12 10:15:11'),(551711,'sales_grid_order_creditmemo_async_insert','missed','Cron Job sales_grid_order_creditmemo_async_insert is missed at 2022-03-12 10:02:00','2022-03-12 09:45:05','2022-03-12 10:02:00',NULL,NULL),(551712,'sales_grid_order_creditmemo_async_insert','missed','Cron Job sales_grid_order_creditmemo_async_insert is missed at 2022-03-12 10:03:00','2022-03-12 09:45:05','2022-03-12 10:03:00',NULL,NULL),(551713,'sales_grid_order_creditmemo_async_insert','missed','Cron Job sales_grid_order_creditmemo_async_insert is missed at 2022-03-12 10:04:00','2022-03-12 09:45:05','2022-03-12 10:04:00',NULL,NULL),(551714,'sales_send_order_emails','missed','Cron Job sales_send_order_emails is missed at 2022-03-12 09:50:00','2022-03-12 09:45:05','2022-03-12 09:50:00',NULL,NULL),(551715,'sales_send_order_emails','missed','Cron Job sales_send_order_emails is missed at 2022-03-12 09:51:00','2022-03-12 09:45:05','2022-03-12 09:51:00',NULL,NULL),(551716,'sales_send_order_emails','missed','Cron Job sales_send_order_emails is missed at 2022-03-12 09:52:00','2022-03-12 09:45:05','2022-03-12 09:52:00',NULL,NULL),(551717,'sales_send_order_emails','missed','Cron Job sales_send_order_emails is missed at 2022-03-12 09:53:00','2022-03-12 09:45:05','2022-03-12 09:53:00',NULL,NULL),(551718,'sales_send_order_emails','missed','Cron Job sales_send_order_emails is missed at 2022-03-12 09:54:00','2022-03-12 09:45:05','2022-03-12 09:54:00',NULL,NULL),(551719,'sales_send_order_emails','missed','Cron Job sales_send_order_emails is missed at 2022-03-12 09:55:00','2022-03-12 09:45:05','2022-03-12 09:55:00',NULL,NULL),(551720,'sales_send_order_emails','missed','Cron Job sales_send_order_emails is missed at 2022-03-12 09:56:00','2022-03-12 09:45:05','2022-03-12 09:56:00',NULL,NULL),(551721,'sales_send_order_emails','missed','Cron Job sales_send_order_emails is missed at 2022-03-12 09:57:00','2022-03-12 09:45:05','2022-03-12 09:57:00',NULL,NULL),(551722,'sales_send_order_emails','missed','Cron Job sales_send_order_emails is missed at 2022-03-12 09:58:00','2022-03-12 09:45:05','2022-03-12 09:58:00',NULL,NULL),(551723,'sales_send_order_emails','missed','Cron Job sales_send_order_emails is missed at 2022-03-12 09:59:00','2022-03-12 09:45:05','2022-03-12 09:59:00',NULL,NULL),(551724,'sales_send_order_emails','missed','Cron Job sales_send_order_emails is missed at 2022-03-12 10:00:00','2022-03-12 09:45:05','2022-03-12 10:00:00',NULL,NULL),(551725,'sales_send_order_emails','success',NULL,'2022-03-12 09:45:05','2022-03-12 10:01:00','2022-03-12 10:15:13','2022-03-12 10:15:13'),(551726,'sales_send_order_emails','missed','Cron Job sales_send_order_emails is missed at 2022-03-12 10:02:00','2022-03-12 09:45:05','2022-03-12 10:02:00',NULL,NULL),(551727,'sales_send_order_emails','missed','Cron Job sales_send_order_emails is missed at 2022-03-12 10:03:00','2022-03-12 09:45:05','2022-03-12 10:03:00',NULL,NULL),(551728,'sales_send_order_emails','missed','Cron Job sales_send_order_emails is missed at 2022-03-12 10:04:00','2022-03-12 09:45:05','2022-03-12 10:04:00',NULL,NULL),(551729,'sales_send_order_invoice_emails','missed','Cron Job sales_send_order_invoice_emails is missed at 2022-03-12 09:50:00','2022-03-12 09:45:05','2022-03-12 09:50:00',NULL,NULL),(551730,'sales_send_order_invoice_emails','missed','Cron Job sales_send_order_invoice_emails is missed at 2022-03-12 09:51:00','2022-03-12 09:45:05','2022-03-12 09:51:00',NULL,NULL),(551731,'sales_send_order_invoice_emails','missed','Cron Job sales_send_order_invoice_emails is missed at 2022-03-12 09:52:00','2022-03-12 09:45:05','2022-03-12 09:52:00',NULL,NULL),(551732,'sales_send_order_invoice_emails','missed','Cron Job sales_send_order_invoice_emails is missed at 2022-03-12 09:53:00','2022-03-12 09:45:05','2022-03-12 09:53:00',NULL,NULL),(551733,'sales_send_order_invoice_emails','missed','Cron Job sales_send_order_invoice_emails is missed at 2022-03-12 09:54:00','2022-03-12 09:45:05','2022-03-12 09:54:00',NULL,NULL),(551734,'sales_send_order_invoice_emails','missed','Cron Job sales_send_order_invoice_emails is missed at 2022-03-12 09:55:00','2022-03-12 09:45:05','2022-03-12 09:55:00',NULL,NULL),(551735,'sales_send_order_invoice_emails','missed','Cron Job sales_send_order_invoice_emails is missed at 2022-03-12 09:56:00','2022-03-12 09:45:05','2022-03-12 09:56:00',NULL,NULL),(551736,'sales_send_order_invoice_emails','missed','Cron Job sales_send_order_invoice_emails is missed at 2022-03-12 09:57:00','2022-03-12 09:45:05','2022-03-12 09:57:00',NULL,NULL),(551737,'sales_send_order_invoice_emails','missed','Cron Job sales_send_order_invoice_emails is missed at 2022-03-12 09:58:00','2022-03-12 09:45:05','2022-03-12 09:58:00',NULL,NULL),(551738,'sales_send_order_invoice_emails','missed','Cron Job sales_send_order_invoice_emails is missed at 2022-03-12 09:59:00','2022-03-12 09:45:05','2022-03-12 09:59:00',NULL,NULL),(551739,'sales_send_order_invoice_emails','missed','Cron Job sales_send_order_invoice_emails is missed at 2022-03-12 10:00:00','2022-03-12 09:45:05','2022-03-12 10:00:00',NULL,NULL),(551740,'sales_send_order_invoice_emails','success',NULL,'2022-03-12 09:45:05','2022-03-12 10:01:00','2022-03-12 10:15:13','2022-03-12 10:15:13'),(551741,'sales_send_order_invoice_emails','missed','Cron Job sales_send_order_invoice_emails is missed at 2022-03-12 10:02:00','2022-03-12 09:45:05','2022-03-12 10:02:00',NULL,NULL),(551742,'sales_send_order_invoice_emails','missed','Cron Job sales_send_order_invoice_emails is missed at 2022-03-12 10:03:00','2022-03-12 09:45:05','2022-03-12 10:03:00',NULL,NULL),(551743,'sales_send_order_invoice_emails','missed','Cron Job sales_send_order_invoice_emails is missed at 2022-03-12 10:04:00','2022-03-12 09:45:05','2022-03-12 10:04:00',NULL,NULL),(551744,'sales_send_order_shipment_emails','missed','Cron Job sales_send_order_shipment_emails is missed at 2022-03-12 09:50:00','2022-03-12 09:45:05','2022-03-12 09:50:00',NULL,NULL),(551745,'sales_send_order_shipment_emails','missed','Cron Job sales_send_order_shipment_emails is missed at 2022-03-12 09:51:00','2022-03-12 09:45:05','2022-03-12 09:51:00',NULL,NULL),(551746,'sales_send_order_shipment_emails','missed','Cron Job sales_send_order_shipment_emails is missed at 2022-03-12 09:52:00','2022-03-12 09:45:05','2022-03-12 09:52:00',NULL,NULL),(551747,'sales_send_order_shipment_emails','missed','Cron Job sales_send_order_shipment_emails is missed at 2022-03-12 09:53:00','2022-03-12 09:45:05','2022-03-12 09:53:00',NULL,NULL),(551748,'sales_send_order_shipment_emails','missed','Cron Job sales_send_order_shipment_emails is missed at 2022-03-12 09:54:00','2022-03-12 09:45:05','2022-03-12 09:54:00',NULL,NULL),(551749,'sales_send_order_shipment_emails','missed','Cron Job sales_send_order_shipment_emails is missed at 2022-03-12 09:55:00','2022-03-12 09:45:05','2022-03-12 09:55:00',NULL,NULL),(551750,'sales_send_order_shipment_emails','missed','Cron Job sales_send_order_shipment_emails is missed at 2022-03-12 09:56:00','2022-03-12 09:45:05','2022-03-12 09:56:00',NULL,NULL),(551751,'sales_send_order_shipment_emails','missed','Cron Job sales_send_order_shipment_emails is missed at 2022-03-12 09:57:00','2022-03-12 09:45:05','2022-03-12 09:57:00',NULL,NULL),(551752,'sales_send_order_shipment_emails','missed','Cron Job sales_send_order_shipment_emails is missed at 2022-03-12 09:58:00','2022-03-12 09:45:05','2022-03-12 09:58:00',NULL,NULL),(551753,'sales_send_order_shipment_emails','missed','Cron Job sales_send_order_shipment_emails is missed at 2022-03-12 09:59:00','2022-03-12 09:45:05','2022-03-12 09:59:00',NULL,NULL),(551754,'sales_send_order_shipment_emails','missed','Cron Job sales_send_order_shipment_emails is missed at 2022-03-12 10:00:00','2022-03-12 09:45:05','2022-03-12 10:00:00',NULL,NULL),(551755,'sales_send_order_shipment_emails','success',NULL,'2022-03-12 09:45:05','2022-03-12 10:01:00','2022-03-12 10:15:13','2022-03-12 10:15:14'),(551756,'sales_send_order_shipment_emails','missed','Cron Job sales_send_order_shipment_emails is missed at 2022-03-12 10:02:00','2022-03-12 09:45:05','2022-03-12 10:02:00',NULL,NULL),(551757,'sales_send_order_shipment_emails','missed','Cron Job sales_send_order_shipment_emails is missed at 2022-03-12 10:03:00','2022-03-12 09:45:05','2022-03-12 10:03:00',NULL,NULL),(551758,'sales_send_order_shipment_emails','missed','Cron Job sales_send_order_shipment_emails is missed at 2022-03-12 10:04:00','2022-03-12 09:45:05','2022-03-12 10:04:00',NULL,NULL),(551759,'sales_send_order_creditmemo_emails','missed','Cron Job sales_send_order_creditmemo_emails is missed at 2022-03-12 09:50:00','2022-03-12 09:45:05','2022-03-12 09:50:00',NULL,NULL),(551760,'sales_send_order_creditmemo_emails','missed','Cron Job sales_send_order_creditmemo_emails is missed at 2022-03-12 09:51:00','2022-03-12 09:45:05','2022-03-12 09:51:00',NULL,NULL),(551761,'sales_send_order_creditmemo_emails','missed','Cron Job sales_send_order_creditmemo_emails is missed at 2022-03-12 09:52:00','2022-03-12 09:45:05','2022-03-12 09:52:00',NULL,NULL),(551762,'sales_send_order_creditmemo_emails','missed','Cron Job sales_send_order_creditmemo_emails is missed at 2022-03-12 09:53:00','2022-03-12 09:45:05','2022-03-12 09:53:00',NULL,NULL),(551763,'sales_send_order_creditmemo_emails','missed','Cron Job sales_send_order_creditmemo_emails is missed at 2022-03-12 09:54:00','2022-03-12 09:45:05','2022-03-12 09:54:00',NULL,NULL),(551764,'sales_send_order_creditmemo_emails','missed','Cron Job sales_send_order_creditmemo_emails is missed at 2022-03-12 09:55:00','2022-03-12 09:45:05','2022-03-12 09:55:00',NULL,NULL),(551765,'sales_send_order_creditmemo_emails','missed','Cron Job sales_send_order_creditmemo_emails is missed at 2022-03-12 09:56:00','2022-03-12 09:45:05','2022-03-12 09:56:00',NULL,NULL),(551766,'sales_send_order_creditmemo_emails','missed','Cron Job sales_send_order_creditmemo_emails is missed at 2022-03-12 09:57:00','2022-03-12 09:45:05','2022-03-12 09:57:00',NULL,NULL),(551767,'sales_send_order_creditmemo_emails','missed','Cron Job sales_send_order_creditmemo_emails is missed at 2022-03-12 09:58:00','2022-03-12 09:45:05','2022-03-12 09:58:00',NULL,NULL),(551768,'sales_send_order_creditmemo_emails','missed','Cron Job sales_send_order_creditmemo_emails is missed at 2022-03-12 09:59:00','2022-03-12 09:45:05','2022-03-12 09:59:00',NULL,NULL),(551769,'sales_send_order_creditmemo_emails','missed','Cron Job sales_send_order_creditmemo_emails is missed at 2022-03-12 10:00:00','2022-03-12 09:45:05','2022-03-12 10:00:00',NULL,NULL),(551770,'sales_send_order_creditmemo_emails','success',NULL,'2022-03-12 09:45:05','2022-03-12 10:01:00','2022-03-12 10:15:12','2022-03-12 10:15:12'),(551771,'sales_send_order_creditmemo_emails','missed','Cron Job sales_send_order_creditmemo_emails is missed at 2022-03-12 10:02:00','2022-03-12 09:45:05','2022-03-12 10:02:00',NULL,NULL),(551772,'sales_send_order_creditmemo_emails','missed','Cron Job sales_send_order_creditmemo_emails is missed at 2022-03-12 10:03:00','2022-03-12 09:45:05','2022-03-12 10:03:00',NULL,NULL),(551773,'sales_send_order_creditmemo_emails','missed','Cron Job sales_send_order_creditmemo_emails is missed at 2022-03-12 10:04:00','2022-03-12 09:45:05','2022-03-12 10:04:00',NULL,NULL),(551774,'outdated_authentication_failures_cleanup','missed','Cron Job outdated_authentication_failures_cleanup is missed at 2022-03-12 09:50:00','2022-03-12 09:45:05','2022-03-12 09:50:00',NULL,NULL),(551775,'outdated_authentication_failures_cleanup','missed','Cron Job outdated_authentication_failures_cleanup is missed at 2022-03-12 09:51:00','2022-03-12 09:45:05','2022-03-12 09:51:00',NULL,NULL),(551776,'outdated_authentication_failures_cleanup','missed','Cron Job outdated_authentication_failures_cleanup is missed at 2022-03-12 09:52:00','2022-03-12 09:45:05','2022-03-12 09:52:00',NULL,NULL),(551777,'outdated_authentication_failures_cleanup','missed','Cron Job outdated_authentication_failures_cleanup is missed at 2022-03-12 09:53:00','2022-03-12 09:45:05','2022-03-12 09:53:00',NULL,NULL),(551778,'outdated_authentication_failures_cleanup','missed','Cron Job outdated_authentication_failures_cleanup is missed at 2022-03-12 09:54:00','2022-03-12 09:45:05','2022-03-12 09:54:00',NULL,NULL),(551779,'outdated_authentication_failures_cleanup','missed','Cron Job outdated_authentication_failures_cleanup is missed at 2022-03-12 09:55:00','2022-03-12 09:45:05','2022-03-12 09:55:00',NULL,NULL),(551780,'outdated_authentication_failures_cleanup','missed','Cron Job outdated_authentication_failures_cleanup is missed at 2022-03-12 09:56:00','2022-03-12 09:45:05','2022-03-12 09:56:00',NULL,NULL),(551781,'outdated_authentication_failures_cleanup','missed','Cron Job outdated_authentication_failures_cleanup is missed at 2022-03-12 09:57:00','2022-03-12 09:45:05','2022-03-12 09:57:00',NULL,NULL),(551782,'outdated_authentication_failures_cleanup','missed','Cron Job outdated_authentication_failures_cleanup is missed at 2022-03-12 09:58:00','2022-03-12 09:45:05','2022-03-12 09:58:00',NULL,NULL),(551783,'outdated_authentication_failures_cleanup','missed','Cron Job outdated_authentication_failures_cleanup is missed at 2022-03-12 09:59:00','2022-03-12 09:45:05','2022-03-12 09:59:00',NULL,NULL),(551784,'outdated_authentication_failures_cleanup','missed','Cron Job outdated_authentication_failures_cleanup is missed at 2022-03-12 10:00:00','2022-03-12 09:45:05','2022-03-12 10:00:00',NULL,NULL),(551785,'outdated_authentication_failures_cleanup','success',NULL,'2022-03-12 09:45:05','2022-03-12 10:01:00','2022-03-12 10:15:10','2022-03-12 10:15:10'),(551786,'outdated_authentication_failures_cleanup','missed','Cron Job outdated_authentication_failures_cleanup is missed at 2022-03-12 10:02:00','2022-03-12 09:45:05','2022-03-12 10:02:00',NULL,NULL),(551787,'outdated_authentication_failures_cleanup','missed','Cron Job outdated_authentication_failures_cleanup is missed at 2022-03-12 10:03:00','2022-03-12 09:45:05','2022-03-12 10:03:00',NULL,NULL),(551788,'outdated_authentication_failures_cleanup','missed','Cron Job outdated_authentication_failures_cleanup is missed at 2022-03-12 10:04:00','2022-03-12 09:45:05','2022-03-12 10:04:00',NULL,NULL),(551789,'expired_tokens_cleanup','success',NULL,'2022-03-12 09:45:05','2022-03-12 10:00:00','2022-03-12 10:00:09','2022-03-12 10:00:09'),(551790,'captcha_delete_old_attempts','success',NULL,'2022-03-12 09:45:05','2022-03-12 10:00:00','2022-03-12 10:00:07','2022-03-12 10:00:07'),(551791,'captcha_delete_expired_images','success',NULL,'2022-03-12 09:45:05','2022-03-12 09:50:00','2022-03-12 10:00:07','2022-03-12 10:00:07'),(551792,'captcha_delete_expired_images','missed','Cron Job captcha_delete_expired_images is missed at 2022-03-12 10:00:00','2022-03-12 09:45:05','2022-03-12 10:00:00',NULL,NULL),(551793,'inventory_in_store_pickup_sales_send_order_notified_emails','missed','Cron Job inventory_in_store_pickup_sales_send_order_notified_emails is missed at 2022-03-12 09:50:00','2022-03-12 09:45:05','2022-03-12 09:50:00',NULL,NULL),(551794,'inventory_in_store_pickup_sales_send_order_notified_emails','missed','Cron Job inventory_in_store_pickup_sales_send_order_notified_emails is missed at 2022-03-12 09:51:00','2022-03-12 09:45:05','2022-03-12 09:51:00',NULL,NULL),(551795,'inventory_in_store_pickup_sales_send_order_notified_emails','missed','Cron Job inventory_in_store_pickup_sales_send_order_notified_emails is missed at 2022-03-12 09:52:00','2022-03-12 09:45:05','2022-03-12 09:52:00',NULL,NULL),(551796,'inventory_in_store_pickup_sales_send_order_notified_emails','missed','Cron Job inventory_in_store_pickup_sales_send_order_notified_emails is missed at 2022-03-12 09:53:00','2022-03-12 09:45:05','2022-03-12 09:53:00',NULL,NULL),(551797,'inventory_in_store_pickup_sales_send_order_notified_emails','missed','Cron Job inventory_in_store_pickup_sales_send_order_notified_emails is missed at 2022-03-12 09:54:00','2022-03-12 09:45:05','2022-03-12 09:54:00',NULL,NULL),(551798,'inventory_in_store_pickup_sales_send_order_notified_emails','missed','Cron Job inventory_in_store_pickup_sales_send_order_notified_emails is missed at 2022-03-12 09:55:00','2022-03-12 09:45:05','2022-03-12 09:55:00',NULL,NULL),(551799,'inventory_in_store_pickup_sales_send_order_notified_emails','missed','Cron Job inventory_in_store_pickup_sales_send_order_notified_emails is missed at 2022-03-12 09:56:00','2022-03-12 09:45:05','2022-03-12 09:56:00',NULL,NULL),(551800,'inventory_in_store_pickup_sales_send_order_notified_emails','missed','Cron Job inventory_in_store_pickup_sales_send_order_notified_emails is missed at 2022-03-12 09:57:00','2022-03-12 09:45:05','2022-03-12 09:57:00',NULL,NULL),(551801,'inventory_in_store_pickup_sales_send_order_notified_emails','missed','Cron Job inventory_in_store_pickup_sales_send_order_notified_emails is missed at 2022-03-12 09:58:00','2022-03-12 09:45:05','2022-03-12 09:58:00',NULL,NULL),(551802,'inventory_in_store_pickup_sales_send_order_notified_emails','missed','Cron Job inventory_in_store_pickup_sales_send_order_notified_emails is missed at 2022-03-12 09:59:00','2022-03-12 09:45:05','2022-03-12 09:59:00',NULL,NULL),(551803,'inventory_in_store_pickup_sales_send_order_notified_emails','missed','Cron Job inventory_in_store_pickup_sales_send_order_notified_emails is missed at 2022-03-12 10:00:00','2022-03-12 09:45:05','2022-03-12 10:00:00',NULL,NULL),(551804,'inventory_in_store_pickup_sales_send_order_notified_emails','success',NULL,'2022-03-12 09:45:05','2022-03-12 10:01:00','2022-03-12 10:15:09','2022-03-12 10:15:09'),(551805,'inventory_in_store_pickup_sales_send_order_notified_emails','missed','Cron Job inventory_in_store_pickup_sales_send_order_notified_emails is missed at 2022-03-12 10:02:00','2022-03-12 09:45:05','2022-03-12 10:02:00',NULL,NULL),(551806,'inventory_in_store_pickup_sales_send_order_notified_emails','missed','Cron Job inventory_in_store_pickup_sales_send_order_notified_emails is missed at 2022-03-12 10:03:00','2022-03-12 09:45:05','2022-03-12 10:03:00',NULL,NULL),(551807,'inventory_in_store_pickup_sales_send_order_notified_emails','missed','Cron Job inventory_in_store_pickup_sales_send_order_notified_emails is missed at 2022-03-12 10:04:00','2022-03-12 09:45:05','2022-03-12 10:04:00',NULL,NULL),(551808,'messagequeue_clean_outdated_locks','success',NULL,'2022-03-12 09:45:05','2022-03-12 10:00:00','2022-03-12 10:00:10','2022-03-12 10:00:10'),(551809,'magento_newrelicreporting_cron','missed','Cron Job magento_newrelicreporting_cron is missed at 2022-03-12 09:50:00','2022-03-12 09:45:05','2022-03-12 09:50:00',NULL,NULL),(551810,'magento_newrelicreporting_cron','missed','Cron Job magento_newrelicreporting_cron is missed at 2022-03-12 09:52:00','2022-03-12 09:45:05','2022-03-12 09:52:00',NULL,NULL),(551811,'magento_newrelicreporting_cron','missed','Cron Job magento_newrelicreporting_cron is missed at 2022-03-12 09:54:00','2022-03-12 09:45:05','2022-03-12 09:54:00',NULL,NULL),(551812,'magento_newrelicreporting_cron','missed','Cron Job magento_newrelicreporting_cron is missed at 2022-03-12 09:56:00','2022-03-12 09:45:05','2022-03-12 09:56:00',NULL,NULL),(551813,'magento_newrelicreporting_cron','missed','Cron Job magento_newrelicreporting_cron is missed at 2022-03-12 09:58:00','2022-03-12 09:45:05','2022-03-12 09:58:00',NULL,NULL),(551814,'magento_newrelicreporting_cron','missed','Cron Job magento_newrelicreporting_cron is missed at 2022-03-12 10:00:00','2022-03-12 09:45:05','2022-03-12 10:00:00',NULL,NULL),(551815,'magento_newrelicreporting_cron','success',NULL,'2022-03-12 09:45:05','2022-03-12 10:02:00','2022-03-12 10:15:09','2022-03-12 10:15:09'),(551816,'magento_newrelicreporting_cron','missed','Cron Job magento_newrelicreporting_cron is missed at 2022-03-12 10:04:00','2022-03-12 09:45:05','2022-03-12 10:04:00',NULL,NULL),(551817,'newsletter_send_all','success',NULL,'2022-03-12 09:45:05','2022-03-12 09:50:00','2022-03-12 10:00:10','2022-03-12 10:00:10'),(551818,'newsletter_send_all','missed','Cron Job newsletter_send_all is missed at 2022-03-12 09:55:00','2022-03-12 09:45:05','2022-03-12 09:55:00',NULL,NULL),(551819,'newsletter_send_all','missed','Cron Job newsletter_send_all is missed at 2022-03-12 10:00:00','2022-03-12 09:45:05','2022-03-12 10:00:00',NULL,NULL),(551820,'bulk_cleanup','missed','Cron Job bulk_cleanup is missed at 2022-03-12 09:50:00','2022-03-12 09:45:05','2022-03-12 09:50:00',NULL,NULL),(551821,'bulk_cleanup','missed','Cron Job bulk_cleanup is missed at 2022-03-12 09:51:00','2022-03-12 09:45:05','2022-03-12 09:51:00',NULL,NULL),(551822,'bulk_cleanup','missed','Cron Job bulk_cleanup is missed at 2022-03-12 09:52:00','2022-03-12 09:45:05','2022-03-12 09:52:00',NULL,NULL),(551823,'bulk_cleanup','missed','Cron Job bulk_cleanup is missed at 2022-03-12 09:53:00','2022-03-12 09:45:05','2022-03-12 09:53:00',NULL,NULL),(551824,'bulk_cleanup','missed','Cron Job bulk_cleanup is missed at 2022-03-12 09:54:00','2022-03-12 09:45:05','2022-03-12 09:54:00',NULL,NULL),(551825,'bulk_cleanup','missed','Cron Job bulk_cleanup is missed at 2022-03-12 09:55:00','2022-03-12 09:45:05','2022-03-12 09:55:00',NULL,NULL),(551826,'bulk_cleanup','missed','Cron Job bulk_cleanup is missed at 2022-03-12 09:56:00','2022-03-12 09:45:05','2022-03-12 09:56:00',NULL,NULL),(551827,'bulk_cleanup','missed','Cron Job bulk_cleanup is missed at 2022-03-12 09:57:00','2022-03-12 09:45:05','2022-03-12 09:57:00',NULL,NULL),(551828,'bulk_cleanup','missed','Cron Job bulk_cleanup is missed at 2022-03-12 09:58:00','2022-03-12 09:45:05','2022-03-12 09:58:00',NULL,NULL),(551829,'bulk_cleanup','missed','Cron Job bulk_cleanup is missed at 2022-03-12 09:59:00','2022-03-12 09:45:05','2022-03-12 09:59:00',NULL,NULL),(551830,'bulk_cleanup','missed','Cron Job bulk_cleanup is missed at 2022-03-12 10:00:00','2022-03-12 09:45:05','2022-03-12 10:00:00',NULL,NULL),(551831,'bulk_cleanup','success',NULL,'2022-03-12 09:45:05','2022-03-12 10:01:00','2022-03-12 10:15:06','2022-03-12 10:15:06'),(551832,'bulk_cleanup','missed','Cron Job bulk_cleanup is missed at 2022-03-12 10:02:00','2022-03-12 09:45:05','2022-03-12 10:02:00',NULL,NULL),(551833,'bulk_cleanup','missed','Cron Job bulk_cleanup is missed at 2022-03-12 10:03:00','2022-03-12 09:45:05','2022-03-12 10:03:00',NULL,NULL),(551834,'bulk_cleanup','missed','Cron Job bulk_cleanup is missed at 2022-03-12 10:04:00','2022-03-12 09:45:05','2022-03-12 10:04:00',NULL,NULL),(551835,'get_amazon_capture_updates','success',NULL,'2022-03-12 09:45:05','2022-03-12 09:50:00','2022-03-12 10:00:09','2022-03-12 10:00:09'),(551836,'get_amazon_capture_updates','missed','Cron Job get_amazon_capture_updates is missed at 2022-03-12 09:55:00','2022-03-12 09:45:05','2022-03-12 09:55:00',NULL,NULL),(551837,'get_amazon_capture_updates','missed','Cron Job get_amazon_capture_updates is missed at 2022-03-12 10:00:00','2022-03-12 09:45:05','2022-03-12 10:00:00',NULL,NULL),(551838,'get_amazon_authorization_updates','success',NULL,'2022-03-12 09:45:05','2022-03-12 09:50:00','2022-03-12 10:00:09','2022-03-12 10:00:09'),(551839,'get_amazon_authorization_updates','missed','Cron Job get_amazon_authorization_updates is missed at 2022-03-12 09:55:00','2022-03-12 09:45:05','2022-03-12 09:55:00',NULL,NULL),(551840,'get_amazon_authorization_updates','missed','Cron Job get_amazon_authorization_updates is missed at 2022-03-12 10:00:00','2022-03-12 09:45:05','2022-03-12 10:00:00',NULL,NULL),(551841,'amazon_payments_process_queued_refunds','success',NULL,'2022-03-12 09:45:05','2022-03-12 09:50:00','2022-03-12 10:00:06','2022-03-12 10:00:06'),(551842,'amazon_payments_process_queued_refunds','missed','Cron Job amazon_payments_process_queued_refunds is missed at 2022-03-12 09:55:00','2022-03-12 09:45:05','2022-03-12 09:55:00',NULL,NULL),(551843,'amazon_payments_process_queued_refunds','missed','Cron Job amazon_payments_process_queued_refunds is missed at 2022-03-12 10:00:00','2022-03-12 09:45:05','2022-03-12 10:00:00',NULL,NULL),(551844,'klarna_core_update_api_log','missed','Cron Job klarna_core_update_api_log is missed at 2022-03-12 09:50:00','2022-03-12 09:45:05','2022-03-12 09:50:00',NULL,NULL),(551845,'klarna_core_update_api_log','missed','Cron Job klarna_core_update_api_log is missed at 2022-03-12 09:51:00','2022-03-12 09:45:05','2022-03-12 09:51:00',NULL,NULL),(551846,'klarna_core_update_api_log','missed','Cron Job klarna_core_update_api_log is missed at 2022-03-12 09:52:00','2022-03-12 09:45:05','2022-03-12 09:52:00',NULL,NULL),(551847,'klarna_core_update_api_log','missed','Cron Job klarna_core_update_api_log is missed at 2022-03-12 09:53:00','2022-03-12 09:45:05','2022-03-12 09:53:00',NULL,NULL),(551848,'klarna_core_update_api_log','missed','Cron Job klarna_core_update_api_log is missed at 2022-03-12 09:54:00','2022-03-12 09:45:05','2022-03-12 09:54:00',NULL,NULL),(551849,'klarna_core_update_api_log','missed','Cron Job klarna_core_update_api_log is missed at 2022-03-12 09:55:00','2022-03-12 09:45:05','2022-03-12 09:55:00',NULL,NULL),(551850,'klarna_core_update_api_log','missed','Cron Job klarna_core_update_api_log is missed at 2022-03-12 09:56:00','2022-03-12 09:45:05','2022-03-12 09:56:00',NULL,NULL),(551851,'klarna_core_update_api_log','missed','Cron Job klarna_core_update_api_log is missed at 2022-03-12 09:57:00','2022-03-12 09:45:06','2022-03-12 09:57:00',NULL,NULL),(551852,'klarna_core_update_api_log','missed','Cron Job klarna_core_update_api_log is missed at 2022-03-12 09:58:00','2022-03-12 09:45:06','2022-03-12 09:58:00',NULL,NULL),(551853,'klarna_core_update_api_log','missed','Cron Job klarna_core_update_api_log is missed at 2022-03-12 09:59:00','2022-03-12 09:45:06','2022-03-12 09:59:00',NULL,NULL),(551854,'klarna_core_update_api_log','missed','Cron Job klarna_core_update_api_log is missed at 2022-03-12 10:00:00','2022-03-12 09:45:06','2022-03-12 10:00:00',NULL,NULL),(551855,'klarna_core_update_api_log','success',NULL,'2022-03-12 09:45:06','2022-03-12 10:01:00','2022-03-12 10:15:09','2022-03-12 10:15:09'),(551856,'klarna_core_update_api_log','missed','Cron Job klarna_core_update_api_log is missed at 2022-03-12 10:02:00','2022-03-12 09:45:06','2022-03-12 10:02:00',NULL,NULL),(551857,'klarna_core_update_api_log','missed','Cron Job klarna_core_update_api_log is missed at 2022-03-12 10:03:00','2022-03-12 09:45:06','2022-03-12 10:03:00',NULL,NULL),(551858,'klarna_core_update_api_log','missed','Cron Job klarna_core_update_api_log is missed at 2022-03-12 10:04:00','2022-03-12 09:45:06','2022-03-12 10:04:00',NULL,NULL),(551859,'swissup_marketplace_job_run','missed','Cron Job swissup_marketplace_job_run is missed at 2022-03-12 09:50:00','2022-03-12 09:45:06','2022-03-12 09:50:00',NULL,NULL),(551860,'swissup_marketplace_job_run','missed','Cron Job swissup_marketplace_job_run is missed at 2022-03-12 09:51:00','2022-03-12 09:45:06','2022-03-12 09:51:00',NULL,NULL),(551861,'swissup_marketplace_job_run','missed','Cron Job swissup_marketplace_job_run is missed at 2022-03-12 09:52:00','2022-03-12 09:45:06','2022-03-12 09:52:00',NULL,NULL),(551862,'swissup_marketplace_job_run','missed','Cron Job swissup_marketplace_job_run is missed at 2022-03-12 09:53:00','2022-03-12 09:45:06','2022-03-12 09:53:00',NULL,NULL),(551863,'swissup_marketplace_job_run','missed','Cron Job swissup_marketplace_job_run is missed at 2022-03-12 09:54:00','2022-03-12 09:45:06','2022-03-12 09:54:00',NULL,NULL),(551864,'swissup_marketplace_job_run','missed','Cron Job swissup_marketplace_job_run is missed at 2022-03-12 09:55:00','2022-03-12 09:45:06','2022-03-12 09:55:00',NULL,NULL),(551865,'swissup_marketplace_job_run','missed','Cron Job swissup_marketplace_job_run is missed at 2022-03-12 09:56:00','2022-03-12 09:45:06','2022-03-12 09:56:00',NULL,NULL),(551866,'swissup_marketplace_job_run','missed','Cron Job swissup_marketplace_job_run is missed at 2022-03-12 09:57:00','2022-03-12 09:45:06','2022-03-12 09:57:00',NULL,NULL),(551867,'swissup_marketplace_job_run','missed','Cron Job swissup_marketplace_job_run is missed at 2022-03-12 09:58:00','2022-03-12 09:45:06','2022-03-12 09:58:00',NULL,NULL),(551868,'swissup_marketplace_job_run','missed','Cron Job swissup_marketplace_job_run is missed at 2022-03-12 09:59:00','2022-03-12 09:45:06','2022-03-12 09:59:00',NULL,NULL),(551869,'swissup_marketplace_job_run','missed','Cron Job swissup_marketplace_job_run is missed at 2022-03-12 10:00:00','2022-03-12 09:45:06','2022-03-12 10:00:00',NULL,NULL),(551870,'swissup_marketplace_job_run','success',NULL,'2022-03-12 09:45:06','2022-03-12 10:01:00','2022-03-12 10:15:14','2022-03-12 10:15:14'),(551871,'swissup_marketplace_job_run','missed','Cron Job swissup_marketplace_job_run is missed at 2022-03-12 10:02:00','2022-03-12 09:45:06','2022-03-12 10:02:00',NULL,NULL),(551872,'swissup_marketplace_job_run','missed','Cron Job swissup_marketplace_job_run is missed at 2022-03-12 10:03:00','2022-03-12 09:45:06','2022-03-12 10:03:00',NULL,NULL),(551873,'swissup_marketplace_job_run','missed','Cron Job swissup_marketplace_job_run is missed at 2022-03-12 10:04:00','2022-03-12 09:45:06','2022-03-12 10:04:00',NULL,NULL),(551874,'indexer_reindex_all_invalid','success',NULL,'2022-03-12 09:45:13','2022-03-12 09:45:00','2022-03-12 09:45:14','2022-03-12 09:45:14'),(551875,'indexer_reindex_all_invalid','missed','Cron Job indexer_reindex_all_invalid is missed at 2022-03-12 09:46:00','2022-03-12 09:45:13','2022-03-12 09:46:00',NULL,NULL),(551876,'indexer_reindex_all_invalid','missed','Cron Job indexer_reindex_all_invalid is missed at 2022-03-12 09:47:00','2022-03-12 09:45:13','2022-03-12 09:47:00',NULL,NULL),(551877,'indexer_reindex_all_invalid','missed','Cron Job indexer_reindex_all_invalid is missed at 2022-03-12 09:48:00','2022-03-12 09:45:13','2022-03-12 09:48:00',NULL,NULL),(551878,'indexer_update_all_views','success',NULL,'2022-03-12 09:45:13','2022-03-12 09:45:00','2022-03-12 09:45:14','2022-03-12 09:45:14'),(551879,'yotpo_yotpo_orders_sync','success',NULL,'2022-03-12 09:45:13','2022-03-12 09:45:00','2022-03-12 09:45:14','2022-03-12 09:45:14'),(551880,'indexer_update_all_views','missed','Cron Job indexer_update_all_views is missed at 2022-03-12 09:46:00','2022-03-12 09:45:13','2022-03-12 09:46:00',NULL,NULL),(551881,'indexer_update_all_views','missed','Cron Job indexer_update_all_views is missed at 2022-03-12 09:47:00','2022-03-12 09:45:13','2022-03-12 09:47:00',NULL,NULL),(551882,'yotpo_yotpo_orders_sync','missed','Cron Job yotpo_yotpo_orders_sync is missed at 2022-03-12 09:46:00','2022-03-12 09:45:13','2022-03-12 09:46:00',NULL,NULL),(551883,'indexer_update_all_views','missed','Cron Job indexer_update_all_views is missed at 2022-03-12 09:48:00','2022-03-12 09:45:13','2022-03-12 09:48:00',NULL,NULL),(551884,'yotpo_yotpo_orders_sync','missed','Cron Job yotpo_yotpo_orders_sync is missed at 2022-03-12 09:47:00','2022-03-12 09:45:14','2022-03-12 09:47:00',NULL,NULL),(551885,'yotpo_yotpo_orders_sync','missed','Cron Job yotpo_yotpo_orders_sync is missed at 2022-03-12 09:48:00','2022-03-12 09:45:14','2022-03-12 09:48:00',NULL,NULL),(551886,'ddg_automation_customer_subscriber_guest_sync','success',NULL,'2022-03-12 09:45:14','2022-03-12 09:45:00','2022-03-12 09:45:15','2022-03-12 09:45:15'),(551887,'ddg_automation_abandonedcarts','success',NULL,'2022-03-12 09:45:14','2022-03-12 09:45:00','2022-03-12 09:45:15','2022-03-12 09:45:15'),(551888,'ddg_automation_importer','success',NULL,'2022-03-12 09:45:14','2022-03-12 09:45:00','2022-03-12 09:45:15','2022-03-12 09:45:16'),(551889,'ddg_automation_status','missed','Cron Job ddg_automation_status is missed at 2022-03-12 09:48:00','2022-03-12 09:45:14','2022-03-12 09:48:00',NULL,NULL),(551890,'ddg_automation_reviews_and_wishlist','success',NULL,'2022-03-12 09:45:14','2022-03-12 09:45:00','2022-03-12 09:45:16','2022-03-12 09:45:16'),(551891,'ddg_automation_campaign','success',NULL,'2022-03-12 09:45:14','2022-03-12 09:45:00','2022-03-12 09:45:15','2022-03-12 09:45:15'),(551892,'ddg_automation_order_sync','success',NULL,'2022-03-12 09:45:14','2022-03-12 09:45:00','2022-03-12 09:45:16','2022-03-12 09:45:16'),(551893,'ddg_automation_catalog_sync','success',NULL,'2022-03-12 09:45:14','2022-03-12 09:45:00','2022-03-12 09:45:15','2022-03-12 09:45:15'),(551894,'consumers_runner','missed','Cron Job consumers_runner is missed at 2022-03-12 09:50:00','2022-03-12 09:45:14','2022-03-12 09:50:00',NULL,NULL),(551895,'ddg_automation_monitor','success',NULL,'2022-03-12 09:45:14','2022-03-12 09:45:00','2022-03-12 09:45:16','2022-03-12 09:45:16'),(551896,'consumers_runner','missed','Cron Job consumers_runner is missed at 2022-03-12 09:51:00','2022-03-12 09:45:14','2022-03-12 09:51:00',NULL,NULL),(551897,'ddg_automation_sms_order_messages','success',NULL,'2022-03-12 09:45:14','2022-03-12 09:45:00','2022-03-12 09:45:14','2022-03-12 09:45:14'),(551898,'consumers_runner','missed','Cron Job consumers_runner is missed at 2022-03-12 09:52:00','2022-03-12 09:45:14','2022-03-12 09:52:00',NULL,NULL),(551899,'ddg_automation_sms_order_messages','missed','Cron Job ddg_automation_sms_order_messages is missed at 2022-03-12 09:46:00','2022-03-12 09:45:14','2022-03-12 09:46:00',NULL,NULL),(551900,'consumers_runner','missed','Cron Job consumers_runner is missed at 2022-03-12 09:53:00','2022-03-12 09:45:14','2022-03-12 09:53:00',NULL,NULL),(551901,'ddg_automation_sms_order_messages','missed','Cron Job ddg_automation_sms_order_messages is missed at 2022-03-12 09:47:00','2022-03-12 09:45:14','2022-03-12 09:47:00',NULL,NULL),(551902,'ddg_automation_sms_order_messages','missed','Cron Job ddg_automation_sms_order_messages is missed at 2022-03-12 09:48:00','2022-03-12 09:45:14','2022-03-12 09:48:00',NULL,NULL),(551903,'consumers_runner','missed','Cron Job consumers_runner is missed at 2022-03-12 09:54:00','2022-03-12 09:45:14','2022-03-12 09:54:00',NULL,NULL),(551904,'consumers_runner','missed','Cron Job consumers_runner is missed at 2022-03-12 09:55:00','2022-03-12 09:45:14','2022-03-12 09:55:00',NULL,NULL),(551905,'consumers_runner','missed','Cron Job consumers_runner is missed at 2022-03-12 09:56:00','2022-03-12 09:45:14','2022-03-12 09:56:00',NULL,NULL),(551906,'consumers_runner','missed','Cron Job consumers_runner is missed at 2022-03-12 09:57:00','2022-03-12 09:45:14','2022-03-12 09:57:00',NULL,NULL),(551907,'consumers_runner','missed','Cron Job consumers_runner is missed at 2022-03-12 09:58:00','2022-03-12 09:45:14','2022-03-12 09:58:00',NULL,NULL),(551908,'consumers_runner','missed','Cron Job consumers_runner is missed at 2022-03-12 09:59:00','2022-03-12 09:45:14','2022-03-12 09:59:00',NULL,NULL),(551909,'consumers_runner','missed','Cron Job consumers_runner is missed at 2022-03-12 10:00:00','2022-03-12 09:45:14','2022-03-12 10:00:00',NULL,NULL),(551910,'consumers_runner','success',NULL,'2022-03-12 09:45:14','2022-03-12 10:01:00','2022-03-12 10:15:12','2022-03-12 10:15:12'),(551911,'consumers_runner','missed','Cron Job consumers_runner is missed at 2022-03-12 10:02:00','2022-03-12 09:45:14','2022-03-12 10:02:00',NULL,NULL),(551912,'consumers_runner','missed','Cron Job consumers_runner is missed at 2022-03-12 10:03:00','2022-03-12 09:45:14','2022-03-12 10:03:00',NULL,NULL),(551913,'consumers_runner','missed','Cron Job consumers_runner is missed at 2022-03-12 10:04:00','2022-03-12 09:45:14','2022-03-12 10:04:00',NULL,NULL),(551914,'catalog_product_outdated_price_values_cleanup','missed','Cron Job catalog_product_outdated_price_values_cleanup is missed at 2022-03-12 10:05:00','2022-03-12 10:00:04','2022-03-12 10:05:00',NULL,NULL),(551915,'catalog_product_outdated_price_values_cleanup','missed','Cron Job catalog_product_outdated_price_values_cleanup is missed at 2022-03-12 10:06:00','2022-03-12 10:00:04','2022-03-12 10:06:00',NULL,NULL),(551916,'catalog_product_outdated_price_values_cleanup','missed','Cron Job catalog_product_outdated_price_values_cleanup is missed at 2022-03-12 10:07:00','2022-03-12 10:00:04','2022-03-12 10:07:00',NULL,NULL),(551917,'catalog_product_outdated_price_values_cleanup','missed','Cron Job catalog_product_outdated_price_values_cleanup is missed at 2022-03-12 10:08:00','2022-03-12 10:00:04','2022-03-12 10:08:00',NULL,NULL),(551918,'catalog_product_outdated_price_values_cleanup','missed','Cron Job catalog_product_outdated_price_values_cleanup is missed at 2022-03-12 10:09:00','2022-03-12 10:00:04','2022-03-12 10:09:00',NULL,NULL),(551919,'catalog_product_outdated_price_values_cleanup','missed','Cron Job catalog_product_outdated_price_values_cleanup is missed at 2022-03-12 10:10:00','2022-03-12 10:00:04','2022-03-12 10:10:00',NULL,NULL),(551920,'catalog_product_outdated_price_values_cleanup','missed','Cron Job catalog_product_outdated_price_values_cleanup is missed at 2022-03-12 10:11:00','2022-03-12 10:00:04','2022-03-12 10:11:00',NULL,NULL),(551921,'catalog_product_outdated_price_values_cleanup','missed','Cron Job catalog_product_outdated_price_values_cleanup is missed at 2022-03-12 10:12:00','2022-03-12 10:00:04','2022-03-12 10:12:00',NULL,NULL),(551922,'catalog_product_outdated_price_values_cleanup','missed','Cron Job catalog_product_outdated_price_values_cleanup is missed at 2022-03-12 10:13:00','2022-03-12 10:00:04','2022-03-12 10:13:00',NULL,NULL),(551923,'catalog_product_outdated_price_values_cleanup','missed','Cron Job catalog_product_outdated_price_values_cleanup is missed at 2022-03-12 10:14:00','2022-03-12 10:00:04','2022-03-12 10:14:00',NULL,NULL),(551924,'catalog_product_outdated_price_values_cleanup','missed','Cron Job catalog_product_outdated_price_values_cleanup is missed at 2022-03-12 10:15:00','2022-03-12 10:00:04','2022-03-12 10:15:00',NULL,NULL),(551925,'catalog_product_outdated_price_values_cleanup','success',NULL,'2022-03-12 10:00:04','2022-03-12 10:16:00','2022-03-12 10:30:08','2022-03-12 10:30:09'),(551926,'catalog_product_outdated_price_values_cleanup','pending',NULL,'2022-03-12 10:00:04','2022-03-12 10:17:00',NULL,NULL),(551927,'catalog_product_outdated_price_values_cleanup','pending',NULL,'2022-03-12 10:00:04','2022-03-12 10:18:00',NULL,NULL),(551928,'catalog_product_outdated_price_values_cleanup','pending',NULL,'2022-03-12 10:00:04','2022-03-12 10:19:00',NULL,NULL),(551929,'catalog_product_frontend_actions_flush','missed','Cron Job catalog_product_frontend_actions_flush is missed at 2022-03-12 10:05:00','2022-03-12 10:00:04','2022-03-12 10:05:00',NULL,NULL),(551930,'catalog_product_frontend_actions_flush','missed','Cron Job catalog_product_frontend_actions_flush is missed at 2022-03-12 10:06:00','2022-03-12 10:00:04','2022-03-12 10:06:00',NULL,NULL),(551931,'catalog_product_frontend_actions_flush','missed','Cron Job catalog_product_frontend_actions_flush is missed at 2022-03-12 10:07:00','2022-03-12 10:00:04','2022-03-12 10:07:00',NULL,NULL),(551932,'catalog_product_frontend_actions_flush','missed','Cron Job catalog_product_frontend_actions_flush is missed at 2022-03-12 10:08:00','2022-03-12 10:00:04','2022-03-12 10:08:00',NULL,NULL),(551933,'catalog_product_frontend_actions_flush','missed','Cron Job catalog_product_frontend_actions_flush is missed at 2022-03-12 10:09:00','2022-03-12 10:00:04','2022-03-12 10:09:00',NULL,NULL),(551934,'catalog_product_frontend_actions_flush','missed','Cron Job catalog_product_frontend_actions_flush is missed at 2022-03-12 10:10:00','2022-03-12 10:00:04','2022-03-12 10:10:00',NULL,NULL),(551935,'catalog_product_frontend_actions_flush','missed','Cron Job catalog_product_frontend_actions_flush is missed at 2022-03-12 10:11:00','2022-03-12 10:00:04','2022-03-12 10:11:00',NULL,NULL),(551936,'catalog_product_frontend_actions_flush','missed','Cron Job catalog_product_frontend_actions_flush is missed at 2022-03-12 10:12:00','2022-03-12 10:00:04','2022-03-12 10:12:00',NULL,NULL),(551937,'catalog_product_frontend_actions_flush','missed','Cron Job catalog_product_frontend_actions_flush is missed at 2022-03-12 10:13:00','2022-03-12 10:00:04','2022-03-12 10:13:00',NULL,NULL),(551938,'catalog_product_frontend_actions_flush','missed','Cron Job catalog_product_frontend_actions_flush is missed at 2022-03-12 10:14:00','2022-03-12 10:00:04','2022-03-12 10:14:00',NULL,NULL),(551939,'catalog_product_frontend_actions_flush','missed','Cron Job catalog_product_frontend_actions_flush is missed at 2022-03-12 10:15:00','2022-03-12 10:00:04','2022-03-12 10:15:00',NULL,NULL),(551940,'catalog_product_frontend_actions_flush','success',NULL,'2022-03-12 10:00:04','2022-03-12 10:16:00','2022-03-12 10:30:07','2022-03-12 10:30:07'),(551941,'catalog_product_frontend_actions_flush','pending',NULL,'2022-03-12 10:00:04','2022-03-12 10:17:00',NULL,NULL),(551942,'catalog_product_frontend_actions_flush','pending',NULL,'2022-03-12 10:00:04','2022-03-12 10:18:00',NULL,NULL),(551943,'catalog_product_frontend_actions_flush','pending',NULL,'2022-03-12 10:00:04','2022-03-12 10:19:00',NULL,NULL),(551944,'catalog_product_attribute_value_synchronize','success',NULL,'2022-03-12 10:00:04','2022-03-12 10:05:00','2022-03-12 10:15:06','2022-03-12 10:15:06'),(551945,'catalog_product_attribute_value_synchronize','missed','Cron Job catalog_product_attribute_value_synchronize is missed at 2022-03-12 10:10:00','2022-03-12 10:00:04','2022-03-12 10:10:00',NULL,NULL),(551946,'catalog_product_attribute_value_synchronize','missed','Cron Job catalog_product_attribute_value_synchronize is missed at 2022-03-12 10:15:00','2022-03-12 10:00:04','2022-03-12 10:15:00',NULL,NULL),(551947,'sales_grid_order_async_insert','missed','Cron Job sales_grid_order_async_insert is missed at 2022-03-12 10:05:00','2022-03-12 10:00:04','2022-03-12 10:05:00',NULL,NULL),(551948,'sales_grid_order_async_insert','missed','Cron Job sales_grid_order_async_insert is missed at 2022-03-12 10:06:00','2022-03-12 10:00:04','2022-03-12 10:06:00',NULL,NULL),(551949,'sales_grid_order_async_insert','missed','Cron Job sales_grid_order_async_insert is missed at 2022-03-12 10:07:00','2022-03-12 10:00:04','2022-03-12 10:07:00',NULL,NULL),(551950,'sales_grid_order_async_insert','missed','Cron Job sales_grid_order_async_insert is missed at 2022-03-12 10:08:00','2022-03-12 10:00:04','2022-03-12 10:08:00',NULL,NULL),(551951,'sales_grid_order_async_insert','missed','Cron Job sales_grid_order_async_insert is missed at 2022-03-12 10:09:00','2022-03-12 10:00:04','2022-03-12 10:09:00',NULL,NULL),(551952,'sales_grid_order_async_insert','missed','Cron Job sales_grid_order_async_insert is missed at 2022-03-12 10:10:00','2022-03-12 10:00:04','2022-03-12 10:10:00',NULL,NULL),(551953,'sales_grid_order_async_insert','missed','Cron Job sales_grid_order_async_insert is missed at 2022-03-12 10:11:00','2022-03-12 10:00:04','2022-03-12 10:11:00',NULL,NULL),(551954,'sales_grid_order_async_insert','missed','Cron Job sales_grid_order_async_insert is missed at 2022-03-12 10:12:00','2022-03-12 10:00:04','2022-03-12 10:12:00',NULL,NULL),(551955,'sales_grid_order_async_insert','missed','Cron Job sales_grid_order_async_insert is missed at 2022-03-12 10:13:00','2022-03-12 10:00:04','2022-03-12 10:13:00',NULL,NULL),(551956,'sales_grid_order_async_insert','missed','Cron Job sales_grid_order_async_insert is missed at 2022-03-12 10:14:00','2022-03-12 10:00:04','2022-03-12 10:14:00',NULL,NULL),(551957,'sales_grid_order_async_insert','missed','Cron Job sales_grid_order_async_insert is missed at 2022-03-12 10:15:00','2022-03-12 10:00:04','2022-03-12 10:15:00',NULL,NULL),(551958,'sales_grid_order_async_insert','success',NULL,'2022-03-12 10:00:04','2022-03-12 10:16:00','2022-03-12 10:30:11','2022-03-12 10:30:11'),(551959,'sales_grid_order_async_insert','pending',NULL,'2022-03-12 10:00:04','2022-03-12 10:17:00',NULL,NULL),(551960,'sales_grid_order_async_insert','pending',NULL,'2022-03-12 10:00:04','2022-03-12 10:18:00',NULL,NULL),(551961,'sales_grid_order_async_insert','pending',NULL,'2022-03-12 10:00:04','2022-03-12 10:19:00',NULL,NULL),(551962,'sales_grid_order_invoice_async_insert','missed','Cron Job sales_grid_order_invoice_async_insert is missed at 2022-03-12 10:05:00','2022-03-12 10:00:04','2022-03-12 10:05:00',NULL,NULL),(551963,'sales_grid_order_invoice_async_insert','missed','Cron Job sales_grid_order_invoice_async_insert is missed at 2022-03-12 10:06:00','2022-03-12 10:00:04','2022-03-12 10:06:00',NULL,NULL),(551964,'sales_grid_order_invoice_async_insert','missed','Cron Job sales_grid_order_invoice_async_insert is missed at 2022-03-12 10:07:00','2022-03-12 10:00:04','2022-03-12 10:07:00',NULL,NULL),(551965,'sales_grid_order_invoice_async_insert','missed','Cron Job sales_grid_order_invoice_async_insert is missed at 2022-03-12 10:08:00','2022-03-12 10:00:04','2022-03-12 10:08:00',NULL,NULL),(551966,'sales_grid_order_invoice_async_insert','missed','Cron Job sales_grid_order_invoice_async_insert is missed at 2022-03-12 10:09:00','2022-03-12 10:00:04','2022-03-12 10:09:00',NULL,NULL),(551967,'sales_grid_order_invoice_async_insert','missed','Cron Job sales_grid_order_invoice_async_insert is missed at 2022-03-12 10:10:00','2022-03-12 10:00:04','2022-03-12 10:10:00',NULL,NULL),(551968,'sales_grid_order_invoice_async_insert','missed','Cron Job sales_grid_order_invoice_async_insert is missed at 2022-03-12 10:11:00','2022-03-12 10:00:04','2022-03-12 10:11:00',NULL,NULL),(551969,'sales_grid_order_invoice_async_insert','missed','Cron Job sales_grid_order_invoice_async_insert is missed at 2022-03-12 10:12:00','2022-03-12 10:00:04','2022-03-12 10:12:00',NULL,NULL),(551970,'sales_grid_order_invoice_async_insert','missed','Cron Job sales_grid_order_invoice_async_insert is missed at 2022-03-12 10:13:00','2022-03-12 10:00:04','2022-03-12 10:13:00',NULL,NULL),(551971,'sales_grid_order_invoice_async_insert','missed','Cron Job sales_grid_order_invoice_async_insert is missed at 2022-03-12 10:14:00','2022-03-12 10:00:04','2022-03-12 10:14:00',NULL,NULL),(551972,'sales_grid_order_invoice_async_insert','missed','Cron Job sales_grid_order_invoice_async_insert is missed at 2022-03-12 10:15:00','2022-03-12 10:00:04','2022-03-12 10:15:00',NULL,NULL),(551973,'sales_grid_order_invoice_async_insert','success',NULL,'2022-03-12 10:00:04','2022-03-12 10:16:00','2022-03-12 10:30:12','2022-03-12 10:30:12'),(551974,'sales_grid_order_invoice_async_insert','pending',NULL,'2022-03-12 10:00:04','2022-03-12 10:17:00',NULL,NULL),(551975,'sales_grid_order_invoice_async_insert','pending',NULL,'2022-03-12 10:00:04','2022-03-12 10:18:00',NULL,NULL),(551976,'sales_grid_order_invoice_async_insert','pending',NULL,'2022-03-12 10:00:04','2022-03-12 10:19:00',NULL,NULL),(551977,'sales_grid_order_shipment_async_insert','missed','Cron Job sales_grid_order_shipment_async_insert is missed at 2022-03-12 10:05:00','2022-03-12 10:00:04','2022-03-12 10:05:00',NULL,NULL),(551978,'sales_grid_order_shipment_async_insert','missed','Cron Job sales_grid_order_shipment_async_insert is missed at 2022-03-12 10:06:00','2022-03-12 10:00:04','2022-03-12 10:06:00',NULL,NULL),(551979,'sales_grid_order_shipment_async_insert','missed','Cron Job sales_grid_order_shipment_async_insert is missed at 2022-03-12 10:07:00','2022-03-12 10:00:04','2022-03-12 10:07:00',NULL,NULL),(551980,'sales_grid_order_shipment_async_insert','missed','Cron Job sales_grid_order_shipment_async_insert is missed at 2022-03-12 10:08:00','2022-03-12 10:00:04','2022-03-12 10:08:00',NULL,NULL),(551981,'sales_grid_order_shipment_async_insert','missed','Cron Job sales_grid_order_shipment_async_insert is missed at 2022-03-12 10:09:00','2022-03-12 10:00:04','2022-03-12 10:09:00',NULL,NULL),(551982,'sales_grid_order_shipment_async_insert','missed','Cron Job sales_grid_order_shipment_async_insert is missed at 2022-03-12 10:10:00','2022-03-12 10:00:04','2022-03-12 10:10:00',NULL,NULL),(551983,'sales_grid_order_shipment_async_insert','missed','Cron Job sales_grid_order_shipment_async_insert is missed at 2022-03-12 10:11:00','2022-03-12 10:00:04','2022-03-12 10:11:00',NULL,NULL),(551984,'sales_grid_order_shipment_async_insert','missed','Cron Job sales_grid_order_shipment_async_insert is missed at 2022-03-12 10:12:00','2022-03-12 10:00:04','2022-03-12 10:12:00',NULL,NULL),(551985,'sales_grid_order_shipment_async_insert','missed','Cron Job sales_grid_order_shipment_async_insert is missed at 2022-03-12 10:13:00','2022-03-12 10:00:04','2022-03-12 10:13:00',NULL,NULL),(551986,'sales_grid_order_shipment_async_insert','missed','Cron Job sales_grid_order_shipment_async_insert is missed at 2022-03-12 10:14:00','2022-03-12 10:00:04','2022-03-12 10:14:00',NULL,NULL),(551987,'sales_grid_order_shipment_async_insert','missed','Cron Job sales_grid_order_shipment_async_insert is missed at 2022-03-12 10:15:00','2022-03-12 10:00:04','2022-03-12 10:15:00',NULL,NULL),(551988,'sales_grid_order_shipment_async_insert','success',NULL,'2022-03-12 10:00:04','2022-03-12 10:16:00','2022-03-12 10:30:12','2022-03-12 10:30:12'),(551989,'sales_grid_order_shipment_async_insert','pending',NULL,'2022-03-12 10:00:04','2022-03-12 10:17:00',NULL,NULL),(551990,'sales_grid_order_shipment_async_insert','pending',NULL,'2022-03-12 10:00:04','2022-03-12 10:18:00',NULL,NULL),(551991,'sales_grid_order_shipment_async_insert','pending',NULL,'2022-03-12 10:00:04','2022-03-12 10:19:00',NULL,NULL),(551992,'sales_grid_order_creditmemo_async_insert','missed','Cron Job sales_grid_order_creditmemo_async_insert is missed at 2022-03-12 10:05:00','2022-03-12 10:00:04','2022-03-12 10:05:00',NULL,NULL),(551993,'sales_grid_order_creditmemo_async_insert','missed','Cron Job sales_grid_order_creditmemo_async_insert is missed at 2022-03-12 10:06:00','2022-03-12 10:00:04','2022-03-12 10:06:00',NULL,NULL),(551994,'sales_grid_order_creditmemo_async_insert','missed','Cron Job sales_grid_order_creditmemo_async_insert is missed at 2022-03-12 10:07:00','2022-03-12 10:00:04','2022-03-12 10:07:00',NULL,NULL),(551995,'sales_grid_order_creditmemo_async_insert','missed','Cron Job sales_grid_order_creditmemo_async_insert is missed at 2022-03-12 10:08:00','2022-03-12 10:00:04','2022-03-12 10:08:00',NULL,NULL),(551996,'sales_grid_order_creditmemo_async_insert','missed','Cron Job sales_grid_order_creditmemo_async_insert is missed at 2022-03-12 10:09:00','2022-03-12 10:00:04','2022-03-12 10:09:00',NULL,NULL),(551997,'sales_grid_order_creditmemo_async_insert','missed','Cron Job sales_grid_order_creditmemo_async_insert is missed at 2022-03-12 10:10:00','2022-03-12 10:00:04','2022-03-12 10:10:00',NULL,NULL),(551998,'sales_grid_order_creditmemo_async_insert','missed','Cron Job sales_grid_order_creditmemo_async_insert is missed at 2022-03-12 10:11:00','2022-03-12 10:00:04','2022-03-12 10:11:00',NULL,NULL),(551999,'sales_grid_order_creditmemo_async_insert','missed','Cron Job sales_grid_order_creditmemo_async_insert is missed at 2022-03-12 10:12:00','2022-03-12 10:00:04','2022-03-12 10:12:00',NULL,NULL),(552000,'sales_grid_order_creditmemo_async_insert','missed','Cron Job sales_grid_order_creditmemo_async_insert is missed at 2022-03-12 10:13:00','2022-03-12 10:00:04','2022-03-12 10:13:00',NULL,NULL),(552001,'sales_grid_order_creditmemo_async_insert','missed','Cron Job sales_grid_order_creditmemo_async_insert is missed at 2022-03-12 10:14:00','2022-03-12 10:00:04','2022-03-12 10:14:00',NULL,NULL),(552002,'sales_grid_order_creditmemo_async_insert','missed','Cron Job sales_grid_order_creditmemo_async_insert is missed at 2022-03-12 10:15:00','2022-03-12 10:00:04','2022-03-12 10:15:00',NULL,NULL),(552003,'sales_grid_order_creditmemo_async_insert','success',NULL,'2022-03-12 10:00:04','2022-03-12 10:16:00','2022-03-12 10:30:12','2022-03-12 10:30:12'),(552004,'sales_grid_order_creditmemo_async_insert','pending',NULL,'2022-03-12 10:00:04','2022-03-12 10:17:00',NULL,NULL),(552005,'sales_grid_order_creditmemo_async_insert','pending',NULL,'2022-03-12 10:00:04','2022-03-12 10:18:00',NULL,NULL),(552006,'sales_grid_order_creditmemo_async_insert','pending',NULL,'2022-03-12 10:00:04','2022-03-12 10:19:00',NULL,NULL),(552007,'sales_send_order_emails','missed','Cron Job sales_send_order_emails is missed at 2022-03-12 10:05:00','2022-03-12 10:00:04','2022-03-12 10:05:00',NULL,NULL),(552008,'sales_send_order_emails','missed','Cron Job sales_send_order_emails is missed at 2022-03-12 10:06:00','2022-03-12 10:00:04','2022-03-12 10:06:00',NULL,NULL),(552009,'sales_send_order_emails','missed','Cron Job sales_send_order_emails is missed at 2022-03-12 10:07:00','2022-03-12 10:00:04','2022-03-12 10:07:00',NULL,NULL),(552010,'sales_send_order_emails','missed','Cron Job sales_send_order_emails is missed at 2022-03-12 10:08:00','2022-03-12 10:00:04','2022-03-12 10:08:00',NULL,NULL),(552011,'sales_send_order_emails','missed','Cron Job sales_send_order_emails is missed at 2022-03-12 10:09:00','2022-03-12 10:00:04','2022-03-12 10:09:00',NULL,NULL),(552012,'sales_send_order_emails','missed','Cron Job sales_send_order_emails is missed at 2022-03-12 10:10:00','2022-03-12 10:00:04','2022-03-12 10:10:00',NULL,NULL),(552013,'sales_send_order_emails','missed','Cron Job sales_send_order_emails is missed at 2022-03-12 10:11:00','2022-03-12 10:00:04','2022-03-12 10:11:00',NULL,NULL),(552014,'sales_send_order_emails','missed','Cron Job sales_send_order_emails is missed at 2022-03-12 10:12:00','2022-03-12 10:00:04','2022-03-12 10:12:00',NULL,NULL),(552015,'sales_send_order_emails','missed','Cron Job sales_send_order_emails is missed at 2022-03-12 10:13:00','2022-03-12 10:00:04','2022-03-12 10:13:00',NULL,NULL),(552016,'sales_send_order_emails','missed','Cron Job sales_send_order_emails is missed at 2022-03-12 10:14:00','2022-03-12 10:00:04','2022-03-12 10:14:00',NULL,NULL),(552017,'sales_send_order_emails','missed','Cron Job sales_send_order_emails is missed at 2022-03-12 10:15:00','2022-03-12 10:00:04','2022-03-12 10:15:00',NULL,NULL),(552018,'sales_send_order_emails','success',NULL,'2022-03-12 10:00:04','2022-03-12 10:16:00','2022-03-12 10:30:13','2022-03-12 10:30:13'),(552019,'sales_send_order_emails','pending',NULL,'2022-03-12 10:00:04','2022-03-12 10:17:00',NULL,NULL),(552020,'sales_send_order_emails','pending',NULL,'2022-03-12 10:00:04','2022-03-12 10:18:00',NULL,NULL),(552021,'sales_send_order_emails','pending',NULL,'2022-03-12 10:00:04','2022-03-12 10:19:00',NULL,NULL),(552022,'sales_send_order_invoice_emails','missed','Cron Job sales_send_order_invoice_emails is missed at 2022-03-12 10:05:00','2022-03-12 10:00:04','2022-03-12 10:05:00',NULL,NULL),(552023,'sales_send_order_invoice_emails','missed','Cron Job sales_send_order_invoice_emails is missed at 2022-03-12 10:06:00','2022-03-12 10:00:04','2022-03-12 10:06:00',NULL,NULL),(552024,'sales_send_order_invoice_emails','missed','Cron Job sales_send_order_invoice_emails is missed at 2022-03-12 10:07:00','2022-03-12 10:00:04','2022-03-12 10:07:00',NULL,NULL),(552025,'sales_send_order_invoice_emails','missed','Cron Job sales_send_order_invoice_emails is missed at 2022-03-12 10:08:00','2022-03-12 10:00:04','2022-03-12 10:08:00',NULL,NULL),(552026,'sales_send_order_invoice_emails','missed','Cron Job sales_send_order_invoice_emails is missed at 2022-03-12 10:09:00','2022-03-12 10:00:04','2022-03-12 10:09:00',NULL,NULL),(552027,'sales_send_order_invoice_emails','missed','Cron Job sales_send_order_invoice_emails is missed at 2022-03-12 10:10:00','2022-03-12 10:00:04','2022-03-12 10:10:00',NULL,NULL),(552028,'sales_send_order_invoice_emails','missed','Cron Job sales_send_order_invoice_emails is missed at 2022-03-12 10:11:00','2022-03-12 10:00:04','2022-03-12 10:11:00',NULL,NULL),(552029,'sales_send_order_invoice_emails','missed','Cron Job sales_send_order_invoice_emails is missed at 2022-03-12 10:12:00','2022-03-12 10:00:04','2022-03-12 10:12:00',NULL,NULL),(552030,'sales_send_order_invoice_emails','missed','Cron Job sales_send_order_invoice_emails is missed at 2022-03-12 10:13:00','2022-03-12 10:00:04','2022-03-12 10:13:00',NULL,NULL),(552031,'sales_send_order_invoice_emails','missed','Cron Job sales_send_order_invoice_emails is missed at 2022-03-12 10:14:00','2022-03-12 10:00:04','2022-03-12 10:14:00',NULL,NULL),(552032,'sales_send_order_invoice_emails','missed','Cron Job sales_send_order_invoice_emails is missed at 2022-03-12 10:15:00','2022-03-12 10:00:04','2022-03-12 10:15:00',NULL,NULL),(552033,'sales_send_order_invoice_emails','success',NULL,'2022-03-12 10:00:04','2022-03-12 10:16:00','2022-03-12 10:30:14','2022-03-12 10:30:14'),(552034,'sales_send_order_invoice_emails','pending',NULL,'2022-03-12 10:00:04','2022-03-12 10:17:00',NULL,NULL),(552035,'sales_send_order_invoice_emails','pending',NULL,'2022-03-12 10:00:04','2022-03-12 10:18:00',NULL,NULL),(552036,'sales_send_order_invoice_emails','pending',NULL,'2022-03-12 10:00:04','2022-03-12 10:19:00',NULL,NULL),(552037,'sales_send_order_shipment_emails','missed','Cron Job sales_send_order_shipment_emails is missed at 2022-03-12 10:05:00','2022-03-12 10:00:04','2022-03-12 10:05:00',NULL,NULL),(552038,'sales_send_order_shipment_emails','missed','Cron Job sales_send_order_shipment_emails is missed at 2022-03-12 10:06:00','2022-03-12 10:00:04','2022-03-12 10:06:00',NULL,NULL),(552039,'sales_send_order_shipment_emails','missed','Cron Job sales_send_order_shipment_emails is missed at 2022-03-12 10:07:00','2022-03-12 10:00:04','2022-03-12 10:07:00',NULL,NULL),(552040,'sales_send_order_shipment_emails','missed','Cron Job sales_send_order_shipment_emails is missed at 2022-03-12 10:08:00','2022-03-12 10:00:04','2022-03-12 10:08:00',NULL,NULL),(552041,'sales_send_order_shipment_emails','missed','Cron Job sales_send_order_shipment_emails is missed at 2022-03-12 10:09:00','2022-03-12 10:00:04','2022-03-12 10:09:00',NULL,NULL),(552042,'sales_send_order_shipment_emails','missed','Cron Job sales_send_order_shipment_emails is missed at 2022-03-12 10:10:00','2022-03-12 10:00:04','2022-03-12 10:10:00',NULL,NULL),(552043,'sales_send_order_shipment_emails','missed','Cron Job sales_send_order_shipment_emails is missed at 2022-03-12 10:11:00','2022-03-12 10:00:04','2022-03-12 10:11:00',NULL,NULL),(552044,'sales_send_order_shipment_emails','missed','Cron Job sales_send_order_shipment_emails is missed at 2022-03-12 10:12:00','2022-03-12 10:00:05','2022-03-12 10:12:00',NULL,NULL),(552045,'sales_send_order_shipment_emails','missed','Cron Job sales_send_order_shipment_emails is missed at 2022-03-12 10:13:00','2022-03-12 10:00:05','2022-03-12 10:13:00',NULL,NULL),(552046,'sales_send_order_shipment_emails','missed','Cron Job sales_send_order_shipment_emails is missed at 2022-03-12 10:14:00','2022-03-12 10:00:05','2022-03-12 10:14:00',NULL,NULL),(552047,'sales_send_order_shipment_emails','missed','Cron Job sales_send_order_shipment_emails is missed at 2022-03-12 10:15:00','2022-03-12 10:00:05','2022-03-12 10:15:00',NULL,NULL),(552048,'sales_send_order_shipment_emails','success',NULL,'2022-03-12 10:00:05','2022-03-12 10:16:00','2022-03-12 10:30:14','2022-03-12 10:30:14'),(552049,'sales_send_order_shipment_emails','pending',NULL,'2022-03-12 10:00:05','2022-03-12 10:17:00',NULL,NULL),(552050,'sales_send_order_shipment_emails','pending',NULL,'2022-03-12 10:00:05','2022-03-12 10:18:00',NULL,NULL),(552051,'sales_send_order_shipment_emails','pending',NULL,'2022-03-12 10:00:05','2022-03-12 10:19:00',NULL,NULL),(552052,'sales_send_order_creditmemo_emails','missed','Cron Job sales_send_order_creditmemo_emails is missed at 2022-03-12 10:05:00','2022-03-12 10:00:05','2022-03-12 10:05:00',NULL,NULL),(552053,'sales_send_order_creditmemo_emails','missed','Cron Job sales_send_order_creditmemo_emails is missed at 2022-03-12 10:06:00','2022-03-12 10:00:05','2022-03-12 10:06:00',NULL,NULL),(552054,'sales_send_order_creditmemo_emails','missed','Cron Job sales_send_order_creditmemo_emails is missed at 2022-03-12 10:07:00','2022-03-12 10:00:05','2022-03-12 10:07:00',NULL,NULL),(552055,'sales_send_order_creditmemo_emails','missed','Cron Job sales_send_order_creditmemo_emails is missed at 2022-03-12 10:08:00','2022-03-12 10:00:05','2022-03-12 10:08:00',NULL,NULL),(552056,'sales_send_order_creditmemo_emails','missed','Cron Job sales_send_order_creditmemo_emails is missed at 2022-03-12 10:09:00','2022-03-12 10:00:05','2022-03-12 10:09:00',NULL,NULL),(552057,'sales_send_order_creditmemo_emails','missed','Cron Job sales_send_order_creditmemo_emails is missed at 2022-03-12 10:10:00','2022-03-12 10:00:05','2022-03-12 10:10:00',NULL,NULL),(552058,'sales_send_order_creditmemo_emails','missed','Cron Job sales_send_order_creditmemo_emails is missed at 2022-03-12 10:11:00','2022-03-12 10:00:05','2022-03-12 10:11:00',NULL,NULL),(552059,'sales_send_order_creditmemo_emails','missed','Cron Job sales_send_order_creditmemo_emails is missed at 2022-03-12 10:12:00','2022-03-12 10:00:05','2022-03-12 10:12:00',NULL,NULL),(552060,'sales_send_order_creditmemo_emails','missed','Cron Job sales_send_order_creditmemo_emails is missed at 2022-03-12 10:13:00','2022-03-12 10:00:05','2022-03-12 10:13:00',NULL,NULL),(552061,'sales_send_order_creditmemo_emails','missed','Cron Job sales_send_order_creditmemo_emails is missed at 2022-03-12 10:14:00','2022-03-12 10:00:05','2022-03-12 10:14:00',NULL,NULL),(552062,'sales_send_order_creditmemo_emails','missed','Cron Job sales_send_order_creditmemo_emails is missed at 2022-03-12 10:15:00','2022-03-12 10:00:05','2022-03-12 10:15:00',NULL,NULL),(552063,'sales_send_order_creditmemo_emails','success',NULL,'2022-03-12 10:00:05','2022-03-12 10:16:00','2022-03-12 10:30:13','2022-03-12 10:30:13'),(552064,'sales_send_order_creditmemo_emails','pending',NULL,'2022-03-12 10:00:05','2022-03-12 10:17:00',NULL,NULL),(552065,'sales_send_order_creditmemo_emails','pending',NULL,'2022-03-12 10:00:05','2022-03-12 10:18:00',NULL,NULL),(552066,'sales_send_order_creditmemo_emails','pending',NULL,'2022-03-12 10:00:05','2022-03-12 10:19:00',NULL,NULL),(552067,'outdated_authentication_failures_cleanup','missed','Cron Job outdated_authentication_failures_cleanup is missed at 2022-03-12 10:05:00','2022-03-12 10:00:05','2022-03-12 10:05:00',NULL,NULL),(552068,'outdated_authentication_failures_cleanup','missed','Cron Job outdated_authentication_failures_cleanup is missed at 2022-03-12 10:06:00','2022-03-12 10:00:05','2022-03-12 10:06:00',NULL,NULL),(552069,'outdated_authentication_failures_cleanup','missed','Cron Job outdated_authentication_failures_cleanup is missed at 2022-03-12 10:07:00','2022-03-12 10:00:05','2022-03-12 10:07:00',NULL,NULL),(552070,'outdated_authentication_failures_cleanup','missed','Cron Job outdated_authentication_failures_cleanup is missed at 2022-03-12 10:08:00','2022-03-12 10:00:05','2022-03-12 10:08:00',NULL,NULL),(552071,'outdated_authentication_failures_cleanup','missed','Cron Job outdated_authentication_failures_cleanup is missed at 2022-03-12 10:09:00','2022-03-12 10:00:05','2022-03-12 10:09:00',NULL,NULL),(552072,'outdated_authentication_failures_cleanup','missed','Cron Job outdated_authentication_failures_cleanup is missed at 2022-03-12 10:10:00','2022-03-12 10:00:05','2022-03-12 10:10:00',NULL,NULL),(552073,'outdated_authentication_failures_cleanup','missed','Cron Job outdated_authentication_failures_cleanup is missed at 2022-03-12 10:11:00','2022-03-12 10:00:05','2022-03-12 10:11:00',NULL,NULL),(552074,'outdated_authentication_failures_cleanup','missed','Cron Job outdated_authentication_failures_cleanup is missed at 2022-03-12 10:12:00','2022-03-12 10:00:05','2022-03-12 10:12:00',NULL,NULL),(552075,'outdated_authentication_failures_cleanup','missed','Cron Job outdated_authentication_failures_cleanup is missed at 2022-03-12 10:13:00','2022-03-12 10:00:05','2022-03-12 10:13:00',NULL,NULL),(552076,'outdated_authentication_failures_cleanup','missed','Cron Job outdated_authentication_failures_cleanup is missed at 2022-03-12 10:14:00','2022-03-12 10:00:05','2022-03-12 10:14:00',NULL,NULL),(552077,'outdated_authentication_failures_cleanup','missed','Cron Job outdated_authentication_failures_cleanup is missed at 2022-03-12 10:15:00','2022-03-12 10:00:05','2022-03-12 10:15:00',NULL,NULL),(552078,'outdated_authentication_failures_cleanup','success',NULL,'2022-03-12 10:00:05','2022-03-12 10:16:00','2022-03-12 10:30:11','2022-03-12 10:30:11'),(552079,'outdated_authentication_failures_cleanup','pending',NULL,'2022-03-12 10:00:05','2022-03-12 10:17:00',NULL,NULL),(552080,'outdated_authentication_failures_cleanup','pending',NULL,'2022-03-12 10:00:05','2022-03-12 10:18:00',NULL,NULL),(552081,'outdated_authentication_failures_cleanup','pending',NULL,'2022-03-12 10:00:05','2022-03-12 10:19:00',NULL,NULL),(552082,'captcha_delete_expired_images','success',NULL,'2022-03-12 10:00:05','2022-03-12 10:10:00','2022-03-12 10:15:06','2022-03-12 10:15:06'),(552083,'inventory_in_store_pickup_sales_send_order_notified_emails','missed','Cron Job inventory_in_store_pickup_sales_send_order_notified_emails is missed at 2022-03-12 10:05:00','2022-03-12 10:00:05','2022-03-12 10:05:00',NULL,NULL),(552084,'inventory_in_store_pickup_sales_send_order_notified_emails','missed','Cron Job inventory_in_store_pickup_sales_send_order_notified_emails is missed at 2022-03-12 10:06:00','2022-03-12 10:00:05','2022-03-12 10:06:00',NULL,NULL),(552085,'inventory_in_store_pickup_sales_send_order_notified_emails','missed','Cron Job inventory_in_store_pickup_sales_send_order_notified_emails is missed at 2022-03-12 10:07:00','2022-03-12 10:00:05','2022-03-12 10:07:00',NULL,NULL),(552086,'inventory_in_store_pickup_sales_send_order_notified_emails','missed','Cron Job inventory_in_store_pickup_sales_send_order_notified_emails is missed at 2022-03-12 10:08:00','2022-03-12 10:00:05','2022-03-12 10:08:00',NULL,NULL),(552087,'inventory_in_store_pickup_sales_send_order_notified_emails','missed','Cron Job inventory_in_store_pickup_sales_send_order_notified_emails is missed at 2022-03-12 10:09:00','2022-03-12 10:00:05','2022-03-12 10:09:00',NULL,NULL),(552088,'inventory_in_store_pickup_sales_send_order_notified_emails','missed','Cron Job inventory_in_store_pickup_sales_send_order_notified_emails is missed at 2022-03-12 10:10:00','2022-03-12 10:00:05','2022-03-12 10:10:00',NULL,NULL),(552089,'inventory_in_store_pickup_sales_send_order_notified_emails','missed','Cron Job inventory_in_store_pickup_sales_send_order_notified_emails is missed at 2022-03-12 10:11:00','2022-03-12 10:00:05','2022-03-12 10:11:00',NULL,NULL),(552090,'inventory_in_store_pickup_sales_send_order_notified_emails','missed','Cron Job inventory_in_store_pickup_sales_send_order_notified_emails is missed at 2022-03-12 10:12:00','2022-03-12 10:00:05','2022-03-12 10:12:00',NULL,NULL),(552091,'inventory_in_store_pickup_sales_send_order_notified_emails','missed','Cron Job inventory_in_store_pickup_sales_send_order_notified_emails is missed at 2022-03-12 10:13:00','2022-03-12 10:00:05','2022-03-12 10:13:00',NULL,NULL),(552092,'inventory_in_store_pickup_sales_send_order_notified_emails','missed','Cron Job inventory_in_store_pickup_sales_send_order_notified_emails is missed at 2022-03-12 10:14:00','2022-03-12 10:00:05','2022-03-12 10:14:00',NULL,NULL),(552093,'inventory_in_store_pickup_sales_send_order_notified_emails','missed','Cron Job inventory_in_store_pickup_sales_send_order_notified_emails is missed at 2022-03-12 10:15:00','2022-03-12 10:00:05','2022-03-12 10:15:00',NULL,NULL),(552094,'inventory_in_store_pickup_sales_send_order_notified_emails','success',NULL,'2022-03-12 10:00:05','2022-03-12 10:16:00','2022-03-12 10:30:10','2022-03-12 10:30:10'),(552095,'inventory_in_store_pickup_sales_send_order_notified_emails','pending',NULL,'2022-03-12 10:00:05','2022-03-12 10:17:00',NULL,NULL),(552096,'inventory_in_store_pickup_sales_send_order_notified_emails','pending',NULL,'2022-03-12 10:00:05','2022-03-12 10:18:00',NULL,NULL),(552097,'inventory_in_store_pickup_sales_send_order_notified_emails','pending',NULL,'2022-03-12 10:00:05','2022-03-12 10:19:00',NULL,NULL),(552098,'magento_newrelicreporting_cron','missed','Cron Job magento_newrelicreporting_cron is missed at 2022-03-12 10:06:00','2022-03-12 10:00:05','2022-03-12 10:06:00',NULL,NULL),(552099,'magento_newrelicreporting_cron','missed','Cron Job magento_newrelicreporting_cron is missed at 2022-03-12 10:08:00','2022-03-12 10:00:05','2022-03-12 10:08:00',NULL,NULL),(552100,'magento_newrelicreporting_cron','missed','Cron Job magento_newrelicreporting_cron is missed at 2022-03-12 10:10:00','2022-03-12 10:00:05','2022-03-12 10:10:00',NULL,NULL),(552101,'magento_newrelicreporting_cron','missed','Cron Job magento_newrelicreporting_cron is missed at 2022-03-12 10:12:00','2022-03-12 10:00:05','2022-03-12 10:12:00',NULL,NULL),(552102,'magento_newrelicreporting_cron','missed','Cron Job magento_newrelicreporting_cron is missed at 2022-03-12 10:14:00','2022-03-12 10:00:05','2022-03-12 10:14:00',NULL,NULL),(552103,'magento_newrelicreporting_cron','success',NULL,'2022-03-12 10:00:05','2022-03-12 10:16:00','2022-03-12 10:30:11','2022-03-12 10:30:11'),(552104,'magento_newrelicreporting_cron','pending',NULL,'2022-03-12 10:00:05','2022-03-12 10:18:00',NULL,NULL),(552105,'newsletter_send_all','success',NULL,'2022-03-12 10:00:05','2022-03-12 10:05:00','2022-03-12 10:15:09','2022-03-12 10:15:09'),(552106,'newsletter_send_all','missed','Cron Job newsletter_send_all is missed at 2022-03-12 10:10:00','2022-03-12 10:00:05','2022-03-12 10:10:00',NULL,NULL),(552107,'newsletter_send_all','missed','Cron Job newsletter_send_all is missed at 2022-03-12 10:15:00','2022-03-12 10:00:05','2022-03-12 10:15:00',NULL,NULL),(552108,'bulk_cleanup','missed','Cron Job bulk_cleanup is missed at 2022-03-12 10:05:00','2022-03-12 10:00:05','2022-03-12 10:05:00',NULL,NULL),(552109,'bulk_cleanup','missed','Cron Job bulk_cleanup is missed at 2022-03-12 10:06:00','2022-03-12 10:00:05','2022-03-12 10:06:00',NULL,NULL),(552110,'bulk_cleanup','missed','Cron Job bulk_cleanup is missed at 2022-03-12 10:07:00','2022-03-12 10:00:05','2022-03-12 10:07:00',NULL,NULL),(552111,'bulk_cleanup','missed','Cron Job bulk_cleanup is missed at 2022-03-12 10:08:00','2022-03-12 10:00:05','2022-03-12 10:08:00',NULL,NULL),(552112,'bulk_cleanup','missed','Cron Job bulk_cleanup is missed at 2022-03-12 10:09:00','2022-03-12 10:00:05','2022-03-12 10:09:00',NULL,NULL),(552113,'bulk_cleanup','missed','Cron Job bulk_cleanup is missed at 2022-03-12 10:10:00','2022-03-12 10:00:05','2022-03-12 10:10:00',NULL,NULL),(552114,'bulk_cleanup','missed','Cron Job bulk_cleanup is missed at 2022-03-12 10:11:00','2022-03-12 10:00:05','2022-03-12 10:11:00',NULL,NULL),(552115,'bulk_cleanup','missed','Cron Job bulk_cleanup is missed at 2022-03-12 10:12:00','2022-03-12 10:00:05','2022-03-12 10:12:00',NULL,NULL),(552116,'bulk_cleanup','missed','Cron Job bulk_cleanup is missed at 2022-03-12 10:13:00','2022-03-12 10:00:05','2022-03-12 10:13:00',NULL,NULL),(552117,'bulk_cleanup','missed','Cron Job bulk_cleanup is missed at 2022-03-12 10:14:00','2022-03-12 10:00:05','2022-03-12 10:14:00',NULL,NULL),(552118,'bulk_cleanup','missed','Cron Job bulk_cleanup is missed at 2022-03-12 10:15:00','2022-03-12 10:00:05','2022-03-12 10:15:00',NULL,NULL),(552119,'bulk_cleanup','success',NULL,'2022-03-12 10:00:05','2022-03-12 10:16:00','2022-03-12 10:30:06','2022-03-12 10:30:06'),(552120,'bulk_cleanup','pending',NULL,'2022-03-12 10:00:05','2022-03-12 10:17:00',NULL,NULL),(552121,'bulk_cleanup','pending',NULL,'2022-03-12 10:00:05','2022-03-12 10:18:00',NULL,NULL),(552122,'bulk_cleanup','pending',NULL,'2022-03-12 10:00:05','2022-03-12 10:19:00',NULL,NULL),(552123,'get_amazon_capture_updates','success',NULL,'2022-03-12 10:00:05','2022-03-12 10:05:00','2022-03-12 10:15:08','2022-03-12 10:15:08'),(552124,'get_amazon_capture_updates','missed','Cron Job get_amazon_capture_updates is missed at 2022-03-12 10:10:00','2022-03-12 10:00:05','2022-03-12 10:10:00',NULL,NULL),(552125,'get_amazon_capture_updates','missed','Cron Job get_amazon_capture_updates is missed at 2022-03-12 10:15:00','2022-03-12 10:00:05','2022-03-12 10:15:00',NULL,NULL),(552126,'get_amazon_authorization_updates','success',NULL,'2022-03-12 10:00:05','2022-03-12 10:05:00','2022-03-12 10:15:08','2022-03-12 10:15:08'),(552127,'get_amazon_authorization_updates','missed','Cron Job get_amazon_authorization_updates is missed at 2022-03-12 10:10:00','2022-03-12 10:00:05','2022-03-12 10:10:00',NULL,NULL),(552128,'get_amazon_authorization_updates','missed','Cron Job get_amazon_authorization_updates is missed at 2022-03-12 10:15:00','2022-03-12 10:00:05','2022-03-12 10:15:00',NULL,NULL),(552129,'amazon_payments_process_queued_refunds','success',NULL,'2022-03-12 10:00:05','2022-03-12 10:05:00','2022-03-12 10:15:06','2022-03-12 10:15:06'),(552130,'amazon_payments_process_queued_refunds','missed','Cron Job amazon_payments_process_queued_refunds is missed at 2022-03-12 10:10:00','2022-03-12 10:00:05','2022-03-12 10:10:00',NULL,NULL),(552131,'amazon_payments_process_queued_refunds','missed','Cron Job amazon_payments_process_queued_refunds is missed at 2022-03-12 10:15:00','2022-03-12 10:00:05','2022-03-12 10:15:00',NULL,NULL),(552132,'klarna_core_update_api_log','missed','Cron Job klarna_core_update_api_log is missed at 2022-03-12 10:05:00','2022-03-12 10:00:05','2022-03-12 10:05:00',NULL,NULL),(552133,'klarna_core_update_api_log','missed','Cron Job klarna_core_update_api_log is missed at 2022-03-12 10:06:00','2022-03-12 10:00:05','2022-03-12 10:06:00',NULL,NULL),(552134,'klarna_core_update_api_log','missed','Cron Job klarna_core_update_api_log is missed at 2022-03-12 10:07:00','2022-03-12 10:00:05','2022-03-12 10:07:00',NULL,NULL),(552135,'klarna_core_update_api_log','missed','Cron Job klarna_core_update_api_log is missed at 2022-03-12 10:08:00','2022-03-12 10:00:05','2022-03-12 10:08:00',NULL,NULL),(552136,'klarna_core_update_api_log','missed','Cron Job klarna_core_update_api_log is missed at 2022-03-12 10:09:00','2022-03-12 10:00:05','2022-03-12 10:09:00',NULL,NULL),(552137,'klarna_core_update_api_log','missed','Cron Job klarna_core_update_api_log is missed at 2022-03-12 10:10:00','2022-03-12 10:00:05','2022-03-12 10:10:00',NULL,NULL),(552138,'klarna_core_update_api_log','missed','Cron Job klarna_core_update_api_log is missed at 2022-03-12 10:11:00','2022-03-12 10:00:05','2022-03-12 10:11:00',NULL,NULL),(552139,'klarna_core_update_api_log','missed','Cron Job klarna_core_update_api_log is missed at 2022-03-12 10:12:00','2022-03-12 10:00:05','2022-03-12 10:12:00',NULL,NULL),(552140,'klarna_core_update_api_log','missed','Cron Job klarna_core_update_api_log is missed at 2022-03-12 10:13:00','2022-03-12 10:00:05','2022-03-12 10:13:00',NULL,NULL),(552141,'klarna_core_update_api_log','missed','Cron Job klarna_core_update_api_log is missed at 2022-03-12 10:14:00','2022-03-12 10:00:05','2022-03-12 10:14:00',NULL,NULL),(552142,'klarna_core_update_api_log','missed','Cron Job klarna_core_update_api_log is missed at 2022-03-12 10:15:00','2022-03-12 10:00:05','2022-03-12 10:15:00',NULL,NULL),(552143,'klarna_core_update_api_log','success',NULL,'2022-03-12 10:00:05','2022-03-12 10:16:00','2022-03-12 10:30:10','2022-03-12 10:30:11'),(552144,'klarna_core_update_api_log','pending',NULL,'2022-03-12 10:00:05','2022-03-12 10:17:00',NULL,NULL),(552145,'klarna_core_update_api_log','pending',NULL,'2022-03-12 10:00:05','2022-03-12 10:18:00',NULL,NULL),(552146,'klarna_core_update_api_log','pending',NULL,'2022-03-12 10:00:05','2022-03-12 10:19:00',NULL,NULL),(552147,'swissup_marketplace_job_run','missed','Cron Job swissup_marketplace_job_run is missed at 2022-03-12 10:05:00','2022-03-12 10:00:05','2022-03-12 10:05:00',NULL,NULL),(552148,'swissup_marketplace_job_run','missed','Cron Job swissup_marketplace_job_run is missed at 2022-03-12 10:06:00','2022-03-12 10:00:06','2022-03-12 10:06:00',NULL,NULL),(552149,'swissup_marketplace_job_run','missed','Cron Job swissup_marketplace_job_run is missed at 2022-03-12 10:07:00','2022-03-12 10:00:06','2022-03-12 10:07:00',NULL,NULL),(552150,'swissup_marketplace_job_run','missed','Cron Job swissup_marketplace_job_run is missed at 2022-03-12 10:08:00','2022-03-12 10:00:06','2022-03-12 10:08:00',NULL,NULL),(552151,'swissup_marketplace_job_run','missed','Cron Job swissup_marketplace_job_run is missed at 2022-03-12 10:09:00','2022-03-12 10:00:06','2022-03-12 10:09:00',NULL,NULL),(552152,'swissup_marketplace_job_run','missed','Cron Job swissup_marketplace_job_run is missed at 2022-03-12 10:10:00','2022-03-12 10:00:06','2022-03-12 10:10:00',NULL,NULL),(552153,'swissup_marketplace_job_run','missed','Cron Job swissup_marketplace_job_run is missed at 2022-03-12 10:11:00','2022-03-12 10:00:06','2022-03-12 10:11:00',NULL,NULL),(552154,'swissup_marketplace_job_run','missed','Cron Job swissup_marketplace_job_run is missed at 2022-03-12 10:12:00','2022-03-12 10:00:06','2022-03-12 10:12:00',NULL,NULL),(552155,'swissup_marketplace_job_run','missed','Cron Job swissup_marketplace_job_run is missed at 2022-03-12 10:13:00','2022-03-12 10:00:06','2022-03-12 10:13:00',NULL,NULL),(552156,'swissup_marketplace_job_run','missed','Cron Job swissup_marketplace_job_run is missed at 2022-03-12 10:14:00','2022-03-12 10:00:06','2022-03-12 10:14:00',NULL,NULL),(552157,'swissup_marketplace_job_run','missed','Cron Job swissup_marketplace_job_run is missed at 2022-03-12 10:15:00','2022-03-12 10:00:06','2022-03-12 10:15:00',NULL,NULL),(552158,'swissup_marketplace_job_run','success',NULL,'2022-03-12 10:00:06','2022-03-12 10:16:00','2022-03-12 10:30:14','2022-03-12 10:30:14'),(552159,'swissup_marketplace_job_run','pending',NULL,'2022-03-12 10:00:06','2022-03-12 10:17:00',NULL,NULL),(552160,'swissup_marketplace_job_run','pending',NULL,'2022-03-12 10:00:06','2022-03-12 10:18:00',NULL,NULL),(552161,'swissup_marketplace_job_run','pending',NULL,'2022-03-12 10:00:06','2022-03-12 10:19:00',NULL,NULL),(552162,'indexer_reindex_all_invalid','success',NULL,'2022-03-12 10:00:11','2022-03-12 10:00:00','2022-03-12 10:00:12','2022-03-12 10:00:12'),(552163,'indexer_reindex_all_invalid','missed','Cron Job indexer_reindex_all_invalid is missed at 2022-03-12 10:01:00','2022-03-12 10:00:11','2022-03-12 10:01:00',NULL,NULL),(552164,'indexer_reindex_all_invalid','missed','Cron Job indexer_reindex_all_invalid is missed at 2022-03-12 10:02:00','2022-03-12 10:00:11','2022-03-12 10:02:00',NULL,NULL),(552165,'indexer_reindex_all_invalid','missed','Cron Job indexer_reindex_all_invalid is missed at 2022-03-12 10:03:00','2022-03-12 10:00:11','2022-03-12 10:03:00',NULL,NULL),(552166,'indexer_update_all_views','success',NULL,'2022-03-12 10:00:11','2022-03-12 10:00:00','2022-03-12 10:00:12','2022-03-12 10:00:12'),(552167,'indexer_update_all_views','missed','Cron Job indexer_update_all_views is missed at 2022-03-12 10:01:00','2022-03-12 10:00:11','2022-03-12 10:01:00',NULL,NULL),(552168,'indexer_update_all_views','missed','Cron Job indexer_update_all_views is missed at 2022-03-12 10:02:00','2022-03-12 10:00:11','2022-03-12 10:02:00',NULL,NULL),(552169,'indexer_update_all_views','missed','Cron Job indexer_update_all_views is missed at 2022-03-12 10:03:00','2022-03-12 10:00:11','2022-03-12 10:03:00',NULL,NULL),(552170,'indexer_clean_all_changelogs','success',NULL,'2022-03-12 10:00:11','2022-03-12 10:00:00','2022-03-12 10:00:12','2022-03-12 10:00:12'),(552171,'ddg_automation_abandonedcarts','success',NULL,'2022-03-12 10:00:12','2022-03-12 10:00:00','2022-03-12 10:00:13','2022-03-12 10:00:14'),(552172,'ddg_automation_customer_subscriber_guest_sync','success',NULL,'2022-03-12 10:00:12','2022-03-12 10:00:00','2022-03-12 10:00:14','2022-03-12 10:00:14'),(552173,'ddg_automation_importer','success',NULL,'2022-03-12 10:00:13','2022-03-12 10:00:00','2022-03-12 10:00:14','2022-03-12 10:00:14'),(552174,'ddg_automation_status','success',NULL,'2022-03-12 10:00:13','2022-03-12 10:00:00','2022-03-12 10:00:15','2022-03-12 10:00:15'),(552175,'ddg_automation_reviews_and_wishlist','success',NULL,'2022-03-12 10:00:13','2022-03-12 10:00:00','2022-03-12 10:00:15','2022-03-12 10:00:15'),(552176,'ddg_automation_campaign','success',NULL,'2022-03-12 10:00:13','2022-03-12 10:00:00','2022-03-12 10:00:14','2022-03-12 10:00:14'),(552177,'ddg_automation_order_sync','success',NULL,'2022-03-12 10:00:13','2022-03-12 10:00:00','2022-03-12 10:00:14','2022-03-12 10:00:14'),(552178,'ddg_automation_catalog_sync','success',NULL,'2022-03-12 10:00:13','2022-03-12 10:00:00','2022-03-12 10:00:14','2022-03-12 10:00:14'),(552179,'ddg_automation_monitor','success',NULL,'2022-03-12 10:00:13','2022-03-12 10:00:00','2022-03-12 10:00:14','2022-03-12 10:00:14'),(552180,'yotpo_yotpo_orders_sync','success',NULL,'2022-03-12 10:00:13','2022-03-12 10:00:00','2022-03-12 10:00:13','2022-03-12 10:00:14'),(552181,'yotpo_yotpo_orders_sync','missed','Cron Job yotpo_yotpo_orders_sync is missed at 2022-03-12 10:01:00','2022-03-12 10:00:13','2022-03-12 10:01:00',NULL,NULL),(552182,'yotpo_yotpo_orders_sync','missed','Cron Job yotpo_yotpo_orders_sync is missed at 2022-03-12 10:02:00','2022-03-12 10:00:13','2022-03-12 10:02:00',NULL,NULL),(552183,'yotpo_yotpo_orders_sync','missed','Cron Job yotpo_yotpo_orders_sync is missed at 2022-03-12 10:03:00','2022-03-12 10:00:13','2022-03-12 10:03:00',NULL,NULL),(552184,'ddg_automation_sms_order_messages','success',NULL,'2022-03-12 10:00:13','2022-03-12 10:00:00','2022-03-12 10:00:14','2022-03-12 10:00:14'),(552185,'ddg_automation_sms_order_messages','missed','Cron Job ddg_automation_sms_order_messages is missed at 2022-03-12 10:01:00','2022-03-12 10:00:13','2022-03-12 10:01:00',NULL,NULL),(552186,'ddg_automation_sms_order_messages','missed','Cron Job ddg_automation_sms_order_messages is missed at 2022-03-12 10:02:00','2022-03-12 10:00:13','2022-03-12 10:02:00',NULL,NULL),(552187,'ddg_automation_sms_order_messages','missed','Cron Job ddg_automation_sms_order_messages is missed at 2022-03-12 10:03:00','2022-03-12 10:00:13','2022-03-12 10:03:00',NULL,NULL),(552188,'catalog_product_outdated_price_values_cleanup','pending',NULL,'2022-03-12 10:15:04','2022-03-12 10:20:00',NULL,NULL),(552189,'catalog_product_outdated_price_values_cleanup','pending',NULL,'2022-03-12 10:15:04','2022-03-12 10:21:00',NULL,NULL),(552190,'catalog_product_outdated_price_values_cleanup','pending',NULL,'2022-03-12 10:15:04','2022-03-12 10:22:00',NULL,NULL),(552191,'catalog_product_outdated_price_values_cleanup','pending',NULL,'2022-03-12 10:15:04','2022-03-12 10:23:00',NULL,NULL),(552192,'catalog_product_outdated_price_values_cleanup','pending',NULL,'2022-03-12 10:15:04','2022-03-12 10:24:00',NULL,NULL),(552193,'catalog_product_outdated_price_values_cleanup','pending',NULL,'2022-03-12 10:15:04','2022-03-12 10:25:00',NULL,NULL),(552194,'catalog_product_outdated_price_values_cleanup','pending',NULL,'2022-03-12 10:15:04','2022-03-12 10:26:00',NULL,NULL),(552195,'catalog_product_outdated_price_values_cleanup','pending',NULL,'2022-03-12 10:15:04','2022-03-12 10:27:00',NULL,NULL),(552196,'catalog_product_outdated_price_values_cleanup','pending',NULL,'2022-03-12 10:15:04','2022-03-12 10:28:00',NULL,NULL),(552197,'catalog_product_outdated_price_values_cleanup','pending',NULL,'2022-03-12 10:15:04','2022-03-12 10:29:00',NULL,NULL),(552198,'catalog_product_outdated_price_values_cleanup','pending',NULL,'2022-03-12 10:15:04','2022-03-12 10:30:00',NULL,NULL),(552199,'catalog_product_outdated_price_values_cleanup','pending',NULL,'2022-03-12 10:15:04','2022-03-12 10:31:00',NULL,NULL),(552200,'catalog_product_outdated_price_values_cleanup','pending',NULL,'2022-03-12 10:15:04','2022-03-12 10:32:00',NULL,NULL),(552201,'catalog_product_outdated_price_values_cleanup','pending',NULL,'2022-03-12 10:15:04','2022-03-12 10:33:00',NULL,NULL),(552202,'catalog_product_outdated_price_values_cleanup','pending',NULL,'2022-03-12 10:15:04','2022-03-12 10:34:00',NULL,NULL),(552203,'catalog_product_frontend_actions_flush','pending',NULL,'2022-03-12 10:15:04','2022-03-12 10:20:00',NULL,NULL),(552204,'catalog_product_frontend_actions_flush','pending',NULL,'2022-03-12 10:15:04','2022-03-12 10:21:00',NULL,NULL),(552205,'catalog_product_frontend_actions_flush','pending',NULL,'2022-03-12 10:15:04','2022-03-12 10:22:00',NULL,NULL),(552206,'catalog_product_frontend_actions_flush','pending',NULL,'2022-03-12 10:15:04','2022-03-12 10:23:00',NULL,NULL),(552207,'catalog_product_frontend_actions_flush','pending',NULL,'2022-03-12 10:15:04','2022-03-12 10:24:00',NULL,NULL),(552208,'catalog_product_frontend_actions_flush','pending',NULL,'2022-03-12 10:15:04','2022-03-12 10:25:00',NULL,NULL),(552209,'catalog_product_frontend_actions_flush','pending',NULL,'2022-03-12 10:15:04','2022-03-12 10:26:00',NULL,NULL),(552210,'catalog_product_frontend_actions_flush','pending',NULL,'2022-03-12 10:15:04','2022-03-12 10:27:00',NULL,NULL),(552211,'catalog_product_frontend_actions_flush','pending',NULL,'2022-03-12 10:15:04','2022-03-12 10:28:00',NULL,NULL),(552212,'catalog_product_frontend_actions_flush','pending',NULL,'2022-03-12 10:15:04','2022-03-12 10:29:00',NULL,NULL),(552213,'catalog_product_frontend_actions_flush','pending',NULL,'2022-03-12 10:15:04','2022-03-12 10:30:00',NULL,NULL),(552214,'catalog_product_frontend_actions_flush','pending',NULL,'2022-03-12 10:15:04','2022-03-12 10:31:00',NULL,NULL),(552215,'catalog_product_frontend_actions_flush','pending',NULL,'2022-03-12 10:15:04','2022-03-12 10:32:00',NULL,NULL),(552216,'catalog_product_frontend_actions_flush','pending',NULL,'2022-03-12 10:15:04','2022-03-12 10:33:00',NULL,NULL),(552217,'catalog_product_frontend_actions_flush','pending',NULL,'2022-03-12 10:15:04','2022-03-12 10:34:00',NULL,NULL),(552218,'catalog_product_attribute_value_synchronize','success',NULL,'2022-03-12 10:15:04','2022-03-12 10:20:00','2022-03-12 10:30:07','2022-03-12 10:30:07'),(552219,'catalog_product_attribute_value_synchronize','pending',NULL,'2022-03-12 10:15:04','2022-03-12 10:25:00',NULL,NULL),(552220,'catalog_product_attribute_value_synchronize','pending',NULL,'2022-03-12 10:15:04','2022-03-12 10:30:00',NULL,NULL),(552221,'sales_grid_order_async_insert','pending',NULL,'2022-03-12 10:15:04','2022-03-12 10:20:00',NULL,NULL),(552222,'sales_grid_order_async_insert','pending',NULL,'2022-03-12 10:15:04','2022-03-12 10:21:00',NULL,NULL),(552223,'sales_grid_order_async_insert','pending',NULL,'2022-03-12 10:15:04','2022-03-12 10:22:00',NULL,NULL),(552224,'sales_grid_order_async_insert','pending',NULL,'2022-03-12 10:15:04','2022-03-12 10:23:00',NULL,NULL),(552225,'sales_grid_order_async_insert','pending',NULL,'2022-03-12 10:15:04','2022-03-12 10:24:00',NULL,NULL),(552226,'sales_grid_order_async_insert','pending',NULL,'2022-03-12 10:15:04','2022-03-12 10:25:00',NULL,NULL),(552227,'sales_grid_order_async_insert','pending',NULL,'2022-03-12 10:15:04','2022-03-12 10:26:00',NULL,NULL),(552228,'sales_grid_order_async_insert','pending',NULL,'2022-03-12 10:15:04','2022-03-12 10:27:00',NULL,NULL),(552229,'sales_grid_order_async_insert','pending',NULL,'2022-03-12 10:15:04','2022-03-12 10:28:00',NULL,NULL),(552230,'sales_grid_order_async_insert','pending',NULL,'2022-03-12 10:15:04','2022-03-12 10:29:00',NULL,NULL),(552231,'sales_grid_order_async_insert','pending',NULL,'2022-03-12 10:15:04','2022-03-12 10:30:00',NULL,NULL),(552232,'sales_grid_order_async_insert','pending',NULL,'2022-03-12 10:15:04','2022-03-12 10:31:00',NULL,NULL),(552233,'sales_grid_order_async_insert','pending',NULL,'2022-03-12 10:15:04','2022-03-12 10:32:00',NULL,NULL),(552234,'sales_grid_order_async_insert','pending',NULL,'2022-03-12 10:15:04','2022-03-12 10:33:00',NULL,NULL),(552235,'sales_grid_order_async_insert','pending',NULL,'2022-03-12 10:15:04','2022-03-12 10:34:00',NULL,NULL),(552236,'sales_grid_order_invoice_async_insert','pending',NULL,'2022-03-12 10:15:04','2022-03-12 10:20:00',NULL,NULL),(552237,'sales_grid_order_invoice_async_insert','pending',NULL,'2022-03-12 10:15:04','2022-03-12 10:21:00',NULL,NULL),(552238,'sales_grid_order_invoice_async_insert','pending',NULL,'2022-03-12 10:15:04','2022-03-12 10:22:00',NULL,NULL),(552239,'sales_grid_order_invoice_async_insert','pending',NULL,'2022-03-12 10:15:04','2022-03-12 10:23:00',NULL,NULL),(552240,'sales_grid_order_invoice_async_insert','pending',NULL,'2022-03-12 10:15:04','2022-03-12 10:24:00',NULL,NULL),(552241,'sales_grid_order_invoice_async_insert','pending',NULL,'2022-03-12 10:15:04','2022-03-12 10:25:00',NULL,NULL),(552242,'sales_grid_order_invoice_async_insert','pending',NULL,'2022-03-12 10:15:04','2022-03-12 10:26:00',NULL,NULL),(552243,'sales_grid_order_invoice_async_insert','pending',NULL,'2022-03-12 10:15:04','2022-03-12 10:27:00',NULL,NULL),(552244,'sales_grid_order_invoice_async_insert','pending',NULL,'2022-03-12 10:15:04','2022-03-12 10:28:00',NULL,NULL),(552245,'sales_grid_order_invoice_async_insert','pending',NULL,'2022-03-12 10:15:04','2022-03-12 10:29:00',NULL,NULL),(552246,'sales_grid_order_invoice_async_insert','pending',NULL,'2022-03-12 10:15:04','2022-03-12 10:30:00',NULL,NULL),(552247,'sales_grid_order_invoice_async_insert','pending',NULL,'2022-03-12 10:15:04','2022-03-12 10:31:00',NULL,NULL),(552248,'sales_grid_order_invoice_async_insert','pending',NULL,'2022-03-12 10:15:04','2022-03-12 10:32:00',NULL,NULL),(552249,'sales_grid_order_invoice_async_insert','pending',NULL,'2022-03-12 10:15:04','2022-03-12 10:33:00',NULL,NULL),(552250,'sales_grid_order_invoice_async_insert','pending',NULL,'2022-03-12 10:15:04','2022-03-12 10:34:00',NULL,NULL),(552251,'sales_grid_order_shipment_async_insert','pending',NULL,'2022-03-12 10:15:04','2022-03-12 10:20:00',NULL,NULL),(552252,'sales_grid_order_shipment_async_insert','pending',NULL,'2022-03-12 10:15:04','2022-03-12 10:21:00',NULL,NULL),(552253,'sales_grid_order_shipment_async_insert','pending',NULL,'2022-03-12 10:15:04','2022-03-12 10:22:00',NULL,NULL),(552254,'sales_grid_order_shipment_async_insert','pending',NULL,'2022-03-12 10:15:04','2022-03-12 10:23:00',NULL,NULL),(552255,'sales_grid_order_shipment_async_insert','pending',NULL,'2022-03-12 10:15:04','2022-03-12 10:24:00',NULL,NULL),(552256,'sales_grid_order_shipment_async_insert','pending',NULL,'2022-03-12 10:15:04','2022-03-12 10:25:00',NULL,NULL),(552257,'sales_grid_order_shipment_async_insert','pending',NULL,'2022-03-12 10:15:04','2022-03-12 10:26:00',NULL,NULL),(552258,'sales_grid_order_shipment_async_insert','pending',NULL,'2022-03-12 10:15:04','2022-03-12 10:27:00',NULL,NULL),(552259,'sales_grid_order_shipment_async_insert','pending',NULL,'2022-03-12 10:15:04','2022-03-12 10:28:00',NULL,NULL),(552260,'sales_grid_order_shipment_async_insert','pending',NULL,'2022-03-12 10:15:04','2022-03-12 10:29:00',NULL,NULL),(552261,'sales_grid_order_shipment_async_insert','pending',NULL,'2022-03-12 10:15:04','2022-03-12 10:30:00',NULL,NULL),(552262,'sales_grid_order_shipment_async_insert','pending',NULL,'2022-03-12 10:15:04','2022-03-12 10:31:00',NULL,NULL),(552263,'sales_grid_order_shipment_async_insert','pending',NULL,'2022-03-12 10:15:04','2022-03-12 10:32:00',NULL,NULL),(552264,'sales_grid_order_shipment_async_insert','pending',NULL,'2022-03-12 10:15:04','2022-03-12 10:33:00',NULL,NULL),(552265,'sales_grid_order_shipment_async_insert','pending',NULL,'2022-03-12 10:15:04','2022-03-12 10:34:00',NULL,NULL),(552266,'sales_grid_order_creditmemo_async_insert','pending',NULL,'2022-03-12 10:15:04','2022-03-12 10:20:00',NULL,NULL),(552267,'sales_grid_order_creditmemo_async_insert','pending',NULL,'2022-03-12 10:15:04','2022-03-12 10:21:00',NULL,NULL),(552268,'sales_grid_order_creditmemo_async_insert','pending',NULL,'2022-03-12 10:15:04','2022-03-12 10:22:00',NULL,NULL),(552269,'sales_grid_order_creditmemo_async_insert','pending',NULL,'2022-03-12 10:15:04','2022-03-12 10:23:00',NULL,NULL),(552270,'sales_grid_order_creditmemo_async_insert','pending',NULL,'2022-03-12 10:15:05','2022-03-12 10:24:00',NULL,NULL),(552271,'sales_grid_order_creditmemo_async_insert','pending',NULL,'2022-03-12 10:15:05','2022-03-12 10:25:00',NULL,NULL),(552272,'sales_grid_order_creditmemo_async_insert','pending',NULL,'2022-03-12 10:15:05','2022-03-12 10:26:00',NULL,NULL),(552273,'sales_grid_order_creditmemo_async_insert','pending',NULL,'2022-03-12 10:15:05','2022-03-12 10:27:00',NULL,NULL),(552274,'sales_grid_order_creditmemo_async_insert','pending',NULL,'2022-03-12 10:15:05','2022-03-12 10:28:00',NULL,NULL),(552275,'sales_grid_order_creditmemo_async_insert','pending',NULL,'2022-03-12 10:15:05','2022-03-12 10:29:00',NULL,NULL),(552276,'sales_grid_order_creditmemo_async_insert','pending',NULL,'2022-03-12 10:15:05','2022-03-12 10:30:00',NULL,NULL),(552277,'sales_grid_order_creditmemo_async_insert','pending',NULL,'2022-03-12 10:15:05','2022-03-12 10:31:00',NULL,NULL),(552278,'sales_grid_order_creditmemo_async_insert','pending',NULL,'2022-03-12 10:15:05','2022-03-12 10:32:00',NULL,NULL),(552279,'sales_grid_order_creditmemo_async_insert','pending',NULL,'2022-03-12 10:15:05','2022-03-12 10:33:00',NULL,NULL),(552280,'sales_grid_order_creditmemo_async_insert','pending',NULL,'2022-03-12 10:15:05','2022-03-12 10:34:00',NULL,NULL),(552281,'sales_send_order_emails','pending',NULL,'2022-03-12 10:15:05','2022-03-12 10:20:00',NULL,NULL),(552282,'sales_send_order_emails','pending',NULL,'2022-03-12 10:15:05','2022-03-12 10:21:00',NULL,NULL),(552283,'sales_send_order_emails','pending',NULL,'2022-03-12 10:15:05','2022-03-12 10:22:00',NULL,NULL),(552284,'sales_send_order_emails','pending',NULL,'2022-03-12 10:15:05','2022-03-12 10:23:00',NULL,NULL),(552285,'sales_send_order_emails','pending',NULL,'2022-03-12 10:15:05','2022-03-12 10:24:00',NULL,NULL),(552286,'sales_send_order_emails','pending',NULL,'2022-03-12 10:15:05','2022-03-12 10:25:00',NULL,NULL),(552287,'sales_send_order_emails','pending',NULL,'2022-03-12 10:15:05','2022-03-12 10:26:00',NULL,NULL),(552288,'sales_send_order_emails','pending',NULL,'2022-03-12 10:15:05','2022-03-12 10:27:00',NULL,NULL),(552289,'sales_send_order_emails','pending',NULL,'2022-03-12 10:15:05','2022-03-12 10:28:00',NULL,NULL),(552290,'sales_send_order_emails','pending',NULL,'2022-03-12 10:15:05','2022-03-12 10:29:00',NULL,NULL),(552291,'sales_send_order_emails','pending',NULL,'2022-03-12 10:15:05','2022-03-12 10:30:00',NULL,NULL),(552292,'sales_send_order_emails','pending',NULL,'2022-03-12 10:15:05','2022-03-12 10:31:00',NULL,NULL),(552293,'sales_send_order_emails','pending',NULL,'2022-03-12 10:15:05','2022-03-12 10:32:00',NULL,NULL),(552294,'sales_send_order_emails','pending',NULL,'2022-03-12 10:15:05','2022-03-12 10:33:00',NULL,NULL),(552295,'sales_send_order_emails','pending',NULL,'2022-03-12 10:15:05','2022-03-12 10:34:00',NULL,NULL),(552296,'sales_send_order_invoice_emails','pending',NULL,'2022-03-12 10:15:05','2022-03-12 10:20:00',NULL,NULL),(552297,'sales_send_order_invoice_emails','pending',NULL,'2022-03-12 10:15:05','2022-03-12 10:21:00',NULL,NULL),(552298,'sales_send_order_invoice_emails','pending',NULL,'2022-03-12 10:15:05','2022-03-12 10:22:00',NULL,NULL),(552299,'sales_send_order_invoice_emails','pending',NULL,'2022-03-12 10:15:05','2022-03-12 10:23:00',NULL,NULL),(552300,'sales_send_order_invoice_emails','pending',NULL,'2022-03-12 10:15:05','2022-03-12 10:24:00',NULL,NULL),(552301,'sales_send_order_invoice_emails','pending',NULL,'2022-03-12 10:15:05','2022-03-12 10:25:00',NULL,NULL),(552302,'sales_send_order_invoice_emails','pending',NULL,'2022-03-12 10:15:05','2022-03-12 10:26:00',NULL,NULL),(552303,'sales_send_order_invoice_emails','pending',NULL,'2022-03-12 10:15:05','2022-03-12 10:27:00',NULL,NULL),(552304,'sales_send_order_invoice_emails','pending',NULL,'2022-03-12 10:15:05','2022-03-12 10:28:00',NULL,NULL),(552305,'sales_send_order_invoice_emails','pending',NULL,'2022-03-12 10:15:05','2022-03-12 10:29:00',NULL,NULL),(552306,'sales_send_order_invoice_emails','pending',NULL,'2022-03-12 10:15:05','2022-03-12 10:30:00',NULL,NULL),(552307,'sales_send_order_invoice_emails','pending',NULL,'2022-03-12 10:15:05','2022-03-12 10:31:00',NULL,NULL),(552308,'sales_send_order_invoice_emails','pending',NULL,'2022-03-12 10:15:05','2022-03-12 10:32:00',NULL,NULL),(552309,'sales_send_order_invoice_emails','pending',NULL,'2022-03-12 10:15:05','2022-03-12 10:33:00',NULL,NULL),(552310,'sales_send_order_invoice_emails','pending',NULL,'2022-03-12 10:15:05','2022-03-12 10:34:00',NULL,NULL),(552311,'sales_send_order_shipment_emails','pending',NULL,'2022-03-12 10:15:05','2022-03-12 10:20:00',NULL,NULL),(552312,'sales_send_order_shipment_emails','pending',NULL,'2022-03-12 10:15:05','2022-03-12 10:21:00',NULL,NULL),(552313,'sales_send_order_shipment_emails','pending',NULL,'2022-03-12 10:15:05','2022-03-12 10:22:00',NULL,NULL),(552314,'sales_send_order_shipment_emails','pending',NULL,'2022-03-12 10:15:05','2022-03-12 10:23:00',NULL,NULL),(552315,'sales_send_order_shipment_emails','pending',NULL,'2022-03-12 10:15:05','2022-03-12 10:24:00',NULL,NULL),(552316,'sales_send_order_shipment_emails','pending',NULL,'2022-03-12 10:15:05','2022-03-12 10:25:00',NULL,NULL),(552317,'sales_send_order_shipment_emails','pending',NULL,'2022-03-12 10:15:05','2022-03-12 10:26:00',NULL,NULL),(552318,'sales_send_order_shipment_emails','pending',NULL,'2022-03-12 10:15:05','2022-03-12 10:27:00',NULL,NULL),(552319,'sales_send_order_shipment_emails','pending',NULL,'2022-03-12 10:15:05','2022-03-12 10:28:00',NULL,NULL),(552320,'sales_send_order_shipment_emails','pending',NULL,'2022-03-12 10:15:05','2022-03-12 10:29:00',NULL,NULL),(552321,'sales_send_order_shipment_emails','pending',NULL,'2022-03-12 10:15:05','2022-03-12 10:30:00',NULL,NULL),(552322,'sales_send_order_shipment_emails','pending',NULL,'2022-03-12 10:15:05','2022-03-12 10:31:00',NULL,NULL),(552323,'sales_send_order_shipment_emails','pending',NULL,'2022-03-12 10:15:05','2022-03-12 10:32:00',NULL,NULL),(552324,'sales_send_order_shipment_emails','pending',NULL,'2022-03-12 10:15:05','2022-03-12 10:33:00',NULL,NULL),(552325,'sales_send_order_shipment_emails','pending',NULL,'2022-03-12 10:15:05','2022-03-12 10:34:00',NULL,NULL),(552326,'sales_send_order_creditmemo_emails','pending',NULL,'2022-03-12 10:15:05','2022-03-12 10:20:00',NULL,NULL),(552327,'sales_send_order_creditmemo_emails','pending',NULL,'2022-03-12 10:15:05','2022-03-12 10:21:00',NULL,NULL),(552328,'sales_send_order_creditmemo_emails','pending',NULL,'2022-03-12 10:15:05','2022-03-12 10:22:00',NULL,NULL),(552329,'sales_send_order_creditmemo_emails','pending',NULL,'2022-03-12 10:15:05','2022-03-12 10:23:00',NULL,NULL),(552330,'sales_send_order_creditmemo_emails','pending',NULL,'2022-03-12 10:15:05','2022-03-12 10:24:00',NULL,NULL),(552331,'sales_send_order_creditmemo_emails','pending',NULL,'2022-03-12 10:15:05','2022-03-12 10:25:00',NULL,NULL),(552332,'sales_send_order_creditmemo_emails','pending',NULL,'2022-03-12 10:15:05','2022-03-12 10:26:00',NULL,NULL),(552333,'sales_send_order_creditmemo_emails','pending',NULL,'2022-03-12 10:15:05','2022-03-12 10:27:00',NULL,NULL),(552334,'sales_send_order_creditmemo_emails','pending',NULL,'2022-03-12 10:15:05','2022-03-12 10:28:00',NULL,NULL),(552335,'sales_send_order_creditmemo_emails','pending',NULL,'2022-03-12 10:15:05','2022-03-12 10:29:00',NULL,NULL),(552336,'sales_send_order_creditmemo_emails','pending',NULL,'2022-03-12 10:15:05','2022-03-12 10:30:00',NULL,NULL),(552337,'sales_send_order_creditmemo_emails','pending',NULL,'2022-03-12 10:15:05','2022-03-12 10:31:00',NULL,NULL),(552338,'sales_send_order_creditmemo_emails','pending',NULL,'2022-03-12 10:15:05','2022-03-12 10:32:00',NULL,NULL),(552339,'sales_send_order_creditmemo_emails','pending',NULL,'2022-03-12 10:15:05','2022-03-12 10:33:00',NULL,NULL),(552340,'sales_send_order_creditmemo_emails','pending',NULL,'2022-03-12 10:15:05','2022-03-12 10:34:00',NULL,NULL),(552341,'outdated_authentication_failures_cleanup','pending',NULL,'2022-03-12 10:15:05','2022-03-12 10:20:00',NULL,NULL),(552342,'outdated_authentication_failures_cleanup','pending',NULL,'2022-03-12 10:15:05','2022-03-12 10:21:00',NULL,NULL),(552343,'outdated_authentication_failures_cleanup','pending',NULL,'2022-03-12 10:15:05','2022-03-12 10:22:00',NULL,NULL),(552344,'outdated_authentication_failures_cleanup','pending',NULL,'2022-03-12 10:15:05','2022-03-12 10:23:00',NULL,NULL),(552345,'outdated_authentication_failures_cleanup','pending',NULL,'2022-03-12 10:15:05','2022-03-12 10:24:00',NULL,NULL),(552346,'outdated_authentication_failures_cleanup','pending',NULL,'2022-03-12 10:15:05','2022-03-12 10:25:00',NULL,NULL),(552347,'outdated_authentication_failures_cleanup','pending',NULL,'2022-03-12 10:15:05','2022-03-12 10:26:00',NULL,NULL),(552348,'outdated_authentication_failures_cleanup','pending',NULL,'2022-03-12 10:15:05','2022-03-12 10:27:00',NULL,NULL),(552349,'outdated_authentication_failures_cleanup','pending',NULL,'2022-03-12 10:15:05','2022-03-12 10:28:00',NULL,NULL),(552350,'outdated_authentication_failures_cleanup','pending',NULL,'2022-03-12 10:15:05','2022-03-12 10:29:00',NULL,NULL),(552351,'outdated_authentication_failures_cleanup','pending',NULL,'2022-03-12 10:15:05','2022-03-12 10:30:00',NULL,NULL),(552352,'outdated_authentication_failures_cleanup','pending',NULL,'2022-03-12 10:15:05','2022-03-12 10:31:00',NULL,NULL),(552353,'outdated_authentication_failures_cleanup','pending',NULL,'2022-03-12 10:15:05','2022-03-12 10:32:00',NULL,NULL),(552354,'outdated_authentication_failures_cleanup','pending',NULL,'2022-03-12 10:15:05','2022-03-12 10:33:00',NULL,NULL),(552355,'outdated_authentication_failures_cleanup','pending',NULL,'2022-03-12 10:15:05','2022-03-12 10:34:00',NULL,NULL),(552356,'captcha_delete_old_attempts','success',NULL,'2022-03-12 10:15:05','2022-03-12 10:30:00','2022-03-12 10:30:07','2022-03-12 10:30:07'),(552357,'captcha_delete_expired_images','success',NULL,'2022-03-12 10:15:05','2022-03-12 10:20:00','2022-03-12 10:30:06','2022-03-12 10:30:07'),(552358,'captcha_delete_expired_images','pending',NULL,'2022-03-12 10:15:05','2022-03-12 10:30:00',NULL,NULL),(552359,'inventory_in_store_pickup_sales_send_order_notified_emails','pending',NULL,'2022-03-12 10:15:05','2022-03-12 10:20:00',NULL,NULL),(552360,'inventory_in_store_pickup_sales_send_order_notified_emails','pending',NULL,'2022-03-12 10:15:05','2022-03-12 10:21:00',NULL,NULL),(552361,'inventory_in_store_pickup_sales_send_order_notified_emails','pending',NULL,'2022-03-12 10:15:05','2022-03-12 10:22:00',NULL,NULL),(552362,'inventory_in_store_pickup_sales_send_order_notified_emails','pending',NULL,'2022-03-12 10:15:05','2022-03-12 10:23:00',NULL,NULL),(552363,'inventory_in_store_pickup_sales_send_order_notified_emails','pending',NULL,'2022-03-12 10:15:05','2022-03-12 10:24:00',NULL,NULL),(552364,'inventory_in_store_pickup_sales_send_order_notified_emails','pending',NULL,'2022-03-12 10:15:05','2022-03-12 10:25:00',NULL,NULL),(552365,'inventory_in_store_pickup_sales_send_order_notified_emails','pending',NULL,'2022-03-12 10:15:05','2022-03-12 10:26:00',NULL,NULL),(552366,'inventory_in_store_pickup_sales_send_order_notified_emails','pending',NULL,'2022-03-12 10:15:05','2022-03-12 10:27:00',NULL,NULL),(552367,'inventory_in_store_pickup_sales_send_order_notified_emails','pending',NULL,'2022-03-12 10:15:05','2022-03-12 10:28:00',NULL,NULL),(552368,'inventory_in_store_pickup_sales_send_order_notified_emails','pending',NULL,'2022-03-12 10:15:05','2022-03-12 10:29:00',NULL,NULL),(552369,'inventory_in_store_pickup_sales_send_order_notified_emails','pending',NULL,'2022-03-12 10:15:05','2022-03-12 10:30:00',NULL,NULL),(552370,'inventory_in_store_pickup_sales_send_order_notified_emails','pending',NULL,'2022-03-12 10:15:05','2022-03-12 10:31:00',NULL,NULL),(552371,'inventory_in_store_pickup_sales_send_order_notified_emails','pending',NULL,'2022-03-12 10:15:05','2022-03-12 10:32:00',NULL,NULL),(552372,'inventory_in_store_pickup_sales_send_order_notified_emails','pending',NULL,'2022-03-12 10:15:05','2022-03-12 10:33:00',NULL,NULL),(552373,'inventory_in_store_pickup_sales_send_order_notified_emails','pending',NULL,'2022-03-12 10:15:05','2022-03-12 10:34:00',NULL,NULL),(552374,'magento_newrelicreporting_cron','pending',NULL,'2022-03-12 10:15:05','2022-03-12 10:20:00',NULL,NULL),(552375,'magento_newrelicreporting_cron','pending',NULL,'2022-03-12 10:15:05','2022-03-12 10:22:00',NULL,NULL),(552376,'magento_newrelicreporting_cron','pending',NULL,'2022-03-12 10:15:05','2022-03-12 10:24:00',NULL,NULL),(552377,'magento_newrelicreporting_cron','pending',NULL,'2022-03-12 10:15:05','2022-03-12 10:26:00',NULL,NULL),(552378,'magento_newrelicreporting_cron','pending',NULL,'2022-03-12 10:15:05','2022-03-12 10:28:00',NULL,NULL),(552379,'magento_newrelicreporting_cron','pending',NULL,'2022-03-12 10:15:05','2022-03-12 10:30:00',NULL,NULL),(552380,'magento_newrelicreporting_cron','pending',NULL,'2022-03-12 10:15:05','2022-03-12 10:32:00',NULL,NULL),(552381,'magento_newrelicreporting_cron','pending',NULL,'2022-03-12 10:15:05','2022-03-12 10:34:00',NULL,NULL),(552382,'newsletter_send_all','success',NULL,'2022-03-12 10:15:05','2022-03-12 10:20:00','2022-03-12 10:30:11','2022-03-12 10:30:11'),(552383,'newsletter_send_all','pending',NULL,'2022-03-12 10:15:05','2022-03-12 10:25:00',NULL,NULL),(552384,'newsletter_send_all','pending',NULL,'2022-03-12 10:15:05','2022-03-12 10:30:00',NULL,NULL),(552385,'bulk_cleanup','pending',NULL,'2022-03-12 10:15:05','2022-03-12 10:20:00',NULL,NULL),(552386,'bulk_cleanup','pending',NULL,'2022-03-12 10:15:05','2022-03-12 10:21:00',NULL,NULL),(552387,'bulk_cleanup','pending',NULL,'2022-03-12 10:15:05','2022-03-12 10:22:00',NULL,NULL),(552388,'bulk_cleanup','pending',NULL,'2022-03-12 10:15:05','2022-03-12 10:23:00',NULL,NULL),(552389,'bulk_cleanup','pending',NULL,'2022-03-12 10:15:05','2022-03-12 10:24:00',NULL,NULL),(552390,'bulk_cleanup','pending',NULL,'2022-03-12 10:15:05','2022-03-12 10:25:00',NULL,NULL),(552391,'bulk_cleanup','pending',NULL,'2022-03-12 10:15:05','2022-03-12 10:26:00',NULL,NULL),(552392,'bulk_cleanup','pending',NULL,'2022-03-12 10:15:05','2022-03-12 10:27:00',NULL,NULL),(552393,'bulk_cleanup','pending',NULL,'2022-03-12 10:15:05','2022-03-12 10:28:00',NULL,NULL),(552394,'bulk_cleanup','pending',NULL,'2022-03-12 10:15:05','2022-03-12 10:29:00',NULL,NULL),(552395,'bulk_cleanup','pending',NULL,'2022-03-12 10:15:05','2022-03-12 10:30:00',NULL,NULL),(552396,'bulk_cleanup','pending',NULL,'2022-03-12 10:15:05','2022-03-12 10:31:00',NULL,NULL),(552397,'bulk_cleanup','pending',NULL,'2022-03-12 10:15:05','2022-03-12 10:32:00',NULL,NULL),(552398,'bulk_cleanup','pending',NULL,'2022-03-12 10:15:05','2022-03-12 10:33:00',NULL,NULL),(552399,'bulk_cleanup','pending',NULL,'2022-03-12 10:15:05','2022-03-12 10:34:00',NULL,NULL),(552400,'get_amazon_capture_updates','success',NULL,'2022-03-12 10:15:05','2022-03-12 10:20:00','2022-03-12 10:30:10','2022-03-12 10:30:10'),(552401,'get_amazon_capture_updates','pending',NULL,'2022-03-12 10:15:05','2022-03-12 10:25:00',NULL,NULL),(552402,'get_amazon_capture_updates','pending',NULL,'2022-03-12 10:15:05','2022-03-12 10:30:00',NULL,NULL),(552403,'get_amazon_authorization_updates','success',NULL,'2022-03-12 10:15:05','2022-03-12 10:20:00','2022-03-12 10:30:10','2022-03-12 10:30:10'),(552404,'get_amazon_authorization_updates','pending',NULL,'2022-03-12 10:15:05','2022-03-12 10:25:00',NULL,NULL),(552405,'get_amazon_authorization_updates','pending',NULL,'2022-03-12 10:15:05','2022-03-12 10:30:00',NULL,NULL),(552406,'amazon_payments_process_queued_refunds','success',NULL,'2022-03-12 10:15:05','2022-03-12 10:20:00','2022-03-12 10:30:06','2022-03-12 10:30:06'),(552407,'amazon_payments_process_queued_refunds','pending',NULL,'2022-03-12 10:15:05','2022-03-12 10:25:00',NULL,NULL),(552408,'amazon_payments_process_queued_refunds','pending',NULL,'2022-03-12 10:15:05','2022-03-12 10:30:00',NULL,NULL),(552409,'klarna_core_update_api_log','pending',NULL,'2022-03-12 10:15:05','2022-03-12 10:20:00',NULL,NULL),(552410,'klarna_core_update_api_log','pending',NULL,'2022-03-12 10:15:05','2022-03-12 10:21:00',NULL,NULL),(552411,'klarna_core_update_api_log','pending',NULL,'2022-03-12 10:15:05','2022-03-12 10:22:00',NULL,NULL),(552412,'klarna_core_update_api_log','pending',NULL,'2022-03-12 10:15:05','2022-03-12 10:23:00',NULL,NULL),(552413,'klarna_core_update_api_log','pending',NULL,'2022-03-12 10:15:05','2022-03-12 10:24:00',NULL,NULL),(552414,'klarna_core_update_api_log','pending',NULL,'2022-03-12 10:15:05','2022-03-12 10:25:00',NULL,NULL),(552415,'klarna_core_update_api_log','pending',NULL,'2022-03-12 10:15:05','2022-03-12 10:26:00',NULL,NULL),(552416,'klarna_core_update_api_log','pending',NULL,'2022-03-12 10:15:05','2022-03-12 10:27:00',NULL,NULL),(552417,'klarna_core_update_api_log','pending',NULL,'2022-03-12 10:15:05','2022-03-12 10:28:00',NULL,NULL),(552418,'klarna_core_update_api_log','pending',NULL,'2022-03-12 10:15:05','2022-03-12 10:29:00',NULL,NULL),(552419,'klarna_core_update_api_log','pending',NULL,'2022-03-12 10:15:05','2022-03-12 10:30:00',NULL,NULL),(552420,'klarna_core_update_api_log','pending',NULL,'2022-03-12 10:15:05','2022-03-12 10:31:00',NULL,NULL),(552421,'klarna_core_update_api_log','pending',NULL,'2022-03-12 10:15:05','2022-03-12 10:32:00',NULL,NULL),(552422,'klarna_core_update_api_log','pending',NULL,'2022-03-12 10:15:05','2022-03-12 10:33:00',NULL,NULL),(552423,'klarna_core_update_api_log','pending',NULL,'2022-03-12 10:15:05','2022-03-12 10:34:00',NULL,NULL),(552424,'swissup_marketplace_job_run','pending',NULL,'2022-03-12 10:15:05','2022-03-12 10:20:00',NULL,NULL),(552425,'swissup_marketplace_job_run','pending',NULL,'2022-03-12 10:15:05','2022-03-12 10:21:00',NULL,NULL),(552426,'swissup_marketplace_job_run','pending',NULL,'2022-03-12 10:15:05','2022-03-12 10:22:00',NULL,NULL),(552427,'swissup_marketplace_job_run','pending',NULL,'2022-03-12 10:15:05','2022-03-12 10:23:00',NULL,NULL),(552428,'swissup_marketplace_job_run','pending',NULL,'2022-03-12 10:15:05','2022-03-12 10:24:00',NULL,NULL),(552429,'swissup_marketplace_job_run','pending',NULL,'2022-03-12 10:15:05','2022-03-12 10:25:00',NULL,NULL),(552430,'swissup_marketplace_job_run','pending',NULL,'2022-03-12 10:15:05','2022-03-12 10:26:00',NULL,NULL),(552431,'swissup_marketplace_job_run','pending',NULL,'2022-03-12 10:15:05','2022-03-12 10:27:00',NULL,NULL),(552432,'swissup_marketplace_job_run','pending',NULL,'2022-03-12 10:15:05','2022-03-12 10:28:00',NULL,NULL),(552433,'swissup_marketplace_job_run','pending',NULL,'2022-03-12 10:15:05','2022-03-12 10:29:00',NULL,NULL),(552434,'swissup_marketplace_job_run','pending',NULL,'2022-03-12 10:15:05','2022-03-12 10:30:00',NULL,NULL),(552435,'swissup_marketplace_job_run','pending',NULL,'2022-03-12 10:15:05','2022-03-12 10:31:00',NULL,NULL),(552436,'swissup_marketplace_job_run','pending',NULL,'2022-03-12 10:15:05','2022-03-12 10:32:00',NULL,NULL),(552437,'swissup_marketplace_job_run','pending',NULL,'2022-03-12 10:15:05','2022-03-12 10:33:00',NULL,NULL),(552438,'swissup_marketplace_job_run','pending',NULL,'2022-03-12 10:15:05','2022-03-12 10:34:00',NULL,NULL),(552439,'consumers_runner','missed','Cron Job consumers_runner is missed at 2022-03-12 10:15:00','2022-03-12 10:15:11','2022-03-12 10:15:00',NULL,NULL),(552440,'consumers_runner','success',NULL,'2022-03-12 10:15:11','2022-03-12 10:16:00','2022-03-12 10:30:14','2022-03-12 10:30:14'),(552441,'consumers_runner','pending',NULL,'2022-03-12 10:15:11','2022-03-12 10:17:00',NULL,NULL),(552442,'consumers_runner','pending',NULL,'2022-03-12 10:15:11','2022-03-12 10:18:00',NULL,NULL),(552443,'consumers_runner','pending',NULL,'2022-03-12 10:15:12','2022-03-12 10:19:00',NULL,NULL),(552444,'consumers_runner','pending',NULL,'2022-03-12 10:15:12','2022-03-12 10:20:00',NULL,NULL),(552445,'consumers_runner','pending',NULL,'2022-03-12 10:15:12','2022-03-12 10:21:00',NULL,NULL),(552446,'consumers_runner','pending',NULL,'2022-03-12 10:15:12','2022-03-12 10:22:00',NULL,NULL),(552447,'consumers_runner','pending',NULL,'2022-03-12 10:15:12','2022-03-12 10:23:00',NULL,NULL),(552448,'consumers_runner','pending',NULL,'2022-03-12 10:15:12','2022-03-12 10:24:00',NULL,NULL),(552449,'consumers_runner','pending',NULL,'2022-03-12 10:15:12','2022-03-12 10:25:00',NULL,NULL),(552450,'consumers_runner','pending',NULL,'2022-03-12 10:15:12','2022-03-12 10:26:00',NULL,NULL),(552451,'consumers_runner','pending',NULL,'2022-03-12 10:15:12','2022-03-12 10:27:00',NULL,NULL),(552452,'consumers_runner','pending',NULL,'2022-03-12 10:15:12','2022-03-12 10:28:00',NULL,NULL),(552453,'consumers_runner','pending',NULL,'2022-03-12 10:15:12','2022-03-12 10:29:00',NULL,NULL),(552454,'consumers_runner','pending',NULL,'2022-03-12 10:15:12','2022-03-12 10:30:00',NULL,NULL),(552455,'consumers_runner','pending',NULL,'2022-03-12 10:15:12','2022-03-12 10:31:00',NULL,NULL),(552456,'consumers_runner','pending',NULL,'2022-03-12 10:15:12','2022-03-12 10:32:00',NULL,NULL),(552457,'consumers_runner','pending',NULL,'2022-03-12 10:15:12','2022-03-12 10:33:00',NULL,NULL),(552458,'consumers_runner','pending',NULL,'2022-03-12 10:15:12','2022-03-12 10:34:00',NULL,NULL),(552459,'indexer_reindex_all_invalid','success',NULL,'2022-03-12 10:15:12','2022-03-12 10:15:00','2022-03-12 10:15:13','2022-03-12 10:15:13'),(552460,'indexer_reindex_all_invalid','missed','Cron Job indexer_reindex_all_invalid is missed at 2022-03-12 10:16:00','2022-03-12 10:15:12','2022-03-12 10:16:00',NULL,NULL),(552461,'indexer_reindex_all_invalid','missed','Cron Job indexer_reindex_all_invalid is missed at 2022-03-12 10:17:00','2022-03-12 10:15:12','2022-03-12 10:17:00',NULL,NULL),(552462,'indexer_reindex_all_invalid','missed','Cron Job indexer_reindex_all_invalid is missed at 2022-03-12 10:18:00','2022-03-12 10:15:12','2022-03-12 10:18:00',NULL,NULL),(552463,'indexer_update_all_views','success',NULL,'2022-03-12 10:15:12','2022-03-12 10:15:00','2022-03-12 10:15:13','2022-03-12 10:15:13'),(552464,'indexer_update_all_views','missed','Cron Job indexer_update_all_views is missed at 2022-03-12 10:16:00','2022-03-12 10:15:12','2022-03-12 10:16:00',NULL,NULL),(552465,'indexer_update_all_views','missed','Cron Job indexer_update_all_views is missed at 2022-03-12 10:17:00','2022-03-12 10:15:12','2022-03-12 10:17:00',NULL,NULL),(552466,'indexer_update_all_views','missed','Cron Job indexer_update_all_views is missed at 2022-03-12 10:18:00','2022-03-12 10:15:12','2022-03-12 10:18:00',NULL,NULL),(552467,'yotpo_yotpo_orders_sync','success',NULL,'2022-03-12 10:15:12','2022-03-12 10:15:00','2022-03-12 10:15:13','2022-03-12 10:15:13'),(552468,'yotpo_yotpo_orders_sync','missed','Cron Job yotpo_yotpo_orders_sync is missed at 2022-03-12 10:16:00','2022-03-12 10:15:13','2022-03-12 10:16:00',NULL,NULL),(552469,'yotpo_yotpo_orders_sync','missed','Cron Job yotpo_yotpo_orders_sync is missed at 2022-03-12 10:17:00','2022-03-12 10:15:13','2022-03-12 10:17:00',NULL,NULL),(552470,'yotpo_yotpo_orders_sync','missed','Cron Job yotpo_yotpo_orders_sync is missed at 2022-03-12 10:18:00','2022-03-12 10:15:13','2022-03-12 10:18:00',NULL,NULL),(552471,'ddg_automation_customer_subscriber_guest_sync','success',NULL,'2022-03-12 10:15:13','2022-03-12 10:15:00','2022-03-12 10:15:14','2022-03-12 10:15:14'),(552472,'ddg_automation_importer','success',NULL,'2022-03-12 10:15:13','2022-03-12 10:15:00','2022-03-12 10:15:14','2022-03-12 10:15:14'),(552473,'ddg_automation_status','missed','Cron Job ddg_automation_status is missed at 2022-03-12 10:16:00','2022-03-12 10:15:13','2022-03-12 10:16:00',NULL,NULL),(552474,'ddg_automation_reviews_and_wishlist','success',NULL,'2022-03-12 10:15:13','2022-03-12 10:15:00','2022-03-12 10:15:15','2022-03-12 10:15:15'),(552475,'ddg_automation_campaign','success',NULL,'2022-03-12 10:15:13','2022-03-12 10:15:00','2022-03-12 10:15:14','2022-03-12 10:15:14'),(552476,'ddg_automation_order_sync','success',NULL,'2022-03-12 10:15:13','2022-03-12 10:15:00','2022-03-12 10:15:15','2022-03-12 10:15:15'),(552477,'ddg_automation_catalog_sync','success',NULL,'2022-03-12 10:15:13','2022-03-12 10:15:00','2022-03-12 10:15:14','2022-03-12 10:15:14'),(552478,'ddg_automation_monitor','success',NULL,'2022-03-12 10:15:13','2022-03-12 10:15:00','2022-03-12 10:15:14','2022-03-12 10:15:15'),(552479,'ddg_automation_abandonedcarts','success',NULL,'2022-03-12 10:15:13','2022-03-12 10:15:00','2022-03-12 10:15:14','2022-03-12 10:15:14'),(552480,'ddg_automation_sms_order_messages','success',NULL,'2022-03-12 10:15:13','2022-03-12 10:15:00','2022-03-12 10:15:13','2022-03-12 10:15:13'),(552481,'ddg_automation_sms_order_messages','missed','Cron Job ddg_automation_sms_order_messages is missed at 2022-03-12 10:16:00','2022-03-12 10:15:13','2022-03-12 10:16:00',NULL,NULL),(552482,'ddg_automation_sms_order_messages','missed','Cron Job ddg_automation_sms_order_messages is missed at 2022-03-12 10:17:00','2022-03-12 10:15:13','2022-03-12 10:17:00',NULL,NULL),(552483,'ddg_automation_sms_order_messages','missed','Cron Job ddg_automation_sms_order_messages is missed at 2022-03-12 10:18:00','2022-03-12 10:15:13','2022-03-12 10:18:00',NULL,NULL),(552484,'catalog_product_outdated_price_values_cleanup','pending',NULL,'2022-03-12 10:30:04','2022-03-12 10:35:00',NULL,NULL),(552485,'catalog_product_outdated_price_values_cleanup','pending',NULL,'2022-03-12 10:30:04','2022-03-12 10:36:00',NULL,NULL),(552486,'catalog_product_outdated_price_values_cleanup','pending',NULL,'2022-03-12 10:30:04','2022-03-12 10:37:00',NULL,NULL),(552487,'catalog_product_outdated_price_values_cleanup','pending',NULL,'2022-03-12 10:30:04','2022-03-12 10:38:00',NULL,NULL),(552488,'catalog_product_outdated_price_values_cleanup','pending',NULL,'2022-03-12 10:30:04','2022-03-12 10:39:00',NULL,NULL),(552489,'catalog_product_outdated_price_values_cleanup','pending',NULL,'2022-03-12 10:30:04','2022-03-12 10:40:00',NULL,NULL),(552490,'catalog_product_outdated_price_values_cleanup','pending',NULL,'2022-03-12 10:30:04','2022-03-12 10:41:00',NULL,NULL),(552491,'catalog_product_outdated_price_values_cleanup','pending',NULL,'2022-03-12 10:30:04','2022-03-12 10:42:00',NULL,NULL),(552492,'catalog_product_outdated_price_values_cleanup','pending',NULL,'2022-03-12 10:30:04','2022-03-12 10:43:00',NULL,NULL),(552493,'catalog_product_outdated_price_values_cleanup','pending',NULL,'2022-03-12 10:30:04','2022-03-12 10:44:00',NULL,NULL),(552494,'catalog_product_outdated_price_values_cleanup','pending',NULL,'2022-03-12 10:30:04','2022-03-12 10:45:00',NULL,NULL),(552495,'catalog_product_outdated_price_values_cleanup','pending',NULL,'2022-03-12 10:30:04','2022-03-12 10:46:00',NULL,NULL),(552496,'catalog_product_outdated_price_values_cleanup','pending',NULL,'2022-03-12 10:30:04','2022-03-12 10:47:00',NULL,NULL),(552497,'catalog_product_outdated_price_values_cleanup','pending',NULL,'2022-03-12 10:30:04','2022-03-12 10:48:00',NULL,NULL),(552498,'catalog_product_outdated_price_values_cleanup','pending',NULL,'2022-03-12 10:30:04','2022-03-12 10:49:00',NULL,NULL),(552499,'catalog_product_frontend_actions_flush','pending',NULL,'2022-03-12 10:30:04','2022-03-12 10:35:00',NULL,NULL),(552500,'catalog_product_frontend_actions_flush','pending',NULL,'2022-03-12 10:30:04','2022-03-12 10:36:00',NULL,NULL),(552501,'catalog_product_frontend_actions_flush','pending',NULL,'2022-03-12 10:30:04','2022-03-12 10:37:00',NULL,NULL),(552502,'catalog_product_frontend_actions_flush','pending',NULL,'2022-03-12 10:30:04','2022-03-12 10:38:00',NULL,NULL),(552503,'catalog_product_frontend_actions_flush','pending',NULL,'2022-03-12 10:30:04','2022-03-12 10:39:00',NULL,NULL),(552504,'catalog_product_frontend_actions_flush','pending',NULL,'2022-03-12 10:30:04','2022-03-12 10:40:00',NULL,NULL),(552505,'catalog_product_frontend_actions_flush','pending',NULL,'2022-03-12 10:30:04','2022-03-12 10:41:00',NULL,NULL),(552506,'catalog_product_frontend_actions_flush','pending',NULL,'2022-03-12 10:30:04','2022-03-12 10:42:00',NULL,NULL),(552507,'catalog_product_frontend_actions_flush','pending',NULL,'2022-03-12 10:30:04','2022-03-12 10:43:00',NULL,NULL),(552508,'catalog_product_frontend_actions_flush','pending',NULL,'2022-03-12 10:30:04','2022-03-12 10:44:00',NULL,NULL),(552509,'catalog_product_frontend_actions_flush','pending',NULL,'2022-03-12 10:30:04','2022-03-12 10:45:00',NULL,NULL),(552510,'catalog_product_frontend_actions_flush','pending',NULL,'2022-03-12 10:30:04','2022-03-12 10:46:00',NULL,NULL),(552511,'catalog_product_frontend_actions_flush','pending',NULL,'2022-03-12 10:30:04','2022-03-12 10:47:00',NULL,NULL),(552512,'catalog_product_frontend_actions_flush','pending',NULL,'2022-03-12 10:30:04','2022-03-12 10:48:00',NULL,NULL),(552513,'catalog_product_frontend_actions_flush','pending',NULL,'2022-03-12 10:30:04','2022-03-12 10:49:00',NULL,NULL),(552514,'catalog_product_attribute_value_synchronize','pending',NULL,'2022-03-12 10:30:04','2022-03-12 10:35:00',NULL,NULL),(552515,'catalog_product_attribute_value_synchronize','pending',NULL,'2022-03-12 10:30:04','2022-03-12 10:40:00',NULL,NULL),(552516,'catalog_product_attribute_value_synchronize','pending',NULL,'2022-03-12 10:30:04','2022-03-12 10:45:00',NULL,NULL),(552517,'sales_grid_order_async_insert','pending',NULL,'2022-03-12 10:30:04','2022-03-12 10:35:00',NULL,NULL),(552518,'sales_grid_order_async_insert','pending',NULL,'2022-03-12 10:30:04','2022-03-12 10:36:00',NULL,NULL),(552519,'sales_grid_order_async_insert','pending',NULL,'2022-03-12 10:30:04','2022-03-12 10:37:00',NULL,NULL),(552520,'sales_grid_order_async_insert','pending',NULL,'2022-03-12 10:30:04','2022-03-12 10:38:00',NULL,NULL),(552521,'sales_grid_order_async_insert','pending',NULL,'2022-03-12 10:30:04','2022-03-12 10:39:00',NULL,NULL),(552522,'sales_grid_order_async_insert','pending',NULL,'2022-03-12 10:30:04','2022-03-12 10:40:00',NULL,NULL),(552523,'sales_grid_order_async_insert','pending',NULL,'2022-03-12 10:30:04','2022-03-12 10:41:00',NULL,NULL),(552524,'sales_grid_order_async_insert','pending',NULL,'2022-03-12 10:30:04','2022-03-12 10:42:00',NULL,NULL),(552525,'sales_grid_order_async_insert','pending',NULL,'2022-03-12 10:30:04','2022-03-12 10:43:00',NULL,NULL),(552526,'sales_grid_order_async_insert','pending',NULL,'2022-03-12 10:30:04','2022-03-12 10:44:00',NULL,NULL),(552527,'sales_grid_order_async_insert','pending',NULL,'2022-03-12 10:30:04','2022-03-12 10:45:00',NULL,NULL),(552528,'sales_grid_order_async_insert','pending',NULL,'2022-03-12 10:30:04','2022-03-12 10:46:00',NULL,NULL),(552529,'sales_grid_order_async_insert','pending',NULL,'2022-03-12 10:30:04','2022-03-12 10:47:00',NULL,NULL),(552530,'sales_grid_order_async_insert','pending',NULL,'2022-03-12 10:30:04','2022-03-12 10:48:00',NULL,NULL),(552531,'sales_grid_order_async_insert','pending',NULL,'2022-03-12 10:30:04','2022-03-12 10:49:00',NULL,NULL),(552532,'sales_grid_order_invoice_async_insert','pending',NULL,'2022-03-12 10:30:04','2022-03-12 10:35:00',NULL,NULL),(552533,'sales_grid_order_invoice_async_insert','pending',NULL,'2022-03-12 10:30:04','2022-03-12 10:36:00',NULL,NULL),(552534,'sales_grid_order_invoice_async_insert','pending',NULL,'2022-03-12 10:30:04','2022-03-12 10:37:00',NULL,NULL),(552535,'sales_grid_order_invoice_async_insert','pending',NULL,'2022-03-12 10:30:04','2022-03-12 10:38:00',NULL,NULL),(552536,'sales_grid_order_invoice_async_insert','pending',NULL,'2022-03-12 10:30:04','2022-03-12 10:39:00',NULL,NULL),(552537,'sales_grid_order_invoice_async_insert','pending',NULL,'2022-03-12 10:30:04','2022-03-12 10:40:00',NULL,NULL),(552538,'sales_grid_order_invoice_async_insert','pending',NULL,'2022-03-12 10:30:04','2022-03-12 10:41:00',NULL,NULL),(552539,'sales_grid_order_invoice_async_insert','pending',NULL,'2022-03-12 10:30:04','2022-03-12 10:42:00',NULL,NULL),(552540,'sales_grid_order_invoice_async_insert','pending',NULL,'2022-03-12 10:30:04','2022-03-12 10:43:00',NULL,NULL),(552541,'sales_grid_order_invoice_async_insert','pending',NULL,'2022-03-12 10:30:04','2022-03-12 10:44:00',NULL,NULL),(552542,'sales_grid_order_invoice_async_insert','pending',NULL,'2022-03-12 10:30:04','2022-03-12 10:45:00',NULL,NULL),(552543,'sales_grid_order_invoice_async_insert','pending',NULL,'2022-03-12 10:30:04','2022-03-12 10:46:00',NULL,NULL),(552544,'sales_grid_order_invoice_async_insert','pending',NULL,'2022-03-12 10:30:04','2022-03-12 10:47:00',NULL,NULL),(552545,'sales_grid_order_invoice_async_insert','pending',NULL,'2022-03-12 10:30:04','2022-03-12 10:48:00',NULL,NULL),(552546,'sales_grid_order_invoice_async_insert','pending',NULL,'2022-03-12 10:30:04','2022-03-12 10:49:00',NULL,NULL),(552547,'sales_grid_order_shipment_async_insert','pending',NULL,'2022-03-12 10:30:04','2022-03-12 10:35:00',NULL,NULL),(552548,'sales_grid_order_shipment_async_insert','pending',NULL,'2022-03-12 10:30:04','2022-03-12 10:36:00',NULL,NULL),(552549,'sales_grid_order_shipment_async_insert','pending',NULL,'2022-03-12 10:30:04','2022-03-12 10:37:00',NULL,NULL),(552550,'sales_grid_order_shipment_async_insert','pending',NULL,'2022-03-12 10:30:04','2022-03-12 10:38:00',NULL,NULL),(552551,'sales_grid_order_shipment_async_insert','pending',NULL,'2022-03-12 10:30:04','2022-03-12 10:39:00',NULL,NULL),(552552,'sales_grid_order_shipment_async_insert','pending',NULL,'2022-03-12 10:30:04','2022-03-12 10:40:00',NULL,NULL),(552553,'sales_grid_order_shipment_async_insert','pending',NULL,'2022-03-12 10:30:04','2022-03-12 10:41:00',NULL,NULL),(552554,'sales_grid_order_shipment_async_insert','pending',NULL,'2022-03-12 10:30:04','2022-03-12 10:42:00',NULL,NULL),(552555,'sales_grid_order_shipment_async_insert','pending',NULL,'2022-03-12 10:30:04','2022-03-12 10:43:00',NULL,NULL),(552556,'sales_grid_order_shipment_async_insert','pending',NULL,'2022-03-12 10:30:04','2022-03-12 10:44:00',NULL,NULL),(552557,'sales_grid_order_shipment_async_insert','pending',NULL,'2022-03-12 10:30:04','2022-03-12 10:45:00',NULL,NULL),(552558,'sales_grid_order_shipment_async_insert','pending',NULL,'2022-03-12 10:30:04','2022-03-12 10:46:00',NULL,NULL),(552559,'sales_grid_order_shipment_async_insert','pending',NULL,'2022-03-12 10:30:04','2022-03-12 10:47:00',NULL,NULL),(552560,'sales_grid_order_shipment_async_insert','pending',NULL,'2022-03-12 10:30:04','2022-03-12 10:48:00',NULL,NULL),(552561,'sales_grid_order_shipment_async_insert','pending',NULL,'2022-03-12 10:30:04','2022-03-12 10:49:00',NULL,NULL),(552562,'sales_grid_order_creditmemo_async_insert','pending',NULL,'2022-03-12 10:30:04','2022-03-12 10:35:00',NULL,NULL),(552563,'sales_grid_order_creditmemo_async_insert','pending',NULL,'2022-03-12 10:30:04','2022-03-12 10:36:00',NULL,NULL),(552564,'sales_grid_order_creditmemo_async_insert','pending',NULL,'2022-03-12 10:30:04','2022-03-12 10:37:00',NULL,NULL),(552565,'sales_grid_order_creditmemo_async_insert','pending',NULL,'2022-03-12 10:30:04','2022-03-12 10:38:00',NULL,NULL),(552566,'sales_grid_order_creditmemo_async_insert','pending',NULL,'2022-03-12 10:30:04','2022-03-12 10:39:00',NULL,NULL),(552567,'sales_grid_order_creditmemo_async_insert','pending',NULL,'2022-03-12 10:30:04','2022-03-12 10:40:00',NULL,NULL),(552568,'sales_grid_order_creditmemo_async_insert','pending',NULL,'2022-03-12 10:30:04','2022-03-12 10:41:00',NULL,NULL),(552569,'sales_grid_order_creditmemo_async_insert','pending',NULL,'2022-03-12 10:30:04','2022-03-12 10:42:00',NULL,NULL),(552570,'sales_grid_order_creditmemo_async_insert','pending',NULL,'2022-03-12 10:30:04','2022-03-12 10:43:00',NULL,NULL),(552571,'sales_grid_order_creditmemo_async_insert','pending',NULL,'2022-03-12 10:30:04','2022-03-12 10:44:00',NULL,NULL),(552572,'sales_grid_order_creditmemo_async_insert','pending',NULL,'2022-03-12 10:30:04','2022-03-12 10:45:00',NULL,NULL),(552573,'sales_grid_order_creditmemo_async_insert','pending',NULL,'2022-03-12 10:30:04','2022-03-12 10:46:00',NULL,NULL),(552574,'sales_grid_order_creditmemo_async_insert','pending',NULL,'2022-03-12 10:30:04','2022-03-12 10:47:00',NULL,NULL),(552575,'sales_grid_order_creditmemo_async_insert','pending',NULL,'2022-03-12 10:30:04','2022-03-12 10:48:00',NULL,NULL),(552576,'sales_grid_order_creditmemo_async_insert','pending',NULL,'2022-03-12 10:30:04','2022-03-12 10:49:00',NULL,NULL),(552577,'sales_send_order_emails','pending',NULL,'2022-03-12 10:30:04','2022-03-12 10:35:00',NULL,NULL),(552578,'sales_send_order_emails','pending',NULL,'2022-03-12 10:30:04','2022-03-12 10:36:00',NULL,NULL),(552579,'sales_send_order_emails','pending',NULL,'2022-03-12 10:30:04','2022-03-12 10:37:00',NULL,NULL),(552580,'sales_send_order_emails','pending',NULL,'2022-03-12 10:30:04','2022-03-12 10:38:00',NULL,NULL),(552581,'sales_send_order_emails','pending',NULL,'2022-03-12 10:30:04','2022-03-12 10:39:00',NULL,NULL),(552582,'sales_send_order_emails','pending',NULL,'2022-03-12 10:30:04','2022-03-12 10:40:00',NULL,NULL),(552583,'sales_send_order_emails','pending',NULL,'2022-03-12 10:30:04','2022-03-12 10:41:00',NULL,NULL),(552584,'sales_send_order_emails','pending',NULL,'2022-03-12 10:30:04','2022-03-12 10:42:00',NULL,NULL),(552585,'sales_send_order_emails','pending',NULL,'2022-03-12 10:30:04','2022-03-12 10:43:00',NULL,NULL),(552586,'sales_send_order_emails','pending',NULL,'2022-03-12 10:30:04','2022-03-12 10:44:00',NULL,NULL),(552587,'sales_send_order_emails','pending',NULL,'2022-03-12 10:30:04','2022-03-12 10:45:00',NULL,NULL),(552588,'sales_send_order_emails','pending',NULL,'2022-03-12 10:30:05','2022-03-12 10:46:00',NULL,NULL),(552589,'sales_send_order_emails','pending',NULL,'2022-03-12 10:30:05','2022-03-12 10:47:00',NULL,NULL),(552590,'sales_send_order_emails','pending',NULL,'2022-03-12 10:30:05','2022-03-12 10:48:00',NULL,NULL),(552591,'sales_send_order_emails','pending',NULL,'2022-03-12 10:30:05','2022-03-12 10:49:00',NULL,NULL),(552592,'sales_send_order_invoice_emails','pending',NULL,'2022-03-12 10:30:05','2022-03-12 10:35:00',NULL,NULL),(552593,'sales_send_order_invoice_emails','pending',NULL,'2022-03-12 10:30:05','2022-03-12 10:36:00',NULL,NULL),(552594,'sales_send_order_invoice_emails','pending',NULL,'2022-03-12 10:30:05','2022-03-12 10:37:00',NULL,NULL),(552595,'sales_send_order_invoice_emails','pending',NULL,'2022-03-12 10:30:05','2022-03-12 10:38:00',NULL,NULL),(552596,'sales_send_order_invoice_emails','pending',NULL,'2022-03-12 10:30:05','2022-03-12 10:39:00',NULL,NULL),(552597,'sales_send_order_invoice_emails','pending',NULL,'2022-03-12 10:30:05','2022-03-12 10:40:00',NULL,NULL),(552598,'sales_send_order_invoice_emails','pending',NULL,'2022-03-12 10:30:05','2022-03-12 10:41:00',NULL,NULL),(552599,'sales_send_order_invoice_emails','pending',NULL,'2022-03-12 10:30:05','2022-03-12 10:42:00',NULL,NULL),(552600,'sales_send_order_invoice_emails','pending',NULL,'2022-03-12 10:30:05','2022-03-12 10:43:00',NULL,NULL),(552601,'sales_send_order_invoice_emails','pending',NULL,'2022-03-12 10:30:05','2022-03-12 10:44:00',NULL,NULL),(552602,'sales_send_order_invoice_emails','pending',NULL,'2022-03-12 10:30:05','2022-03-12 10:45:00',NULL,NULL),(552603,'sales_send_order_invoice_emails','pending',NULL,'2022-03-12 10:30:05','2022-03-12 10:46:00',NULL,NULL),(552604,'sales_send_order_invoice_emails','pending',NULL,'2022-03-12 10:30:05','2022-03-12 10:47:00',NULL,NULL),(552605,'sales_send_order_invoice_emails','pending',NULL,'2022-03-12 10:30:05','2022-03-12 10:48:00',NULL,NULL),(552606,'sales_send_order_invoice_emails','pending',NULL,'2022-03-12 10:30:05','2022-03-12 10:49:00',NULL,NULL),(552607,'sales_send_order_shipment_emails','pending',NULL,'2022-03-12 10:30:05','2022-03-12 10:35:00',NULL,NULL),(552608,'sales_send_order_shipment_emails','pending',NULL,'2022-03-12 10:30:05','2022-03-12 10:36:00',NULL,NULL),(552609,'sales_send_order_shipment_emails','pending',NULL,'2022-03-12 10:30:05','2022-03-12 10:37:00',NULL,NULL),(552610,'sales_send_order_shipment_emails','pending',NULL,'2022-03-12 10:30:05','2022-03-12 10:38:00',NULL,NULL),(552611,'sales_send_order_shipment_emails','pending',NULL,'2022-03-12 10:30:05','2022-03-12 10:39:00',NULL,NULL),(552612,'sales_send_order_shipment_emails','pending',NULL,'2022-03-12 10:30:05','2022-03-12 10:40:00',NULL,NULL),(552613,'sales_send_order_shipment_emails','pending',NULL,'2022-03-12 10:30:05','2022-03-12 10:41:00',NULL,NULL),(552614,'sales_send_order_shipment_emails','pending',NULL,'2022-03-12 10:30:05','2022-03-12 10:42:00',NULL,NULL),(552615,'sales_send_order_shipment_emails','pending',NULL,'2022-03-12 10:30:05','2022-03-12 10:43:00',NULL,NULL),(552616,'sales_send_order_shipment_emails','pending',NULL,'2022-03-12 10:30:05','2022-03-12 10:44:00',NULL,NULL),(552617,'sales_send_order_shipment_emails','pending',NULL,'2022-03-12 10:30:05','2022-03-12 10:45:00',NULL,NULL),(552618,'sales_send_order_shipment_emails','pending',NULL,'2022-03-12 10:30:05','2022-03-12 10:46:00',NULL,NULL),(552619,'sales_send_order_shipment_emails','pending',NULL,'2022-03-12 10:30:05','2022-03-12 10:47:00',NULL,NULL),(552620,'sales_send_order_shipment_emails','pending',NULL,'2022-03-12 10:30:05','2022-03-12 10:48:00',NULL,NULL),(552621,'sales_send_order_shipment_emails','pending',NULL,'2022-03-12 10:30:05','2022-03-12 10:49:00',NULL,NULL),(552622,'sales_send_order_creditmemo_emails','pending',NULL,'2022-03-12 10:30:05','2022-03-12 10:35:00',NULL,NULL),(552623,'sales_send_order_creditmemo_emails','pending',NULL,'2022-03-12 10:30:05','2022-03-12 10:36:00',NULL,NULL),(552624,'sales_send_order_creditmemo_emails','pending',NULL,'2022-03-12 10:30:05','2022-03-12 10:37:00',NULL,NULL),(552625,'sales_send_order_creditmemo_emails','pending',NULL,'2022-03-12 10:30:05','2022-03-12 10:38:00',NULL,NULL),(552626,'sales_send_order_creditmemo_emails','pending',NULL,'2022-03-12 10:30:05','2022-03-12 10:39:00',NULL,NULL),(552627,'sales_send_order_creditmemo_emails','pending',NULL,'2022-03-12 10:30:05','2022-03-12 10:40:00',NULL,NULL),(552628,'sales_send_order_creditmemo_emails','pending',NULL,'2022-03-12 10:30:05','2022-03-12 10:41:00',NULL,NULL),(552629,'sales_send_order_creditmemo_emails','pending',NULL,'2022-03-12 10:30:05','2022-03-12 10:42:00',NULL,NULL),(552630,'sales_send_order_creditmemo_emails','pending',NULL,'2022-03-12 10:30:05','2022-03-12 10:43:00',NULL,NULL),(552631,'sales_send_order_creditmemo_emails','pending',NULL,'2022-03-12 10:30:05','2022-03-12 10:44:00',NULL,NULL),(552632,'sales_send_order_creditmemo_emails','pending',NULL,'2022-03-12 10:30:05','2022-03-12 10:45:00',NULL,NULL),(552633,'sales_send_order_creditmemo_emails','pending',NULL,'2022-03-12 10:30:05','2022-03-12 10:46:00',NULL,NULL),(552634,'sales_send_order_creditmemo_emails','pending',NULL,'2022-03-12 10:30:05','2022-03-12 10:47:00',NULL,NULL),(552635,'sales_send_order_creditmemo_emails','pending',NULL,'2022-03-12 10:30:05','2022-03-12 10:48:00',NULL,NULL),(552636,'sales_send_order_creditmemo_emails','pending',NULL,'2022-03-12 10:30:05','2022-03-12 10:49:00',NULL,NULL),(552637,'outdated_authentication_failures_cleanup','pending',NULL,'2022-03-12 10:30:05','2022-03-12 10:35:00',NULL,NULL),(552638,'outdated_authentication_failures_cleanup','pending',NULL,'2022-03-12 10:30:05','2022-03-12 10:36:00',NULL,NULL),(552639,'outdated_authentication_failures_cleanup','pending',NULL,'2022-03-12 10:30:05','2022-03-12 10:37:00',NULL,NULL),(552640,'outdated_authentication_failures_cleanup','pending',NULL,'2022-03-12 10:30:05','2022-03-12 10:38:00',NULL,NULL),(552641,'outdated_authentication_failures_cleanup','pending',NULL,'2022-03-12 10:30:05','2022-03-12 10:39:00',NULL,NULL),(552642,'outdated_authentication_failures_cleanup','pending',NULL,'2022-03-12 10:30:05','2022-03-12 10:40:00',NULL,NULL),(552643,'outdated_authentication_failures_cleanup','pending',NULL,'2022-03-12 10:30:05','2022-03-12 10:41:00',NULL,NULL),(552644,'outdated_authentication_failures_cleanup','pending',NULL,'2022-03-12 10:30:05','2022-03-12 10:42:00',NULL,NULL),(552645,'outdated_authentication_failures_cleanup','pending',NULL,'2022-03-12 10:30:05','2022-03-12 10:43:00',NULL,NULL),(552646,'outdated_authentication_failures_cleanup','pending',NULL,'2022-03-12 10:30:05','2022-03-12 10:44:00',NULL,NULL),(552647,'outdated_authentication_failures_cleanup','pending',NULL,'2022-03-12 10:30:05','2022-03-12 10:45:00',NULL,NULL),(552648,'outdated_authentication_failures_cleanup','pending',NULL,'2022-03-12 10:30:05','2022-03-12 10:46:00',NULL,NULL),(552649,'outdated_authentication_failures_cleanup','pending',NULL,'2022-03-12 10:30:05','2022-03-12 10:47:00',NULL,NULL),(552650,'outdated_authentication_failures_cleanup','pending',NULL,'2022-03-12 10:30:05','2022-03-12 10:48:00',NULL,NULL),(552651,'outdated_authentication_failures_cleanup','pending',NULL,'2022-03-12 10:30:05','2022-03-12 10:49:00',NULL,NULL),(552652,'captcha_delete_expired_images','pending',NULL,'2022-03-12 10:30:05','2022-03-12 10:40:00',NULL,NULL),(552653,'inventory_in_store_pickup_sales_send_order_notified_emails','pending',NULL,'2022-03-12 10:30:05','2022-03-12 10:35:00',NULL,NULL),(552654,'inventory_in_store_pickup_sales_send_order_notified_emails','pending',NULL,'2022-03-12 10:30:05','2022-03-12 10:36:00',NULL,NULL),(552655,'inventory_in_store_pickup_sales_send_order_notified_emails','pending',NULL,'2022-03-12 10:30:05','2022-03-12 10:37:00',NULL,NULL),(552656,'inventory_in_store_pickup_sales_send_order_notified_emails','pending',NULL,'2022-03-12 10:30:05','2022-03-12 10:38:00',NULL,NULL),(552657,'inventory_in_store_pickup_sales_send_order_notified_emails','pending',NULL,'2022-03-12 10:30:05','2022-03-12 10:39:00',NULL,NULL),(552658,'inventory_in_store_pickup_sales_send_order_notified_emails','pending',NULL,'2022-03-12 10:30:05','2022-03-12 10:40:00',NULL,NULL),(552659,'inventory_in_store_pickup_sales_send_order_notified_emails','pending',NULL,'2022-03-12 10:30:05','2022-03-12 10:41:00',NULL,NULL),(552660,'inventory_in_store_pickup_sales_send_order_notified_emails','pending',NULL,'2022-03-12 10:30:05','2022-03-12 10:42:00',NULL,NULL),(552661,'inventory_in_store_pickup_sales_send_order_notified_emails','pending',NULL,'2022-03-12 10:30:05','2022-03-12 10:43:00',NULL,NULL),(552662,'inventory_in_store_pickup_sales_send_order_notified_emails','pending',NULL,'2022-03-12 10:30:05','2022-03-12 10:44:00',NULL,NULL),(552663,'inventory_in_store_pickup_sales_send_order_notified_emails','pending',NULL,'2022-03-12 10:30:05','2022-03-12 10:45:00',NULL,NULL),(552664,'inventory_in_store_pickup_sales_send_order_notified_emails','pending',NULL,'2022-03-12 10:30:05','2022-03-12 10:46:00',NULL,NULL),(552665,'inventory_in_store_pickup_sales_send_order_notified_emails','pending',NULL,'2022-03-12 10:30:05','2022-03-12 10:47:00',NULL,NULL),(552666,'inventory_in_store_pickup_sales_send_order_notified_emails','pending',NULL,'2022-03-12 10:30:05','2022-03-12 10:48:00',NULL,NULL),(552667,'inventory_in_store_pickup_sales_send_order_notified_emails','pending',NULL,'2022-03-12 10:30:05','2022-03-12 10:49:00',NULL,NULL),(552668,'magento_newrelicreporting_cron','pending',NULL,'2022-03-12 10:30:05','2022-03-12 10:36:00',NULL,NULL),(552669,'magento_newrelicreporting_cron','pending',NULL,'2022-03-12 10:30:05','2022-03-12 10:38:00',NULL,NULL),(552670,'magento_newrelicreporting_cron','pending',NULL,'2022-03-12 10:30:05','2022-03-12 10:40:00',NULL,NULL),(552671,'magento_newrelicreporting_cron','pending',NULL,'2022-03-12 10:30:05','2022-03-12 10:42:00',NULL,NULL),(552672,'magento_newrelicreporting_cron','pending',NULL,'2022-03-12 10:30:05','2022-03-12 10:44:00',NULL,NULL),(552673,'magento_newrelicreporting_cron','pending',NULL,'2022-03-12 10:30:05','2022-03-12 10:46:00',NULL,NULL),(552674,'magento_newrelicreporting_cron','pending',NULL,'2022-03-12 10:30:05','2022-03-12 10:48:00',NULL,NULL),(552675,'newsletter_send_all','pending',NULL,'2022-03-12 10:30:05','2022-03-12 10:35:00',NULL,NULL),(552676,'newsletter_send_all','pending',NULL,'2022-03-12 10:30:05','2022-03-12 10:40:00',NULL,NULL),(552677,'newsletter_send_all','pending',NULL,'2022-03-12 10:30:05','2022-03-12 10:45:00',NULL,NULL),(552678,'bulk_cleanup','pending',NULL,'2022-03-12 10:30:05','2022-03-12 10:35:00',NULL,NULL),(552679,'bulk_cleanup','pending',NULL,'2022-03-12 10:30:05','2022-03-12 10:36:00',NULL,NULL),(552680,'bulk_cleanup','pending',NULL,'2022-03-12 10:30:05','2022-03-12 10:37:00',NULL,NULL),(552681,'bulk_cleanup','pending',NULL,'2022-03-12 10:30:05','2022-03-12 10:38:00',NULL,NULL),(552682,'bulk_cleanup','pending',NULL,'2022-03-12 10:30:05','2022-03-12 10:39:00',NULL,NULL),(552683,'bulk_cleanup','pending',NULL,'2022-03-12 10:30:05','2022-03-12 10:40:00',NULL,NULL),(552684,'bulk_cleanup','pending',NULL,'2022-03-12 10:30:05','2022-03-12 10:41:00',NULL,NULL),(552685,'bulk_cleanup','pending',NULL,'2022-03-12 10:30:05','2022-03-12 10:42:00',NULL,NULL),(552686,'bulk_cleanup','pending',NULL,'2022-03-12 10:30:05','2022-03-12 10:43:00',NULL,NULL),(552687,'bulk_cleanup','pending',NULL,'2022-03-12 10:30:05','2022-03-12 10:44:00',NULL,NULL),(552688,'bulk_cleanup','pending',NULL,'2022-03-12 10:30:05','2022-03-12 10:45:00',NULL,NULL),(552689,'bulk_cleanup','pending',NULL,'2022-03-12 10:30:05','2022-03-12 10:46:00',NULL,NULL),(552690,'bulk_cleanup','pending',NULL,'2022-03-12 10:30:05','2022-03-12 10:47:00',NULL,NULL),(552691,'bulk_cleanup','pending',NULL,'2022-03-12 10:30:05','2022-03-12 10:48:00',NULL,NULL),(552692,'bulk_cleanup','pending',NULL,'2022-03-12 10:30:05','2022-03-12 10:49:00',NULL,NULL),(552693,'get_amazon_capture_updates','pending',NULL,'2022-03-12 10:30:05','2022-03-12 10:35:00',NULL,NULL),(552694,'get_amazon_capture_updates','pending',NULL,'2022-03-12 10:30:05','2022-03-12 10:40:00',NULL,NULL),(552695,'get_amazon_capture_updates','pending',NULL,'2022-03-12 10:30:05','2022-03-12 10:45:00',NULL,NULL),(552696,'get_amazon_authorization_updates','pending',NULL,'2022-03-12 10:30:05','2022-03-12 10:35:00',NULL,NULL),(552697,'get_amazon_authorization_updates','pending',NULL,'2022-03-12 10:30:05','2022-03-12 10:40:00',NULL,NULL),(552698,'get_amazon_authorization_updates','pending',NULL,'2022-03-12 10:30:05','2022-03-12 10:45:00',NULL,NULL),(552699,'amazon_payments_process_queued_refunds','pending',NULL,'2022-03-12 10:30:05','2022-03-12 10:35:00',NULL,NULL),(552700,'amazon_payments_process_queued_refunds','pending',NULL,'2022-03-12 10:30:05','2022-03-12 10:40:00',NULL,NULL),(552701,'amazon_payments_process_queued_refunds','pending',NULL,'2022-03-12 10:30:05','2022-03-12 10:45:00',NULL,NULL),(552702,'klarna_core_update_api_log','pending',NULL,'2022-03-12 10:30:05','2022-03-12 10:35:00',NULL,NULL),(552703,'klarna_core_update_api_log','pending',NULL,'2022-03-12 10:30:06','2022-03-12 10:36:00',NULL,NULL),(552704,'klarna_core_update_api_log','pending',NULL,'2022-03-12 10:30:06','2022-03-12 10:37:00',NULL,NULL),(552705,'klarna_core_update_api_log','pending',NULL,'2022-03-12 10:30:06','2022-03-12 10:38:00',NULL,NULL),(552706,'klarna_core_update_api_log','pending',NULL,'2022-03-12 10:30:06','2022-03-12 10:39:00',NULL,NULL),(552707,'klarna_core_update_api_log','pending',NULL,'2022-03-12 10:30:06','2022-03-12 10:40:00',NULL,NULL),(552708,'klarna_core_update_api_log','pending',NULL,'2022-03-12 10:30:06','2022-03-12 10:41:00',NULL,NULL),(552709,'klarna_core_update_api_log','pending',NULL,'2022-03-12 10:30:06','2022-03-12 10:42:00',NULL,NULL),(552710,'klarna_core_update_api_log','pending',NULL,'2022-03-12 10:30:06','2022-03-12 10:43:00',NULL,NULL),(552711,'klarna_core_update_api_log','pending',NULL,'2022-03-12 10:30:06','2022-03-12 10:44:00',NULL,NULL),(552712,'klarna_core_update_api_log','pending',NULL,'2022-03-12 10:30:06','2022-03-12 10:45:00',NULL,NULL),(552713,'klarna_core_update_api_log','pending',NULL,'2022-03-12 10:30:06','2022-03-12 10:46:00',NULL,NULL),(552714,'klarna_core_update_api_log','pending',NULL,'2022-03-12 10:30:06','2022-03-12 10:47:00',NULL,NULL),(552715,'klarna_core_update_api_log','pending',NULL,'2022-03-12 10:30:06','2022-03-12 10:48:00',NULL,NULL),(552716,'klarna_core_update_api_log','pending',NULL,'2022-03-12 10:30:06','2022-03-12 10:49:00',NULL,NULL),(552717,'swissup_marketplace_job_run','pending',NULL,'2022-03-12 10:30:06','2022-03-12 10:35:00',NULL,NULL),(552718,'swissup_marketplace_job_run','pending',NULL,'2022-03-12 10:30:06','2022-03-12 10:36:00',NULL,NULL),(552719,'swissup_marketplace_job_run','pending',NULL,'2022-03-12 10:30:06','2022-03-12 10:37:00',NULL,NULL),(552720,'swissup_marketplace_job_run','pending',NULL,'2022-03-12 10:30:06','2022-03-12 10:38:00',NULL,NULL),(552721,'swissup_marketplace_job_run','pending',NULL,'2022-03-12 10:30:06','2022-03-12 10:39:00',NULL,NULL),(552722,'swissup_marketplace_job_run','pending',NULL,'2022-03-12 10:30:06','2022-03-12 10:40:00',NULL,NULL),(552723,'swissup_marketplace_job_run','pending',NULL,'2022-03-12 10:30:06','2022-03-12 10:41:00',NULL,NULL),(552724,'swissup_marketplace_job_run','pending',NULL,'2022-03-12 10:30:06','2022-03-12 10:42:00',NULL,NULL),(552725,'swissup_marketplace_job_run','pending',NULL,'2022-03-12 10:30:06','2022-03-12 10:43:00',NULL,NULL),(552726,'swissup_marketplace_job_run','pending',NULL,'2022-03-12 10:30:06','2022-03-12 10:44:00',NULL,NULL),(552727,'swissup_marketplace_job_run','pending',NULL,'2022-03-12 10:30:06','2022-03-12 10:45:00',NULL,NULL),(552728,'swissup_marketplace_job_run','pending',NULL,'2022-03-12 10:30:06','2022-03-12 10:46:00',NULL,NULL),(552729,'swissup_marketplace_job_run','pending',NULL,'2022-03-12 10:30:06','2022-03-12 10:47:00',NULL,NULL),(552730,'swissup_marketplace_job_run','pending',NULL,'2022-03-12 10:30:06','2022-03-12 10:48:00',NULL,NULL),(552731,'swissup_marketplace_job_run','pending',NULL,'2022-03-12 10:30:06','2022-03-12 10:49:00',NULL,NULL),(552732,'indexer_reindex_all_invalid','success',NULL,'2022-03-12 10:30:12','2022-03-12 10:30:00','2022-03-12 10:30:12','2022-03-12 10:30:12'),(552733,'indexer_reindex_all_invalid','pending',NULL,'2022-03-12 10:30:12','2022-03-12 10:31:00',NULL,NULL),(552734,'indexer_reindex_all_invalid','pending',NULL,'2022-03-12 10:30:12','2022-03-12 10:32:00',NULL,NULL),(552735,'indexer_reindex_all_invalid','pending',NULL,'2022-03-12 10:30:12','2022-03-12 10:33:00',NULL,NULL),(552736,'indexer_update_all_views','success',NULL,'2022-03-12 10:30:12','2022-03-12 10:30:00','2022-03-12 10:30:12','2022-03-12 10:30:13'),(552737,'indexer_update_all_views','pending',NULL,'2022-03-12 10:30:12','2022-03-12 10:31:00',NULL,NULL),(552738,'indexer_update_all_views','pending',NULL,'2022-03-12 10:30:12','2022-03-12 10:32:00',NULL,NULL),(552739,'indexer_update_all_views','pending',NULL,'2022-03-12 10:30:12','2022-03-12 10:33:00',NULL,NULL),(552740,'yotpo_yotpo_orders_sync','success',NULL,'2022-03-12 10:30:12','2022-03-12 10:30:00','2022-03-12 10:30:13','2022-03-12 10:30:13'),(552741,'yotpo_yotpo_orders_sync','pending',NULL,'2022-03-12 10:30:12','2022-03-12 10:31:00',NULL,NULL),(552742,'yotpo_yotpo_orders_sync','pending',NULL,'2022-03-12 10:30:12','2022-03-12 10:32:00',NULL,NULL),(552743,'yotpo_yotpo_orders_sync','pending',NULL,'2022-03-12 10:30:12','2022-03-12 10:33:00',NULL,NULL),(552744,'ddg_automation_sms_order_messages','success',NULL,'2022-03-12 10:30:12','2022-03-12 10:30:00','2022-03-12 10:30:13','2022-03-12 10:30:13'),(552745,'ddg_automation_sms_order_messages','pending',NULL,'2022-03-12 10:30:13','2022-03-12 10:31:00',NULL,NULL),(552746,'ddg_automation_sms_order_messages','pending',NULL,'2022-03-12 10:30:13','2022-03-12 10:32:00',NULL,NULL),(552747,'ddg_automation_sms_order_messages','pending',NULL,'2022-03-12 10:30:13','2022-03-12 10:33:00',NULL,NULL),(552748,'ddg_automation_customer_subscriber_guest_sync','success',NULL,'2022-03-12 10:30:13','2022-03-12 10:30:00','2022-03-12 10:30:14','2022-03-12 10:30:15'),(552749,'ddg_automation_importer','success',NULL,'2022-03-12 10:30:13','2022-03-12 10:30:00','2022-03-12 10:30:15','2022-03-12 10:30:15'),(552750,'ddg_automation_status','pending',NULL,'2022-03-12 10:30:13','2022-03-12 10:32:00',NULL,NULL),(552751,'ddg_automation_reviews_and_wishlist','success',NULL,'2022-03-12 10:30:13','2022-03-12 10:30:00','2022-03-12 10:30:15','2022-03-12 10:30:15'),(552752,'ddg_automation_campaign','success',NULL,'2022-03-12 10:30:13','2022-03-12 10:30:00','2022-03-12 10:30:14','2022-03-12 10:30:14'),(552753,'ddg_automation_order_sync','success',NULL,'2022-03-12 10:30:13','2022-03-12 10:30:00','2022-03-12 10:30:15','2022-03-12 10:30:15'),(552754,'ddg_automation_catalog_sync','success',NULL,'2022-03-12 10:30:13','2022-03-12 10:30:00','2022-03-12 10:30:14','2022-03-12 10:30:14'),(552755,'ddg_automation_monitor','success',NULL,'2022-03-12 10:30:13','2022-03-12 10:30:00','2022-03-12 10:30:15','2022-03-12 10:30:15'),(552756,'ddg_automation_abandonedcarts','success',NULL,'2022-03-12 10:30:13','2022-03-12 10:30:00','2022-03-12 10:30:14','2022-03-12 10:30:14'),(552757,'consumers_runner','pending',NULL,'2022-03-12 10:30:13','2022-03-12 10:35:00',NULL,NULL),(552758,'consumers_runner','pending',NULL,'2022-03-12 10:30:13','2022-03-12 10:36:00',NULL,NULL),(552759,'consumers_runner','pending',NULL,'2022-03-12 10:30:13','2022-03-12 10:37:00',NULL,NULL),(552760,'consumers_runner','pending',NULL,'2022-03-12 10:30:14','2022-03-12 10:38:00',NULL,NULL),(552761,'consumers_runner','pending',NULL,'2022-03-12 10:30:14','2022-03-12 10:39:00',NULL,NULL),(552762,'consumers_runner','pending',NULL,'2022-03-12 10:30:14','2022-03-12 10:40:00',NULL,NULL),(552763,'consumers_runner','pending',NULL,'2022-03-12 10:30:14','2022-03-12 10:41:00',NULL,NULL),(552764,'consumers_runner','pending',NULL,'2022-03-12 10:30:14','2022-03-12 10:42:00',NULL,NULL),(552765,'consumers_runner','pending',NULL,'2022-03-12 10:30:14','2022-03-12 10:43:00',NULL,NULL),(552766,'consumers_runner','pending',NULL,'2022-03-12 10:30:14','2022-03-12 10:44:00',NULL,NULL),(552767,'consumers_runner','pending',NULL,'2022-03-12 10:30:14','2022-03-12 10:45:00',NULL,NULL),(552768,'consumers_runner','pending',NULL,'2022-03-12 10:30:14','2022-03-12 10:46:00',NULL,NULL),(552769,'consumers_runner','pending',NULL,'2022-03-12 10:30:14','2022-03-12 10:47:00',NULL,NULL),(552770,'consumers_runner','pending',NULL,'2022-03-12 10:30:14','2022-03-12 10:48:00',NULL,NULL),(552771,'consumers_runner','pending',NULL,'2022-03-12 10:30:14','2022-03-12 10:49:00',NULL,NULL);

--
-- Table structure for table `customer_address_entity`
--

CREATE TABLE `customer_address_entity` (
  `entity_id` int(10) unsigned NOT NULL AUTO_INCREMENT COMMENT 'Entity ID',
  `increment_id` varchar(50) DEFAULT NULL COMMENT 'Increment ID',
  `parent_id` int(10) unsigned DEFAULT NULL COMMENT 'Parent ID',
  `created_at` timestamp NOT NULL DEFAULT CURRENT_TIMESTAMP COMMENT 'Created At',
  `updated_at` timestamp NOT NULL DEFAULT CURRENT_TIMESTAMP ON UPDATE CURRENT_TIMESTAMP COMMENT 'Updated At',
  `is_active` smallint(5) unsigned NOT NULL DEFAULT '1' COMMENT 'Is Active',
  `city` varchar(255) NOT NULL COMMENT 'City',
  `company` varchar(255) DEFAULT NULL COMMENT 'Company',
  `country_id` varchar(255) NOT NULL COMMENT 'Country',
  `fax` varchar(255) DEFAULT NULL COMMENT 'Fax',
  `firstname` varchar(255) NOT NULL COMMENT 'First Name',
  `lastname` varchar(255) NOT NULL COMMENT 'Last Name',
  `middlename` varchar(255) DEFAULT NULL COMMENT 'Middle Name',
  `postcode` varchar(255) DEFAULT NULL COMMENT 'Zip/Postal Code',
  `prefix` varchar(40) DEFAULT NULL COMMENT 'Name Prefix',
  `region` varchar(255) DEFAULT NULL COMMENT 'State/Province',
  `region_id` int(10) unsigned DEFAULT NULL COMMENT 'State/Province',
  `street` text NOT NULL COMMENT 'Street Address',
  `suffix` varchar(40) DEFAULT NULL COMMENT 'Name Suffix',
  `telephone` varchar(255) NOT NULL COMMENT 'Phone Number',
  `vat_id` varchar(255) DEFAULT NULL COMMENT 'VAT number',
  `vat_is_valid` int(10) unsigned DEFAULT NULL COMMENT 'VAT number validity',
  `vat_request_date` varchar(255) DEFAULT NULL COMMENT 'VAT number validation request date',
  `vat_request_id` varchar(255) DEFAULT NULL COMMENT 'VAT number validation request ID',
  `vat_request_success` int(10) unsigned DEFAULT NULL COMMENT 'VAT number validation request success',
  PRIMARY KEY (`entity_id`),
  KEY `CUSTOMER_ADDRESS_ENTITY_PARENT_ID` (`parent_id`),
  CONSTRAINT `CUSTOMER_ADDRESS_ENTITY_PARENT_ID_CUSTOMER_ENTITY_ENTITY_ID` FOREIGN KEY (`parent_id`) REFERENCES `customer_entity` (`entity_id`) ON DELETE CASCADE
) ENGINE=InnoDB DEFAULT CHARSET=utf8 COMMENT='Customer Address Entity';

--
-- Dumping data for table `customer_address_entity`
--


--
-- Table structure for table `customer_address_entity_datetime`
--

CREATE TABLE `customer_address_entity_datetime` (
  `value_id` int(11) NOT NULL AUTO_INCREMENT COMMENT 'Value ID',
  `attribute_id` smallint(5) unsigned NOT NULL DEFAULT '0' COMMENT 'Attribute ID',
  `entity_id` int(10) unsigned NOT NULL DEFAULT '0' COMMENT 'Entity ID',
  `value` datetime DEFAULT NULL COMMENT 'Value',
  PRIMARY KEY (`value_id`),
  UNIQUE KEY `CUSTOMER_ADDRESS_ENTITY_DATETIME_ENTITY_ID_ATTRIBUTE_ID` (`entity_id`,`attribute_id`),
  KEY `CUSTOMER_ADDRESS_ENTITY_DATETIME_ATTRIBUTE_ID` (`attribute_id`),
  KEY `CUSTOMER_ADDRESS_ENTITY_DATETIME_ENTITY_ID_ATTRIBUTE_ID_VALUE` (`entity_id`,`attribute_id`,`value`),
  CONSTRAINT `CSTR_ADDR_ENTT_DTIME_ATTR_ID_EAV_ATTR_ATTR_ID` FOREIGN KEY (`attribute_id`) REFERENCES `eav_attribute` (`attribute_id`) ON DELETE CASCADE,
  CONSTRAINT `CSTR_ADDR_ENTT_DTIME_ENTT_ID_CSTR_ADDR_ENTT_ENTT_ID` FOREIGN KEY (`entity_id`) REFERENCES `customer_address_entity` (`entity_id`) ON DELETE CASCADE
) ENGINE=InnoDB DEFAULT CHARSET=utf8 COMMENT='Customer Address Entity Datetime';

--
-- Dumping data for table `customer_address_entity_datetime`
--


--
-- Table structure for table `customer_address_entity_decimal`
--

CREATE TABLE `customer_address_entity_decimal` (
  `value_id` int(11) NOT NULL AUTO_INCREMENT COMMENT 'Value ID',
  `attribute_id` smallint(5) unsigned NOT NULL DEFAULT '0' COMMENT 'Attribute ID',
  `entity_id` int(10) unsigned NOT NULL DEFAULT '0' COMMENT 'Entity ID',
  `value` decimal(12,4) NOT NULL DEFAULT '0.0000' COMMENT 'Value',
  PRIMARY KEY (`value_id`),
  UNIQUE KEY `CUSTOMER_ADDRESS_ENTITY_DECIMAL_ENTITY_ID_ATTRIBUTE_ID` (`entity_id`,`attribute_id`),
  KEY `CUSTOMER_ADDRESS_ENTITY_DECIMAL_ATTRIBUTE_ID` (`attribute_id`),
  KEY `CUSTOMER_ADDRESS_ENTITY_DECIMAL_ENTITY_ID_ATTRIBUTE_ID_VALUE` (`entity_id`,`attribute_id`,`value`),
  CONSTRAINT `CSTR_ADDR_ENTT_DEC_ATTR_ID_EAV_ATTR_ATTR_ID` FOREIGN KEY (`attribute_id`) REFERENCES `eav_attribute` (`attribute_id`) ON DELETE CASCADE,
  CONSTRAINT `CSTR_ADDR_ENTT_DEC_ENTT_ID_CSTR_ADDR_ENTT_ENTT_ID` FOREIGN KEY (`entity_id`) REFERENCES `customer_address_entity` (`entity_id`) ON DELETE CASCADE
) ENGINE=InnoDB DEFAULT CHARSET=utf8 COMMENT='Customer Address Entity Decimal';

--
-- Dumping data for table `customer_address_entity_decimal`
--


--
-- Table structure for table `customer_address_entity_int`
--

CREATE TABLE `customer_address_entity_int` (
  `value_id` int(11) NOT NULL AUTO_INCREMENT COMMENT 'Value ID',
  `attribute_id` smallint(5) unsigned NOT NULL DEFAULT '0' COMMENT 'Attribute ID',
  `entity_id` int(10) unsigned NOT NULL DEFAULT '0' COMMENT 'Entity ID',
  `value` int(11) NOT NULL DEFAULT '0' COMMENT 'Value',
  PRIMARY KEY (`value_id`),
  UNIQUE KEY `CUSTOMER_ADDRESS_ENTITY_INT_ENTITY_ID_ATTRIBUTE_ID` (`entity_id`,`attribute_id`),
  KEY `CUSTOMER_ADDRESS_ENTITY_INT_ATTRIBUTE_ID` (`attribute_id`),
  KEY `CUSTOMER_ADDRESS_ENTITY_INT_ENTITY_ID_ATTRIBUTE_ID_VALUE` (`entity_id`,`attribute_id`,`value`),
  CONSTRAINT `CSTR_ADDR_ENTT_INT_ATTR_ID_EAV_ATTR_ATTR_ID` FOREIGN KEY (`attribute_id`) REFERENCES `eav_attribute` (`attribute_id`) ON DELETE CASCADE,
  CONSTRAINT `CSTR_ADDR_ENTT_INT_ENTT_ID_CSTR_ADDR_ENTT_ENTT_ID` FOREIGN KEY (`entity_id`) REFERENCES `customer_address_entity` (`entity_id`) ON DELETE CASCADE
) ENGINE=InnoDB DEFAULT CHARSET=utf8 COMMENT='Customer Address Entity Int';

--
-- Dumping data for table `customer_address_entity_int`
--


--
-- Table structure for table `customer_address_entity_text`
--

CREATE TABLE `customer_address_entity_text` (
  `value_id` int(11) NOT NULL AUTO_INCREMENT COMMENT 'Value ID',
  `attribute_id` smallint(5) unsigned NOT NULL DEFAULT '0' COMMENT 'Attribute ID',
  `entity_id` int(10) unsigned NOT NULL DEFAULT '0' COMMENT 'Entity ID',
  `value` text NOT NULL COMMENT 'Value',
  PRIMARY KEY (`value_id`),
  UNIQUE KEY `CUSTOMER_ADDRESS_ENTITY_TEXT_ENTITY_ID_ATTRIBUTE_ID` (`entity_id`,`attribute_id`),
  KEY `CUSTOMER_ADDRESS_ENTITY_TEXT_ATTRIBUTE_ID` (`attribute_id`),
  CONSTRAINT `CSTR_ADDR_ENTT_TEXT_ATTR_ID_EAV_ATTR_ATTR_ID` FOREIGN KEY (`attribute_id`) REFERENCES `eav_attribute` (`attribute_id`) ON DELETE CASCADE,
  CONSTRAINT `CSTR_ADDR_ENTT_TEXT_ENTT_ID_CSTR_ADDR_ENTT_ENTT_ID` FOREIGN KEY (`entity_id`) REFERENCES `customer_address_entity` (`entity_id`) ON DELETE CASCADE
) ENGINE=InnoDB DEFAULT CHARSET=utf8 COMMENT='Customer Address Entity Text';

--
-- Dumping data for table `customer_address_entity_text`
--


--
-- Table structure for table `customer_address_entity_varchar`
--

CREATE TABLE `customer_address_entity_varchar` (
  `value_id` int(11) NOT NULL AUTO_INCREMENT COMMENT 'Value ID',
  `attribute_id` smallint(5) unsigned NOT NULL DEFAULT '0' COMMENT 'Attribute ID',
  `entity_id` int(10) unsigned NOT NULL DEFAULT '0' COMMENT 'Entity ID',
  `value` varchar(255) DEFAULT NULL COMMENT 'Value',
  PRIMARY KEY (`value_id`),
  UNIQUE KEY `CUSTOMER_ADDRESS_ENTITY_VARCHAR_ENTITY_ID_ATTRIBUTE_ID` (`entity_id`,`attribute_id`),
  KEY `CUSTOMER_ADDRESS_ENTITY_VARCHAR_ATTRIBUTE_ID` (`attribute_id`),
  KEY `CUSTOMER_ADDRESS_ENTITY_VARCHAR_ENTITY_ID_ATTRIBUTE_ID_VALUE` (`entity_id`,`attribute_id`,`value`),
  CONSTRAINT `CSTR_ADDR_ENTT_VCHR_ATTR_ID_EAV_ATTR_ATTR_ID` FOREIGN KEY (`attribute_id`) REFERENCES `eav_attribute` (`attribute_id`) ON DELETE CASCADE,
  CONSTRAINT `CSTR_ADDR_ENTT_VCHR_ENTT_ID_CSTR_ADDR_ENTT_ENTT_ID` FOREIGN KEY (`entity_id`) REFERENCES `customer_address_entity` (`entity_id`) ON DELETE CASCADE
) ENGINE=InnoDB DEFAULT CHARSET=utf8 COMMENT='Customer Address Entity Varchar';

--
-- Dumping data for table `customer_address_entity_varchar`
--


--
-- Table structure for table `customer_eav_attribute`
--

CREATE TABLE `customer_eav_attribute` (
  `attribute_id` smallint(5) unsigned NOT NULL COMMENT 'Attribute ID',
  `is_visible` smallint(5) unsigned NOT NULL DEFAULT '1' COMMENT 'Is Visible',
  `input_filter` varchar(255) DEFAULT NULL COMMENT 'Input Filter',
  `multiline_count` smallint(5) unsigned NOT NULL DEFAULT '1' COMMENT 'Multiline Count',
  `validate_rules` text COMMENT 'Validate Rules',
  `is_system` smallint(5) unsigned NOT NULL DEFAULT '0' COMMENT 'Is System',
  `sort_order` int(10) unsigned NOT NULL DEFAULT '0' COMMENT 'Sort Order',
  `data_model` varchar(255) DEFAULT NULL COMMENT 'Data Model',
  `is_used_in_grid` smallint(5) unsigned NOT NULL DEFAULT '0' COMMENT 'Is Used in Grid',
  `is_visible_in_grid` smallint(5) unsigned NOT NULL DEFAULT '0' COMMENT 'Is Visible in Grid',
  `is_filterable_in_grid` smallint(5) unsigned NOT NULL DEFAULT '0' COMMENT 'Is Filterable in Grid',
  `is_searchable_in_grid` smallint(5) unsigned NOT NULL DEFAULT '0' COMMENT 'Is Searchable in Grid',
  PRIMARY KEY (`attribute_id`),
  KEY `CUSTOMER_EAV_ATTRIBUTE_SORT_ORDER` (`sort_order`),
  CONSTRAINT `CUSTOMER_EAV_ATTRIBUTE_ATTRIBUTE_ID_EAV_ATTRIBUTE_ATTRIBUTE_ID` FOREIGN KEY (`attribute_id`) REFERENCES `eav_attribute` (`attribute_id`) ON DELETE CASCADE
) ENGINE=InnoDB DEFAULT CHARSET=utf8 COMMENT='Customer Eav Attribute';

--
-- Dumping data for table `customer_eav_attribute`
--

INSERT INTO `customer_eav_attribute` VALUES (1,1,NULL,0,NULL,1,10,NULL,1,1,1,0),(2,0,NULL,0,NULL,1,0,NULL,0,0,0,0),(3,1,NULL,0,NULL,1,20,NULL,1,1,0,1),(4,0,NULL,0,NULL,0,30,NULL,0,0,0,0),(5,1,'trim',0,'{\"max_text_length\":255,\"min_text_length\":1}',1,40,NULL,0,0,0,0),(6,0,'trim',0,NULL,0,50,NULL,0,0,0,0),(7,1,'trim',0,'{\"max_text_length\":255,\"min_text_length\":1}',1,60,NULL,0,0,0,0),(8,0,NULL,0,NULL,0,70,NULL,0,0,0,0),(9,1,NULL,0,'{\"input_validation\":\"email\"}',1,80,NULL,1,1,1,1),(10,1,NULL,0,NULL,1,25,NULL,1,1,1,0),(11,0,'date',0,'{\"input_validation\":\"date\"}',0,90,NULL,1,1,1,0),(12,0,NULL,0,NULL,1,0,NULL,0,0,0,0),(13,0,NULL,0,NULL,1,0,NULL,0,0,0,0),(14,0,NULL,0,'{\"input_validation\":\"date\"}',1,0,NULL,0,0,0,0),(15,0,NULL,0,NULL,1,0,NULL,0,0,0,0),(16,0,NULL,0,NULL,1,0,NULL,0,0,0,0),(17,0,NULL,0,'{\"max_text_length\":255}',0,100,NULL,1,1,0,1),(18,0,NULL,0,NULL,1,0,NULL,1,1,1,0),(19,0,NULL,0,NULL,0,0,NULL,1,1,1,0),(20,0,NULL,0,'[]',0,110,NULL,1,1,1,0),(21,1,NULL,0,NULL,1,28,NULL,0,0,0,0),(22,0,NULL,0,NULL,0,10,NULL,0,0,0,0),(23,1,'trim',0,'{\"max_text_length\":255,\"min_text_length\":1}',1,20,NULL,1,0,0,1),(24,0,'trim',0,NULL,0,30,NULL,0,0,0,0),(25,1,'trim',0,'{\"max_text_length\":255,\"min_text_length\":1}',1,40,NULL,1,0,0,1),(26,0,NULL,0,NULL,0,50,NULL,0,0,0,0),(27,1,NULL,0,'{\"max_text_length\":255,\"min_text_length\":1}',1,60,NULL,1,0,0,1),(28,1,NULL,3,'{\"max_text_length\":255,\"min_text_length\":1}',1,70,NULL,1,0,0,1),(29,1,NULL,0,'{\"max_text_length\":255,\"min_text_length\":1}',1,100,NULL,1,0,0,1),(30,1,NULL,0,NULL,1,80,NULL,1,1,1,0),(31,1,NULL,0,NULL,1,90,NULL,1,1,0,1),(32,1,NULL,0,NULL,1,90,NULL,0,0,0,0),(33,1,NULL,0,'[]',1,110,'Magento\\Customer\\Model\\Attribute\\Data\\Postcode',1,1,1,1),(34,1,NULL,0,'{\"max_text_length\":255,\"min_text_length\":1}',1,120,NULL,1,1,1,1),(35,0,NULL,0,'{\"max_text_length\":255,\"min_text_length\":1}',0,130,NULL,1,0,0,1),(36,1,NULL,0,NULL,1,140,NULL,0,0,0,0),(37,0,NULL,0,NULL,1,0,NULL,0,0,0,0),(38,0,NULL,0,NULL,1,0,NULL,0,0,0,0),(39,0,NULL,0,NULL,1,0,NULL,0,0,0,0),(40,0,NULL,0,NULL,1,0,NULL,0,0,0,0),(41,0,NULL,0,NULL,0,0,NULL,0,0,0,0),(42,0,NULL,0,NULL,1,0,NULL,0,0,0,0),(43,0,NULL,0,NULL,1,0,NULL,0,0,0,0),(44,0,NULL,0,NULL,1,0,NULL,0,0,0,0),(138,0,NULL,0,NULL,0,90,NULL,0,0,0,0);

--
-- Table structure for table `customer_eav_attribute_website`
--

CREATE TABLE `customer_eav_attribute_website` (
  `attribute_id` smallint(5) unsigned NOT NULL COMMENT 'Attribute ID',
  `website_id` smallint(5) unsigned NOT NULL COMMENT 'Website ID',
  `is_visible` smallint(5) unsigned DEFAULT NULL COMMENT 'Is Visible',
  `is_required` smallint(5) unsigned DEFAULT NULL COMMENT 'Is Required',
  `default_value` text COMMENT 'Default Value',
  `multiline_count` smallint(5) unsigned DEFAULT NULL COMMENT 'Multiline Count',
  PRIMARY KEY (`attribute_id`,`website_id`),
  KEY `CUSTOMER_EAV_ATTRIBUTE_WEBSITE_WEBSITE_ID` (`website_id`),
  CONSTRAINT `CSTR_EAV_ATTR_WS_ATTR_ID_EAV_ATTR_ATTR_ID` FOREIGN KEY (`attribute_id`) REFERENCES `eav_attribute` (`attribute_id`) ON DELETE CASCADE,
  CONSTRAINT `CSTR_EAV_ATTR_WS_WS_ID_STORE_WS_WS_ID` FOREIGN KEY (`website_id`) REFERENCES `store_website` (`website_id`) ON DELETE CASCADE
) ENGINE=InnoDB DEFAULT CHARSET=utf8 COMMENT='Customer Eav Attribute Website';

--
-- Dumping data for table `customer_eav_attribute_website`
--

INSERT INTO `customer_eav_attribute_website` VALUES (1,1,NULL,NULL,NULL,NULL),(3,1,NULL,NULL,NULL,NULL),(5,1,NULL,NULL,NULL,NULL),(6,1,NULL,NULL,NULL,NULL),(7,1,NULL,NULL,NULL,NULL),(9,1,NULL,NULL,NULL,NULL),(10,1,NULL,NULL,NULL,NULL),(11,1,NULL,NULL,NULL,NULL),(17,1,NULL,NULL,NULL,NULL),(18,1,NULL,NULL,NULL,NULL),(19,1,NULL,NULL,NULL,NULL),(20,1,NULL,NULL,NULL,NULL),(21,1,NULL,NULL,NULL,NULL),(23,1,NULL,NULL,NULL,NULL),(24,1,NULL,NULL,NULL,NULL),(25,1,NULL,NULL,NULL,NULL),(27,1,NULL,NULL,NULL,NULL),(28,1,NULL,NULL,NULL,NULL),(29,1,NULL,NULL,NULL,NULL),(30,1,NULL,NULL,NULL,NULL),(31,1,NULL,NULL,NULL,NULL),(32,1,NULL,NULL,NULL,NULL),(33,1,NULL,NULL,NULL,NULL),(34,1,NULL,NULL,NULL,NULL),(35,1,NULL,NULL,NULL,NULL),(36,1,NULL,NULL,NULL,NULL),(138,1,NULL,NULL,NULL,NULL);

--
-- Table structure for table `customer_entity`
--

CREATE TABLE `customer_entity` (
  `entity_id` int(10) unsigned NOT NULL AUTO_INCREMENT COMMENT 'Entity ID',
  `website_id` smallint(5) unsigned DEFAULT NULL COMMENT 'Website ID',
  `email` varchar(255) DEFAULT NULL COMMENT 'Email',
  `group_id` smallint(5) unsigned NOT NULL DEFAULT '0' COMMENT 'Group ID',
  `increment_id` varchar(50) DEFAULT NULL COMMENT 'Increment ID',
  `store_id` smallint(5) unsigned DEFAULT '0' COMMENT 'Store ID',
  `created_at` timestamp NOT NULL DEFAULT CURRENT_TIMESTAMP COMMENT 'Created At',
  `updated_at` timestamp NOT NULL DEFAULT CURRENT_TIMESTAMP ON UPDATE CURRENT_TIMESTAMP COMMENT 'Updated At',
  `is_active` smallint(5) unsigned NOT NULL DEFAULT '1' COMMENT 'Is Active',
  `disable_auto_group_change` smallint(5) unsigned NOT NULL DEFAULT '0' COMMENT 'Disable automatic group change based on VAT ID',
  `created_in` varchar(255) DEFAULT NULL COMMENT 'Created From',
  `prefix` varchar(40) DEFAULT NULL COMMENT 'Name Prefix',
  `firstname` varchar(255) DEFAULT NULL COMMENT 'First Name',
  `middlename` varchar(255) DEFAULT NULL COMMENT 'Middle Name/Initial',
  `lastname` varchar(255) DEFAULT NULL COMMENT 'Last Name',
  `suffix` varchar(40) DEFAULT NULL COMMENT 'Name Suffix',
  `dob` date DEFAULT NULL COMMENT 'Date of Birth',
  `password_hash` varchar(128) DEFAULT NULL COMMENT 'Password_hash',
  `rp_token` varchar(128) DEFAULT NULL COMMENT 'Reset password token',
  `rp_token_created_at` datetime DEFAULT NULL COMMENT 'Reset password token creation time',
  `default_billing` int(10) unsigned DEFAULT NULL COMMENT 'Default Billing Address',
  `default_shipping` int(10) unsigned DEFAULT NULL COMMENT 'Default Shipping Address',
  `taxvat` varchar(50) DEFAULT NULL COMMENT 'Tax/VAT Number',
  `confirmation` varchar(64) DEFAULT NULL COMMENT 'Is Confirmed',
  `gender` smallint(5) unsigned DEFAULT NULL COMMENT 'Gender',
  `failures_num` smallint(6) DEFAULT '0' COMMENT 'Failure Number',
  `first_failure` timestamp NULL DEFAULT NULL COMMENT 'First Failure',
  `lock_expires` timestamp NULL DEFAULT NULL COMMENT 'Lock Expiration Date',
  `session_cutoff` timestamp NULL DEFAULT NULL COMMENT 'Session Cutoff Time',
  `mp_smtp_email_marketing_synced` smallint(6) DEFAULT '0' COMMENT 'Mp SMTP Email Marketing synced',
  PRIMARY KEY (`entity_id`),
  UNIQUE KEY `CUSTOMER_ENTITY_EMAIL_WEBSITE_ID` (`email`,`website_id`),
  KEY `CUSTOMER_ENTITY_STORE_ID` (`store_id`),
  KEY `CUSTOMER_ENTITY_WEBSITE_ID` (`website_id`),
  KEY `CUSTOMER_ENTITY_FIRSTNAME` (`firstname`),
  KEY `CUSTOMER_ENTITY_LASTNAME` (`lastname`),
  CONSTRAINT `CUSTOMER_ENTITY_STORE_ID_STORE_STORE_ID` FOREIGN KEY (`store_id`) REFERENCES `store` (`store_id`) ON DELETE SET NULL,
  CONSTRAINT `CUSTOMER_ENTITY_WEBSITE_ID_STORE_WEBSITE_WEBSITE_ID` FOREIGN KEY (`website_id`) REFERENCES `store_website` (`website_id`) ON DELETE SET NULL
) ENGINE=InnoDB AUTO_INCREMENT=2 DEFAULT CHARSET=utf8 COMMENT='Customer Entity';

--
-- Dumping data for table `customer_entity`
--

INSERT INTO `customer_entity` VALUES (1,1,'nastja@petka.eu',1,NULL,1,'2022-02-21 10:29:48','2022-02-21 10:29:49',1,0,'SI',NULL,'5ka',NULL,'Test Uporabniik',NULL,NULL,'97d69e0e7d699a01d69554afe5537ce6ad1df342a48bbb689d0686affcd6cf40:z0Hd3x5QCzR1OKsmEcdkk27l8YXnF4nX:3_32_2_67108864','OtIPwUz1cKEL8BOTVmiQVmFeXUEN61H5','2022-02-21 10:29:49',NULL,NULL,NULL,NULL,NULL,0,NULL,NULL,NULL,0);

--
-- Table structure for table `customer_entity_datetime`
--

CREATE TABLE `customer_entity_datetime` (
  `value_id` int(11) NOT NULL AUTO_INCREMENT COMMENT 'Value ID',
  `attribute_id` smallint(5) unsigned NOT NULL DEFAULT '0' COMMENT 'Attribute ID',
  `entity_id` int(10) unsigned NOT NULL DEFAULT '0' COMMENT 'Entity ID',
  `value` datetime DEFAULT NULL COMMENT 'Value',
  PRIMARY KEY (`value_id`),
  UNIQUE KEY `CUSTOMER_ENTITY_DATETIME_ENTITY_ID_ATTRIBUTE_ID` (`entity_id`,`attribute_id`),
  KEY `CUSTOMER_ENTITY_DATETIME_ATTRIBUTE_ID` (`attribute_id`),
  KEY `CUSTOMER_ENTITY_DATETIME_ENTITY_ID_ATTRIBUTE_ID_VALUE` (`entity_id`,`attribute_id`,`value`),
  CONSTRAINT `CUSTOMER_ENTITY_DATETIME_ATTRIBUTE_ID_EAV_ATTRIBUTE_ATTRIBUTE_ID` FOREIGN KEY (`attribute_id`) REFERENCES `eav_attribute` (`attribute_id`) ON DELETE CASCADE,
  CONSTRAINT `CUSTOMER_ENTITY_DATETIME_ENTITY_ID_CUSTOMER_ENTITY_ENTITY_ID` FOREIGN KEY (`entity_id`) REFERENCES `customer_entity` (`entity_id`) ON DELETE CASCADE
) ENGINE=InnoDB DEFAULT CHARSET=utf8 COMMENT='Customer Entity Datetime';

--
-- Dumping data for table `customer_entity_datetime`
--


--
-- Table structure for table `customer_entity_decimal`
--

CREATE TABLE `customer_entity_decimal` (
  `value_id` int(11) NOT NULL AUTO_INCREMENT COMMENT 'Value ID',
  `attribute_id` smallint(5) unsigned NOT NULL DEFAULT '0' COMMENT 'Attribute ID',
  `entity_id` int(10) unsigned NOT NULL DEFAULT '0' COMMENT 'Entity ID',
  `value` decimal(12,4) NOT NULL DEFAULT '0.0000' COMMENT 'Value',
  PRIMARY KEY (`value_id`),
  UNIQUE KEY `CUSTOMER_ENTITY_DECIMAL_ENTITY_ID_ATTRIBUTE_ID` (`entity_id`,`attribute_id`),
  KEY `CUSTOMER_ENTITY_DECIMAL_ATTRIBUTE_ID` (`attribute_id`),
  KEY `CUSTOMER_ENTITY_DECIMAL_ENTITY_ID_ATTRIBUTE_ID_VALUE` (`entity_id`,`attribute_id`,`value`),
  CONSTRAINT `CUSTOMER_ENTITY_DECIMAL_ATTRIBUTE_ID_EAV_ATTRIBUTE_ATTRIBUTE_ID` FOREIGN KEY (`attribute_id`) REFERENCES `eav_attribute` (`attribute_id`) ON DELETE CASCADE,
  CONSTRAINT `CUSTOMER_ENTITY_DECIMAL_ENTITY_ID_CUSTOMER_ENTITY_ENTITY_ID` FOREIGN KEY (`entity_id`) REFERENCES `customer_entity` (`entity_id`) ON DELETE CASCADE
) ENGINE=InnoDB DEFAULT CHARSET=utf8 COMMENT='Customer Entity Decimal';

--
-- Dumping data for table `customer_entity_decimal`
--


--
-- Table structure for table `customer_entity_int`
--

CREATE TABLE `customer_entity_int` (
  `value_id` int(11) NOT NULL AUTO_INCREMENT COMMENT 'Value ID',
  `attribute_id` smallint(5) unsigned NOT NULL DEFAULT '0' COMMENT 'Attribute ID',
  `entity_id` int(10) unsigned NOT NULL DEFAULT '0' COMMENT 'Entity ID',
  `value` int(11) NOT NULL DEFAULT '0' COMMENT 'Value',
  PRIMARY KEY (`value_id`),
  UNIQUE KEY `CUSTOMER_ENTITY_INT_ENTITY_ID_ATTRIBUTE_ID` (`entity_id`,`attribute_id`),
  KEY `CUSTOMER_ENTITY_INT_ATTRIBUTE_ID` (`attribute_id`),
  KEY `CUSTOMER_ENTITY_INT_ENTITY_ID_ATTRIBUTE_ID_VALUE` (`entity_id`,`attribute_id`,`value`),
  CONSTRAINT `CUSTOMER_ENTITY_INT_ATTRIBUTE_ID_EAV_ATTRIBUTE_ATTRIBUTE_ID` FOREIGN KEY (`attribute_id`) REFERENCES `eav_attribute` (`attribute_id`) ON DELETE CASCADE,
  CONSTRAINT `CUSTOMER_ENTITY_INT_ENTITY_ID_CUSTOMER_ENTITY_ENTITY_ID` FOREIGN KEY (`entity_id`) REFERENCES `customer_entity` (`entity_id`) ON DELETE CASCADE
) ENGINE=InnoDB DEFAULT CHARSET=utf8 COMMENT='Customer Entity Int';

--
-- Dumping data for table `customer_entity_int`
--


--
-- Table structure for table `customer_entity_text`
--

CREATE TABLE `customer_entity_text` (
  `value_id` int(11) NOT NULL AUTO_INCREMENT COMMENT 'Value ID',
  `attribute_id` smallint(5) unsigned NOT NULL DEFAULT '0' COMMENT 'Attribute ID',
  `entity_id` int(10) unsigned NOT NULL DEFAULT '0' COMMENT 'Entity ID',
  `value` text NOT NULL COMMENT 'Value',
  PRIMARY KEY (`value_id`),
  UNIQUE KEY `CUSTOMER_ENTITY_TEXT_ENTITY_ID_ATTRIBUTE_ID` (`entity_id`,`attribute_id`),
  KEY `CUSTOMER_ENTITY_TEXT_ATTRIBUTE_ID` (`attribute_id`),
  CONSTRAINT `CUSTOMER_ENTITY_TEXT_ATTRIBUTE_ID_EAV_ATTRIBUTE_ATTRIBUTE_ID` FOREIGN KEY (`attribute_id`) REFERENCES `eav_attribute` (`attribute_id`) ON DELETE CASCADE,
  CONSTRAINT `CUSTOMER_ENTITY_TEXT_ENTITY_ID_CUSTOMER_ENTITY_ENTITY_ID` FOREIGN KEY (`entity_id`) REFERENCES `customer_entity` (`entity_id`) ON DELETE CASCADE
) ENGINE=InnoDB DEFAULT CHARSET=utf8 COMMENT='Customer Entity Text';

--
-- Dumping data for table `customer_entity_text`
--


--
-- Table structure for table `customer_entity_varchar`
--

CREATE TABLE `customer_entity_varchar` (
  `value_id` int(11) NOT NULL AUTO_INCREMENT COMMENT 'Value ID',
  `attribute_id` smallint(5) unsigned NOT NULL DEFAULT '0' COMMENT 'Attribute ID',
  `entity_id` int(10) unsigned NOT NULL DEFAULT '0' COMMENT 'Entity ID',
  `value` varchar(255) DEFAULT NULL COMMENT 'Value',
  PRIMARY KEY (`value_id`),
  UNIQUE KEY `CUSTOMER_ENTITY_VARCHAR_ENTITY_ID_ATTRIBUTE_ID` (`entity_id`,`attribute_id`),
  KEY `CUSTOMER_ENTITY_VARCHAR_ATTRIBUTE_ID` (`attribute_id`),
  KEY `CUSTOMER_ENTITY_VARCHAR_ENTITY_ID_ATTRIBUTE_ID_VALUE` (`entity_id`,`attribute_id`,`value`),
  CONSTRAINT `CUSTOMER_ENTITY_VARCHAR_ATTRIBUTE_ID_EAV_ATTRIBUTE_ATTRIBUTE_ID` FOREIGN KEY (`attribute_id`) REFERENCES `eav_attribute` (`attribute_id`) ON DELETE CASCADE,
  CONSTRAINT `CUSTOMER_ENTITY_VARCHAR_ENTITY_ID_CUSTOMER_ENTITY_ENTITY_ID` FOREIGN KEY (`entity_id`) REFERENCES `customer_entity` (`entity_id`) ON DELETE CASCADE
) ENGINE=InnoDB DEFAULT CHARSET=utf8 COMMENT='Customer Entity Varchar';

--
-- Dumping data for table `customer_entity_varchar`
--


--
-- Table structure for table `customer_form_attribute`
--

CREATE TABLE `customer_form_attribute` (
  `form_code` varchar(32) NOT NULL COMMENT 'Form Code',
  `attribute_id` smallint(5) unsigned NOT NULL COMMENT 'Attribute ID',
  PRIMARY KEY (`form_code`,`attribute_id`),
  KEY `CUSTOMER_FORM_ATTRIBUTE_ATTRIBUTE_ID` (`attribute_id`),
  CONSTRAINT `CUSTOMER_FORM_ATTRIBUTE_ATTRIBUTE_ID_EAV_ATTRIBUTE_ATTRIBUTE_ID` FOREIGN KEY (`attribute_id`) REFERENCES `eav_attribute` (`attribute_id`) ON DELETE CASCADE
) ENGINE=InnoDB DEFAULT CHARSET=utf8 COMMENT='Customer Form Attribute';

--
-- Dumping data for table `customer_form_attribute`
--

INSERT INTO `customer_form_attribute` VALUES ('adminhtml_customer',1),('adminhtml_customer',3),('adminhtml_customer',4),('customer_account_create',4),('customer_account_edit',4),('adminhtml_customer',5),('customer_account_create',5),('customer_account_edit',5),('adminhtml_customer',6),('customer_account_create',6),('customer_account_edit',6),('adminhtml_customer',7),('customer_account_create',7),('customer_account_edit',7),('adminhtml_customer',8),('customer_account_create',8),('customer_account_edit',8),('adminhtml_checkout',9),('adminhtml_customer',9),('customer_account_create',9),('customer_account_edit',9),('adminhtml_checkout',10),('adminhtml_customer',10),('adminhtml_checkout',11),('adminhtml_customer',11),('customer_account_create',11),('customer_account_edit',11),('adminhtml_checkout',17),('adminhtml_customer',17),('customer_account_create',17),('customer_account_edit',17),('adminhtml_customer',19),('customer_account_create',19),('customer_account_edit',19),('adminhtml_checkout',20),('adminhtml_customer',20),('customer_account_create',20),('customer_account_edit',20),('adminhtml_customer',21),('adminhtml_customer_address',22),('customer_address_edit',22),('customer_register_address',22),('adminhtml_customer_address',23),('customer_address_edit',23),('customer_register_address',23),('adminhtml_customer_address',24),('customer_address_edit',24),('customer_register_address',24),('adminhtml_customer_address',25),('customer_address_edit',25),('customer_register_address',25),('adminhtml_customer_address',26),('customer_address_edit',26),('customer_register_address',26),('adminhtml_customer_address',27),('customer_address_edit',27),('customer_register_address',27),('adminhtml_customer_address',28),('customer_address_edit',28),('customer_register_address',28),('adminhtml_customer_address',29),('customer_address_edit',29),('customer_register_address',29),('adminhtml_customer_address',30),('customer_address_edit',30),('customer_register_address',30),('adminhtml_customer_address',31),('customer_address_edit',31),('customer_register_address',31),('adminhtml_customer_address',32),('customer_address_edit',32),('customer_register_address',32),('adminhtml_customer_address',33),('customer_address_edit',33),('customer_register_address',33),('adminhtml_customer_address',34),('customer_address_edit',34),('customer_register_address',34),('adminhtml_customer_address',35),('customer_address_edit',35),('customer_register_address',35),('adminhtml_customer_address',36),('customer_address_edit',36),('customer_register_address',36),('adminhtml_customer',138);

--
-- Table structure for table `customer_grid_flat`
--

CREATE TABLE `customer_grid_flat` (
  `entity_id` int(10) unsigned NOT NULL COMMENT 'Entity ID',
  `name` text COMMENT 'Name',
  `email` varchar(255) DEFAULT NULL COMMENT 'Email',
  `group_id` int(11) DEFAULT NULL COMMENT 'Group_id',
  `created_at` timestamp NULL DEFAULT NULL COMMENT 'Created_at',
  `website_id` int(11) DEFAULT NULL COMMENT 'Website_id',
  `confirmation` varchar(255) DEFAULT NULL COMMENT 'Confirmation',
  `created_in` text COMMENT 'Created_in',
  `dob` date DEFAULT NULL COMMENT 'Dob',
  `gender` int(11) DEFAULT NULL COMMENT 'Gender',
  `taxvat` varchar(255) DEFAULT NULL COMMENT 'Taxvat',
  `lock_expires` timestamp NULL DEFAULT NULL COMMENT 'Lock_expires',
  `shipping_full` text COMMENT 'Shipping_full',
  `billing_full` text COMMENT 'Billing_full',
  `billing_firstname` varchar(255) DEFAULT NULL COMMENT 'Billing_firstname',
  `billing_lastname` varchar(255) DEFAULT NULL COMMENT 'Billing_lastname',
  `billing_telephone` varchar(255) DEFAULT NULL COMMENT 'Billing_telephone',
  `billing_postcode` varchar(255) DEFAULT NULL COMMENT 'Billing_postcode',
  `billing_country_id` varchar(255) DEFAULT NULL COMMENT 'Billing_country_id',
  `billing_region` varchar(255) DEFAULT NULL COMMENT 'Billing_region',
  `billing_region_id` int(11) DEFAULT NULL COMMENT 'Billing_region_id',
  `billing_street` varchar(255) DEFAULT NULL COMMENT 'Billing_street',
  `billing_city` varchar(255) DEFAULT NULL COMMENT 'Billing_city',
  `billing_fax` varchar(255) DEFAULT NULL COMMENT 'Billing_fax',
  `billing_vat_id` varchar(255) DEFAULT NULL COMMENT 'Billing_vat_id',
  `billing_company` varchar(255) DEFAULT NULL COMMENT 'Billing_company',
  PRIMARY KEY (`entity_id`),
  KEY `CUSTOMER_GRID_FLAT_GROUP_ID` (`group_id`),
  KEY `CUSTOMER_GRID_FLAT_CREATED_AT` (`created_at`),
  KEY `CUSTOMER_GRID_FLAT_WEBSITE_ID` (`website_id`),
  KEY `CUSTOMER_GRID_FLAT_CONFIRMATION` (`confirmation`),
  KEY `CUSTOMER_GRID_FLAT_DOB` (`dob`),
  KEY `CUSTOMER_GRID_FLAT_GENDER` (`gender`),
  KEY `CUSTOMER_GRID_FLAT_BILLING_COUNTRY_ID` (`billing_country_id`),
  FULLTEXT KEY `FTI_8746F705702DD5F6D45B8C7CE7FE9F2F` (`name`,`email`,`created_in`,`taxvat`,`shipping_full`,`billing_full`,`billing_firstname`,`billing_lastname`,`billing_telephone`,`billing_postcode`,`billing_region`,`billing_city`,`billing_fax`,`billing_company`)
) ENGINE=InnoDB DEFAULT CHARSET=utf8 COMMENT='customer_grid_flat';

--
-- Dumping data for table `customer_grid_flat`
--

INSERT INTO `customer_grid_flat` VALUES (1,'5ka Test Uporabniik','nastja@petka.eu',1,'2022-02-21 10:29:48',1,NULL,'SI',NULL,NULL,NULL,NULL,'','',NULL,NULL,NULL,NULL,NULL,NULL,NULL,NULL,NULL,NULL,NULL,NULL);

--
-- Table structure for table `customer_group`
--

CREATE TABLE `customer_group` (
  `customer_group_id` int(10) unsigned NOT NULL AUTO_INCREMENT,
  `customer_group_code` varchar(32) NOT NULL COMMENT 'Customer Group Code',
  `tax_class_id` int(10) unsigned NOT NULL DEFAULT '0' COMMENT 'Tax Class ID',
  PRIMARY KEY (`customer_group_id`)
) ENGINE=InnoDB AUTO_INCREMENT=4 DEFAULT CHARSET=utf8 COMMENT='Customer Group';

--
-- Dumping data for table `customer_group`
--

INSERT INTO `customer_group` VALUES (0,'NOT LOGGED IN',3),(1,'General',3),(2,'Wholesale',3),(3,'Retailer',3);

--
-- Table structure for table `customer_group_excluded_website`
--

CREATE TABLE `customer_group_excluded_website` (
  `entity_id` int(10) unsigned NOT NULL AUTO_INCREMENT,
  `customer_group_id` int(10) unsigned NOT NULL COMMENT 'Customer Group ID',
  `website_id` smallint(5) unsigned NOT NULL COMMENT 'Excluded Website ID from Customer Group',
  PRIMARY KEY (`entity_id`),
  KEY `CUSTOMER_GROUP_EXCLUDED_WEBSITE_CUSTOMER_GROUP_ID_WEBSITE_ID` (`customer_group_id`,`website_id`)
) ENGINE=InnoDB DEFAULT CHARSET=utf8 COMMENT='Excluded Websites From Customer Group';

--
-- Dumping data for table `customer_group_excluded_website`
--


--
-- Table structure for table `customer_log`
--

CREATE TABLE `customer_log` (
  `log_id` int(11) NOT NULL AUTO_INCREMENT COMMENT 'Log ID',
  `customer_id` int(11) NOT NULL COMMENT 'Customer ID',
  `last_login_at` timestamp NULL DEFAULT NULL COMMENT 'Last Login Time',
  `last_logout_at` timestamp NULL DEFAULT NULL COMMENT 'Last Logout Time',
  PRIMARY KEY (`log_id`),
  UNIQUE KEY `CUSTOMER_LOG_CUSTOMER_ID` (`customer_id`)
) ENGINE=InnoDB AUTO_INCREMENT=2 DEFAULT CHARSET=utf8 COMMENT='Customer Log Table';

--
-- Dumping data for table `customer_log`
--

INSERT INTO `customer_log` VALUES (1,1,'2022-02-21 12:05:41',NULL);

--
-- Table structure for table `customer_visitor`
--

CREATE TABLE `customer_visitor` (
  `visitor_id` bigint(20) unsigned NOT NULL AUTO_INCREMENT COMMENT 'Visitor ID',
  `customer_id` int(11) DEFAULT NULL COMMENT 'Customer ID',
  `session_id` varchar(1) DEFAULT NULL COMMENT 'Deprecated: Session ID value no longer used',
  `created_at` timestamp NOT NULL DEFAULT CURRENT_TIMESTAMP COMMENT 'Created At',
  `last_visit_at` timestamp NOT NULL DEFAULT CURRENT_TIMESTAMP ON UPDATE CURRENT_TIMESTAMP COMMENT 'Last Visit Time',
  PRIMARY KEY (`visitor_id`),
  KEY `CUSTOMER_VISITOR_CUSTOMER_ID` (`customer_id`),
  KEY `CUSTOMER_VISITOR_LAST_VISIT_AT` (`last_visit_at`)
) ENGINE=InnoDB AUTO_INCREMENT=16 DEFAULT CHARSET=utf8 COMMENT='Visitor Table';

--
-- Dumping data for table `customer_visitor`
--


--
-- Table structure for table `design_change`
--

CREATE TABLE `design_change` (
  `design_change_id` int(11) NOT NULL AUTO_INCREMENT COMMENT 'Design Change ID',
  `store_id` smallint(5) unsigned NOT NULL DEFAULT '0' COMMENT 'Store ID',
  `design` varchar(255) DEFAULT NULL COMMENT 'Design',
  `date_from` date DEFAULT NULL COMMENT 'First Date of Design Activity',
  `date_to` date DEFAULT NULL COMMENT 'Last Date of Design Activity',
  PRIMARY KEY (`design_change_id`),
  KEY `DESIGN_CHANGE_STORE_ID` (`store_id`),
  CONSTRAINT `DESIGN_CHANGE_STORE_ID_STORE_STORE_ID` FOREIGN KEY (`store_id`) REFERENCES `store` (`store_id`) ON DELETE CASCADE
) ENGINE=InnoDB DEFAULT CHARSET=utf8 COMMENT='Design Changes';

--
-- Dumping data for table `design_change`
--


--
-- Table structure for table `design_config_grid_flat`
--

CREATE TABLE `design_config_grid_flat` (
  `entity_id` int(10) unsigned NOT NULL COMMENT 'Entity ID',
  `store_website_id` int(11) DEFAULT NULL COMMENT 'Store_website_id',
  `store_group_id` int(11) DEFAULT NULL COMMENT 'Store_group_id',
  `store_id` int(11) DEFAULT NULL COMMENT 'Store_id',
  `theme_theme_id` varchar(255) DEFAULT NULL COMMENT 'Theme_theme_id',
  PRIMARY KEY (`entity_id`),
  KEY `DESIGN_CONFIG_GRID_FLAT_STORE_WEBSITE_ID` (`store_website_id`),
  KEY `DESIGN_CONFIG_GRID_FLAT_STORE_GROUP_ID` (`store_group_id`),
  KEY `DESIGN_CONFIG_GRID_FLAT_STORE_ID` (`store_id`),
  FULLTEXT KEY `DESIGN_CONFIG_GRID_FLAT_THEME_THEME_ID` (`theme_theme_id`)
) ENGINE=InnoDB DEFAULT CHARSET=utf8 COMMENT='design_config_grid_flat';

--
-- Dumping data for table `design_config_grid_flat`
--

INSERT INTO `design_config_grid_flat` VALUES (0,NULL,NULL,NULL,'4'),(1,1,NULL,NULL,'4'),(2,1,1,1,'4'),(3,1,1,2,'4'),(4,1,1,3,'4');

--
-- Table structure for table `directory_country`
--

CREATE TABLE `directory_country` (
  `country_id` varchar(2) NOT NULL COMMENT 'Country ID in ISO-2',
  `iso2_code` varchar(2) DEFAULT NULL COMMENT 'Country ISO-2 format',
  `iso3_code` varchar(3) DEFAULT NULL COMMENT 'Country ISO-3',
  PRIMARY KEY (`country_id`)
) ENGINE=InnoDB DEFAULT CHARSET=utf8 COMMENT='Directory Country';

--
-- Dumping data for table `directory_country`
--

INSERT INTO `directory_country` VALUES ('AD','AD','AND'),('AE','AE','ARE'),('AF','AF','AFG'),('AG','AG','ATG'),('AI','AI','AIA'),('AL','AL','ALB'),('AM','AM','ARM'),('AN','AN','ANT'),('AO','AO','AGO'),('AQ','AQ','ATA'),('AR','AR','ARG'),('AS','AS','ASM'),('AT','AT','AUT'),('AU','AU','AUS'),('AW','AW','ABW'),('AX','AX','ALA'),('AZ','AZ','AZE'),('BA','BA','BIH'),('BB','BB','BRB'),('BD','BD','BGD'),('BE','BE','BEL'),('BF','BF','BFA'),('BG','BG','BGR'),('BH','BH','BHR'),('BI','BI','BDI'),('BJ','BJ','BEN'),('BL','BL','BLM'),('BM','BM','BMU'),('BN','BN','BRN'),('BO','BO','BOL'),('BQ','BQ','BES'),('BR','BR','BRA'),('BS','BS','BHS'),('BT','BT','BTN'),('BV','BV','BVT'),('BW','BW','BWA'),('BY','BY','BLR'),('BZ','BZ','BLZ'),('CA','CA','CAN'),('CC','CC','CCK'),('CD','CD','COD'),('CF','CF','CAF'),('CG','CG','COG'),('CH','CH','CHE'),('CI','CI','CIV'),('CK','CK','COK'),('CL','CL','CHL'),('CM','CM','CMR'),('CN','CN','CHN'),('CO','CO','COL'),('CR','CR','CRI'),('CU','CU','CUB'),('CV','CV','CPV'),('CW','CW','CUW'),('CX','CX','CXR'),('CY','CY','CYP'),('CZ','CZ','CZE'),('DE','DE','DEU'),('DJ','DJ','DJI'),('DK','DK','DNK'),('DM','DM','DMA'),('DO','DO','DOM'),('DZ','DZ','DZA'),('EC','EC','ECU'),('EE','EE','EST'),('EG','EG','EGY'),('EH','EH','ESH'),('ER','ER','ERI'),('ES','ES','ESP'),('ET','ET','ETH'),('FI','FI','FIN'),('FJ','FJ','FJI'),('FK','FK','FLK'),('FM','FM','FSM'),('FO','FO','FRO'),('FR','FR','FRA'),('GA','GA','GAB'),('GB','GB','GBR'),('GD','GD','GRD'),('GE','GE','GEO'),('GF','GF','GUF'),('GG','GG','GGY'),('GH','GH','GHA'),('GI','GI','GIB'),('GL','GL','GRL'),('GM','GM','GMB'),('GN','GN','GIN'),('GP','GP','GLP'),('GQ','GQ','GNQ'),('GR','GR','GRC'),('GS','GS','SGS'),('GT','GT','GTM'),('GU','GU','GUM'),('GW','GW','GNB'),('GY','GY','GUY'),('HK','HK','HKG'),('HM','HM','HMD'),('HN','HN','HND'),('HR','HR','HRV'),('HT','HT','HTI'),('HU','HU','HUN'),('ID','ID','IDN'),('IE','IE','IRL'),('IL','IL','ISR'),('IM','IM','IMN'),('IN','IN','IND'),('IO','IO','IOT'),('IQ','IQ','IRQ'),('IR','IR','IRN'),('IS','IS','ISL'),('IT','IT','ITA'),('JE','JE','JEY'),('JM','JM','JAM'),('JO','JO','JOR'),('JP','JP','JPN'),('KE','KE','KEN'),('KG','KG','KGZ'),('KH','KH','KHM'),('KI','KI','KIR'),('KM','KM','COM'),('KN','KN','KNA'),('KP','KP','PRK'),('KR','KR','KOR'),('KW','KW','KWT'),('KY','KY','CYM'),('KZ','KZ','KAZ'),('LA','LA','LAO'),('LB','LB','LBN'),('LC','LC','LCA'),('LI','LI','LIE'),('LK','LK','LKA'),('LR','LR','LBR'),('LS','LS','LSO'),('LT','LT','LTU'),('LU','LU','LUX'),('LV','LV','LVA'),('LY','LY','LBY'),('MA','MA','MAR'),('MC','MC','MCO'),('MD','MD','MDA'),('ME','ME','MNE'),('MF','MF','MAF'),('MG','MG','MDG'),('MH','MH','MHL'),('MK','MK','MKD'),('ML','ML','MLI'),('MM','MM','MMR'),('MN','MN','MNG'),('MO','MO','MAC'),('MP','MP','MNP'),('MQ','MQ','MTQ'),('MR','MR','MRT'),('MS','MS','MSR'),('MT','MT','MLT'),('MU','MU','MUS'),('MV','MV','MDV'),('MW','MW','MWI'),('MX','MX','MEX'),('MY','MY','MYS'),('MZ','MZ','MOZ'),('NA','NA','NAM'),('NC','NC','NCL'),('NE','NE','NER'),('NF','NF','NFK'),('NG','NG','NGA'),('NI','NI','NIC'),('NL','NL','NLD'),('NO','NO','NOR'),('NP','NP','NPL'),('NR','NR','NRU'),('NU','NU','NIU'),('NZ','NZ','NZL'),('OM','OM','OMN'),('PA','PA','PAN'),('PE','PE','PER'),('PF','PF','PYF'),('PG','PG','PNG'),('PH','PH','PHL'),('PK','PK','PAK'),('PL','PL','POL'),('PM','PM','SPM'),('PN','PN','PCN'),('PS','PS','PSE'),('PT','PT','PRT'),('PW','PW','PLW'),('PY','PY','PRY'),('QA','QA','QAT'),('RE','RE','REU'),('RO','RO','ROU'),('RS','RS','SRB'),('RU','RU','RUS'),('RW','RW','RWA'),('SA','SA','SAU'),('SB','SB','SLB'),('SC','SC','SYC'),('SD','SD','SDN'),('SE','SE','SWE'),('SG','SG','SGP'),('SH','SH','SHN'),('SI','SI','SVN'),('SJ','SJ','SJM'),('SK','SK','SVK'),('SL','SL','SLE'),('SM','SM','SMR'),('SN','SN','SEN'),('SO','SO','SOM'),('SR','SR','SUR'),('ST','ST','STP'),('SV','SV','SLV'),('SX','SX','SXM'),('SY','SY','SYR'),('SZ','SZ','SWZ'),('TC','TC','TCA'),('TD','TD','TCD'),('TF','TF','ATF'),('TG','TG','TGO'),('TH','TH','THA'),('TJ','TJ','TJK'),('TK','TK','TKL'),('TL','TL','TLS'),('TM','TM','TKM'),('TN','TN','TUN'),('TO','TO','TON'),('TR','TR','TUR'),('TT','TT','TTO'),('TV','TV','TUV'),('TW','TW','TWN'),('TZ','TZ','TZA'),('UA','UA','UKR'),('UG','UG','UGA'),('UM','UM','UMI'),('US','US','USA'),('UY','UY','URY'),('UZ','UZ','UZB'),('VA','VA','VAT'),('VC','VC','VCT'),('VE','VE','VEN'),('VG','VG','VGB'),('VI','VI','VIR'),('VN','VN','VNM'),('VU','VU','VUT'),('WF','WF','WLF'),('WS','WS','WSM'),('XK','XK','XKX'),('YE','YE','YEM'),('YT','YT','MYT'),('ZA','ZA','ZAF'),('ZM','ZM','ZMB'),('ZW','ZW','ZWE');

--
-- Table structure for table `directory_country_format`
--

CREATE TABLE `directory_country_format` (
  `country_format_id` int(10) unsigned NOT NULL AUTO_INCREMENT COMMENT 'Country Format ID',
  `country_id` varchar(2) DEFAULT NULL COMMENT 'Country ID in ISO-2',
  `type` varchar(30) DEFAULT NULL COMMENT 'Country Format Type',
  `format` text NOT NULL COMMENT 'Country Format',
  PRIMARY KEY (`country_format_id`),
  UNIQUE KEY `DIRECTORY_COUNTRY_FORMAT_COUNTRY_ID_TYPE` (`country_id`,`type`)
) ENGINE=InnoDB DEFAULT CHARSET=utf8 COMMENT='Directory Country Format';

--
-- Dumping data for table `directory_country_format`
--


--
-- Table structure for table `directory_country_region`
--

CREATE TABLE `directory_country_region` (
  `region_id` int(10) unsigned NOT NULL AUTO_INCREMENT COMMENT 'Region ID',
  `country_id` varchar(4) NOT NULL DEFAULT '0' COMMENT 'Country ID in ISO-2',
  `code` varchar(32) DEFAULT NULL COMMENT 'Region code',
  `default_name` varchar(255) DEFAULT NULL COMMENT 'Region Name',
  PRIMARY KEY (`region_id`),
  KEY `DIRECTORY_COUNTRY_REGION_COUNTRY_ID` (`country_id`)
) ENGINE=InnoDB AUTO_INCREMENT=1101 DEFAULT CHARSET=utf8 COMMENT='Directory Country Region';

--
-- Dumping data for table `directory_country_region`
--

INSERT INTO `directory_country_region` VALUES (1,'US','AL','Alabama'),(2,'US','AK','Alaska'),(3,'US','AS','American Samoa'),(4,'US','AZ','Arizona'),(5,'US','AR','Arkansas'),(6,'US','AE','Armed Forces Africa'),(7,'US','AA','Armed Forces Americas'),(8,'US','AE','Armed Forces Canada'),(9,'US','AE','Armed Forces Europe'),(10,'US','AE','Armed Forces Middle East'),(11,'US','AP','Armed Forces Pacific'),(12,'US','CA','California'),(13,'US','CO','Colorado'),(14,'US','CT','Connecticut'),(15,'US','DE','Delaware'),(16,'US','DC','District of Columbia'),(17,'US','FM','Federated States Of Micronesia'),(18,'US','FL','Florida'),(19,'US','GA','Georgia'),(20,'US','GU','Guam'),(21,'US','HI','Hawaii'),(22,'US','ID','Idaho'),(23,'US','IL','Illinois'),(24,'US','IN','Indiana'),(25,'US','IA','Iowa'),(26,'US','KS','Kansas'),(27,'US','KY','Kentucky'),(28,'US','LA','Louisiana'),(29,'US','ME','Maine'),(30,'US','MH','Marshall Islands'),(31,'US','MD','Maryland'),(32,'US','MA','Massachusetts'),(33,'US','MI','Michigan'),(34,'US','MN','Minnesota'),(35,'US','MS','Mississippi'),(36,'US','MO','Missouri'),(37,'US','MT','Montana'),(38,'US','NE','Nebraska'),(39,'US','NV','Nevada'),(40,'US','NH','New Hampshire'),(41,'US','NJ','New Jersey'),(42,'US','NM','New Mexico'),(43,'US','NY','New York'),(44,'US','NC','North Carolina'),(45,'US','ND','North Dakota'),(46,'US','MP','Northern Mariana Islands'),(47,'US','OH','Ohio'),(48,'US','OK','Oklahoma'),(49,'US','OR','Oregon'),(50,'US','PW','Palau'),(51,'US','PA','Pennsylvania'),(52,'US','PR','Puerto Rico'),(53,'US','RI','Rhode Island'),(54,'US','SC','South Carolina'),(55,'US','SD','South Dakota'),(56,'US','TN','Tennessee'),(57,'US','TX','Texas'),(58,'US','UT','Utah'),(59,'US','VT','Vermont'),(60,'US','VI','Virgin Islands'),(61,'US','VA','Virginia'),(62,'US','WA','Washington'),(63,'US','WV','West Virginia'),(64,'US','WI','Wisconsin'),(65,'US','WY','Wyoming'),(66,'CA','AB','Alberta'),(67,'CA','BC','British Columbia'),(68,'CA','MB','Manitoba'),(69,'CA','NL','Newfoundland and Labrador'),(70,'CA','NB','New Brunswick'),(71,'CA','NS','Nova Scotia'),(72,'CA','NT','Northwest Territories'),(73,'CA','NU','Nunavut'),(74,'CA','ON','Ontario'),(75,'CA','PE','Prince Edward Island'),(76,'CA','QC','Quebec'),(77,'CA','SK','Saskatchewan'),(78,'CA','YT','Yukon Territory'),(79,'DE','NDS','Niedersachsen'),(80,'DE','BAW','Baden-Württemberg'),(81,'DE','BAY','Bayern'),(82,'DE','BER','Berlin'),(83,'DE','BRG','Brandenburg'),(84,'DE','BRE','Bremen'),(85,'DE','HAM','Hamburg'),(86,'DE','HES','Hessen'),(87,'DE','MEC','Mecklenburg-Vorpommern'),(88,'DE','NRW','Nordrhein-Westfalen'),(89,'DE','RHE','Rheinland-Pfalz'),(90,'DE','SAR','Saarland'),(91,'DE','SAS','Sachsen'),(92,'DE','SAC','Sachsen-Anhalt'),(93,'DE','SCN','Schleswig-Holstein'),(94,'DE','THE','Thüringen'),(95,'AT','WI','Wien'),(96,'AT','NO','Niederösterreich'),(97,'AT','OO','Oberösterreich'),(98,'AT','SB','Salzburg'),(99,'AT','KN','Kärnten'),(100,'AT','ST','Steiermark'),(101,'AT','TI','Tirol'),(102,'AT','BL','Burgenland'),(103,'AT','VB','Vorarlberg'),(104,'CH','AG','Aargau'),(105,'CH','AI','Appenzell Innerrhoden'),(106,'CH','AR','Appenzell Ausserrhoden'),(107,'CH','BE','Bern'),(108,'CH','BL','Basel-Landschaft'),(109,'CH','BS','Basel-Stadt'),(110,'CH','FR','Freiburg'),(111,'CH','GE','Genf'),(112,'CH','GL','Glarus'),(113,'CH','GR','Graubünden'),(114,'CH','JU','Jura'),(115,'CH','LU','Luzern'),(116,'CH','NE','Neuenburg'),(117,'CH','NW','Nidwalden'),(118,'CH','OW','Obwalden'),(119,'CH','SG','St. Gallen'),(120,'CH','SH','Schaffhausen'),(121,'CH','SO','Solothurn'),(122,'CH','SZ','Schwyz'),(123,'CH','TG','Thurgau'),(124,'CH','TI','Tessin'),(125,'CH','UR','Uri'),(126,'CH','VD','Waadt'),(127,'CH','VS','Wallis'),(128,'CH','ZG','Zug'),(129,'CH','ZH','Zürich'),(130,'ES','A Coruсa','A Coruña'),(131,'ES','Alava','Alava'),(132,'ES','Albacete','Albacete'),(133,'ES','Alicante','Alicante'),(134,'ES','Almeria','Almeria'),(135,'ES','Asturias','Asturias'),(136,'ES','Avila','Avila'),(137,'ES','Badajoz','Badajoz'),(138,'ES','Baleares','Baleares'),(139,'ES','Barcelona','Barcelona'),(140,'ES','Burgos','Burgos'),(141,'ES','Caceres','Caceres'),(142,'ES','Cadiz','Cadiz'),(143,'ES','Cantabria','Cantabria'),(144,'ES','Castellon','Castellon'),(145,'ES','Ceuta','Ceuta'),(146,'ES','Ciudad Real','Ciudad Real'),(147,'ES','Cordoba','Cordoba'),(148,'ES','Cuenca','Cuenca'),(149,'ES','Girona','Girona'),(150,'ES','Granada','Granada'),(151,'ES','Guadalajara','Guadalajara'),(152,'ES','Guipuzcoa','Guipuzcoa'),(153,'ES','Huelva','Huelva'),(154,'ES','Huesca','Huesca'),(155,'ES','Jaen','Jaen'),(156,'ES','La Rioja','La Rioja'),(157,'ES','Las Palmas','Las Palmas'),(158,'ES','Leon','Leon'),(159,'ES','Lleida','Lleida'),(160,'ES','Lugo','Lugo'),(161,'ES','Madrid','Madrid'),(162,'ES','Malaga','Malaga'),(163,'ES','Melilla','Melilla'),(164,'ES','Murcia','Murcia'),(165,'ES','Navarra','Navarra'),(166,'ES','Ourense','Ourense'),(167,'ES','Palencia','Palencia'),(168,'ES','Pontevedra','Pontevedra'),(169,'ES','Salamanca','Salamanca'),(170,'ES','Santa Cruz de Tenerife','Santa Cruz de Tenerife'),(171,'ES','Segovia','Segovia'),(172,'ES','Sevilla','Sevilla'),(173,'ES','Soria','Soria'),(174,'ES','Tarragona','Tarragona'),(175,'ES','Teruel','Teruel'),(176,'ES','Toledo','Toledo'),(177,'ES','Valencia','Valencia'),(178,'ES','Valladolid','Valladolid'),(179,'ES','Vizcaya','Vizcaya'),(180,'ES','Zamora','Zamora'),(181,'ES','Zaragoza','Zaragoza'),(182,'FR','1','Ain'),(183,'FR','2','Aisne'),(184,'FR','3','Allier'),(185,'FR','4','Alpes-de-Haute-Provence'),(186,'FR','5','Hautes-Alpes'),(187,'FR','6','Alpes-Maritimes'),(188,'FR','7','Ardèche'),(189,'FR','8','Ardennes'),(190,'FR','9','Ariège'),(191,'FR','10','Aube'),(192,'FR','11','Aude'),(193,'FR','12','Aveyron'),(194,'FR','13','Bouches-du-Rhône'),(195,'FR','14','Calvados'),(196,'FR','15','Cantal'),(197,'FR','16','Charente'),(198,'FR','17','Charente-Maritime'),(199,'FR','18','Cher'),(200,'FR','19','Corrèze'),(201,'FR','2A','Corse-du-Sud'),(202,'FR','2B','Haute-Corse'),(203,'FR','21','Côte-d\'Or'),(204,'FR','22','Côtes-d\'Armor'),(205,'FR','23','Creuse'),(206,'FR','24','Dordogne'),(207,'FR','25','Doubs'),(208,'FR','26','Drôme'),(209,'FR','27','Eure'),(210,'FR','28','Eure-et-Loir'),(211,'FR','29','Finistère'),(212,'FR','30','Gard'),(213,'FR','31','Haute-Garonne'),(214,'FR','32','Gers'),(215,'FR','33','Gironde'),(216,'FR','34','Hérault'),(217,'FR','35','Ille-et-Vilaine'),(218,'FR','36','Indre'),(219,'FR','37','Indre-et-Loire'),(220,'FR','38','Isère'),(221,'FR','39','Jura'),(222,'FR','40','Landes'),(223,'FR','41','Loir-et-Cher'),(224,'FR','42','Loire'),(225,'FR','43','Haute-Loire'),(226,'FR','44','Loire-Atlantique'),(227,'FR','45','Loiret'),(228,'FR','46','Lot'),(229,'FR','47','Lot-et-Garonne'),(230,'FR','48','Lozère'),(231,'FR','49','Maine-et-Loire'),(232,'FR','50','Manche'),(233,'FR','51','Marne'),(234,'FR','52','Haute-Marne'),(235,'FR','53','Mayenne'),(236,'FR','54','Meurthe-et-Moselle'),(237,'FR','55','Meuse'),(238,'FR','56','Morbihan'),(239,'FR','57','Moselle'),(240,'FR','58','Nièvre'),(241,'FR','59','Nord'),(242,'FR','60','Oise'),(243,'FR','61','Orne'),(244,'FR','62','Pas-de-Calais'),(245,'FR','63','Puy-de-Dôme'),(246,'FR','64','Pyrénées-Atlantiques'),(247,'FR','65','Hautes-Pyrénées'),(248,'FR','66','Pyrénées-Orientales'),(249,'FR','67','Bas-Rhin'),(250,'FR','68','Haut-Rhin'),(251,'FR','69','Rhône'),(252,'FR','70','Haute-Saône'),(253,'FR','71','Saône-et-Loire'),(254,'FR','72','Sarthe'),(255,'FR','73','Savoie'),(256,'FR','74','Haute-Savoie'),(257,'FR','75','Paris'),(258,'FR','76','Seine-Maritime'),(259,'FR','77','Seine-et-Marne'),(260,'FR','78','Yvelines'),(261,'FR','79','Deux-Sèvres'),(262,'FR','80','Somme'),(263,'FR','81','Tarn'),(264,'FR','82','Tarn-et-Garonne'),(265,'FR','83','Var'),(266,'FR','84','Vaucluse'),(267,'FR','85','Vendée'),(268,'FR','86','Vienne'),(269,'FR','87','Haute-Vienne'),(270,'FR','88','Vosges'),(271,'FR','89','Yonne'),(272,'FR','90','Territoire-de-Belfort'),(273,'FR','91','Essonne'),(274,'FR','92','Hauts-de-Seine'),(275,'FR','93','Seine-Saint-Denis'),(276,'FR','94','Val-de-Marne'),(277,'FR','95','Val-d\'Oise'),(278,'RO','AB','Alba'),(279,'RO','AR','Arad'),(280,'RO','AG','Argeş'),(281,'RO','BC','Bacău'),(282,'RO','BH','Bihor'),(283,'RO','BN','Bistriţa-Năsăud'),(284,'RO','BT','Botoşani'),(285,'RO','BV','Braşov'),(286,'RO','BR','Brăila'),(287,'RO','B','Bucureşti'),(288,'RO','BZ','Buzău'),(289,'RO','CS','Caraş-Severin'),(290,'RO','CL','Călăraşi'),(291,'RO','CJ','Cluj'),(292,'RO','CT','Constanţa'),(293,'RO','CV','Covasna'),(294,'RO','DB','Dâmboviţa'),(295,'RO','DJ','Dolj'),(296,'RO','GL','Galaţi'),(297,'RO','GR','Giurgiu'),(298,'RO','GJ','Gorj'),(299,'RO','HR','Harghita'),(300,'RO','HD','Hunedoara'),(301,'RO','IL','Ialomiţa'),(302,'RO','IS','Iaşi'),(303,'RO','IF','Ilfov'),(304,'RO','MM','Maramureş'),(305,'RO','MH','Mehedinţi'),(306,'RO','MS','Mureş'),(307,'RO','NT','Neamţ'),(308,'RO','OT','Olt'),(309,'RO','PH','Prahova'),(310,'RO','SM','Satu-Mare'),(311,'RO','SJ','Sălaj'),(312,'RO','SB','Sibiu'),(313,'RO','SV','Suceava'),(314,'RO','TR','Teleorman'),(315,'RO','TM','Timiş'),(316,'RO','TL','Tulcea'),(317,'RO','VS','Vaslui'),(318,'RO','VL','Vâlcea'),(319,'RO','VN','Vrancea'),(320,'FI','Lappi','Lappi'),(321,'FI','Pohjois-Pohjanmaa','Pohjois-Pohjanmaa'),(322,'FI','Kainuu','Kainuu'),(323,'FI','Pohjois-Karjala','Pohjois-Karjala'),(324,'FI','Pohjois-Savo','Pohjois-Savo'),(325,'FI','Etelä-Savo','Etelä-Savo'),(326,'FI','Etelä-Pohjanmaa','Etelä-Pohjanmaa'),(327,'FI','Pohjanmaa','Pohjanmaa'),(328,'FI','Pirkanmaa','Pirkanmaa'),(329,'FI','Satakunta','Satakunta'),(330,'FI','Keski-Pohjanmaa','Keski-Pohjanmaa'),(331,'FI','Keski-Suomi','Keski-Suomi'),(332,'FI','Varsinais-Suomi','Varsinais-Suomi'),(333,'FI','Etelä-Karjala','Etelä-Karjala'),(334,'FI','Päijät-Häme','Päijät-Häme'),(335,'FI','Kanta-Häme','Kanta-Häme'),(336,'FI','Uusimaa','Uusimaa'),(337,'FI','Itä-Uusimaa','Itä-Uusimaa'),(338,'FI','Kymenlaakso','Kymenlaakso'),(339,'FI','Ahvenanmaa','Ahvenanmaa'),(340,'EE','EE-37','Harjumaa'),(341,'EE','EE-39','Hiiumaa'),(342,'EE','EE-44','Ida-Virumaa'),(343,'EE','EE-49','Jõgevamaa'),(344,'EE','EE-51','Järvamaa'),(345,'EE','EE-57','Läänemaa'),(346,'EE','EE-59','Lääne-Virumaa'),(347,'EE','EE-65','Põlvamaa'),(348,'EE','EE-67','Pärnumaa'),(349,'EE','EE-70','Raplamaa'),(350,'EE','EE-74','Saaremaa'),(351,'EE','EE-78','Tartumaa'),(352,'EE','EE-82','Valgamaa'),(353,'EE','EE-84','Viljandimaa'),(354,'EE','EE-86','Võrumaa'),(355,'LV','LV-DGV','Daugavpils'),(356,'LV','LV-JEL','Jelgava'),(357,'LV','Jēkabpils','Jēkabpils'),(358,'LV','LV-JUR','Jūrmala'),(359,'LV','LV-LPX','Liepāja'),(360,'LV','LV-LE','Liepājas novads'),(361,'LV','LV-REZ','Rēzekne'),(362,'LV','LV-RIX','Rīga'),(363,'LV','LV-RI','Rīgas novads'),(364,'LV','Valmiera','Valmiera'),(365,'LV','LV-VEN','Ventspils'),(366,'LV','Aglonas novads','Aglonas novads'),(367,'LV','LV-AI','Aizkraukles novads'),(368,'LV','Aizputes novads','Aizputes novads'),(369,'LV','Aknīstes novads','Aknīstes novads'),(370,'LV','Alojas novads','Alojas novads'),(371,'LV','Alsungas novads','Alsungas novads'),(372,'LV','LV-AL','Alūksnes novads'),(373,'LV','Amatas novads','Amatas novads'),(374,'LV','Apes novads','Apes novads'),(375,'LV','Auces novads','Auces novads'),(376,'LV','Babītes novads','Babītes novads'),(377,'LV','Baldones novads','Baldones novads'),(378,'LV','Baltinavas novads','Baltinavas novads'),(379,'LV','LV-BL','Balvu novads'),(380,'LV','LV-BU','Bauskas novads'),(381,'LV','Beverīnas novads','Beverīnas novads'),(382,'LV','Brocēnu novads','Brocēnu novads'),(383,'LV','Burtnieku novads','Burtnieku novads'),(384,'LV','Carnikavas novads','Carnikavas novads'),(385,'LV','Cesvaines novads','Cesvaines novads'),(386,'LV','Ciblas novads','Ciblas novads'),(387,'LV','LV-CE','Cēsu novads'),(388,'LV','Dagdas novads','Dagdas novads'),(389,'LV','LV-DA','Daugavpils novads'),(390,'LV','LV-DO','Dobeles novads'),(391,'LV','Dundagas novads','Dundagas novads'),(392,'LV','Durbes novads','Durbes novads'),(393,'LV','Engures novads','Engures novads'),(394,'LV','Garkalnes novads','Garkalnes novads'),(395,'LV','Grobiņas novads','Grobiņas novads'),(396,'LV','LV-GU','Gulbenes novads'),(397,'LV','Iecavas novads','Iecavas novads'),(398,'LV','Ikšķiles novads','Ikšķiles novads'),(399,'LV','Ilūkstes novads','Ilūkstes novads'),(400,'LV','Inčukalna novads','Inčukalna novads'),(401,'LV','Jaunjelgavas novads','Jaunjelgavas novads'),(402,'LV','Jaunpiebalgas novads','Jaunpiebalgas novads'),(403,'LV','Jaunpils novads','Jaunpils novads'),(404,'LV','LV-JL','Jelgavas novads'),(405,'LV','LV-JK','Jēkabpils novads'),(406,'LV','Kandavas novads','Kandavas novads'),(407,'LV','Kokneses novads','Kokneses novads'),(408,'LV','Krimuldas novads','Krimuldas novads'),(409,'LV','Krustpils novads','Krustpils novads'),(410,'LV','LV-KR','Krāslavas novads'),(411,'LV','LV-KU','Kuldīgas novads'),(412,'LV','Kārsavas novads','Kārsavas novads'),(413,'LV','Lielvārdes novads','Lielvārdes novads'),(414,'LV','LV-LM','Limbažu novads'),(415,'LV','Lubānas novads','Lubānas novads'),(416,'LV','LV-LU','Ludzas novads'),(417,'LV','Līgatnes novads','Līgatnes novads'),(418,'LV','Līvānu novads','Līvānu novads'),(419,'LV','LV-MA','Madonas novads'),(420,'LV','Mazsalacas novads','Mazsalacas novads'),(421,'LV','Mālpils novads','Mālpils novads'),(422,'LV','Mārupes novads','Mārupes novads'),(423,'LV','Naukšēnu novads','Naukšēnu novads'),(424,'LV','Neretas novads','Neretas novads'),(425,'LV','Nīcas novads','Nīcas novads'),(426,'LV','LV-OG','Ogres novads'),(427,'LV','Olaines novads','Olaines novads'),(428,'LV','Ozolnieku novads','Ozolnieku novads'),(429,'LV','LV-PR','Preiļu novads'),(430,'LV','Priekules novads','Priekules novads'),(431,'LV','Priekuļu novads','Priekuļu novads'),(432,'LV','Pārgaujas novads','Pārgaujas novads'),(433,'LV','Pāvilostas novads','Pāvilostas novads'),(434,'LV','Pļaviņu novads','Pļaviņu novads'),(435,'LV','Raunas novads','Raunas novads'),(436,'LV','Riebiņu novads','Riebiņu novads'),(437,'LV','Rojas novads','Rojas novads'),(438,'LV','Ropažu novads','Ropažu novads'),(439,'LV','Rucavas novads','Rucavas novads'),(440,'LV','Rugāju novads','Rugāju novads'),(441,'LV','Rundāles novads','Rundāles novads'),(442,'LV','LV-RE','Rēzeknes novads'),(443,'LV','Rūjienas novads','Rūjienas novads'),(444,'LV','Salacgrīvas novads','Salacgrīvas novads'),(445,'LV','Salas novads','Salas novads'),(446,'LV','Salaspils novads','Salaspils novads'),(447,'LV','LV-SA','Saldus novads'),(448,'LV','Saulkrastu novads','Saulkrastu novads'),(449,'LV','Siguldas novads','Siguldas novads'),(450,'LV','Skrundas novads','Skrundas novads'),(451,'LV','Skrīveru novads','Skrīveru novads'),(452,'LV','Smiltenes novads','Smiltenes novads'),(453,'LV','Stopiņu novads','Stopiņu novads'),(454,'LV','Strenču novads','Strenču novads'),(455,'LV','Sējas novads','Sējas novads'),(456,'LV','LV-TA','Talsu novads'),(457,'LV','LV-TU','Tukuma novads'),(458,'LV','Tērvetes novads','Tērvetes novads'),(459,'LV','Vaiņodes novads','Vaiņodes novads'),(460,'LV','LV-VK','Valkas novads'),(461,'LV','LV-VM','Valmieras novads'),(462,'LV','Varakļānu novads','Varakļānu novads'),(463,'LV','Vecpiebalgas novads','Vecpiebalgas novads'),(464,'LV','Vecumnieku novads','Vecumnieku novads'),(465,'LV','LV-VE','Ventspils novads'),(466,'LV','Viesītes novads','Viesītes novads'),(467,'LV','Viļakas novads','Viļakas novads'),(468,'LV','Viļānu novads','Viļānu novads'),(469,'LV','Vārkavas novads','Vārkavas novads'),(470,'LV','Zilupes novads','Zilupes novads'),(471,'LV','Ādažu novads','Ādažu novads'),(472,'LV','Ērgļu novads','Ērgļu novads'),(473,'LV','Ķeguma novads','Ķeguma novads'),(474,'LV','Ķekavas novads','Ķekavas novads'),(475,'LT','LT-AL','Alytaus Apskritis'),(476,'LT','LT-KU','Kauno Apskritis'),(477,'LT','LT-KL','Klaipėdos Apskritis'),(478,'LT','LT-MR','Marijampolės Apskritis'),(479,'LT','LT-PN','Panevėžio Apskritis'),(480,'LT','LT-SA','Šiaulių Apskritis'),(481,'LT','LT-TA','Tauragės Apskritis'),(482,'LT','LT-TE','Telšių Apskritis'),(483,'LT','LT-UT','Utenos Apskritis'),(484,'LT','LT-VL','Vilniaus Apskritis'),(485,'BR','AC','Acre'),(486,'BR','AL','Alagoas'),(487,'BR','AP','Amapá'),(488,'BR','AM','Amazonas'),(489,'BR','BA','Bahia'),(490,'BR','CE','Ceará'),(491,'BR','ES','Espírito Santo'),(492,'BR','GO','Goiás'),(493,'BR','MA','Maranhão'),(494,'BR','MT','Mato Grosso'),(495,'BR','MS','Mato Grosso do Sul'),(496,'BR','MG','Minas Gerais'),(497,'BR','PA','Pará'),(498,'BR','PB','Paraíba'),(499,'BR','PR','Paraná'),(500,'BR','PE','Pernambuco'),(501,'BR','PI','Piauí'),(502,'BR','RJ','Rio de Janeiro'),(503,'BR','RN','Rio Grande do Norte'),(504,'BR','RS','Rio Grande do Sul'),(505,'BR','RO','Rondônia'),(506,'BR','RR','Roraima'),(507,'BR','SC','Santa Catarina'),(508,'BR','SP','São Paulo'),(509,'BR','SE','Sergipe'),(510,'BR','TO','Tocantins'),(511,'BR','DF','Distrito Federal'),(512,'AL','AL-01','Berat'),(513,'AL','AL-09','Dibër'),(514,'AL','AL-02','Durrës'),(515,'AL','AL-03','Elbasan'),(516,'AL','AL-04','Fier'),(517,'AL','AL-05','Gjirokastër'),(518,'AL','AL-06','Korçë'),(519,'AL','AL-07','Kukës'),(520,'AL','AL-08','Lezhë'),(521,'AL','AL-10','Shkodër'),(522,'AL','AL-11','Tiranë'),(523,'AL','AL-12','Vlorë'),(524,'AR','AR-C','Ciudad Autónoma de Buenos Aires'),(525,'AR','AR-B','Buenos Aires'),(526,'AR','AR-K','Catamarca'),(527,'AR','AR-H','Chaco'),(528,'AR','AR-U','Chubut'),(529,'AR','AR-X','Córdoba'),(530,'AR','AR-W','Corrientes'),(531,'AR','AR-E','Entre Ríos'),(532,'AR','AR-P','Formosa'),(533,'AR','AR-Y','Jujuy'),(534,'AR','AR-L','La Pampa'),(535,'AR','AR-F','La Rioja'),(536,'AR','AR-M','Mendoza'),(537,'AR','AR-N','Misiones'),(538,'AR','AR-Q','Neuquén'),(539,'AR','AR-R','Río Negro'),(540,'AR','AR-A','Salta'),(541,'AR','AR-J','San Juan'),(542,'AR','AR-D','San Luis'),(543,'AR','AR-Z','Santa Cruz'),(544,'AR','AR-S','Santa Fe'),(545,'AR','AR-G','Santiago del Estero'),(546,'AR','AR-V','Tierra del Fuego'),(547,'AR','AR-T','Tucumán'),(548,'HR','HR-01','Zagrebačka županija'),(549,'HR','HR-02','Krapinsko-zagorska županija'),(550,'HR','HR-03','Sisačko-moslavačka županija'),(551,'HR','HR-04','Karlovačka županija'),(552,'HR','HR-05','Varaždinska županija'),(553,'HR','HR-06','Koprivničko-križevačka županija'),(554,'HR','HR-07','Bjelovarsko-bilogorska županija'),(555,'HR','HR-08','Primorsko-goranska županija'),(556,'HR','HR-09','Ličko-senjska županija'),(557,'HR','HR-10','Virovitičko-podravska županija'),(558,'HR','HR-11','Požeško-slavonska županija'),(559,'HR','HR-12','Brodsko-posavska županija'),(560,'HR','HR-13','Zadarska županija'),(561,'HR','HR-14','Osječko-baranjska županija'),(562,'HR','HR-15','Šibensko-kninska županija'),(563,'HR','HR-16','Vukovarsko-srijemska županija'),(564,'HR','HR-17','Splitsko-dalmatinska županija'),(565,'HR','HR-18','Istarska županija'),(566,'HR','HR-19','Dubrovačko-neretvanska županija'),(567,'HR','HR-20','Međimurska županija'),(568,'HR','HR-21','Grad Zagreb'),(569,'IN','AN','Andaman and Nicobar Islands'),(570,'IN','AP','Andhra Pradesh'),(571,'IN','AR','Arunachal Pradesh'),(572,'IN','AS','Assam'),(573,'IN','BR','Bihar'),(574,'IN','CH','Chandigarh'),(575,'IN','CT','Chhattisgarh'),(576,'IN','DN','Dadra and Nagar Haveli'),(577,'IN','DD','Daman and Diu'),(578,'IN','DL','Delhi'),(579,'IN','GA','Goa'),(580,'IN','GJ','Gujarat'),(581,'IN','HR','Haryana'),(582,'IN','HP','Himachal Pradesh'),(583,'IN','JK','Jammu and Kashmir'),(584,'IN','JH','Jharkhand'),(585,'IN','KA','Karnataka'),(586,'IN','KL','Kerala'),(587,'IN','LD','Lakshadweep'),(588,'IN','MP','Madhya Pradesh'),(589,'IN','MH','Maharashtra'),(590,'IN','MN','Manipur'),(591,'IN','ML','Meghalaya'),(592,'IN','MZ','Mizoram'),(593,'IN','NL','Nagaland'),(594,'IN','OR','Odisha'),(595,'IN','PY','Puducherry'),(596,'IN','PB','Punjab'),(597,'IN','RJ','Rajasthan'),(598,'IN','SK','Sikkim'),(599,'IN','TN','Tamil Nadu'),(600,'IN','TG','Telangana'),(601,'IN','TR','Tripura'),(602,'IN','UP','Uttar Pradesh'),(603,'IN','UT','Uttarakhand'),(604,'IN','WB','West Bengal'),(605,'AU','ACT','Australian Capital Territory'),(606,'AU','NSW','New South Wales'),(607,'AU','VIC','Victoria'),(608,'AU','QLD','Queensland'),(609,'AU','SA','South Australia'),(610,'AU','TAS','Tasmania'),(611,'AU','WA','Western Australia'),(612,'AU','NT','Northern Territory'),(613,'BE','VAN','Antwerpen'),(614,'BE','WBR','Brabant wallon'),(615,'BE','BRU','Brussels-Capital Region'),(616,'BE','WHT','Hainaut'),(617,'BE','VLI','Limburg'),(618,'BE','WLG','Liège'),(619,'BE','WLX','Luxembourg'),(620,'BE','WNA','Namur'),(621,'BE','VOV','Oost-Vlaanderen'),(622,'BE','VBR','Vlaams-Brabant'),(623,'BE','VWV','West-Vlaanderen'),(624,'BO','BO-C','Cochabamba'),(625,'BO','BO-H','Chuquisaca'),(626,'BO','BO-B','El Beni'),(627,'BO','BO-L','La Paz'),(628,'BO','BO-O','Oruro'),(629,'BO','BO-N','Pando'),(630,'BO','BO-P','Potosí'),(631,'BO','BO-S','Santa Cruz'),(632,'BO','BO-T','Tarija'),(633,'BG','BG-01','Blagoevgrad'),(634,'BG','BG-02','Burgas'),(635,'BG','BG-03','Varna'),(636,'BG','BG-04','Veliko Tarnovo'),(637,'BG','BG-05','Vidin'),(638,'BG','BG-06','Vratsa'),(639,'BG','BG-07','Gabrovo'),(640,'BG','BG-08','Dobrich'),(641,'BG','BG-09','Kardzhali'),(642,'BG','BG-10','Kyustendil'),(643,'BG','BG-11','Lovech'),(644,'BG','BG-12','Montana'),(645,'BG','BG-13','Pazardzhik'),(646,'BG','BG-14','Pernik'),(647,'BG','BG-15','Pleven'),(648,'BG','BG-16','Plovdiv'),(649,'BG','BG-17','Razgrad'),(650,'BG','BG-18','Ruse'),(651,'BG','BG-19','Silistra'),(652,'BG','BG-20','Sliven'),(653,'BG','BG-21','Smolyan'),(654,'BG','BG-22','Sofia City'),(655,'BG','BG-23','Sofia Province'),(656,'BG','BG-24','Stara Zagora'),(657,'BG','BG-25','Targovishte'),(658,'BG','BG-26','Haskovo'),(659,'BG','BG-27','Shumen'),(660,'BG','BG-28','Yambol'),(661,'CL','CL-AI','Aisén del General Carlos Ibañez del Campo'),(662,'CL','CL-AN','Antofagasta'),(663,'CL','CL-AP','Arica y Parinacota'),(664,'CL','CL-AR','La Araucanía'),(665,'CL','CL-AT','Atacama'),(666,'CL','CL-BI','Biobío'),(667,'CL','CL-CO','Coquimbo'),(668,'CL','CL-LI','Libertador General Bernardo O\'Higgins'),(669,'CL','CL-LL','Los Lagos'),(670,'CL','CL-LR','Los Ríos'),(671,'CL','CL-MA','Magallanes'),(672,'CL','CL-ML','Maule'),(673,'CL','CL-NB','Ñuble'),(674,'CL','CL-RM','Región Metropolitana de Santiago'),(675,'CL','CL-TA','Tarapacá'),(676,'CL','CL-VS','Valparaíso'),(677,'CN','CN-AH','Anhui Sheng'),(678,'CN','CN-BJ','Beijing Shi'),(679,'CN','CN-CQ','Chongqing Shi'),(680,'CN','CN-FJ','Fujian Sheng'),(681,'CN','CN-GS','Gansu Sheng'),(682,'CN','CN-GD','Guangdong Sheng'),(683,'CN','CN-GX','Guangxi Zhuangzu Zizhiqu'),(684,'CN','CN-GZ','Guizhou Sheng'),(685,'CN','CN-HI','Hainan Sheng'),(686,'CN','CN-HE','Hebei Sheng'),(687,'CN','CN-HL','Heilongjiang Sheng'),(688,'CN','CN-HA','Henan Sheng'),(689,'CN','CN-HK','Hong Kong SAR'),(690,'CN','CN-HB','Hubei Sheng'),(691,'CN','CN-HN','Hunan Sheng'),(692,'CN','CN-JS','Jiangsu Sheng'),(693,'CN','CN-JX','Jiangxi Sheng'),(694,'CN','CN-JL','Jilin Sheng'),(695,'CN','CN-LN','Liaoning Sheng'),(696,'CN','CN-MO','Macao SAR'),(697,'CN','CN-NM','Nei Mongol Zizhiqu'),(698,'CN','CN-NX','Ningxia Huizi Zizhiqu'),(699,'CN','CN-QH','Qinghai Sheng'),(700,'CN','CN-SN','Shaanxi Sheng'),(701,'CN','CN-SD','Shandong Sheng'),(702,'CN','CN-SH','Shanghai Shi'),(703,'CN','CN-SX','Shanxi Sheng'),(704,'CN','CN-SC','Sichuan Sheng'),(705,'CN','CN-TW','Taiwan Sheng'),(706,'CN','CN-TJ','Tianjin Shi'),(707,'CN','CN-XJ','Xinjiang Uygur Zizhiqu'),(708,'CN','CN-XZ','Xizang Zizhiqu'),(709,'CN','CN-YN','Yunnan Sheng'),(710,'CN','CN-ZJ','Zhejiang Sheng'),(711,'CO','CO-AMA','Amazonas'),(712,'CO','CO-ANT','Antioquia'),(713,'CO','CO-ARA','Arauca'),(714,'CO','CO-ATL','Atlántico'),(715,'CO','CO-BOL','Bolívar'),(716,'CO','CO-BOY','Boyacá'),(717,'CO','CO-CAL','Caldas'),(718,'CO','CO-CAQ','Caquetá'),(719,'CO','CO-CAS','Casanare'),(720,'CO','CO-CAU','Cauca'),(721,'CO','CO-CES','Cesar'),(722,'CO','CO-CHO','Chocó'),(723,'CO','CO-COR','Córdoba'),(724,'CO','CO-CUN','Cundinamarca'),(725,'CO','CO-GUA','Guainía'),(726,'CO','CO-GUV','Guaviare'),(727,'CO','CO-HUL','Huila'),(728,'CO','CO-LAG','La Guajira'),(729,'CO','CO-MAG','Magdalena'),(730,'CO','CO-MET','Meta'),(731,'CO','CO-NAR','Nariño'),(732,'CO','CO-NSA','Norte de Santander'),(733,'CO','CO-PUT','Putumayo'),(734,'CO','CO-QUI','Quindío'),(735,'CO','CO-RIS','Risaralda'),(736,'CO','CO-SAP','San Andrés y Providencia'),(737,'CO','CO-SAN','Santander'),(738,'CO','CO-SUC','Sucre'),(739,'CO','CO-TOL','Tolima'),(740,'CO','CO-VAC','Valle del Cauca'),(741,'CO','CO-VAU','Vaupés'),(742,'CO','CO-VID','Vichada'),(743,'DK','DK-84','Hovedstaden'),(744,'DK','DK-82','Midtjylland'),(745,'DK','DK-81','Nordjylland'),(746,'DK','DK-85','Sjælland'),(747,'DK','DK-83','Syddanmark'),(748,'EC','EC-A','Azuay'),(749,'EC','EC-B','Bolívar'),(750,'EC','EC-F','Cañar'),(751,'EC','EC-C','Carchi'),(752,'EC','EC-H','Chimborazo'),(753,'EC','EC-X','Cotopaxi'),(754,'EC','EC-O','El Oro'),(755,'EC','EC-E','Esmeraldas'),(756,'EC','EC-W','Galápagos'),(757,'EC','EC-G','Guayas'),(758,'EC','EC-I','Imbabura'),(759,'EC','EC-L','Loja'),(760,'EC','EC-R','Los Ríos'),(761,'EC','EC-M','Manabí'),(762,'EC','EC-S','Morona Santiago'),(763,'EC','EC-N','Napo'),(764,'EC','EC-D','Orellana'),(765,'EC','EC-Y','Pastaza'),(766,'EC','EC-P','Pichincha'),(767,'EC','EC-SE','Santa Elena'),(768,'EC','EC-SD','Santo Domingo de los Tsáchilas'),(769,'EC','EC-U','Sucumbíos'),(770,'EC','EC-T','Tungurahua'),(771,'EC','EC-Z','Zamora Chinchipe'),(772,'GR','GR-A','Anatolikí Makedonía kai Thráki'),(773,'GR','GR-I','Attikí'),(774,'GR','GR-G','Dytikí Elláda'),(775,'GR','GR-C','Dytikí Makedonía'),(776,'GR','GR-F','Ionía Nísia'),(777,'GR','GR-D','Ípeiros'),(778,'GR','GR-B','Kentrikí Makedonía'),(779,'GR','GR-M','Kríti'),(780,'GR','GR-L','Nótio Aigaío'),(781,'GR','GR-J','Pelopónnisos'),(782,'GR','GR-H','Stereá Elláda'),(783,'GR','GR-E','Thessalía'),(784,'GR','GR-K','Vóreio Aigaío'),(785,'GR','GR-69','Ágion Óros'),(786,'GY','GY-BA','Barima-Waini'),(787,'GY','GY-CU','Cuyuni-Mazaruni'),(788,'GY','GY-DE','Demerara-Mahaica'),(789,'GY','GY-EB','East Berbice-Corentyne'),(790,'GY','GY-ES','Essequibo Islands-West Demerara'),(791,'GY','GY-MA','Mahaica-Berbice'),(792,'GY','GY-PM','Pomeroon-Supenaam'),(793,'GY','GY-PT','Potaro-Siparuni'),(794,'GY','GY-UD','Upper Demerara-Berbice'),(795,'GY','GY-UT','Upper Takutu-Upper Essequibo'),(796,'IS','IS-01','Höfuðborgarsvæði'),(797,'IS','IS-02','Suðurnes'),(798,'IS','IS-03','Vesturland'),(799,'IS','IS-04','Vestfirðir'),(800,'IS','IS-05','Norðurland vestra'),(801,'IS','IS-06','Norðurland eystra'),(802,'IS','IS-07','Austurland'),(803,'IS','IS-08','Suðurland'),(804,'IT','AG','Agrigento'),(805,'IT','AL','Alessandria'),(806,'IT','AN','Ancona'),(807,'IT','AO','Aosta'),(808,'IT','AQ','L\'Aquila'),(809,'IT','AR','Arezzo'),(810,'IT','AP','Ascoli-Piceno'),(811,'IT','AT','Asti'),(812,'IT','AV','Avellino'),(813,'IT','BA','Bari'),(814,'IT','BT','Barletta-Andria-Trani'),(815,'IT','BL','Belluno'),(816,'IT','BN','Benevento'),(817,'IT','BG','Bergamo'),(818,'IT','BI','Biella'),(819,'IT','BO','Bologna'),(820,'IT','BZ','Bolzano'),(821,'IT','BS','Brescia'),(822,'IT','BR','Brindisi'),(823,'IT','CA','Cagliari'),(824,'IT','CL','Caltanissetta'),(825,'IT','CB','Campobasso'),(826,'IT','CI','Carbonia Iglesias'),(827,'IT','CE','Caserta'),(828,'IT','CT','Catania'),(829,'IT','CZ','Catanzaro'),(830,'IT','CH','Chieti'),(831,'IT','CO','Como'),(832,'IT','CS','Cosenza'),(833,'IT','CR','Cremona'),(834,'IT','KR','Crotone'),(835,'IT','CN','Cuneo'),(836,'IT','EN','Enna'),(837,'IT','FM','Fermo'),(838,'IT','FE','Ferrara'),(839,'IT','FI','Firenze'),(840,'IT','FG','Foggia'),(841,'IT','FC','Forli-Cesena'),(842,'IT','FR','Frosinone'),(843,'IT','GE','Genova'),(844,'IT','GO','Gorizia'),(845,'IT','GR','Grosseto'),(846,'IT','IM','Imperia'),(847,'IT','IS','Isernia'),(848,'IT','SP','La-Spezia'),(849,'IT','LT','Latina'),(850,'IT','LE','Lecce'),(851,'IT','LC','Lecco'),(852,'IT','LI','Livorno'),(853,'IT','LO','Lodi'),(854,'IT','LU','Lucca'),(855,'IT','MC','Macerata'),(856,'IT','MN','Mantova'),(857,'IT','MS','Massa-Carrara'),(858,'IT','MT','Matera'),(859,'IT','VS','Medio Campidano'),(860,'IT','ME','Messina'),(861,'IT','MI','Milano'),(862,'IT','MO','Modena'),(863,'IT','MB','Monza-Brianza'),(864,'IT','NA','Napoli'),(865,'IT','NO','Novara'),(866,'IT','NU','Nuoro'),(867,'IT','OG','Ogliastra'),(868,'IT','OT','Olbia Tempio'),(869,'IT','OR','Oristano'),(870,'IT','PD','Padova'),(871,'IT','PA','Palermo'),(872,'IT','PR','Parma'),(873,'IT','PV','Pavia'),(874,'IT','PG','Perugia'),(875,'IT','PU','Pesaro-Urbino'),(876,'IT','PE','Pescara'),(877,'IT','PC','Piacenza'),(878,'IT','PI','Pisa'),(879,'IT','PT','Pistoia'),(880,'IT','PN','Pordenone'),(881,'IT','PZ','Potenza'),(882,'IT','PO','Prato'),(883,'IT','RG','Ragusa'),(884,'IT','RA','Ravenna'),(885,'IT','RC','Reggio-Calabria'),(886,'IT','RE','Reggio-Emilia'),(887,'IT','RI','Rieti'),(888,'IT','RN','Rimini'),(889,'IT','RM','Roma'),(890,'IT','RO','Rovigo'),(891,'IT','SA','Salerno'),(892,'IT','SS','Sassari'),(893,'IT','SV','Savona'),(894,'IT','SI','Siena'),(895,'IT','SR','Siracusa'),(896,'IT','SO','Sondrio'),(897,'IT','TA','Taranto'),(898,'IT','TE','Teramo'),(899,'IT','TR','Terni'),(900,'IT','TO','Torino'),(901,'IT','TP','Trapani'),(902,'IT','TN','Trento'),(903,'IT','TV','Treviso'),(904,'IT','TS','Trieste'),(905,'IT','UD','Udine'),(906,'IT','VA','Varese'),(907,'IT','VE','Venezia'),(908,'IT','VB','Verbania'),(909,'IT','VC','Vercelli'),(910,'IT','VR','Verona'),(911,'IT','VV','Vibo-Valentia'),(912,'IT','VI','Vicenza'),(913,'IT','VT','Viterbo'),(914,'MX','AGU','Aguascalientes'),(915,'MX','BCN','Baja California'),(916,'MX','BCS','Baja California Sur'),(917,'MX','CAM','Campeche'),(918,'MX','CHP','Chiapas'),(919,'MX','CHH','Chihuahua'),(920,'MX','CMX','Ciudad de México'),(921,'MX','COA','Coahuila'),(922,'MX','COL','Colima'),(923,'MX','DUR','Durango'),(924,'MX','MEX','Estado de México'),(925,'MX','GUA','Guanajuato'),(926,'MX','GRO','Guerrero'),(927,'MX','HID','Hidalgo'),(928,'MX','JAL','Jalisco'),(929,'MX','MIC','Michoacán'),(930,'MX','MOR','Morelos'),(931,'MX','NAY','Nayarit'),(932,'MX','NLE','Nuevo León'),(933,'MX','OAX','Oaxaca'),(934,'MX','PUE','Puebla'),(935,'MX','QUE','Querétaro'),(936,'MX','ROO','Quintana Roo'),(937,'MX','SLP','San Luis Potosí'),(938,'MX','SIN','Sinaloa'),(939,'MX','SON','Sonora'),(940,'MX','TAB','Tabasco'),(941,'MX','TAM','Tamaulipas'),(942,'MX','TLA','Tlaxcala'),(943,'MX','VER','Veracruz'),(944,'MX','YUC','Yucatán'),(945,'MX','ZAC','Zacatecas'),(946,'PY','PY-ASU','Asunción'),(947,'PY','PY-16','Alto Paraguay'),(948,'PY','PY-10','Alto Paraná'),(949,'PY','PY-13','Amambay'),(950,'PY','PY-19','Boquerón'),(951,'PY','PY-5','Caaguazú'),(952,'PY','PY-6','Caazapá'),(953,'PY','PY-14','Canindeyú'),(954,'PY','PY-11','Central'),(955,'PY','PY-1','Concepción'),(956,'PY','PY-3','Cordillera'),(957,'PY','PY-4','Guairá'),(958,'PY','PY-7','Itapúa'),(959,'PY','PY-8','Misiones'),(960,'PY','PY-12','Ñeembucú'),(961,'PY','PY-9','Paraguarí'),(962,'PY','PY-15','Presidente Hayes'),(963,'PY','PY-2','San Pedro'),(964,'PE','PE-LMA','Municipalidad Metropolitana de Lima'),(965,'PE','PE-AMA','Amazonas'),(966,'PE','PE-ANC','Ancash'),(967,'PE','PE-APU','Apurímac'),(968,'PE','PE-ARE','Arequipa'),(969,'PE','PE-AYA','Ayacucho'),(970,'PE','PE-CAJ','Cajamarca'),(971,'PE','PE-CUS','Cusco'),(972,'PE','PE-CAL','El Callao'),(973,'PE','PE-HUV','Huancavelica'),(974,'PE','PE-HUC','Huánuco'),(975,'PE','PE-ICA','Ica'),(976,'PE','PE-JUN','Junín'),(977,'PE','PE-LAL','La Libertad'),(978,'PE','PE-LAM','Lambayeque'),(979,'PE','PE-LIM','Lima'),(980,'PE','PE-LOR','Loreto'),(981,'PE','PE-MDD','Madre de Dios'),(982,'PE','PE-MOQ','Moquegua'),(983,'PE','PE-PAS','Pasco'),(984,'PE','PE-PIU','Piura'),(985,'PE','PE-PUN','Puno'),(986,'PE','PE-SAM','San Martín'),(987,'PE','PE-TAC','Tacna'),(988,'PE','PE-TUM','Tumbes'),(989,'PE','PE-UCA','Ucayali'),(990,'PL','PL-02','dolnośląskie'),(991,'PL','PL-04','kujawsko-pomorskie'),(992,'PL','PL-06','lubelskie'),(993,'PL','PL-08','lubuskie'),(994,'PL','PL-10','łódzkie'),(995,'PL','PL-12','małopolskie'),(996,'PL','PL-14','mazowieckie'),(997,'PL','PL-16','opolskie'),(998,'PL','PL-18','podkarpackie'),(999,'PL','PL-20','podlaskie'),(1000,'PL','PL-22','pomorskie'),(1001,'PL','PL-24','śląskie'),(1002,'PL','PL-26','świętokrzyskie'),(1003,'PL','PL-28','warmińsko-mazurskie'),(1004,'PL','PL-30','wielkopolskie'),(1005,'PL','PL-32','zachodniopomorskie'),(1006,'PT','PT-01','Aveiro'),(1007,'PT','PT-02','Beja'),(1008,'PT','PT-03','Braga'),(1009,'PT','PT-04','Bragança'),(1010,'PT','PT-05','Castelo Branco'),(1011,'PT','PT-06','Coimbra'),(1012,'PT','PT-07','Évora'),(1013,'PT','PT-08','Faro'),(1014,'PT','PT-09','Guarda'),(1015,'PT','PT-10','Leiria'),(1016,'PT','PT-11','Lisboa'),(1017,'PT','PT-12','Portalegre'),(1018,'PT','PT-13','Porto'),(1019,'PT','PT-14','Santarém'),(1020,'PT','PT-15','Setúbal'),(1021,'PT','PT-16','Viana do Castelo'),(1022,'PT','PT-17','Vila Real'),(1023,'PT','PT-18','Viseu'),(1024,'PT','PT-20','Região Autónoma dos Açores'),(1025,'PT','PT-30','Região Autónoma da Madeira'),(1026,'SR','SR-BR','Brokopondo'),(1027,'SR','SR-CM','Commewijne'),(1028,'SR','SR-CR','Coronie'),(1029,'SR','SR-MA','Marowijne'),(1030,'SR','SR-NI','Nickerie'),(1031,'SR','SR-PR','Para'),(1032,'SR','SR-PM','Paramaribo'),(1033,'SR','SR-SA','Saramacca'),(1034,'SR','SR-SI','Sipaliwini'),(1035,'SR','SR-WA','Wanica'),(1036,'SE','SE-K','Blekinge län'),(1037,'SE','SE-W','Dalarnas län'),(1038,'SE','SE-I','Gotlands län'),(1039,'SE','SE-X','Gävleborgs län'),(1040,'SE','SE-N','Hallands län'),(1041,'SE','SE-Z','Jämtlands län'),(1042,'SE','SE-F','Jönköpings län'),(1043,'SE','SE-H','Kalmar län'),(1044,'SE','SE-G','Kronobergs län'),(1045,'SE','SE-BD','Norrbottens län'),(1046,'SE','SE-M','Skåne län'),(1047,'SE','SE-AB','Stockholms län'),(1048,'SE','SE-D','Södermanlands län'),(1049,'SE','SE-C','Uppsala län'),(1050,'SE','SE-S','Värmlands län'),(1051,'SE','SE-AC','Västerbottens län'),(1052,'SE','SE-Y','Västernorrlands län'),(1053,'SE','SE-U','Västmanlands län'),(1054,'SE','SE-O','Västra Götalands län'),(1055,'SE','SE-T','Örebro län'),(1056,'SE','SE-E','Östergötlands län'),(1057,'UY','UY-AR','Artigas'),(1058,'UY','UY-CA','Canelones'),(1059,'UY','UY-CL','Cerro Largo'),(1060,'UY','UY-CO','Colonia'),(1061,'UY','UY-DU','Durazno'),(1062,'UY','UY-FS','Flores'),(1063,'UY','UY-FD','Florida'),(1064,'UY','UY-LA','Lavalleja'),(1065,'UY','UY-MA','Maldonado'),(1066,'UY','UY-MO','Montevideo'),(1067,'UY','UY-PA','Paysandu'),(1068,'UY','UY-RN','Río Negro'),(1069,'UY','UY-RV','Rivera'),(1070,'UY','UY-RO','Rocha'),(1071,'UY','UY-SA','Salto'),(1072,'UY','UY-SJ','San José'),(1073,'UY','UY-SO','Soriano'),(1074,'UY','UY-TA','Tacuarembó'),(1075,'UY','UY-TT','Treinta y Tres'),(1076,'VE','VE-W','Dependencias Federales'),(1077,'VE','VE-A','Distrito Capital'),(1078,'VE','VE-Z','Amazonas'),(1079,'VE','VE-B','Anzoátegui'),(1080,'VE','VE-C','Apure'),(1081,'VE','VE-D','Aragua'),(1082,'VE','VE-E','Barinas'),(1083,'VE','VE-F','Bolívar'),(1084,'VE','VE-G','Carabobo'),(1085,'VE','VE-H','Cojedes'),(1086,'VE','VE-Y','Delta Amacuro'),(1087,'VE','VE-I','Falcón'),(1088,'VE','VE-J','Guárico'),(1089,'VE','VE-K','Lara'),(1090,'VE','VE-L','Mérida'),(1091,'VE','VE-M','Miranda'),(1092,'VE','VE-N','Monagas'),(1093,'VE','VE-O','Nueva Esparta'),(1094,'VE','VE-P','Portuguesa'),(1095,'VE','VE-R','Sucre'),(1096,'VE','VE-S','Táchira'),(1097,'VE','VE-T','Trujillo'),(1098,'VE','VE-X','Vargas'),(1099,'VE','VE-U','Yaracuy'),(1100,'VE','VE-V','Zulia');

--
-- Table structure for table `directory_country_region_name`
--

CREATE TABLE `directory_country_region_name` (
  `locale` varchar(16) NOT NULL COMMENT 'Locale',
  `region_id` int(10) unsigned NOT NULL DEFAULT '0' COMMENT 'Region ID',
  `name` varchar(255) DEFAULT NULL COMMENT 'Region Name',
  PRIMARY KEY (`locale`,`region_id`),
  KEY `DIRECTORY_COUNTRY_REGION_NAME_REGION_ID` (`region_id`),
  CONSTRAINT `DIR_COUNTRY_REGION_NAME_REGION_ID_DIR_COUNTRY_REGION_REGION_ID` FOREIGN KEY (`region_id`) REFERENCES `directory_country_region` (`region_id`) ON DELETE CASCADE
) ENGINE=InnoDB DEFAULT CHARSET=utf8 COMMENT='Directory Country Region Name';

--
-- Dumping data for table `directory_country_region_name`
--

INSERT INTO `directory_country_region_name` VALUES ('en_US',1,'Alabama'),('en_US',2,'Alaska'),('en_US',3,'American Samoa'),('en_US',4,'Arizona'),('en_US',5,'Arkansas'),('en_US',6,'Armed Forces Africa'),('en_US',7,'Armed Forces Americas'),('en_US',8,'Armed Forces Canada'),('en_US',9,'Armed Forces Europe'),('en_US',10,'Armed Forces Middle East'),('en_US',11,'Armed Forces Pacific'),('en_US',12,'California'),('en_US',13,'Colorado'),('en_US',14,'Connecticut'),('en_US',15,'Delaware'),('en_US',16,'District of Columbia'),('en_US',17,'Federated States Of Micronesia'),('en_US',18,'Florida'),('en_US',19,'Georgia'),('en_US',20,'Guam'),('en_US',21,'Hawaii'),('en_US',22,'Idaho'),('en_US',23,'Illinois'),('en_US',24,'Indiana'),('en_US',25,'Iowa'),('en_US',26,'Kansas'),('en_US',27,'Kentucky'),('en_US',28,'Louisiana'),('en_US',29,'Maine'),('en_US',30,'Marshall Islands'),('en_US',31,'Maryland'),('en_US',32,'Massachusetts'),('en_US',33,'Michigan'),('en_US',34,'Minnesota'),('en_US',35,'Mississippi'),('en_US',36,'Missouri'),('en_US',37,'Montana'),('en_US',38,'Nebraska'),('en_US',39,'Nevada'),('en_US',40,'New Hampshire'),('en_US',41,'New Jersey'),('en_US',42,'New Mexico'),('en_US',43,'New York'),('en_US',44,'North Carolina'),('en_US',45,'North Dakota'),('en_US',46,'Northern Mariana Islands'),('en_US',47,'Ohio'),('en_US',48,'Oklahoma'),('en_US',49,'Oregon'),('en_US',50,'Palau'),('en_US',51,'Pennsylvania'),('en_US',52,'Puerto Rico'),('en_US',53,'Rhode Island'),('en_US',54,'South Carolina'),('en_US',55,'South Dakota'),('en_US',56,'Tennessee'),('en_US',57,'Texas'),('en_US',58,'Utah'),('en_US',59,'Vermont'),('en_US',60,'Virgin Islands'),('en_US',61,'Virginia'),('en_US',62,'Washington'),('en_US',63,'West Virginia'),('en_US',64,'Wisconsin'),('en_US',65,'Wyoming'),('en_US',66,'Alberta'),('en_US',67,'British Columbia'),('en_US',68,'Manitoba'),('en_US',69,'Newfoundland and Labrador'),('en_US',70,'New Brunswick'),('en_US',71,'Nova Scotia'),('en_US',72,'Northwest Territories'),('en_US',73,'Nunavut'),('en_US',74,'Ontario'),('en_US',75,'Prince Edward Island'),('en_US',76,'Quebec'),('en_US',77,'Saskatchewan'),('en_US',78,'Yukon Territory'),('en_US',79,'Niedersachsen'),('en_US',80,'Baden-Württemberg'),('en_US',81,'Bayern'),('en_US',82,'Berlin'),('en_US',83,'Brandenburg'),('en_US',84,'Bremen'),('en_US',85,'Hamburg'),('en_US',86,'Hessen'),('en_US',87,'Mecklenburg-Vorpommern'),('en_US',88,'Nordrhein-Westfalen'),('en_US',89,'Rheinland-Pfalz'),('en_US',90,'Saarland'),('en_US',91,'Sachsen'),('en_US',92,'Sachsen-Anhalt'),('en_US',93,'Schleswig-Holstein'),('en_US',94,'Thüringen'),('en_US',95,'Wien'),('en_US',96,'Niederösterreich'),('en_US',97,'Oberösterreich'),('en_US',98,'Salzburg'),('en_US',99,'Kärnten'),('en_US',100,'Steiermark'),('en_US',101,'Tirol'),('en_US',102,'Burgenland'),('en_US',103,'Vorarlberg'),('en_US',104,'Aargau'),('en_US',105,'Appenzell Innerrhoden'),('en_US',106,'Appenzell Ausserrhoden'),('en_US',107,'Bern'),('en_US',108,'Basel-Landschaft'),('en_US',109,'Basel-Stadt'),('en_US',110,'Freiburg'),('en_US',111,'Genf'),('en_US',112,'Glarus'),('en_US',113,'Graubünden'),('en_US',114,'Jura'),('en_US',115,'Luzern'),('en_US',116,'Neuenburg'),('en_US',117,'Nidwalden'),('en_US',118,'Obwalden'),('en_US',119,'St. Gallen'),('en_US',120,'Schaffhausen'),('en_US',121,'Solothurn'),('en_US',122,'Schwyz'),('en_US',123,'Thurgau'),('en_US',124,'Tessin'),('en_US',125,'Uri'),('en_US',126,'Waadt'),('en_US',127,'Wallis'),('en_US',128,'Zug'),('en_US',129,'Zürich'),('en_US',130,'A Coruña'),('en_US',131,'Alava'),('en_US',132,'Albacete'),('en_US',133,'Alicante'),('en_US',134,'Almeria'),('en_US',135,'Asturias'),('en_US',136,'Avila'),('en_US',137,'Badajoz'),('en_US',138,'Baleares'),('en_US',139,'Barcelona'),('en_US',140,'Burgos'),('en_US',141,'Caceres'),('en_US',142,'Cadiz'),('en_US',143,'Cantabria'),('en_US',144,'Castellon'),('en_US',145,'Ceuta'),('en_US',146,'Ciudad Real'),('en_US',147,'Cordoba'),('en_US',148,'Cuenca'),('en_US',149,'Girona'),('en_US',150,'Granada'),('en_US',151,'Guadalajara'),('en_US',152,'Guipuzcoa'),('en_US',153,'Huelva'),('en_US',154,'Huesca'),('en_US',155,'Jaen'),('en_US',156,'La Rioja'),('en_US',157,'Las Palmas'),('en_US',158,'Leon'),('en_US',159,'Lleida'),('en_US',160,'Lugo'),('en_US',161,'Madrid'),('en_US',162,'Malaga'),('en_US',163,'Melilla'),('en_US',164,'Murcia'),('en_US',165,'Navarra'),('en_US',166,'Ourense'),('en_US',167,'Palencia'),('en_US',168,'Pontevedra'),('en_US',169,'Salamanca'),('en_US',170,'Santa Cruz de Tenerife'),('en_US',171,'Segovia'),('en_US',172,'Sevilla'),('en_US',173,'Soria'),('en_US',174,'Tarragona'),('en_US',175,'Teruel'),('en_US',176,'Toledo'),('en_US',177,'Valencia'),('en_US',178,'Valladolid'),('en_US',179,'Vizcaya'),('en_US',180,'Zamora'),('en_US',181,'Zaragoza'),('en_US',182,'Ain'),('en_US',183,'Aisne'),('en_US',184,'Allier'),('en_US',185,'Alpes-de-Haute-Provence'),('en_US',186,'Hautes-Alpes'),('en_US',187,'Alpes-Maritimes'),('en_US',188,'Ardèche'),('en_US',189,'Ardennes'),('en_US',190,'Ariège'),('en_US',191,'Aube'),('en_US',192,'Aude'),('en_US',193,'Aveyron'),('en_US',194,'Bouches-du-Rhône'),('en_US',195,'Calvados'),('en_US',196,'Cantal'),('en_US',197,'Charente'),('en_US',198,'Charente-Maritime'),('en_US',199,'Cher'),('en_US',200,'Corrèze'),('en_US',201,'Corse-du-Sud'),('en_US',202,'Haute-Corse'),('en_US',203,'Côte-d\'Or'),('en_US',204,'Côtes-d\'Armor'),('en_US',205,'Creuse'),('en_US',206,'Dordogne'),('en_US',207,'Doubs'),('en_US',208,'Drôme'),('en_US',209,'Eure'),('en_US',210,'Eure-et-Loir'),('en_US',211,'Finistère'),('en_US',212,'Gard'),('en_US',213,'Haute-Garonne'),('en_US',214,'Gers'),('en_US',215,'Gironde'),('en_US',216,'Hérault'),('en_US',217,'Ille-et-Vilaine'),('en_US',218,'Indre'),('en_US',219,'Indre-et-Loire'),('en_US',220,'Isère'),('en_US',221,'Jura'),('en_US',222,'Landes'),('en_US',223,'Loir-et-Cher'),('en_US',224,'Loire'),('en_US',225,'Haute-Loire'),('en_US',226,'Loire-Atlantique'),('en_US',227,'Loiret'),('en_US',228,'Lot'),('en_US',229,'Lot-et-Garonne'),('en_US',230,'Lozère'),('en_US',231,'Maine-et-Loire'),('en_US',232,'Manche'),('en_US',233,'Marne'),('en_US',234,'Haute-Marne'),('en_US',235,'Mayenne'),('en_US',236,'Meurthe-et-Moselle'),('en_US',237,'Meuse'),('en_US',238,'Morbihan'),('en_US',239,'Moselle'),('en_US',240,'Nièvre'),('en_US',241,'Nord'),('en_US',242,'Oise'),('en_US',243,'Orne'),('en_US',244,'Pas-de-Calais'),('en_US',245,'Puy-de-Dôme'),('en_US',246,'Pyrénées-Atlantiques'),('en_US',247,'Hautes-Pyrénées'),('en_US',248,'Pyrénées-Orientales'),('en_US',249,'Bas-Rhin'),('en_US',250,'Haut-Rhin'),('en_US',251,'Rhône'),('en_US',252,'Haute-Saône'),('en_US',253,'Saône-et-Loire'),('en_US',254,'Sarthe'),('en_US',255,'Savoie'),('en_US',256,'Haute-Savoie'),('en_US',257,'Paris'),('en_US',258,'Seine-Maritime'),('en_US',259,'Seine-et-Marne'),('en_US',260,'Yvelines'),('en_US',261,'Deux-Sèvres'),('en_US',262,'Somme'),('en_US',263,'Tarn'),('en_US',264,'Tarn-et-Garonne'),('en_US',265,'Var'),('en_US',266,'Vaucluse'),('en_US',267,'Vendée'),('en_US',268,'Vienne'),('en_US',269,'Haute-Vienne'),('en_US',270,'Vosges'),('en_US',271,'Yonne'),('en_US',272,'Territoire-de-Belfort'),('en_US',273,'Essonne'),('en_US',274,'Hauts-de-Seine'),('en_US',275,'Seine-Saint-Denis'),('en_US',276,'Val-de-Marne'),('en_US',277,'Val-d\'Oise'),('en_US',278,'Alba'),('en_US',279,'Arad'),('en_US',280,'Argeş'),('en_US',281,'Bacău'),('en_US',282,'Bihor'),('en_US',283,'Bistriţa-Năsăud'),('en_US',284,'Botoşani'),('en_US',285,'Braşov'),('en_US',286,'Brăila'),('en_US',287,'Bucureşti'),('en_US',288,'Buzău'),('en_US',289,'Caraş-Severin'),('en_US',290,'Călăraşi'),('en_US',291,'Cluj'),('en_US',292,'Constanţa'),('en_US',293,'Covasna'),('en_US',294,'Dâmboviţa'),('en_US',295,'Dolj'),('en_US',296,'Galaţi'),('en_US',297,'Giurgiu'),('en_US',298,'Gorj'),('en_US',299,'Harghita'),('en_US',300,'Hunedoara'),('en_US',301,'Ialomiţa'),('en_US',302,'Iaşi'),('en_US',303,'Ilfov'),('en_US',304,'Maramureş'),('en_US',305,'Mehedinţi'),('en_US',306,'Mureş'),('en_US',307,'Neamţ'),('en_US',308,'Olt'),('en_US',309,'Prahova'),('en_US',310,'Satu-Mare'),('en_US',311,'Sălaj'),('en_US',312,'Sibiu'),('en_US',313,'Suceava'),('en_US',314,'Teleorman'),('en_US',315,'Timiş'),('en_US',316,'Tulcea'),('en_US',317,'Vaslui'),('en_US',318,'Vâlcea'),('en_US',319,'Vrancea'),('en_US',320,'Lappi'),('en_US',321,'Pohjois-Pohjanmaa'),('en_US',322,'Kainuu'),('en_US',323,'Pohjois-Karjala'),('en_US',324,'Pohjois-Savo'),('en_US',325,'Etelä-Savo'),('en_US',326,'Etelä-Pohjanmaa'),('en_US',327,'Pohjanmaa'),('en_US',328,'Pirkanmaa'),('en_US',329,'Satakunta'),('en_US',330,'Keski-Pohjanmaa'),('en_US',331,'Keski-Suomi'),('en_US',332,'Varsinais-Suomi'),('en_US',333,'Etelä-Karjala'),('en_US',334,'Päijät-Häme'),('en_US',335,'Kanta-Häme'),('en_US',336,'Uusimaa'),('en_US',337,'Itä-Uusimaa'),('en_US',338,'Kymenlaakso'),('en_US',339,'Ahvenanmaa'),('en_US',340,'Harjumaa'),('en_US',341,'Hiiumaa'),('en_US',342,'Ida-Virumaa'),('en_US',343,'Jõgevamaa'),('en_US',344,'Järvamaa'),('en_US',345,'Läänemaa'),('en_US',346,'Lääne-Virumaa'),('en_US',347,'Põlvamaa'),('en_US',348,'Pärnumaa'),('en_US',349,'Raplamaa'),('en_US',350,'Saaremaa'),('en_US',351,'Tartumaa'),('en_US',352,'Valgamaa'),('en_US',353,'Viljandimaa'),('en_US',354,'Võrumaa'),('en_US',355,'Daugavpils'),('en_US',356,'Jelgava'),('en_US',357,'Jēkabpils'),('en_US',358,'Jūrmala'),('en_US',359,'Liepāja'),('en_US',360,'Liepājas novads'),('en_US',361,'Rēzekne'),('en_US',362,'Rīga'),('en_US',363,'Rīgas novads'),('en_US',364,'Valmiera'),('en_US',365,'Ventspils'),('en_US',366,'Aglonas novads'),('en_US',367,'Aizkraukles novads'),('en_US',368,'Aizputes novads'),('en_US',369,'Aknīstes novads'),('en_US',370,'Alojas novads'),('en_US',371,'Alsungas novads'),('en_US',372,'Alūksnes novads'),('en_US',373,'Amatas novads'),('en_US',374,'Apes novads'),('en_US',375,'Auces novads'),('en_US',376,'Babītes novads'),('en_US',377,'Baldones novads'),('en_US',378,'Baltinavas novads'),('en_US',379,'Balvu novads'),('en_US',380,'Bauskas novads'),('en_US',381,'Beverīnas novads'),('en_US',382,'Brocēnu novads'),('en_US',383,'Burtnieku novads'),('en_US',384,'Carnikavas novads'),('en_US',385,'Cesvaines novads'),('en_US',386,'Ciblas novads'),('en_US',387,'Cēsu novads'),('en_US',388,'Dagdas novads'),('en_US',389,'Daugavpils novads'),('en_US',390,'Dobeles novads'),('en_US',391,'Dundagas novads'),('en_US',392,'Durbes novads'),('en_US',393,'Engures novads'),('en_US',394,'Garkalnes novads'),('en_US',395,'Grobiņas novads'),('en_US',396,'Gulbenes novads'),('en_US',397,'Iecavas novads'),('en_US',398,'Ikšķiles novads'),('en_US',399,'Ilūkstes novads'),('en_US',400,'Inčukalna novads'),('en_US',401,'Jaunjelgavas novads'),('en_US',402,'Jaunpiebalgas novads'),('en_US',403,'Jaunpils novads'),('en_US',404,'Jelgavas novads'),('en_US',405,'Jēkabpils novads'),('en_US',406,'Kandavas novads'),('en_US',407,'Kokneses novads'),('en_US',408,'Krimuldas novads'),('en_US',409,'Krustpils novads'),('en_US',410,'Krāslavas novads'),('en_US',411,'Kuldīgas novads'),('en_US',412,'Kārsavas novads'),('en_US',413,'Lielvārdes novads'),('en_US',414,'Limbažu novads'),('en_US',415,'Lubānas novads'),('en_US',416,'Ludzas novads'),('en_US',417,'Līgatnes novads'),('en_US',418,'Līvānu novads'),('en_US',419,'Madonas novads'),('en_US',420,'Mazsalacas novads'),('en_US',421,'Mālpils novads'),('en_US',422,'Mārupes novads'),('en_US',423,'Naukšēnu novads'),('en_US',424,'Neretas novads'),('en_US',425,'Nīcas novads'),('en_US',426,'Ogres novads'),('en_US',427,'Olaines novads'),('en_US',428,'Ozolnieku novads'),('en_US',429,'Preiļu novads'),('en_US',430,'Priekules novads'),('en_US',431,'Priekuļu novads'),('en_US',432,'Pārgaujas novads'),('en_US',433,'Pāvilostas novads'),('en_US',434,'Pļaviņu novads'),('en_US',435,'Raunas novads'),('en_US',436,'Riebiņu novads'),('en_US',437,'Rojas novads'),('en_US',438,'Ropažu novads'),('en_US',439,'Rucavas novads'),('en_US',440,'Rugāju novads'),('en_US',441,'Rundāles novads'),('en_US',442,'Rēzeknes novads'),('en_US',443,'Rūjienas novads'),('en_US',444,'Salacgrīvas novads'),('en_US',445,'Salas novads'),('en_US',446,'Salaspils novads'),('en_US',447,'Saldus novads'),('en_US',448,'Saulkrastu novads'),('en_US',449,'Siguldas novads'),('en_US',450,'Skrundas novads'),('en_US',451,'Skrīveru novads'),('en_US',452,'Smiltenes novads'),('en_US',453,'Stopiņu novads'),('en_US',454,'Strenču novads'),('en_US',455,'Sējas novads'),('en_US',456,'Talsu novads'),('en_US',457,'Tukuma novads'),('en_US',458,'Tērvetes novads'),('en_US',459,'Vaiņodes novads'),('en_US',460,'Valkas novads'),('en_US',461,'Valmieras novads'),('en_US',462,'Varakļānu novads'),('en_US',463,'Vecpiebalgas novads'),('en_US',464,'Vecumnieku novads'),('en_US',465,'Ventspils novads'),('en_US',466,'Viesītes novads'),('en_US',467,'Viļakas novads'),('en_US',468,'Viļānu novads'),('en_US',469,'Vārkavas novads'),('en_US',470,'Zilupes novads'),('en_US',471,'Ādažu novads'),('en_US',472,'Ērgļu novads'),('en_US',473,'Ķeguma novads'),('en_US',474,'Ķekavas novads'),('en_US',475,'Alytaus Apskritis'),('en_US',476,'Kauno Apskritis'),('en_US',477,'Klaipėdos Apskritis'),('en_US',478,'Marijampolės Apskritis'),('en_US',479,'Panevėžio Apskritis'),('en_US',480,'Šiaulių Apskritis'),('en_US',481,'Tauragės Apskritis'),('en_US',482,'Telšių Apskritis'),('en_US',483,'Utenos Apskritis'),('en_US',484,'Vilniaus Apskritis'),('en_US',485,'Acre'),('en_US',486,'Alagoas'),('en_US',487,'Amapá'),('en_US',488,'Amazonas'),('en_US',489,'Bahia'),('en_US',490,'Ceará'),('en_US',491,'Espírito Santo'),('en_US',492,'Goiás'),('en_US',493,'Maranhão'),('en_US',494,'Mato Grosso'),('en_US',495,'Mato Grosso do Sul'),('en_US',496,'Minas Gerais'),('en_US',497,'Pará'),('en_US',498,'Paraíba'),('en_US',499,'Paraná'),('en_US',500,'Pernambuco'),('en_US',501,'Piauí'),('en_US',502,'Rio de Janeiro'),('en_US',503,'Rio Grande do Norte'),('en_US',504,'Rio Grande do Sul'),('en_US',505,'Rondônia'),('en_US',506,'Roraima'),('en_US',507,'Santa Catarina'),('en_US',508,'São Paulo'),('en_US',509,'Sergipe'),('en_US',510,'Tocantins'),('en_US',511,'Distrito Federal'),('en_US',512,'Berat'),('en_US',513,'Dibër'),('en_US',514,'Durrës'),('en_US',515,'Elbasan'),('en_US',516,'Fier'),('en_US',517,'Gjirokastër'),('en_US',518,'Korçë'),('en_US',519,'Kukës'),('en_US',520,'Lezhë'),('en_US',521,'Shkodër'),('en_US',522,'Tiranë'),('en_US',523,'Vlorë'),('en_US',524,'Ciudad Autónoma de Buenos Aires'),('en_US',525,'Buenos Aires'),('en_US',526,'Catamarca'),('en_US',527,'Chaco'),('en_US',528,'Chubut'),('en_US',529,'Córdoba'),('en_US',530,'Corrientes'),('en_US',531,'Entre Ríos'),('en_US',532,'Formosa'),('en_US',533,'Jujuy'),('en_US',534,'La Pampa'),('en_US',535,'La Rioja'),('en_US',536,'Mendoza'),('en_US',537,'Misiones'),('en_US',538,'Neuquén'),('en_US',539,'Río Negro'),('en_US',540,'Salta'),('en_US',541,'San Juan'),('en_US',542,'San Luis'),('en_US',543,'Santa Cruz'),('en_US',544,'Santa Fe'),('en_US',545,'Santiago del Estero'),('en_US',546,'Tierra del Fuego'),('en_US',547,'Tucumán'),('en_US',548,'Zagrebačka županija'),('en_US',549,'Krapinsko-zagorska županija'),('en_US',550,'Sisačko-moslavačka županija'),('en_US',551,'Karlovačka županija'),('en_US',552,'Varaždinska županija'),('en_US',553,'Koprivničko-križevačka županija'),('en_US',554,'Bjelovarsko-bilogorska županija'),('en_US',555,'Primorsko-goranska županija'),('en_US',556,'Ličko-senjska županija'),('en_US',557,'Virovitičko-podravska županija'),('en_US',558,'Požeško-slavonska županija'),('en_US',559,'Brodsko-posavska županija'),('en_US',560,'Zadarska županija'),('en_US',561,'Osječko-baranjska županija'),('en_US',562,'Šibensko-kninska županija'),('en_US',563,'Vukovarsko-srijemska županija'),('en_US',564,'Splitsko-dalmatinska županija'),('en_US',565,'Istarska županija'),('en_US',566,'Dubrovačko-neretvanska županija'),('en_US',567,'Međimurska županija'),('en_US',568,'Grad Zagreb'),('en_US',569,'Andaman and Nicobar Islands'),('en_US',570,'Andhra Pradesh'),('en_US',571,'Arunachal Pradesh'),('en_US',572,'Assam'),('en_US',573,'Bihar'),('en_US',574,'Chandigarh'),('en_US',575,'Chhattisgarh'),('en_US',576,'Dadra and Nagar Haveli'),('en_US',577,'Daman and Diu'),('en_US',578,'Delhi'),('en_US',579,'Goa'),('en_US',580,'Gujarat'),('en_US',581,'Haryana'),('en_US',582,'Himachal Pradesh'),('en_US',583,'Jammu and Kashmir'),('en_US',584,'Jharkhand'),('en_US',585,'Karnataka'),('en_US',586,'Kerala'),('en_US',587,'Lakshadweep'),('en_US',588,'Madhya Pradesh'),('en_US',589,'Maharashtra'),('en_US',590,'Manipur'),('en_US',591,'Meghalaya'),('en_US',592,'Mizoram'),('en_US',593,'Nagaland'),('en_US',594,'Odisha'),('en_US',595,'Puducherry'),('en_US',596,'Punjab'),('en_US',597,'Rajasthan'),('en_US',598,'Sikkim'),('en_US',599,'Tamil Nadu'),('en_US',600,'Telangana'),('en_US',601,'Tripura'),('en_US',602,'Uttar Pradesh'),('en_US',603,'Uttarakhand'),('en_US',604,'West Bengal'),('en_US',605,'Australian Capital Territory'),('en_US',606,'New South Wales'),('en_US',607,'Victoria'),('en_US',608,'Queensland'),('en_US',609,'South Australia'),('en_US',610,'Tasmania'),('en_US',611,'Western Australia'),('en_US',612,'Northern Territory'),('en_US',613,'Antwerpen'),('en_US',614,'Brabant wallon'),('en_US',615,'Brussels-Capital Region'),('en_US',616,'Hainaut'),('en_US',617,'Limburg'),('en_US',618,'Liège'),('en_US',619,'Luxembourg'),('en_US',620,'Namur'),('en_US',621,'Oost-Vlaanderen'),('en_US',622,'Vlaams-Brabant'),('en_US',623,'West-Vlaanderen'),('en_US',624,'Cochabamba'),('en_US',625,'Chuquisaca'),('en_US',626,'El Beni'),('en_US',627,'La Paz'),('en_US',628,'Oruro'),('en_US',629,'Pando'),('en_US',630,'Potosí'),('en_US',631,'Santa Cruz'),('en_US',632,'Tarija'),('en_US',633,'Blagoevgrad'),('en_US',634,'Burgas'),('en_US',635,'Varna'),('en_US',636,'Veliko Tarnovo'),('en_US',637,'Vidin'),('en_US',638,'Vratsa'),('en_US',639,'Gabrovo'),('en_US',640,'Dobrich'),('en_US',641,'Kardzhali'),('en_US',642,'Kyustendil'),('en_US',643,'Lovech'),('en_US',644,'Montana'),('en_US',645,'Pazardzhik'),('en_US',646,'Pernik'),('en_US',647,'Pleven'),('en_US',648,'Plovdiv'),('en_US',649,'Razgrad'),('en_US',650,'Ruse'),('en_US',651,'Silistra'),('en_US',652,'Sliven'),('en_US',653,'Smolyan'),('en_US',654,'Sofia City'),('en_US',655,'Sofia Province'),('en_US',656,'Stara Zagora'),('en_US',657,'Targovishte'),('en_US',658,'Haskovo'),('en_US',659,'Shumen'),('en_US',660,'Yambol'),('en_US',661,'Aisén del General Carlos Ibañez del Campo'),('en_US',662,'Antofagasta'),('en_US',663,'Arica y Parinacota'),('en_US',664,'La Araucanía'),('en_US',665,'Atacama'),('en_US',666,'Biobío'),('en_US',667,'Coquimbo'),('en_US',668,'Libertador General Bernardo O\'Higgins'),('en_US',669,'Los Lagos'),('en_US',670,'Los Ríos'),('en_US',671,'Magallanes'),('en_US',672,'Maule'),('en_US',673,'Ñuble'),('en_US',674,'Región Metropolitana de Santiago'),('en_US',675,'Tarapacá'),('en_US',676,'Valparaíso'),('en_US',677,'Anhui Sheng'),('en_US',678,'Beijing Shi'),('en_US',679,'Chongqing Shi'),('en_US',680,'Fujian Sheng'),('en_US',681,'Gansu Sheng'),('en_US',682,'Guangdong Sheng'),('en_US',683,'Guangxi Zhuangzu Zizhiqu'),('en_US',684,'Guizhou Sheng'),('en_US',685,'Hainan Sheng'),('en_US',686,'Hebei Sheng'),('en_US',687,'Heilongjiang Sheng'),('en_US',688,'Henan Sheng'),('en_US',689,'Hong Kong SAR'),('en_US',690,'Hubei Sheng'),('en_US',691,'Hunan Sheng'),('en_US',692,'Jiangsu Sheng'),('en_US',693,'Jiangxi Sheng'),('en_US',694,'Jilin Sheng'),('en_US',695,'Liaoning Sheng'),('en_US',696,'Macao SAR'),('en_US',697,'Nei Mongol Zizhiqu'),('en_US',698,'Ningxia Huizi Zizhiqu'),('en_US',699,'Qinghai Sheng'),('en_US',700,'Shaanxi Sheng'),('en_US',701,'Shandong Sheng'),('en_US',702,'Shanghai Shi'),('en_US',703,'Shanxi Sheng'),('en_US',704,'Sichuan Sheng'),('en_US',705,'Taiwan Sheng'),('en_US',706,'Tianjin Shi'),('en_US',707,'Xinjiang Uygur Zizhiqu'),('en_US',708,'Xizang Zizhiqu'),('en_US',709,'Yunnan Sheng'),('en_US',710,'Zhejiang Sheng'),('en_US',711,'Amazonas'),('en_US',712,'Antioquia'),('en_US',713,'Arauca'),('en_US',714,'Atlántico'),('en_US',715,'Bolívar'),('en_US',716,'Boyacá'),('en_US',717,'Caldas'),('en_US',718,'Caquetá'),('en_US',719,'Casanare'),('en_US',720,'Cauca'),('en_US',721,'Cesar'),('en_US',722,'Chocó'),('en_US',723,'Córdoba'),('en_US',724,'Cundinamarca'),('en_US',725,'Guainía'),('en_US',726,'Guaviare'),('en_US',727,'Huila'),('en_US',728,'La Guajira'),('en_US',729,'Magdalena'),('en_US',730,'Meta'),('en_US',731,'Nariño'),('en_US',732,'Norte de Santander'),('en_US',733,'Putumayo'),('en_US',734,'Quindío'),('en_US',735,'Risaralda'),('en_US',736,'San Andrés y Providencia'),('en_US',737,'Santander'),('en_US',738,'Sucre'),('en_US',739,'Tolima'),('en_US',740,'Valle del Cauca'),('en_US',741,'Vaupés'),('en_US',742,'Vichada'),('en_US',743,'Hovedstaden'),('en_US',744,'Midtjylland'),('en_US',745,'Nordjylland'),('en_US',746,'Sjælland'),('en_US',747,'Syddanmark'),('en_US',748,'Azuay'),('en_US',749,'Bolívar'),('en_US',750,'Cañar'),('en_US',751,'Carchi'),('en_US',752,'Chimborazo'),('en_US',753,'Cotopaxi'),('en_US',754,'El Oro'),('en_US',755,'Esmeraldas'),('en_US',756,'Galápagos'),('en_US',757,'Guayas'),('en_US',758,'Imbabura'),('en_US',759,'Loja'),('en_US',760,'Los Ríos'),('en_US',761,'Manabí'),('en_US',762,'Morona Santiago'),('en_US',763,'Napo'),('en_US',764,'Orellana'),('en_US',765,'Pastaza'),('en_US',766,'Pichincha'),('en_US',767,'Santa Elena'),('en_US',768,'Santo Domingo de los Tsáchilas'),('en_US',769,'Sucumbíos'),('en_US',770,'Tungurahua'),('en_US',771,'Zamora Chinchipe'),('en_US',772,'Anatolikí Makedonía kai Thráki'),('en_US',773,'Attikí'),('en_US',774,'Dytikí Elláda'),('en_US',775,'Dytikí Makedonía'),('en_US',776,'Ionía Nísia'),('en_US',777,'Ípeiros'),('en_US',778,'Kentrikí Makedonía'),('en_US',779,'Kríti'),('en_US',780,'Nótio Aigaío'),('en_US',781,'Pelopónnisos'),('en_US',782,'Stereá Elláda'),('en_US',783,'Thessalía'),('en_US',784,'Vóreio Aigaío'),('en_US',785,'Ágion Óros'),('en_US',786,'Barima-Waini'),('en_US',787,'Cuyuni-Mazaruni'),('en_US',788,'Demerara-Mahaica'),('en_US',789,'East Berbice-Corentyne'),('en_US',790,'Essequibo Islands-West Demerara'),('en_US',791,'Mahaica-Berbice'),('en_US',792,'Pomeroon-Supenaam'),('en_US',793,'Potaro-Siparuni'),('en_US',794,'Upper Demerara-Berbice'),('en_US',795,'Upper Takutu-Upper Essequibo'),('en_US',796,'Höfuðborgarsvæði'),('en_US',797,'Suðurnes'),('en_US',798,'Vesturland'),('en_US',799,'Vestfirðir'),('en_US',800,'Norðurland vestra'),('en_US',801,'Norðurland eystra'),('en_US',802,'Austurland'),('en_US',803,'Suðurland'),('en_US',804,'Agrigento'),('en_US',805,'Alessandria'),('en_US',806,'Ancona'),('en_US',807,'Aosta'),('en_US',808,'L\'Aquila'),('en_US',809,'Arezzo'),('en_US',810,'Ascoli-Piceno'),('en_US',811,'Asti'),('en_US',812,'Avellino'),('en_US',813,'Bari'),('en_US',814,'Barletta-Andria-Trani'),('en_US',815,'Belluno'),('en_US',816,'Benevento'),('en_US',817,'Bergamo'),('en_US',818,'Biella'),('en_US',819,'Bologna'),('en_US',820,'Bolzano'),('en_US',821,'Brescia'),('en_US',822,'Brindisi'),('en_US',823,'Cagliari'),('en_US',824,'Caltanissetta'),('en_US',825,'Campobasso'),('en_US',826,'Carbonia Iglesias'),('en_US',827,'Caserta'),('en_US',828,'Catania'),('en_US',829,'Catanzaro'),('en_US',830,'Chieti'),('en_US',831,'Como'),('en_US',832,'Cosenza'),('en_US',833,'Cremona'),('en_US',834,'Crotone'),('en_US',835,'Cuneo'),('en_US',836,'Enna'),('en_US',837,'Fermo'),('en_US',838,'Ferrara'),('en_US',839,'Firenze'),('en_US',840,'Foggia'),('en_US',841,'Forli-Cesena'),('en_US',842,'Frosinone'),('en_US',843,'Genova'),('en_US',844,'Gorizia'),('en_US',845,'Grosseto'),('en_US',846,'Imperia'),('en_US',847,'Isernia'),('en_US',848,'La-Spezia'),('en_US',849,'Latina'),('en_US',850,'Lecce'),('en_US',851,'Lecco'),('en_US',852,'Livorno'),('en_US',853,'Lodi'),('en_US',854,'Lucca'),('en_US',855,'Macerata'),('en_US',856,'Mantova'),('en_US',857,'Massa-Carrara'),('en_US',858,'Matera'),('en_US',859,'Medio Campidano'),('en_US',860,'Messina'),('en_US',861,'Milano'),('en_US',862,'Modena'),('en_US',863,'Monza-Brianza'),('en_US',864,'Napoli'),('en_US',865,'Novara'),('en_US',866,'Nuoro'),('en_US',867,'Ogliastra'),('en_US',868,'Olbia Tempio'),('en_US',869,'Oristano'),('en_US',870,'Padova'),('en_US',871,'Palermo'),('en_US',872,'Parma'),('en_US',873,'Pavia'),('en_US',874,'Perugia'),('en_US',875,'Pesaro-Urbino'),('en_US',876,'Pescara'),('en_US',877,'Piacenza'),('en_US',878,'Pisa'),('en_US',879,'Pistoia'),('en_US',880,'Pordenone'),('en_US',881,'Potenza'),('en_US',882,'Prato'),('en_US',883,'Ragusa'),('en_US',884,'Ravenna'),('en_US',885,'Reggio-Calabria'),('en_US',886,'Reggio-Emilia'),('en_US',887,'Rieti'),('en_US',888,'Rimini'),('en_US',889,'Roma'),('en_US',890,'Rovigo'),('en_US',891,'Salerno'),('en_US',892,'Sassari'),('en_US',893,'Savona'),('en_US',894,'Siena'),('en_US',895,'Siracusa'),('en_US',896,'Sondrio'),('en_US',897,'Taranto'),('en_US',898,'Teramo'),('en_US',899,'Terni'),('en_US',900,'Torino'),('en_US',901,'Trapani'),('en_US',902,'Trento'),('en_US',903,'Treviso'),('en_US',904,'Trieste'),('en_US',905,'Udine'),('en_US',906,'Varese'),('en_US',907,'Venezia'),('en_US',908,'Verbania'),('en_US',909,'Vercelli'),('en_US',910,'Verona'),('en_US',911,'Vibo-Valentia'),('en_US',912,'Vicenza'),('en_US',913,'Viterbo'),('en_US',914,'Aguascalientes'),('en_US',915,'Baja California'),('en_US',916,'Baja California Sur'),('en_US',917,'Campeche'),('en_US',918,'Chiapas'),('en_US',919,'Chihuahua'),('en_US',920,'Ciudad de México'),('en_US',921,'Coahuila'),('en_US',922,'Colima'),('en_US',923,'Durango'),('en_US',924,'Estado de México'),('en_US',925,'Guanajuato'),('en_US',926,'Guerrero'),('en_US',927,'Hidalgo'),('en_US',928,'Jalisco'),('en_US',929,'Michoacán'),('en_US',930,'Morelos'),('en_US',931,'Nayarit'),('en_US',932,'Nuevo León'),('en_US',933,'Oaxaca'),('en_US',934,'Puebla'),('en_US',935,'Querétaro'),('en_US',936,'Quintana Roo'),('en_US',937,'San Luis Potosí'),('en_US',938,'Sinaloa'),('en_US',939,'Sonora'),('en_US',940,'Tabasco'),('en_US',941,'Tamaulipas'),('en_US',942,'Tlaxcala'),('en_US',943,'Veracruz'),('en_US',944,'Yucatán'),('en_US',945,'Zacatecas'),('en_US',946,'Asunción'),('en_US',947,'Alto Paraguay'),('en_US',948,'Alto Paraná'),('en_US',949,'Amambay'),('en_US',950,'Boquerón'),('en_US',951,'Caaguazú'),('en_US',952,'Caazapá'),('en_US',953,'Canindeyú'),('en_US',954,'Central'),('en_US',955,'Concepción'),('en_US',956,'Cordillera'),('en_US',957,'Guairá'),('en_US',958,'Itapúa'),('en_US',959,'Misiones'),('en_US',960,'Ñeembucú'),('en_US',961,'Paraguarí'),('en_US',962,'Presidente Hayes'),('en_US',963,'San Pedro'),('en_US',964,'Municipalidad Metropolitana de Lima'),('en_US',965,'Amazonas'),('en_US',966,'Ancash'),('en_US',967,'Apurímac'),('en_US',968,'Arequipa'),('en_US',969,'Ayacucho'),('en_US',970,'Cajamarca'),('en_US',971,'Cusco'),('en_US',972,'El Callao'),('en_US',973,'Huancavelica'),('en_US',974,'Huánuco'),('en_US',975,'Ica'),('en_US',976,'Junín'),('en_US',977,'La Libertad'),('en_US',978,'Lambayeque'),('en_US',979,'Lima'),('en_US',980,'Loreto'),('en_US',981,'Madre de Dios'),('en_US',982,'Moquegua'),('en_US',983,'Pasco'),('en_US',984,'Piura'),('en_US',985,'Puno'),('en_US',986,'San Martín'),('en_US',987,'Tacna'),('en_US',988,'Tumbes'),('en_US',989,'Ucayali'),('en_US',990,'dolnośląskie'),('en_US',991,'kujawsko-pomorskie'),('en_US',992,'lubelskie'),('en_US',993,'lubuskie'),('en_US',994,'łódzkie'),('en_US',995,'małopolskie'),('en_US',996,'mazowieckie'),('en_US',997,'opolskie'),('en_US',998,'podkarpackie'),('en_US',999,'podlaskie'),('en_US',1000,'pomorskie'),('en_US',1001,'śląskie'),('en_US',1002,'świętokrzyskie'),('en_US',1003,'warmińsko-mazurskie'),('en_US',1004,'wielkopolskie'),('en_US',1005,'zachodniopomorskie'),('en_US',1006,'Aveiro'),('en_US',1007,'Beja'),('en_US',1008,'Braga'),('en_US',1009,'Bragança'),('en_US',1010,'Castelo Branco'),('en_US',1011,'Coimbra'),('en_US',1012,'Évora'),('en_US',1013,'Faro'),('en_US',1014,'Guarda'),('en_US',1015,'Leiria'),('en_US',1016,'Lisboa'),('en_US',1017,'Portalegre'),('en_US',1018,'Porto'),('en_US',1019,'Santarém'),('en_US',1020,'Setúbal'),('en_US',1021,'Viana do Castelo'),('en_US',1022,'Vila Real'),('en_US',1023,'Viseu'),('en_US',1024,'Região Autónoma dos Açores'),('en_US',1025,'Região Autónoma da Madeira'),('en_US',1026,'Brokopondo'),('en_US',1027,'Commewijne'),('en_US',1028,'Coronie'),('en_US',1029,'Marowijne'),('en_US',1030,'Nickerie'),('en_US',1031,'Para'),('en_US',1032,'Paramaribo'),('en_US',1033,'Saramacca'),('en_US',1034,'Sipaliwini'),('en_US',1035,'Wanica'),('en_US',1036,'Blekinge län'),('en_US',1037,'Dalarnas län'),('en_US',1038,'Gotlands län'),('en_US',1039,'Gävleborgs län'),('en_US',1040,'Hallands län'),('en_US',1041,'Jämtlands län'),('en_US',1042,'Jönköpings län'),('en_US',1043,'Kalmar län'),('en_US',1044,'Kronobergs län'),('en_US',1045,'Norrbottens län'),('en_US',1046,'Skåne län'),('en_US',1047,'Stockholms län'),('en_US',1048,'Södermanlands län'),('en_US',1049,'Uppsala län'),('en_US',1050,'Värmlands län'),('en_US',1051,'Västerbottens län'),('en_US',1052,'Västernorrlands län'),('en_US',1053,'Västmanlands län'),('en_US',1054,'Västra Götalands län'),('en_US',1055,'Örebro län'),('en_US',1056,'Östergötlands län'),('en_US',1057,'Artigas'),('en_US',1058,'Canelones'),('en_US',1059,'Cerro Largo'),('en_US',1060,'Colonia'),('en_US',1061,'Durazno'),('en_US',1062,'Flores'),('en_US',1063,'Florida'),('en_US',1064,'Lavalleja'),('en_US',1065,'Maldonado'),('en_US',1066,'Montevideo'),('en_US',1067,'Paysandu'),('en_US',1068,'Río Negro'),('en_US',1069,'Rivera'),('en_US',1070,'Rocha'),('en_US',1071,'Salto'),('en_US',1072,'San José'),('en_US',1073,'Soriano'),('en_US',1074,'Tacuarembó'),('en_US',1075,'Treinta y Tres'),('en_US',1076,'Dependencias Federales'),('en_US',1077,'Distrito Capital'),('en_US',1078,'Amazonas'),('en_US',1079,'Anzoátegui'),('en_US',1080,'Apure'),('en_US',1081,'Aragua'),('en_US',1082,'Barinas'),('en_US',1083,'Bolívar'),('en_US',1084,'Carabobo'),('en_US',1085,'Cojedes'),('en_US',1086,'Delta Amacuro'),('en_US',1087,'Falcón'),('en_US',1088,'Guárico'),('en_US',1089,'Lara'),('en_US',1090,'Mérida'),('en_US',1091,'Miranda'),('en_US',1092,'Monagas'),('en_US',1093,'Nueva Esparta'),('en_US',1094,'Portuguesa'),('en_US',1095,'Sucre'),('en_US',1096,'Táchira'),('en_US',1097,'Trujillo'),('en_US',1098,'Vargas'),('en_US',1099,'Yaracuy'),('en_US',1100,'Zulia');

--
